Current File : /usr/local/apache/domlogs/raydofqv//techfabasia.com.raydget.com.tw
66.249.74.108 - - [01/May/2026:08:14:35 -0400] "GET /view/item/01935500425 HTTP/1.1" 200 29810 "-" "Mozilla/5.0 (Linux; Android 6.0.1; Nexus 5X Build/MMB29P) AppleWebKit/537.36 (KHTML, like Gecko) Chrome/147.0.7727.137 Mobile Safari/537.36 (compatible; GoogleOther)"
66.249.74.109 - - [01/May/2026:08:16:27 -0400] "GET /view/item/082207292754 HTTP/1.1" 200 27919 "-" "Mozilla/5.0 (Linux; Android 6.0.1; Nexus 5X Build/MMB29P) AppleWebKit/537.36 (KHTML, like Gecko) Chrome/147.0.7727.137 Mobile Safari/537.36 (compatible; GoogleOther)"
66.249.74.108 - - [01/May/2026:08:16:42 -0400] "GET /view/item/091327869416 HTTP/1.1" 200 28267 "-" "Mozilla/5.0 (Linux; Android 6.0.1; Nexus 5X Build/MMB29P) AppleWebKit/537.36 (KHTML, like Gecko) Chrome/147.0.7727.137 Mobile Safari/537.36 (compatible; GoogleOther)"
147.185.132.174 - - [01/May/2026:08:16:40 -0400] "GET / HTTP/1.1" 200 317452 "-" "Hello from Palo Alto Networks, find out more about our scans in https://docs-cortex.paloaltonetworks.com/r/1/Cortex-Xpanse/Scanning-activity"
66.249.74.108 - - [01/May/2026:08:17:50 -0400] "GET /category/541134?spe_id=item_breadcrumb HTTP/1.1" 200 30794 "-" "Mozilla/5.0 (Linux; Android 6.0.1; Nexus 5X Build/MMB29P) AppleWebKit/537.36 (KHTML, like Gecko) Chrome/147.0.7727.137 Mobile Safari/537.36 (compatible; GoogleOther)"
66.249.74.109 - - [01/May/2026:08:18:32 -0400] "GET /view/item/011513550235 HTTP/1.1" 200 29140 "-" "Mozilla/5.0 (Linux; Android 6.0.1; Nexus 5X Build/MMB29P) AppleWebKit/537.36 (KHTML, like Gecko) Chrome/147.0.7727.137 Mobile Safari/537.36 (compatible; GoogleOther)"
66.249.74.109 - - [01/May/2026:08:22:29 -0400] "GET /view/item/073959406143 HTTP/1.1" 200 28957 "-" "Mozilla/5.0 (Linux; Android 6.0.1; Nexus 5X Build/MMB29P) AppleWebKit/537.36 (KHTML, like Gecko) Chrome/147.0.7727.137 Mobile Safari/537.36 (compatible; GoogleOther)"
66.249.74.108 - - [01/May/2026:08:23:51 -0400] "GET /view/item/014083167629 HTTP/1.1" 200 30496 "-" "Mozilla/5.0 (Linux; Android 6.0.1; Nexus 5X Build/MMB29P) AppleWebKit/537.36 (KHTML, like Gecko) Chrome/147.0.7727.137 Mobile Safari/537.36 (compatible; GoogleOther)"
66.249.74.109 - - [01/May/2026:08:24:29 -0400] "GET /view/item/011698872963 HTTP/1.1" 200 28631 "-" "Mozilla/5.0 (Linux; Android 6.0.1; Nexus 5X Build/MMB29P) AppleWebKit/537.36 (KHTML, like Gecko) Chrome/147.0.7727.137 Mobile Safari/537.36 (compatible; GoogleOther)"
66.249.74.109 - - [01/May/2026:08:26:27 -0400] "GET /view/item/011696613632 HTTP/1.1" 200 29655 "-" "Mozilla/5.0 (Linux; Android 6.0.1; Nexus 5X Build/MMB29P) AppleWebKit/537.36 (KHTML, like Gecko) Chrome/147.0.7727.137 Mobile Safari/537.36 (compatible; GoogleOther)"
37.59.204.137 - - [01/May/2026:08:27:07 -0400] "GET /robots.txt HTTP/1.1" 200 81 "-" "Mozilla/5.0 (compatible; AhrefsBot/7.0; +http://ahrefs.com/robot/)"
15.235.98.80 - - [01/May/2026:08:27:10 -0400] "GET /product-category/accessories/pendrives/ HTTP/1.1" 200 31845 "-" "Mozilla/5.0 (compatible; AhrefsBot/7.0; +http://ahrefs.com/robot/)"
66.249.74.108 - - [01/May/2026:08:28:24 -0400] "GET /view/item/011415990790 HTTP/1.1" 200 28685 "-" "Mozilla/5.0 (Linux; Android 6.0.1; Nexus 5X Build/MMB29P) AppleWebKit/537.36 (KHTML, like Gecko) Chrome/147.0.7727.137 Mobile Safari/537.36 (compatible; GoogleOther)"
66.249.74.108 - - [01/May/2026:08:29:11 -0400] "GET /view/item/011424678477 HTTP/1.1" 200 29529 "-" "Mozilla/5.0 (Linux; Android 6.0.1; Nexus 5X Build/MMB29P) AppleWebKit/537.36 (KHTML, like Gecko) Chrome/147.0.7727.137 Mobile Safari/537.36 (compatible; GoogleOther)"
66.249.74.108 - - [01/May/2026:08:30:22 -0400] "GET /view/item/014090806708 HTTP/1.1" 200 28789 "-" "Mozilla/5.0 (Linux; Android 6.0.1; Nexus 5X Build/MMB29P) AppleWebKit/537.36 (KHTML, like Gecko) Chrome/147.0.7727.137 Mobile Safari/537.36 (compatible; GoogleOther)"
66.249.74.110 - - [01/May/2026:08:32:21 -0400] "GET /view/item/08567340950 HTTP/1.1" 200 29174 "-" "Mozilla/5.0 (Linux; Android 6.0.1; Nexus 5X Build/MMB29P) AppleWebKit/537.36 (KHTML, like Gecko) Chrome/147.0.7727.137 Mobile Safari/537.36 (compatible; GoogleOther)"
66.249.74.110 - - [01/May/2026:08:34:21 -0400] "GET /view/item/011094652078 HTTP/1.1" 200 29632 "-" "Mozilla/5.0 (Linux; Android 6.0.1; Nexus 5X Build/MMB29P) AppleWebKit/537.36 (KHTML, like Gecko) Chrome/147.0.7727.137 Mobile Safari/537.36 (compatible; GoogleOther)"
66.249.74.110 - - [01/May/2026:08:34:22 -0400] "GET /view/item/013986330378 HTTP/1.1" 200 27601 "-" "Mozilla/5.0 (Linux; Android 6.0.1; Nexus 5X Build/MMB29P) AppleWebKit/537.36 (KHTML, like Gecko) Chrome/147.0.7727.137 Mobile Safari/537.36 (compatible; GoogleOther)"
66.249.74.109 - - [01/May/2026:08:38:16 -0400] "GET /view/item/01720291569 HTTP/1.1" 200 28980 "-" "Mozilla/5.0 (Linux; Android 6.0.1; Nexus 5X Build/MMB29P) AppleWebKit/537.36 (KHTML, like Gecko) Chrome/147.0.7727.137 Mobile Safari/537.36 (compatible; GoogleOther)"
66.249.74.108 - - [01/May/2026:08:40:14 -0400] "GET /view/item/012690227028 HTTP/1.1" 200 28503 "-" "Mozilla/5.0 (Linux; Android 6.0.1; Nexus 5X Build/MMB29P) AppleWebKit/537.36 (KHTML, like Gecko) Chrome/147.0.7727.137 Mobile Safari/537.36 (compatible; GoogleOther)"
66.249.74.110 - - [01/May/2026:08:42:18 -0400] "GET /view/item/012814427758 HTTP/1.1" 200 28980 "-" "Mozilla/5.0 (Linux; Android 6.0.1; Nexus 5X Build/MMB29P) AppleWebKit/537.36 (KHTML, like Gecko) Chrome/147.0.7727.137 Mobile Safari/537.36 (compatible; GoogleOther)"
66.249.74.109 - - [01/May/2026:08:44:22 -0400] "GET /view/item/013433959111 HTTP/1.1" 200 29844 "-" "Mozilla/5.0 (Linux; Android 6.0.1; Nexus 5X Build/MMB29P) AppleWebKit/537.36 (KHTML, like Gecko) Chrome/147.0.7727.137 Mobile Safari/537.36 (compatible; GoogleOther)"
66.249.74.108 - - [01/May/2026:08:45:42 -0400] "GET /view/item/012590249744 HTTP/1.1" 200 29133 "-" "Mozilla/5.0 (Linux; Android 6.0.1; Nexus 5X Build/MMB29P) AppleWebKit/537.36 (KHTML, like Gecko) Chrome/147.0.7727.137 Mobile Safari/537.36 (compatible; GoogleOther)"
193.70.46.175 - - [01/May/2026:08:58:26 -0400] "GET /robots.txt HTTP/1.1" 200 81 "-" "Mozilla/5.0 (compatible; MJ12bot/v1.4.8; http://mj12bot.com/)"
162.0.232.104 - - [01/May/2026:08:58:36 -0400] "POST /wp-cron.php?doing_wp_cron=1777640316.6771259307861328125000 HTTP/1.1" 200 0 "-" "WordPress/6.9.4; http://techfabasia.com"
193.70.46.175 - - [01/May/2026:08:58:30 -0400] "GET /shop/3d-inline-automatic-inspection%EF%BC%88axi%EF%BC%89lx9200/ HTTP/1.1" 200 32979 "-" "Mozilla/5.0 (compatible; MJ12bot/v1.4.8; http://mj12bot.com/)"
193.70.46.175 - - [01/May/2026:08:59:19 -0400] "GET /shop/general-utilization-ndt-real-time-imaging-x-ray-unc225%CF%80/feed/ HTTP/1.1" 200 457 "-" "Mozilla/5.0 (compatible; MJ12bot/v1.4.8; http://mj12bot.com/)"
66.249.74.110 - - [01/May/2026:09:00:18 -0400] "GET /view/item/013768138653 HTTP/1.1" 200 29349 "-" "Mozilla/5.0 (Linux; Android 6.0.1; Nexus 5X Build/MMB29P) AppleWebKit/537.36 (KHTML, like Gecko) Chrome/147.0.7727.137 Mobile Safari/537.36 (compatible; GoogleOther)"
193.70.46.175 - - [01/May/2026:09:00:51 -0400] "GET /shop/general-utilization-ndt-real-time-imaging-x-ray-unc225%CF%80/ HTTP/1.1" 200 33096 "-" "Mozilla/5.0 (compatible; MJ12bot/v1.4.8; http://mj12bot.com/)"
193.70.46.175 - - [01/May/2026:09:01:58 -0400] "GET /shop/unl-series-ndt-x-ray-machine-for-tire-inspection%EF%BC%88dr%EF%BC%89/feed/ HTTP/1.1" 200 489 "-" "Mozilla/5.0 (compatible; MJ12bot/v1.4.8; http://mj12bot.com/)"
216.244.66.247 - - [01/May/2026:09:02:14 -0400] "GET /robots.txt HTTP/1.1" 200 81 "-" "Mozilla/5.0 (compatible; DotBot/1.2; +https://opensiteexplorer.org/dotbot; help@moz.com)"
193.70.46.175 - - [01/May/2026:09:02:12 -0400] "GET /shop/unl-series-ndt-x-ray-machine-for-tire-inspection%EF%BC%88dr%EF%BC%89/ HTTP/1.1" 200 33155 "-" "Mozilla/5.0 (compatible; MJ12bot/v1.4.8; http://mj12bot.com/)"
66.249.74.109 - - [01/May/2026:09:02:50 -0400] "GET /view/item/013250869115 HTTP/1.1" 200 30232 "-" "Mozilla/5.0 (Linux; Android 6.0.1; Nexus 5X Build/MMB29P) AppleWebKit/537.36 (KHTML, like Gecko) Chrome/147.0.7727.137 Mobile Safari/537.36 (compatible; GoogleOther)"
66.249.74.108 - - [01/May/2026:09:04:36 -0400] "GET /view/item/013959337377 HTTP/1.1" 200 29865 "-" "Mozilla/5.0 (Linux; Android 6.0.1; Nexus 5X Build/MMB29P) AppleWebKit/537.36 (KHTML, like Gecko) Chrome/147.0.7727.137 Mobile Safari/537.36 (compatible; GoogleOther)"
85.208.96.203 - - [01/May/2026:09:06:26 -0400] "GET /product-category/smart-phones-tablets/chargers-smart-phones-tablets/ HTTP/1.1" 200 39920 "-" "Mozilla/5.0 (compatible; SemrushBot/7~bl; +http://www.semrush.com/bot.html)"
216.244.66.247 - - [01/May/2026:09:07:53 -0400] "GET /shop/pneumatic-stencil-cleaner-sc-p2g/ HTTP/1.1" 200 222089 "-" "Mozilla/5.0 (compatible; DotBot/1.2; +https://opensiteexplorer.org/dotbot; help@moz.com)"
66.249.74.109 - - [01/May/2026:09:08:18 -0400] "GET /view/item/01763080000 HTTP/1.1" 200 27389 "-" "Mozilla/5.0 (Linux; Android 6.0.1; Nexus 5X Build/MMB29P) AppleWebKit/537.36 (KHTML, like Gecko) Chrome/147.0.7727.137 Mobile Safari/537.36 (compatible; GoogleOther)"
66.249.74.108 - - [01/May/2026:09:08:29 -0400] "GET /view/item/01442976650 HTTP/1.1" 200 28258 "-" "Mozilla/5.0 (Linux; Android 6.0.1; Nexus 5X Build/MMB29P) AppleWebKit/537.36 (KHTML, like Gecko) Chrome/147.0.7727.137 Mobile Safari/537.36 (compatible; GoogleOther)"
216.244.66.247 - - [01/May/2026:09:11:47 -0400] "GET /?action=yith-woocompare-add-product&id=6030 HTTP/1.1" 302 0 "-" "Mozilla/5.0 (compatible; DotBot/1.2; +https://opensiteexplorer.org/dotbot; help@moz.com)"
66.249.74.108 - - [01/May/2026:09:12:04 -0400] "GET /view/item/012731969082 HTTP/1.1" 200 29479 "-" "Mozilla/5.0 (Linux; Android 6.0.1; Nexus 5X Build/MMB29P) AppleWebKit/537.36 (KHTML, like Gecko) Chrome/147.0.7727.137 Mobile Safari/537.36 (compatible; GoogleOther)"
66.249.74.109 - - [01/May/2026:09:14:14 -0400] "GET /view/item/01938578051 HTTP/1.1" 200 29414 "-" "Mozilla/5.0 (Linux; Android 6.0.1; Nexus 5X Build/MMB29P) AppleWebKit/537.36 (KHTML, like Gecko) Chrome/147.0.7727.137 Mobile Safari/537.36 (compatible; GoogleOther)"
165.245.228.79 - - [01/May/2026:09:30:40 -0400] "GET / HTTP/1.1" 200 0 "-" "Mozilla/5.0 (X11; Linux x86_64) AppleWebKit/537.36 (KHTML, like Gecko) Chrome/142.0.0.0 Safari/537.36"
162.0.232.104 - - [01/May/2026:09:31:54 -0400] "POST /wp-cron.php?doing_wp_cron=1777642313.9368050098419189453125 HTTP/1.1" 200 0 "-" "WordPress/6.9.4; http://techfabasia.com"
66.249.74.110 - - [01/May/2026:09:38:17 -0400] "GET /view/item/014037490199 HTTP/1.1" 200 29713 "-" "Mozilla/5.0 (Linux; Android 6.0.1; Nexus 5X Build/MMB29P) AppleWebKit/537.36 (KHTML, like Gecko) Chrome/147.0.7727.137 Mobile Safari/537.36 (compatible; GoogleOther)"
66.249.74.110 - - [01/May/2026:09:42:52 -0400] "GET /view/item/013712950835 HTTP/1.1" 200 29358 "-" "Mozilla/5.0 (Linux; Android 6.0.1; Nexus 5X Build/MMB29P) AppleWebKit/537.36 (KHTML, like Gecko) Chrome/147.0.7727.137 Mobile Safari/537.36 (compatible; GoogleOther)"
66.249.74.110 - - [01/May/2026:09:44:17 -0400] "GET /view/item/01585908103 HTTP/1.1" 200 29399 "-" "Mozilla/5.0 (Linux; Android 6.0.1; Nexus 5X Build/MMB29P) AppleWebKit/537.36 (KHTML, like Gecko) Chrome/147.0.7727.137 Mobile Safari/537.36 (compatible; GoogleOther)"
162.0.232.104 - - [01/May/2026:09:46:50 -0400] "POST /wp-cron.php?doing_wp_cron=1777643209.9449911117553710937500 HTTP/1.1" 200 0 "-" "WordPress/6.9.4; http://techfabasia.com"
122.51.236.174 - - [01/May/2026:09:46:42 -0400] "GET / HTTP/1.1" 301 0 "-" "Mozilla/5.0 (iPhone; CPU iPhone OS 13_2_3 like Mac OS X) AppleWebKit/605.1.15 (KHTML, like Gecko) Version/13.0.3 Mobile/15E148 Safari/604.1"
122.51.236.174 - - [01/May/2026:09:46:53 -0400] "GET / HTTP/1.1" 200 48650 "http://www.techfabasia.com" "Mozilla/5.0 (iPhone; CPU iPhone OS 13_2_3 like Mac OS X) AppleWebKit/605.1.15 (KHTML, like Gecko) Version/13.0.3 Mobile/15E148 Safari/604.1"
66.249.74.108 - - [01/May/2026:09:47:26 -0400] "GET /view/item/012566046555 HTTP/1.1" 200 28802 "-" "Mozilla/5.0 (Linux; Android 6.0.1; Nexus 5X Build/MMB29P) AppleWebKit/537.36 (KHTML, like Gecko) Chrome/147.0.7727.137 Mobile Safari/537.36 (compatible; GoogleOther)"
54.39.136.74 - - [01/May/2026:09:52:00 -0400] "GET /shop/coreless-rod-linear-motor/ HTTP/1.1" 200 32812 "-" "Mozilla/5.0 (compatible; AhrefsBot/7.0; +http://ahrefs.com/robot/)"
66.249.74.110 - - [01/May/2026:09:53:59 -0400] "GET /view/item/01120885355 HTTP/1.1" 200 28317 "-" "Mozilla/5.0 (Linux; Android 6.0.1; Nexus 5X Build/MMB29P) AppleWebKit/537.36 (KHTML, like Gecko) Chrome/147.0.7727.137 Mobile Safari/537.36 (compatible; GoogleOther)"
142.44.220.159 - - [01/May/2026:09:55:23 -0400] "GET /wp-content/plugins/woocommerce/assets/js/js-cookie/js.cookie.min.js?ver=2.1.4-wc.10.7.0 HTTP/1.1" 200 760 "-" "Mozilla/5.0 (compatible; AhrefsBot/7.0; +http://ahrefs.com/robot/)"
51.222.95.107 - - [01/May/2026:09:55:23 -0400] "GET /wp-content/plugins/woocommerce/assets/js/frontend/order-attribution.min.js?ver=10.7.0 HTTP/1.1" 200 1020 "-" "Mozilla/5.0 (compatible; AhrefsBot/7.0; +http://ahrefs.com/robot/)"
54.39.6.213 - - [01/May/2026:09:55:24 -0400] "GET /wp-content/plugins/woocommerce/assets/js/frontend/cart-fragments.min.js?ver=10.7.0 HTTP/1.1" 200 943 "-" "Mozilla/5.0 (compatible; AhrefsBot/7.0; +http://ahrefs.com/robot/)"
15.235.96.178 - - [01/May/2026:09:55:25 -0400] "GET /wp-content/plugins/woocommerce/assets/js/jquery-blockui/jquery.blockUI.min.js?ver=2.7.0-wc.10.7.0 HTTP/1.1" 200 3277 "-" "Mozilla/5.0 (compatible; AhrefsBot/7.0; +http://ahrefs.com/robot/)"
51.161.37.9 - - [01/May/2026:09:55:26 -0400] "GET /wp-content/plugins/woocommerce/assets/js/frontend/add-to-cart.min.js?ver=10.7.0 HTTP/1.1" 200 1296 "-" "Mozilla/5.0 (compatible; AhrefsBot/7.0; +http://ahrefs.com/robot/)"
142.44.233.185 - - [01/May/2026:09:55:27 -0400] "GET /wp-content/plugins/woocommerce/assets/js/sourcebuster/sourcebuster.min.js?ver=10.7.0 HTTP/1.1" 200 4609 "-" "Mozilla/5.0 (compatible; AhrefsBot/7.0; +http://ahrefs.com/robot/)"
142.44.220.46 - - [01/May/2026:09:55:28 -0400] "GET /wp-content/plugins/woocommerce/assets/js/frontend/woocommerce.min.js?ver=10.7.0 HTTP/1.1" 200 1332 "-" "Mozilla/5.0 (compatible; AhrefsBot/7.0; +http://ahrefs.com/robot/)"
167.114.139.229 - - [01/May/2026:09:55:28 -0400] "GET /wp-content/plugins/woocommerce/assets/client/blocks/wc-blocks.css?ver=wc-10.7.0 HTTP/1.1" 200 2391 "-" "Mozilla/5.0 (compatible; AhrefsBot/7.0; +http://ahrefs.com/robot/)"
15.235.98.61 - - [01/May/2026:09:55:29 -0400] "GET /wp-content/plugins/woocommerce/assets/client/blocks/coming-soon.css?ver=wc-10.7.0 HTTP/1.1" 200 594 "-" "Mozilla/5.0 (compatible; AhrefsBot/7.0; +http://ahrefs.com/robot/)"
66.249.74.108 - - [01/May/2026:09:57:16 -0400] "GET /view/item/013709015475 HTTP/1.1" 200 29274 "-" "Mozilla/5.0 (Linux; Android 6.0.1; Nexus 5X Build/MMB29P) AppleWebKit/537.36 (KHTML, like Gecko) Chrome/147.0.7727.137 Mobile Safari/537.36 (compatible; GoogleOther)"
66.249.74.108 - - [01/May/2026:09:57:21 -0400] "GET /view/item/03576567020 HTTP/1.1" 200 29359 "-" "Mozilla/5.0 (Linux; Android 6.0.1; Nexus 5X Build/MMB29P) AppleWebKit/537.36 (KHTML, like Gecko) Chrome/147.0.7727.137 Mobile Safari/537.36 (compatible; GoogleOther)"
66.249.74.108 - - [01/May/2026:10:00:35 -0400] "GET /view/item/013009286121 HTTP/1.1" 200 28724 "-" "Mozilla/5.0 (Linux; Android 6.0.1; Nexus 5X Build/MMB29P) AppleWebKit/537.36 (KHTML, like Gecko) Chrome/147.0.7727.137 Mobile Safari/537.36 (compatible; GoogleOther)"
52.167.144.57 - - [01/May/2026:10:01:31 -0400] "GET /robots.txt HTTP/1.1" 200 81 "-" "Mozilla/5.0 AppleWebKit/537.36 (KHTML, like Gecko; compatible; bingbot/2.0; +http://www.bing.com/bingbot.htm) Chrome/116.0.1938.76 Safari/537.36"
40.77.167.123 - - [01/May/2026:10:01:37 -0400] "GET /sitemap.xml.gz HTTP/1.1" 200 12294 "-" "Mozilla/5.0 AppleWebKit/537.36 (KHTML, like Gecko; compatible; bingbot/2.0; +http://www.bing.com/bingbot.htm) Chrome/116.0.1938.76 Safari/537.36"
66.249.74.108 - - [01/May/2026:10:03:25 -0400] "GET /view/item/013574537268 HTTP/1.1" 200 29205 "-" "Mozilla/5.0 (Linux; Android 6.0.1; Nexus 5X Build/MMB29P) AppleWebKit/537.36 (KHTML, like Gecko) Chrome/147.0.7727.137 Mobile Safari/537.36 (compatible; GoogleOther)"
66.249.74.110 - - [01/May/2026:10:04:30 -0400] "GET /?ranking?spe_id=hs_ranking HTTP/1.1" 200 28044 "-" "Mozilla/5.0 (Linux; Android 6.0.1; Nexus 5X Build/MMB29P) AppleWebKit/537.36 (KHTML, like Gecko) Chrome/147.0.7727.137 Mobile Safari/537.36 (compatible; GoogleOther)"
66.249.74.110 - - [01/May/2026:10:06:14 -0400] "GET /view/item/063158667010 HTTP/1.1" 200 28014 "-" "Mozilla/5.0 (Linux; Android 6.0.1; Nexus 5X Build/MMB29P) AppleWebKit/537.36 (KHTML, like Gecko) Chrome/147.0.7727.137 Mobile Safari/537.36 (compatible; GoogleOther)"
66.249.74.109 - - [01/May/2026:10:07:17 -0400] "GET /view/item/012315084663 HTTP/1.1" 200 29572 "-" "Mozilla/5.0 (Linux; Android 6.0.1; Nexus 5X Build/MMB29P) AppleWebKit/537.36 (KHTML, like Gecko) Chrome/147.0.7727.137 Mobile Safari/537.36 (compatible; GoogleOther)"
66.249.74.110 - - [01/May/2026:10:09:18 -0400] "GET /view/item/01827590195 HTTP/1.1" 200 35019 "-" "Mozilla/5.0 (Linux; Android 6.0.1; Nexus 5X Build/MMB29P) AppleWebKit/537.36 (KHTML, like Gecko) Chrome/147.0.7727.137 Mobile Safari/537.36 (compatible; GoogleOther)"
66.249.74.110 - - [01/May/2026:10:11:14 -0400] "GET /view/item/011909350890 HTTP/1.1" 200 32125 "-" "Mozilla/5.0 (Linux; Android 6.0.1; Nexus 5X Build/MMB29P) AppleWebKit/537.36 (KHTML, like Gecko) Chrome/147.0.7727.137 Mobile Safari/537.36 (compatible; GoogleOther)"
66.249.74.109 - - [01/May/2026:10:12:26 -0400] "GET /view/item/011043332301 HTTP/1.1" 200 29704 "-" "Mozilla/5.0 (Linux; Android 6.0.1; Nexus 5X Build/MMB29P) AppleWebKit/537.36 (KHTML, like Gecko) Chrome/147.0.7727.137 Mobile Safari/537.36 (compatible; GoogleOther)"
85.208.96.202 - - [01/May/2026:10:16:49 -0400] "GET /robots.txt HTTP/1.1" 200 81 "-" "Mozilla/5.0 (compatible; SemrushBot/7~bl; +http://www.semrush.com/bot.html)"
162.0.232.104 - - [01/May/2026:10:16:51 -0400] "POST /wp-cron.php?doing_wp_cron=1777645011.1445798873901367187500 HTTP/1.1" 200 0 "-" "WordPress/6.9.4; http://techfabasia.com"
185.191.171.5 - - [01/May/2026:10:16:49 -0400] "GET /?mas_static_content=computers-accessories-megamenu-item-header-2 HTTP/1.1" 200 40746 "-" "Mozilla/5.0 (compatible; SemrushBot/7~bl; +http://www.semrush.com/bot.html)"
171.6.101.116 - - [01/May/2026:10:18:46 -0400] "GET /wp-json/wp/v2/posts HTTP/1.1" 200 33564 "-" "Mozilla/5.0 (Windows NT 10.0; Win64; x64) AppleWebKit/537.36 (KHTML, like Gecko) Chrome/120.0.0.0 Safari/537.36"
171.6.101.116 - - [01/May/2026:10:18:51 -0400] "POST /wp-comments-post.php HTTP/1.1" 302 0 "-" "Mozilla/5.0 (Windows NT 10.0; Win64; x64) AppleWebKit/537.36 (KHTML, like Gecko) Chrome/120.0.0.0 Safari/537.36"
171.6.101.116 - - [01/May/2026:10:18:54 -0400] "POST /wp-comments-post.php HTTP/1.1" 429 1177 "-" "Mozilla/5.0 (Windows NT 10.0; Win64; x64) AppleWebKit/537.36 (KHTML, like Gecko) Chrome/120.0.0.0 Safari/537.36"
66.249.74.108 - - [01/May/2026:10:19:11 -0400] "GET /?timeline?spe_id=header_timeline HTTP/1.1" 200 28932 "-" "Mozilla/5.0 (Linux; Android 6.0.1; Nexus 5X Build/MMB29P) AppleWebKit/537.36 (KHTML, like Gecko) Chrome/147.0.7727.137 Mobile Safari/537.36 (compatible; GoogleOther)"
66.249.74.110 - - [01/May/2026:10:23:05 -0400] "GET /view/item/01854838542 HTTP/1.1" 200 29369 "-" "Mozilla/5.0 (Linux; Android 6.0.1; Nexus 5X Build/MMB29P) AppleWebKit/537.36 (KHTML, like Gecko) Chrome/147.0.7727.137 Mobile Safari/537.36 (compatible; GoogleOther)"
66.249.74.108 - - [01/May/2026:10:24:36 -0400] "GET /view/item/012117935971 HTTP/1.1" 200 30089 "-" "Mozilla/5.0 (Linux; Android 6.0.1; Nexus 5X Build/MMB29P) AppleWebKit/537.36 (KHTML, like Gecko) Chrome/147.0.7727.137 Mobile Safari/537.36 (compatible; GoogleOther)"
66.249.74.108 - - [01/May/2026:10:26:42 -0400] "GET /view/item/013989707083 HTTP/1.1" 200 27929 "-" "Mozilla/5.0 (Linux; Android 6.0.1; Nexus 5X Build/MMB29P) AppleWebKit/537.36 (KHTML, like Gecko) Chrome/147.0.7727.137 Mobile Safari/537.36 (compatible; GoogleOther)"
66.249.74.109 - - [01/May/2026:10:28:10 -0400] "GET /view/item/061009237885 HTTP/1.1" 200 28576 "-" "Mozilla/5.0 (Linux; Android 6.0.1; Nexus 5X Build/MMB29P) AppleWebKit/537.36 (KHTML, like Gecko) Chrome/147.0.7727.137 Mobile Safari/537.36 (compatible; GoogleOther)"
66.249.74.109 - - [01/May/2026:10:30:58 -0400] "GET /view/item/012716874719 HTTP/1.1" 200 29104 "-" "Mozilla/5.0 (Linux; Android 6.0.1; Nexus 5X Build/MMB29P) AppleWebKit/537.36 (KHTML, like Gecko) Chrome/147.0.7727.137 Mobile Safari/537.36 (compatible; GoogleOther)"
66.249.74.108 - - [01/May/2026:10:30:59 -0400] "GET /view/item/012940750974 HTTP/1.1" 200 29777 "-" "Mozilla/5.0 (Linux; Android 6.0.1; Nexus 5X Build/MMB29P) AppleWebKit/537.36 (KHTML, like Gecko) Chrome/147.0.7727.137 Mobile Safari/537.36 (compatible; GoogleOther)"
66.249.74.110 - - [01/May/2026:10:34:35 -0400] "GET /view/item/051487343971 HTTP/1.1" 200 29804 "-" "Mozilla/5.0 (Linux; Android 6.0.1; Nexus 5X Build/MMB29P) AppleWebKit/537.36 (KHTML, like Gecko) Chrome/147.0.7727.137 Mobile Safari/537.36 (compatible; GoogleOther)"
66.249.74.109 - - [01/May/2026:10:34:41 -0400] "GET /view/item/013528372148 HTTP/1.1" 200 29255 "-" "Mozilla/5.0 (Linux; Android 6.0.1; Nexus 5X Build/MMB29P) AppleWebKit/537.36 (KHTML, like Gecko) Chrome/147.0.7727.137 Mobile Safari/537.36 (compatible; GoogleOther)"
66.249.74.108 - - [01/May/2026:10:37:21 -0400] "GET /view/item/012811678490 HTTP/1.1" 200 30153 "-" "Mozilla/5.0 (Linux; Android 6.0.1; Nexus 5X Build/MMB29P) AppleWebKit/537.36 (KHTML, like Gecko) Chrome/147.0.7727.137 Mobile Safari/537.36 (compatible; GoogleOther)"
66.249.74.108 - - [01/May/2026:10:38:21 -0400] "GET /view/item/012505966758 HTTP/1.1" 200 28613 "-" "Mozilla/5.0 (Linux; Android 6.0.1; Nexus 5X Build/MMB29P) AppleWebKit/537.36 (KHTML, like Gecko) Chrome/147.0.7727.137 Mobile Safari/537.36 (compatible; GoogleOther)"
66.249.74.110 - - [01/May/2026:10:39:55 -0400] "GET /view/item/012858876976 HTTP/1.1" 200 29876 "-" "Mozilla/5.0 (Linux; Android 6.0.1; Nexus 5X Build/MMB29P) AppleWebKit/537.36 (KHTML, like Gecko) Chrome/147.0.7727.137 Mobile Safari/537.36 (compatible; GoogleOther)"
66.249.74.110 - - [01/May/2026:10:42:18 -0400] "GET /view/item/01139358622 HTTP/1.1" 200 29035 "-" "Mozilla/5.0 (Linux; Android 6.0.1; Nexus 5X Build/MMB29P) AppleWebKit/537.36 (KHTML, like Gecko) Chrome/147.0.7727.137 Mobile Safari/537.36 (compatible; GoogleOther)"
66.249.74.109 - - [01/May/2026:10:43:34 -0400] "GET /view/item/012467208460 HTTP/1.1" 200 30160 "-" "Mozilla/5.0 (Linux; Android 6.0.1; Nexus 5X Build/MMB29P) AppleWebKit/537.36 (KHTML, like Gecko) Chrome/147.0.7727.137 Mobile Safari/537.36 (compatible; GoogleOther)"
66.249.74.109 - - [01/May/2026:10:44:41 -0400] "GET /bep/m/kmem?user=6863034 HTTP/1.1" 200 31483 "-" "Mozilla/5.0 (Linux; Android 6.0.1; Nexus 5X Build/MMB29P) AppleWebKit/537.36 (KHTML, like Gecko) Chrome/147.0.7727.137 Mobile Safari/537.36 (compatible; GoogleOther)"
66.249.74.109 - - [01/May/2026:10:46:50 -0400] "GET /view/item/042467208460 HTTP/1.1" 200 28830 "-" "Mozilla/5.0 (Linux; Android 6.0.1; Nexus 5X Build/MMB29P) AppleWebKit/537.36 (KHTML, like Gecko) Chrome/147.0.7727.137 Mobile Safari/537.36 (compatible; GoogleOther)"
66.249.74.108 - - [01/May/2026:10:46:58 -0400] "GET /view/item/01310044097 HTTP/1.1" 200 32145 "-" "Mozilla/5.0 (Linux; Android 6.0.1; Nexus 5X Build/MMB29P) AppleWebKit/537.36 (KHTML, like Gecko) Chrome/147.0.7727.137 Mobile Safari/537.36 (compatible; GoogleOther)"
66.249.74.109 - - [01/May/2026:10:52:09 -0400] "GET /view/item/013806993907 HTTP/1.1" 200 29521 "-" "Mozilla/5.0 (Linux; Android 6.0.1; Nexus 5X Build/MMB29P) AppleWebKit/537.36 (KHTML, like Gecko) Chrome/147.0.7727.137 Mobile Safari/537.36 (compatible; GoogleOther)"
66.249.74.109 - - [01/May/2026:10:55:20 -0400] "GET /view/item/012569354478 HTTP/1.1" 200 29108 "-" "Mozilla/5.0 (Linux; Android 6.0.1; Nexus 5X Build/MMB29P) AppleWebKit/537.36 (KHTML, like Gecko) Chrome/147.0.7727.137 Mobile Safari/537.36 (compatible; GoogleOther)"
66.249.74.108 - - [01/May/2026:10:58:37 -0400] "GET /view/item/012786801601 HTTP/1.1" 200 29204 "-" "Mozilla/5.0 (Linux; Android 6.0.1; Nexus 5X Build/MMB29P) AppleWebKit/537.36 (KHTML, like Gecko) Chrome/147.0.7727.137 Mobile Safari/537.36 (compatible; GoogleOther)"
103.157.83.103 - - [01/May/2026:10:59:42 -0400] "GET /wp-json/wp/v2/posts HTTP/1.1" 200 0 "-" "Mozilla/5.0 (Windows NT 10.0; Win64; x64) AppleWebKit/537.36 (KHTML, like Gecko) Chrome/120.0.0.0 Safari/537.36"
162.0.232.104 - - [01/May/2026:10:59:52 -0400] "POST /wp-cron.php?doing_wp_cron=1777647592.7313230037689208984375 HTTP/1.1" 200 0 "-" "WordPress/6.9.4; http://techfabasia.com"
162.248.166.17 - - [01/May/2026:11:00:31 -0400] "GET /wp-json/wp/v2/posts HTTP/1.1" 200 205 "-" "Mozilla/5.0 (Windows NT 10.0; Win64; x64) AppleWebKit/537.36 (KHTML, like Gecko) Chrome/120.0.0.0 Safari/537.36"
216.244.66.247 - - [01/May/2026:11:23:22 -0400] "GET /robots.txt HTTP/1.1" 200 81 "-" "Mozilla/5.0 (compatible; DotBot/1.2; +https://opensiteexplorer.org/dotbot; help@moz.com)"
168.138.172.235 - - [01/May/2026:11:29:11 -0400] "GET / HTTP/1.1" 200 0 "-" "Mozilla/5.0 (compatible; WP-Safe-Scanner/1.0)"
216.244.66.247 - - [01/May/2026:11:29:07 -0400] "GET /shop/zm30l-pcb-automatic-round-knife-depaneling/ HTTP/1.1" 200 0 "-" "Mozilla/5.0 (compatible; DotBot/1.2; +https://opensiteexplorer.org/dotbot; help@moz.com)"
43.165.167.69 - - [01/May/2026:11:40:42 -0400] "GET / HTTP/1.1" 301 0 "-" "Mozilla/5.0 (iPhone; CPU iPhone OS 13_2_3 like Mac OS X) AppleWebKit/605.1.15 (KHTML, like Gecko) Version/13.0.3 Mobile/15E148 Safari/604.1"
162.0.232.104 - - [01/May/2026:11:40:53 -0400] "POST /wp-cron.php?doing_wp_cron=1777650053.7564349174499511718750 HTTP/1.1" 200 0 "-" "WordPress/6.9.4; http://techfabasia.com"
43.165.167.69 - - [01/May/2026:11:40:48 -0400] "GET / HTTP/1.1" 200 48640 "http://www.techfabasia.com" "Mozilla/5.0 (iPhone; CPU iPhone OS 13_2_3 like Mac OS X) AppleWebKit/605.1.15 (KHTML, like Gecko) Version/13.0.3 Mobile/15E148 Safari/604.1"
185.242.3.215 - - [01/May/2026:11:42:36 -0400] "GET / HTTP/1.1" 200 0 "-" "-"
185.242.3.215 - - [01/May/2026:11:42:46 -0400] "GET / HTTP/1.1" 200 0 "-" "-"
185.242.3.215 - - [01/May/2026:11:42:55 -0400] "GET / HTTP/1.1" 200 0 "-" "-"
185.242.3.215 - - [01/May/2026:11:43:04 -0400] "GET / HTTP/1.1" 200 0 "-" "-"
185.242.3.215 - - [01/May/2026:11:43:13 -0400] "GET / HTTP/1.1" 200 0 "-" "-"
162.0.232.104 - - [01/May/2026:11:43:39 -0400] "POST /wp-cron.php?doing_wp_cron=1777650219.1488020420074462890625 HTTP/1.1" 200 0 "-" "WordPress/6.9.4; http://techfabasia.com"
66.132.186.201 - - [01/May/2026:11:45:29 -0400] "GET / HTTP/1.1" 200 0 "-" "Mozilla/5.0 (compatible; CensysInspect/1.1; +https://about.censys.io/)"
66.132.186.201 - - [01/May/2026:11:46:07 -0400] "GET / HTTP/1.1" 200 0 "-" "Mozilla/5.0 (compatible; CensysInspect/1.1; +https://about.censys.io/)"
66.249.74.110 - - [01/May/2026:12:08:37 -0400] "GET /view/item/093989707083 HTTP/1.1" 200 28972 "-" "Mozilla/5.0 (Linux; Android 6.0.1; Nexus 5X Build/MMB29P) AppleWebKit/537.36 (KHTML, like Gecko) Chrome/147.0.7727.137 Mobile Safari/537.36 (compatible; GoogleOther)"
66.249.74.109 - - [01/May/2026:12:16:54 -0400] "GET /view/item/014164535609 HTTP/1.1" 200 29744 "-" "Mozilla/5.0 (Linux; Android 6.0.1; Nexus 5X Build/MMB29P) AppleWebKit/537.36 (KHTML, like Gecko) Chrome/147.0.7727.137 Mobile Safari/537.36 (compatible; GoogleOther)"
52.167.144.137 - - [01/May/2026:12:38:11 -0400] "GET /sitemap.xml HTTP/1.1" 200 12363 "-" "Mozilla/5.0 AppleWebKit/537.36 (KHTML, like Gecko; compatible; bingbot/2.0; +http://www.bing.com/bingbot.htm) Chrome/116.0.1938.76 Safari/537.36"
54.39.89.216 - - [01/May/2026:12:52:54 -0400] "GET /shop/two-finger-pneumatic-gripper20d/ HTTP/1.1" 200 0 "-" "Mozilla/5.0 (compatible; AhrefsBot/7.0; +http://ahrefs.com/robot/)"
216.244.66.247 - - [01/May/2026:12:57:48 -0400] "GET /robots.txt HTTP/1.1" 200 81 "-" "Mozilla/5.0 (compatible; DotBot/1.2; +https://opensiteexplorer.org/dotbot; help@moz.com)"
216.244.66.247 - - [01/May/2026:13:08:41 -0400] "GET /?action=yith-woocompare-add-product&id=5917 HTTP/1.1" 302 0 "-" "Mozilla/5.0 (compatible; DotBot/1.2; +https://opensiteexplorer.org/dotbot; help@moz.com)"
85.208.96.201 - - [01/May/2026:13:08:49 -0400] "GET /product-category/home-entertainment/tvs/oled-tvs/ HTTP/1.1" 200 39892 "-" "Mozilla/5.0 (compatible; SemrushBot/7~bl; +http://www.semrush.com/bot.html)"
216.244.66.247 - - [01/May/2026:13:09:14 -0400] "GET /?action=yith-woocompare-add-product&id=5945 HTTP/1.1" 302 0 "-" "Mozilla/5.0 (compatible; DotBot/1.2; +https://opensiteexplorer.org/dotbot; help@moz.com)"
88.151.33.106 - - [01/May/2026:13:10:27 -0400] "GET / HTTP/1.1" 200 0 "-" "Mozilla/5.0 (Windows NT 10.0; Win64; x64) AppleWebKit/537.36 (KHTML, like Gecko) Chrome/147.0.0.0 Safari/537.36 Edg/147.0.0.0"
66.249.74.110 - - [01/May/2026:13:14:37 -0400] "GET /view/item/01985612998 HTTP/1.1" 200 29253 "-" "Mozilla/5.0 (Linux; Android 6.0.1; Nexus 5X Build/MMB29P) AppleWebKit/537.36 (KHTML, like Gecko) Chrome/147.0.7727.137 Mobile Safari/537.36 (compatible; GoogleOther)"
66.249.74.110 - - [01/May/2026:13:16:32 -0400] "GET /view/item/12854838542 HTTP/1.1" 200 29205 "-" "Mozilla/5.0 (Linux; Android 6.0.1; Nexus 5X Build/MMB29P) AppleWebKit/537.36 (KHTML, like Gecko) Chrome/147.0.7727.137 Mobile Safari/537.36 (compatible; GoogleOther)"
43.162.103.165 - - [01/May/2026:13:17:31 -0400] "GET / HTTP/1.1" 200 48690 "-" "Mozilla/5.0 (iPhone; CPU iPhone OS 13_2_3 like Mac OS X) AppleWebKit/605.1.15 (KHTML, like Gecko) Version/13.0.3 Mobile/15E148 Safari/604.1"
20.163.27.0 - - [01/May/2026:13:23:21 -0400] "POST /xmlrpc.php HTTP/1.1" 200 210 "-" "Mozilla/5.0 (Windows NT 10.0; Win64; x64) AppleWebKit/537.36 (KHTML, like Gecko) Chrome/137.0.0.0 Safari/537.36 Edg/137.0.0.0"
91.65.123.43 - - [01/May/2026:13:24:37 -0400] "GET /robots.txt HTTP/1.1" 200 81 "-" "Mozilla/5.0 (compatible; MJ12bot/v1.4.8; http://mj12bot.com/)"
91.65.123.43 - - [01/May/2026:13:24:40 -0400] "GET /shop/3d-inline-automatic-inspection%EF%BC%88axi%EF%BC%89lx9200/feed/ HTTP/1.1" 200 463 "-" "Mozilla/5.0 (compatible; MJ12bot/v1.4.8; http://mj12bot.com/)"
91.65.123.43 - - [01/May/2026:13:25:25 -0400] "GET /shop/3d-inline-automatic-inspection%EF%BC%88axi%EF%BC%89lx9200/ HTTP/1.1" 200 32980 "-" "Mozilla/5.0 (compatible; MJ12bot/v1.4.8; http://mj12bot.com/)"
91.65.123.43 - - [01/May/2026:13:25:41 -0400] "GET /shop/general-utilization-ndt-real-time-imaging-x-ray-unc225%CF%80/ HTTP/1.1" 200 33057 "-" "Mozilla/5.0 (compatible; MJ12bot/v1.4.8; http://mj12bot.com/)"
91.65.123.43 - - [01/May/2026:13:26:18 -0400] "GET /shop/hy-agv250-smt-agv-equipment%EF%BC%88magazine-type%EF%BC%89/ HTTP/1.1" 200 33095 "-" "Mozilla/5.0 (compatible; MJ12bot/v1.4.8; http://mj12bot.com/)"
91.65.123.43 - - [01/May/2026:13:26:41 -0400] "GET /shop/hy-agv250-smt-agv-equipment%EF%BC%88magazine-type%EF%BC%89/feed/ HTTP/1.1" 200 477 "-" "Mozilla/5.0 (compatible; MJ12bot/v1.4.8; http://mj12bot.com/)"
91.65.123.43 - - [01/May/2026:13:27:19 -0400] "GET /shop/tunnel-type-full-sealing-nitrogen-%EF%AC%81lled-wave-soldering-machine-perfectflow-series/ HTTP/1.1" 200 33057 "-" "Mozilla/5.0 (compatible; MJ12bot/v1.4.8; http://mj12bot.com/)"
91.65.123.43 - - [01/May/2026:13:27:34 -0400] "GET /shop/tunnel-type-full-sealing-nitrogen-%EF%AC%81lled-wave-soldering-machine-perfectflow-series/feed/ HTTP/1.1" 200 185 "-" "Mozilla/5.0 (compatible; MJ12bot/v1.4.8; http://mj12bot.com/)"
91.65.123.43 - - [01/May/2026:13:27:39 -0400] "GET /shop/unl-series-ndt-x-ray-machine-for-tire-inspection%EF%BC%88dr%EF%BC%89/ HTTP/1.1" 200 33075 "-" "Mozilla/5.0 (compatible; MJ12bot/v1.4.8; http://mj12bot.com/)"
162.0.232.104 - - [01/May/2026:13:36:50 -0400] "POST /wp-cron.php?doing_wp_cron=1777657010.3456730842590332031250 HTTP/1.1" 200 0 "-" "WordPress/6.9.4; http://techfabasia.com"
43.166.255.122 - - [01/May/2026:13:36:34 -0400] "GET / HTTP/1.1" 200 48700 "-" "Mozilla/5.0 (iPhone; CPU iPhone OS 13_2_3 like Mac OS X) AppleWebKit/605.1.15 (KHTML, like Gecko) Version/13.0.3 Mobile/15E148 Safari/604.1"
103.131.71.31 - - [01/May/2026:13:39:02 -0400] "GET /robots.txt HTTP/1.1" 200 81 "-" "Mozilla/5.0 (compatible; coccocbot-image/1.0; +http://help.coccoc.com/searchengine)"
66.249.74.108 - - [01/May/2026:13:46:03 -0400] "GET /view/item/012635692670 HTTP/1.1" 200 30085 "-" "Mozilla/5.0 (Linux; Android 6.0.1; Nexus 5X Build/MMB29P) AppleWebKit/537.36 (KHTML, like Gecko) Chrome/147.0.7727.137 Mobile Safari/537.36 (compatible; GoogleOther)"
66.249.74.108 - - [01/May/2026:13:46:11 -0400] "GET /view/item/011681172567 HTTP/1.1" 200 29229 "-" "Mozilla/5.0 (Linux; Android 6.0.1; Nexus 5X Build/MMB29P) AppleWebKit/537.36 (KHTML, like Gecko) Chrome/147.0.7727.137 Mobile Safari/537.36 (compatible; GoogleOther)"
66.249.74.108 - - [01/May/2026:13:46:17 -0400] "GET /view/item/011420020923 HTTP/1.1" 200 29251 "-" "Mozilla/5.0 (Linux; Android 6.0.1; Nexus 5X Build/MMB29P) AppleWebKit/537.36 (KHTML, like Gecko) Chrome/147.0.7727.137 Mobile Safari/537.36 (compatible; GoogleOther)"
66.249.74.109 - - [01/May/2026:13:49:10 -0400] "GET /event/3taro HTTP/1.1" 200 29446 "-" "Mozilla/5.0 (Linux; Android 6.0.1; Nexus 5X Build/MMB29P) AppleWebKit/537.36 (KHTML, like Gecko) Chrome/147.0.7727.137 Mobile Safari/537.36 (compatible; GoogleOther)"
66.249.74.108 - - [01/May/2026:14:03:32 -0400] "GET /category/541134?spe_id=item_breadcrumb HTTP/1.1" 200 31067 "-" "Mozilla/5.0 (Linux; Android 6.0.1; Nexus 5X Build/MMB29P) AppleWebKit/537.36 (KHTML, like Gecko) Chrome/147.0.7727.137 Mobile Safari/537.36 (compatible; GoogleOther)"
43.164.197.117 - - [01/May/2026:14:05:29 -0400] "GET /home-v3/ HTTP/1.1" 200 57559 "-" "Mozilla/5.0 (iPhone; CPU iPhone OS 13_2_3 like Mac OS X) AppleWebKit/605.1.15 (KHTML, like Gecko) Version/13.0.3 Mobile/15E148 Safari/604.1"
85.208.96.197 - - [01/May/2026:14:13:42 -0400] "GET /robots.txt HTTP/1.1" 200 81 "-" "Mozilla/5.0 (compatible; SemrushBot/7~bl; +http://www.semrush.com/bot.html)"
162.0.232.104 - - [01/May/2026:14:13:50 -0400] "POST /wp-cron.php?doing_wp_cron=1777659230.1528580188751220703125 HTTP/1.1" 200 0 "-" "WordPress/6.9.4; http://techfabasia.com"
85.208.96.209 - - [01/May/2026:14:13:43 -0400] "GET /?mas_static_content=tv-audio-fullwidth-megamenu-item HTTP/1.1" 200 40991 "-" "Mozilla/5.0 (compatible; SemrushBot/7~bl; +http://www.semrush.com/bot.html)"
66.249.74.109 - - [01/May/2026:14:14:27 -0400] "GET /view/item/013210893480 HTTP/1.1" 200 28297 "-" "Mozilla/5.0 (Linux; Android 6.0.1; Nexus 5X Build/MMB29P) AppleWebKit/537.36 (KHTML, like Gecko) Chrome/147.0.7727.137 Mobile Safari/537.36 (compatible; GoogleOther)"
43.167.239.66 - - [01/May/2026:14:14:56 -0400] "GET /home-v3-full-color-background/ HTTP/1.1" 200 52697 "-" "Mozilla/5.0 (iPhone; CPU iPhone OS 13_2_3 like Mac OS X) AppleWebKit/605.1.15 (KHTML, like Gecko) Version/13.0.3 Mobile/15E148 Safari/604.1"
66.249.74.110 - - [01/May/2026:14:18:31 -0400] "GET /bep/m/kevl10?user=6863034&spe_id=item_shop_review_2 HTTP/1.1" 200 29661 "-" "Mozilla/5.0 (Linux; Android 6.0.1; Nexus 5X Build/MMB29P) AppleWebKit/537.36 (KHTML, like Gecko) Chrome/147.0.7727.137 Mobile Safari/537.36 (compatible; GoogleOther)"
162.62.231.139 - - [01/May/2026:14:25:26 -0400] "GET /wp-json/wp/v2/pages/2139 HTTP/1.1" 200 1547 "-" "Mozilla/5.0 (iPhone; CPU iPhone OS 13_2_3 like Mac OS X) AppleWebKit/605.1.15 (KHTML, like Gecko) Version/13.0.3 Mobile/15E148 Safari/604.1"
162.0.232.104 - - [01/May/2026:14:30:06 -0400] "POST /wp-cron.php?doing_wp_cron=1777660206.5698449611663818359375 HTTP/1.1" 200 0 "-" "WordPress/6.9.4; http://techfabasia.com"
185.191.171.4 - - [01/May/2026:14:30:00 -0400] "GET /shop/precision-casting-ndt-real-time-imaging-x-ray-unc130/ HTTP/1.1" 200 40998 "-" "Mozilla/5.0 (compatible; SemrushBot/7~bl; +http://www.semrush.com/bot.html)"
66.249.74.109 - - [01/May/2026:14:30:48 -0400] "GET /bep/m/kevl10?user=6863034&spe_id=item_shop_review_2 HTTP/1.1" 200 29662 "-" "Mozilla/5.0 (Linux; Android 6.0.1; Nexus 5X Build/MMB29P) AppleWebKit/537.36 (KHTML, like Gecko) Chrome/147.0.7727.137 Mobile Safari/537.36 (compatible; GoogleOther)"
216.244.66.247 - - [01/May/2026:14:31:17 -0400] "GET /robots.txt HTTP/1.1" 200 81 "-" "Mozilla/5.0 (compatible; DotBot/1.2; +https://opensiteexplorer.org/dotbot; help@moz.com)"
66.249.74.110 - - [01/May/2026:14:31:27 -0400] "GET /view/item/04985612998 HTTP/1.1" 200 28569 "-" "Mozilla/5.0 (Linux; Android 6.0.1; Nexus 5X Build/MMB29P) AppleWebKit/537.36 (KHTML, like Gecko) Chrome/147.0.7727.137 Mobile Safari/537.36 (compatible; GoogleOther)"
66.249.74.108 - - [01/May/2026:14:31:32 -0400] "GET /view/item/011106811195 HTTP/1.1" 200 29320 "-" "Mozilla/5.0 (Linux; Android 6.0.1; Nexus 5X Build/MMB29P) AppleWebKit/537.36 (KHTML, like Gecko) Chrome/147.0.7727.137 Mobile Safari/537.36 (compatible; GoogleOther)"
66.249.74.109 - - [01/May/2026:14:34:01 -0400] "GET /category/list/index.html?spe_id=hs_ctglist HTTP/1.1" 200 28448 "-" "Mozilla/5.0 (Linux; Android 6.0.1; Nexus 5X Build/MMB29P) AppleWebKit/537.36 (KHTML, like Gecko) Chrome/147.0.7727.137 Mobile Safari/537.36 (compatible; GoogleOther)"
43.130.67.6 - - [01/May/2026:14:36:28 -0400] "GET /xmlrpc.php?rsd HTTP/1.1" 200 310 "-" "Mozilla/5.0 (iPhone; CPU iPhone OS 13_2_3 like Mac OS X) AppleWebKit/605.1.15 (KHTML, like Gecko) Version/13.0.3 Mobile/15E148 Safari/604.1"
66.249.74.110 - - [01/May/2026:14:38:08 -0400] "GET /view/item/011456604487 HTTP/1.1" 200 35403 "-" "Mozilla/5.0 (Linux; Android 6.0.1; Nexus 5X Build/MMB29P) AppleWebKit/537.36 (KHTML, like Gecko) Chrome/147.0.7727.137 Mobile Safari/537.36 (compatible; GoogleOther)"
162.0.232.104 - - [01/May/2026:14:38:12 -0400] "POST /wp-cron.php?doing_wp_cron=1777660691.9423499107360839843750 HTTP/1.1" 200 0 "-" "WordPress/6.9.4; http://techfabasia.com"
216.244.66.247 - - [01/May/2026:14:37:52 -0400] "GET /2016/03/04/robot-wars-now-closed-post-with-gallery/ HTTP/1.1" 200 235573 "-" "Mozilla/5.0 (compatible; DotBot/1.2; +https://opensiteexplorer.org/dotbot; help@moz.com)"
66.249.74.110 - - [01/May/2026:14:40:13 -0400] "GET /view/item/01384410023 HTTP/1.1" 200 29233 "-" "Mozilla/5.0 (Linux; Android 6.0.1; Nexus 5X Build/MMB29P) AppleWebKit/537.36 (KHTML, like Gecko) Chrome/147.0.7727.137 Mobile Safari/537.36 (compatible; GoogleOther)"
66.249.74.109 - - [01/May/2026:14:42:18 -0400] "GET /view/item/011021947114 HTTP/1.1" 200 29306 "-" "Mozilla/5.0 (Linux; Android 6.0.1; Nexus 5X Build/MMB29P) AppleWebKit/537.36 (KHTML, like Gecko) Chrome/147.0.7727.137 Mobile Safari/537.36 (compatible; GoogleOther)"
66.249.74.108 - - [01/May/2026:14:45:49 -0400] "GET /view/item/012697633834 HTTP/1.1" 200 29182 "-" "Mozilla/5.0 (Linux; Android 6.0.1; Nexus 5X Build/MMB29P) AppleWebKit/537.36 (KHTML, like Gecko) Chrome/147.0.7727.137 Mobile Safari/537.36 (compatible; GoogleOther)"
43.164.190.124 - - [01/May/2026:14:47:25 -0400] "GET /shop-2/ HTTP/1.1" 200 39836 "-" "Mozilla/5.0 (iPhone; CPU iPhone OS 13_2_3 like Mac OS X) AppleWebKit/605.1.15 (KHTML, like Gecko) Version/13.0.3 Mobile/15E148 Safari/604.1"
15.235.98.132 - - [01/May/2026:14:53:27 -0400] "GET /shop/bulk-material-x-ray-foreign-material-detection-equipment-unx6010-b/ HTTP/1.1" 200 32941 "-" "Mozilla/5.0 (compatible; AhrefsBot/7.0; +http://ahrefs.com/robot/)"
43.157.168.43 - - [01/May/2026:14:53:56 -0400] "GET /my-account-2/ HTTP/1.1" 200 39571 "-" "Mozilla/5.0 (iPhone; CPU iPhone OS 13_2_3 like Mac OS X) AppleWebKit/605.1.15 (KHTML, like Gecko) Version/13.0.3 Mobile/15E148 Safari/604.1"
148.113.130.18 - - [01/May/2026:14:54:17 -0400] "GET /wp-content/plugins/woocommerce/assets/css/photoswipe/default-skin/default-skin.min.css?ver=10.7.0 HTTP/1.1" 200 1759 "-" "Mozilla/5.0 (compatible; AhrefsBot/7.0; +http://ahrefs.com/robot/)"
51.222.168.148 - - [01/May/2026:14:54:18 -0400] "GET /wp-content/plugins/woocommerce/assets/js/flexslider/jquery.flexslider.min.js?ver=2.7.2-wc.10.7.0 HTTP/1.1" 200 6017 "-" "Mozilla/5.0 (compatible; AhrefsBot/7.0; +http://ahrefs.com/robot/)"
51.222.168.193 - - [01/May/2026:14:54:19 -0400] "GET /wp-content/plugins/woocommerce/assets/js/frontend/single-product.min.js?ver=10.7.0 HTTP/1.1" 200 2700 "-" "Mozilla/5.0 (compatible; AhrefsBot/7.0; +http://ahrefs.com/robot/)"
51.161.65.65 - - [01/May/2026:14:54:20 -0400] "GET /wp-content/plugins/woocommerce/assets/js/zoom/jquery.zoom.min.js?ver=1.7.21-wc.10.7.0 HTTP/1.1" 200 1052 "-" "Mozilla/5.0 (compatible; AhrefsBot/7.0; +http://ahrefs.com/robot/)"
51.161.37.151 - - [01/May/2026:14:54:21 -0400] "GET /wp-content/plugins/woocommerce/assets/js/photoswipe/photoswipe-ui-default.min.js?ver=4.1.1-wc.10.7.0 HTTP/1.1" 200 3478 "-" "Mozilla/5.0 (compatible; AhrefsBot/7.0; +http://ahrefs.com/robot/)"
51.161.37.208 - - [01/May/2026:14:54:22 -0400] "GET /wp-content/plugins/woocommerce/assets/css/photoswipe/photoswipe.min.css?ver=10.7.0 HTTP/1.1" 200 846 "-" "Mozilla/5.0 (compatible; AhrefsBot/7.0; +http://ahrefs.com/robot/)"
167.114.139.228 - - [01/May/2026:14:54:23 -0400] "GET /wp-content/plugins/woocommerce/assets/css/brands.css?ver=10.7.0 HTTP/1.1" 200 579 "-" "Mozilla/5.0 (compatible; AhrefsBot/7.0; +http://ahrefs.com/robot/)"
54.39.203.168 - - [01/May/2026:14:54:23 -0400] "GET /wp-content/plugins/woocommerce/assets/js/photoswipe/photoswipe.min.js?ver=4.1.1-wc.10.7.0 HTTP/1.1" 200 11652 "-" "Mozilla/5.0 (compatible; AhrefsBot/7.0; +http://ahrefs.com/robot/)"
66.249.74.108 - - [01/May/2026:14:54:48 -0400] "GET /view/item/02346044674 HTTP/1.1" 200 28578 "-" "Mozilla/5.0 (Linux; Android 6.0.1; Nexus 5X Build/MMB29P) AppleWebKit/537.36 (KHTML, like Gecko) Chrome/147.0.7727.137 Mobile Safari/537.36 (compatible; GoogleOther)"
66.249.74.108 - - [01/May/2026:15:01:04 -0400] "GET /view/item/011702971846 HTTP/1.1" 200 28811 "-" "Mozilla/5.0 (Linux; Android 6.0.1; Nexus 5X Build/MMB29P) AppleWebKit/537.36 (KHTML, like Gecko) Chrome/147.0.7727.137 Mobile Safari/537.36 (compatible; GoogleOther)"
66.249.74.108 - - [01/May/2026:15:01:10 -0400] "GET /view/item/01558489772 HTTP/1.1" 200 29852 "-" "Mozilla/5.0 (Linux; Android 6.0.1; Nexus 5X Build/MMB29P) AppleWebKit/537.36 (KHTML, like Gecko) Chrome/147.0.7727.137 Mobile Safari/537.36 (compatible; GoogleOther)"
66.249.74.109 - - [01/May/2026:15:02:42 -0400] "GET /view/item/013573026106 HTTP/1.1" 200 29587 "-" "Mozilla/5.0 (Linux; Android 6.0.1; Nexus 5X Build/MMB29P) AppleWebKit/537.36 (KHTML, like Gecko) Chrome/147.0.7727.137 Mobile Safari/537.36 (compatible; GoogleOther)"
66.249.74.108 - - [01/May/2026:15:04:44 -0400] "GET /view/item/053489072397 HTTP/1.1" 200 28666 "-" "Mozilla/5.0 (Linux; Android 6.0.1; Nexus 5X Build/MMB29P) AppleWebKit/537.36 (KHTML, like Gecko) Chrome/147.0.7727.137 Mobile Safari/537.36 (compatible; GoogleOther)"
43.130.3.120 - - [01/May/2026:15:05:04 -0400] "GET /home-v2/ HTTP/1.1" 200 61093 "-" "Mozilla/5.0 (iPhone; CPU iPhone OS 13_2_3 like Mac OS X) AppleWebKit/605.1.15 (KHTML, like Gecko) Version/13.0.3 Mobile/15E148 Safari/604.1"
66.249.74.108 - - [01/May/2026:15:09:37 -0400] "GET /view/item/012326071632 HTTP/1.1" 200 29219 "-" "Mozilla/5.0 (Linux; Android 6.0.1; Nexus 5X Build/MMB29P) AppleWebKit/537.36 (KHTML, like Gecko) Chrome/147.0.7727.137 Mobile Safari/537.36 (compatible; GoogleOther)"
66.249.74.110 - - [01/May/2026:15:11:56 -0400] "GET /view/item/071508190759 HTTP/1.1" 200 29538 "-" "Mozilla/5.0 (Linux; Android 6.0.1; Nexus 5X Build/MMB29P) AppleWebKit/537.36 (KHTML, like Gecko) Chrome/147.0.7727.137 Mobile Safari/537.36 (compatible; GoogleOther)"
43.165.126.130 - - [01/May/2026:15:12:44 -0400] "GET /track-your-order/ HTTP/1.1" 200 38827 "-" "Mozilla/5.0 (iPhone; CPU iPhone OS 13_2_3 like Mac OS X) AppleWebKit/605.1.15 (KHTML, like Gecko) Version/13.0.3 Mobile/15E148 Safari/604.1"
66.249.74.110 - - [01/May/2026:15:16:16 -0400] "GET /view/item/012176746295 HTTP/1.1" 200 33449 "-" "Mozilla/5.0 (Linux; Android 6.0.1; Nexus 5X Build/MMB29P) AppleWebKit/537.36 (KHTML, like Gecko) Chrome/147.0.7727.137 Mobile Safari/537.36 (compatible; GoogleOther)"
66.249.74.110 - - [01/May/2026:15:17:50 -0400] "GET /view/item/011644241446 HTTP/1.1" 200 33401 "-" "Mozilla/5.0 (Linux; Android 6.0.1; Nexus 5X Build/MMB29P) AppleWebKit/537.36 (KHTML, like Gecko) Chrome/147.0.7727.137 Mobile Safari/537.36 (compatible; GoogleOther)"
66.249.74.108 - - [01/May/2026:15:18:12 -0400] "GET /view/item/011628341147 HTTP/1.1" 200 29293 "-" "Mozilla/5.0 (Linux; Android 6.0.1; Nexus 5X Build/MMB29P) AppleWebKit/537.36 (KHTML, like Gecko) Chrome/147.0.7727.137 Mobile Safari/537.36 (compatible; GoogleOther)"
66.249.74.108 - - [01/May/2026:15:20:18 -0400] "GET /view/item/013166264658 HTTP/1.1" 200 28546 "-" "Mozilla/5.0 (Linux; Android 6.0.1; Nexus 5X Build/MMB29P) AppleWebKit/537.36 (KHTML, like Gecko) Chrome/147.0.7727.137 Mobile Safari/537.36 (compatible; GoogleOther)"
66.249.74.110 - - [01/May/2026:15:22:03 -0400] "GET /view/item/012274198160 HTTP/1.1" 200 30323 "-" "Mozilla/5.0 (Linux; Android 6.0.1; Nexus 5X Build/MMB29P) AppleWebKit/537.36 (KHTML, like Gecko) Chrome/147.0.7727.137 Mobile Safari/537.36 (compatible; GoogleOther)"
66.249.74.109 - - [01/May/2026:15:23:58 -0400] "GET /view/item/033001887874 HTTP/1.1" 200 28284 "-" "Mozilla/5.0 (Linux; Android 6.0.1; Nexus 5X Build/MMB29P) AppleWebKit/537.36 (KHTML, like Gecko) Chrome/147.0.7727.137 Mobile Safari/537.36 (compatible; GoogleOther)"
54.39.136.239 - - [01/May/2026:15:23:49 -0400] "GET /shop/delta2030-3d-printer/ HTTP/1.1" 200 32996 "-" "Mozilla/5.0 (compatible; AhrefsBot/7.0; +http://ahrefs.com/robot/)"
43.153.54.138 - - [01/May/2026:15:24:04 -0400] "GET /wp-json/ HTTP/1.1" 200 1259898 "-" "Mozilla/5.0 (iPhone; CPU iPhone OS 13_2_3 like Mac OS X) AppleWebKit/605.1.15 (KHTML, like Gecko) Version/13.0.3 Mobile/15E148 Safari/604.1"
66.249.74.109 - - [01/May/2026:15:25:59 -0400] "GET /view/item/013429860228 HTTP/1.1" 200 29352 "-" "Mozilla/5.0 (Linux; Android 6.0.1; Nexus 5X Build/MMB29P) AppleWebKit/537.36 (KHTML, like Gecko) Chrome/147.0.7727.137 Mobile Safari/537.36 (compatible; GoogleOther)"
66.249.74.110 - - [01/May/2026:15:27:49 -0400] "GET /view/item/012207782643 HTTP/1.1" 200 29491 "-" "Mozilla/5.0 (Linux; Android 6.0.1; Nexus 5X Build/MMB29P) AppleWebKit/537.36 (KHTML, like Gecko) Chrome/147.0.7727.137 Mobile Safari/537.36 (compatible; GoogleOther)"
66.249.74.109 - - [01/May/2026:15:29:44 -0400] "GET /view/item/012166831565 HTTP/1.1" 200 29237 "-" "Mozilla/5.0 (Linux; Android 6.0.1; Nexus 5X Build/MMB29P) AppleWebKit/537.36 (KHTML, like Gecko) Chrome/147.0.7727.137 Mobile Safari/537.36 (compatible; GoogleOther)"
66.249.74.108 - - [01/May/2026:15:31:39 -0400] "GET /view/item/013848570255 HTTP/1.1" 200 29817 "-" "Mozilla/5.0 (Linux; Android 6.0.1; Nexus 5X Build/MMB29P) AppleWebKit/537.36 (KHTML, like Gecko) Chrome/147.0.7727.137 Mobile Safari/537.36 (compatible; GoogleOther)"
66.249.74.108 - - [01/May/2026:15:33:35 -0400] "GET /view/item/011080232286 HTTP/1.1" 200 28841 "-" "Mozilla/5.0 (Linux; Android 6.0.1; Nexus 5X Build/MMB29P) AppleWebKit/537.36 (KHTML, like Gecko) Chrome/147.0.7727.137 Mobile Safari/537.36 (compatible; GoogleOther)"
66.249.74.109 - - [01/May/2026:15:35:00 -0400] "GET /view/item/012590249744 HTTP/1.1" 200 30115 "-" "Mozilla/5.0 (Linux; Android 6.0.1; Nexus 5X Build/MMB29P) AppleWebKit/537.36 (KHTML, like Gecko) Chrome/147.0.7727.137 Mobile Safari/537.36 (compatible; GoogleOther)"
66.249.74.108 - - [01/May/2026:15:35:30 -0400] "GET /view/item/012882378243 HTTP/1.1" 200 28925 "-" "Mozilla/5.0 (Linux; Android 6.0.1; Nexus 5X Build/MMB29P) AppleWebKit/537.36 (KHTML, like Gecko) Chrome/147.0.7727.137 Mobile Safari/537.36 (compatible; GoogleOther)"
43.153.73.200 - - [01/May/2026:15:35:40 -0400] "GET /shop-2/ HTTP/1.1" 200 39848 "-" "Mozilla/5.0 (iPhone; CPU iPhone OS 13_2_3 like Mac OS X) AppleWebKit/605.1.15 (KHTML, like Gecko) Version/13.0.3 Mobile/15E148 Safari/604.1"
66.249.74.108 - - [01/May/2026:15:37:26 -0400] "GET /view/item/011723404542 HTTP/1.1" 200 29223 "-" "Mozilla/5.0 (Linux; Android 6.0.1; Nexus 5X Build/MMB29P) AppleWebKit/537.36 (KHTML, like Gecko) Chrome/147.0.7727.137 Mobile Safari/537.36 (compatible; GoogleOther)"
54.39.0.128 - - [01/May/2026:15:38:27 -0400] "GET /shop/independent-selective-soldering/ HTTP/1.1" 200 32858 "-" "Mozilla/5.0 (compatible; AhrefsBot/7.0; +http://ahrefs.com/robot/)"
66.249.74.110 - - [01/May/2026:15:41:16 -0400] "GET /view/item/012693603717 HTTP/1.1" 200 29955 "-" "Mozilla/5.0 (Linux; Android 6.0.1; Nexus 5X Build/MMB29P) AppleWebKit/537.36 (KHTML, like Gecko) Chrome/147.0.7727.137 Mobile Safari/537.36 (compatible; GoogleOther)"
66.249.74.110 - - [01/May/2026:15:43:12 -0400] "GET /view/item/013725227212 HTTP/1.1" 200 28970 "-" "Mozilla/5.0 (Linux; Android 6.0.1; Nexus 5X Build/MMB29P) AppleWebKit/537.36 (KHTML, like Gecko) Chrome/147.0.7727.137 Mobile Safari/537.36 (compatible; GoogleOther)"
66.249.74.109 - - [01/May/2026:15:44:14 -0400] "GET /view/item/013809089731 HTTP/1.1" 200 28965 "-" "Mozilla/5.0 (Linux; Android 6.0.1; Nexus 5X Build/MMB29P) AppleWebKit/537.36 (KHTML, like Gecko) Chrome/147.0.7727.137 Mobile Safari/537.36 (compatible; GoogleOther)"
66.249.74.108 - - [01/May/2026:15:45:07 -0400] "GET /bep/m/kmem?user=6863034 HTTP/1.1" 200 32469 "-" "Mozilla/5.0 (Linux; Android 6.0.1; Nexus 5X Build/MMB29P) AppleWebKit/537.36 (KHTML, like Gecko) Chrome/147.0.7727.137 Mobile Safari/537.36 (compatible; GoogleOther)"
43.156.202.34 - - [01/May/2026:15:48:54 -0400] "GET /2016/03/01/robot-wars-now-closed/ HTTP/1.1" 200 42248 "-" "Mozilla/5.0 (iPhone; CPU iPhone OS 13_2_3 like Mac OS X) AppleWebKit/605.1.15 (KHTML, like Gecko) Version/13.0.3 Mobile/15E148 Safari/604.1"
52.167.144.218 - - [01/May/2026:15:50:08 -0400] "GET /product-category/cameras-photography/photo-cameras/ HTTP/1.1" 200 29732 "-" "Mozilla/5.0 AppleWebKit/537.36 (KHTML, like Gecko; compatible; bingbot/2.0; +http://www.bing.com/bingbot.htm) Chrome/116.0.1938.76 Safari/537.36"
