66.249.74.110 - - [01/May/2026:15:50:54 -0400] "GET /view/item/01768062608 HTTP/1.1" 200 29066 "-" "Mozilla/5.0 (Linux; Android 6.0.1; Nexus 5X Build/MMB29P) AppleWebKit/537.36 (KHTML, like Gecko) Chrome/147.0.7727.137 Mobile Safari/537.36 (compatible; GoogleOther)"
66.249.74.110 - - [01/May/2026:15:52:49 -0400] "GET /view/item/014103407252 HTTP/1.1" 200 29534 "-" "Mozilla/5.0 (Linux; Android 6.0.1; Nexus 5X Build/MMB29P) AppleWebKit/537.36 (KHTML, like Gecko) Chrome/147.0.7727.137 Mobile Safari/537.36 (compatible; GoogleOther)"
66.249.74.110 - - [01/May/2026:15:53:28 -0400] "GET /event/index.html?spe_id=mm_campaign HTTP/1.1" 200 29240 "-" "Mozilla/5.0 (Linux; Android 6.0.1; Nexus 5X Build/MMB29P) AppleWebKit/537.36 (KHTML, like Gecko) Chrome/147.0.7727.137 Mobile Safari/537.36 (compatible; GoogleOther)"
66.249.74.108 - - [01/May/2026:15:54:44 -0400] "GET /view/item/011528363831 HTTP/1.1" 200 29561 "-" "Mozilla/5.0 (Linux; Android 6.0.1; Nexus 5X Build/MMB29P) AppleWebKit/537.36 (KHTML, like Gecko) Chrome/147.0.7727.137 Mobile Safari/537.36 (compatible; GoogleOther)"
5.58.7.214 - - [01/May/2026:16:00:16 -0400] "GET /wp-json/wp/v2/posts HTTP/1.1" 200 0 "-" "Mozilla/5.0 (Windows NT 10.0; Win64; x64) AppleWebKit/537.36 (KHTML, like Gecko) Chrome/120.0.0.0 Safari/537.36"
162.0.232.104 - - [01/May/2026:16:01:55 -0400] "POST /wp-cron.php?doing_wp_cron=1777665715.5465550422668457031250 HTTP/1.1" 200 0 "-" "WordPress/6.9.4; http://techfabasia.com"
43.134.35.91 - - [01/May/2026:16:01:48 -0400] "GET /blog/ HTTP/1.1" 200 42865 "-" "Mozilla/5.0 (iPhone; CPU iPhone OS 13_2_3 like Mac OS X) AppleWebKit/605.1.15 (KHTML, like Gecko) Version/13.0.3 Mobile/15E148 Safari/604.1"
216.244.66.247 - - [01/May/2026:16:03:54 -0400] "GET /robots.txt HTTP/1.1" 200 81 "-" "Mozilla/5.0 (compatible; DotBot/1.2; +https://opensiteexplorer.org/dotbot; help@moz.com)"
103.80.214.29 - - [01/May/2026:16:05:23 -0400] "GET /wp-json/wp/v2/posts HTTP/1.1" 200 33564 "-" "Mozilla/5.0 (Windows NT 10.0; Win64; x64) AppleWebKit/537.36 (KHTML, like Gecko) Chrome/120.0.0.0 Safari/537.36"
103.80.214.29 - - [01/May/2026:16:05:27 -0400] "POST /wp-comments-post.php HTTP/1.1" 302 0 "-" "Mozilla/5.0 (Windows NT 10.0; Win64; x64) AppleWebKit/537.36 (KHTML, like Gecko) Chrome/120.0.0.0 Safari/537.36"
103.80.214.29 - - [01/May/2026:16:05:31 -0400] "POST /wp-comments-post.php HTTP/1.1" 429 1177 "-" "Mozilla/5.0 (Windows NT 10.0; Win64; x64) AppleWebKit/537.36 (KHTML, like Gecko) Chrome/120.0.0.0 Safari/537.36"
162.0.232.104 - - [01/May/2026:16:12:51 -0400] "POST /wp-cron.php?doing_wp_cron=1777666371.7359049320220947265625 HTTP/1.1" 200 0 "-" "WordPress/6.9.4; http://techfabasia.com"
216.244.66.247 - - [01/May/2026:16:12:47 -0400] "GET /shop/ts300l-dust-collector/ HTTP/1.1" 200 221853 "-" "Mozilla/5.0 (compatible; DotBot/1.2; +https://opensiteexplorer.org/dotbot; help@moz.com)"
43.153.123.4 - - [01/May/2026:16:17:33 -0400] "GET /cart-2/ HTTP/1.1" 200 63644 "-" "Mozilla/5.0 (iPhone; CPU iPhone OS 13_2_3 like Mac OS X) AppleWebKit/605.1.15 (KHTML, like Gecko) Version/13.0.3 Mobile/15E148 Safari/604.1"
110.172.98.2 - - [01/May/2026:16:17:46 -0400] "GET / HTTP/1.1" 200 48714 "-" "Mozilla/5.0 (Windows NT 10.0; Win64; x64) AppleWebKit/537.36 (KHTML, like Gecko) Chrome/79.0.3945.130 Safari/537.36"
110.172.98.2 - - [01/May/2026:16:17:55 -0400] "GET /favicon.ico HTTP/1.1" 404 1251 "-" "Mozilla/5.0"
66.249.74.110 - - [01/May/2026:16:28:49 -0400] "GET /coupon/distribution/index.html?pageCount=1&sortType=0&sortTypeIndex=0&sortDataType=use_end_days&sortDataIndex=4&showMore=1&spe_id=mm_findcoupon HTTP/1.1" 200 29580 "-" "Mozilla/5.0 (Linux; Android 6.0.1; Nexus 5X Build/MMB29P) AppleWebKit/537.36 (KHTML, like Gecko) Chrome/147.0.7727.137 Mobile Safari/537.36 (compatible; GoogleOther)"
51.195.244.86 - - [01/May/2026:16:29:05 -0400] "GET /robots.txt HTTP/1.1" 200 81 "-" "Mozilla/5.0 (compatible; AhrefsBot/7.0; +http://ahrefs.com/robot/)"
54.39.6.171 - - [01/May/2026:16:29:08 -0400] "GET /product-category/pressure-oven/ HTTP/1.1" 200 31922 "-" "Mozilla/5.0 (compatible; AhrefsBot/7.0; +http://ahrefs.com/robot/)"
66.249.74.108 - - [01/May/2026:16:36:22 -0400] "GET /view/item/013151798587 HTTP/1.1" 200 29511 "-" "Mozilla/5.0 (Linux; Android 6.0.1; Nexus 5X Build/MMB29P) AppleWebKit/537.36 (KHTML, like Gecko) Chrome/147.0.7727.137 Mobile Safari/537.36 (compatible; GoogleOther)"
66.249.74.110 - - [01/May/2026:16:39:22 -0400] "GET /view/item/011565993804 HTTP/1.1" 200 32752 "-" "Mozilla/5.0 (Linux; Android 6.0.1; Nexus 5X Build/MMB29P) AppleWebKit/537.36 (KHTML, like Gecko) Chrome/147.0.7727.137 Mobile Safari/537.36 (compatible; GoogleOther)"
149.202.183.73 - - [01/May/2026:16:40:52 -0400] "POST /xmlrpc.php HTTP/1.1" 500 0 "-" "Mozilla/5.0 (Windows NT 10.0; Win64; x64) AppleWebKit/537.43 (KHTML, like Gecko) Chrome/138.0.0.0 Safari/537.36 OPR/122.0.0.0"
66.249.74.110 - - [01/May/2026:16:42:22 -0400] "GET /view/item/064160222542 HTTP/1.1" 200 28986 "-" "Mozilla/5.0 (Linux; Android 6.0.1; Nexus 5X Build/MMB29P) AppleWebKit/537.36 (KHTML, like Gecko) Chrome/147.0.7727.137 Mobile Safari/537.36 (compatible; GoogleOther)"
66.249.74.109 - - [01/May/2026:16:45:22 -0400] "GET /view/item/011730888657 HTTP/1.1" 200 29843 "-" "Mozilla/5.0 (Linux; Android 6.0.1; Nexus 5X Build/MMB29P) AppleWebKit/537.36 (KHTML, like Gecko) Chrome/147.0.7727.137 Mobile Safari/537.36 (compatible; GoogleOther)"
66.249.74.109 - - [01/May/2026:16:45:22 -0400] "GET /tutorial/safesupport/index.html HTTP/1.1" 200 29106 "-" "Mozilla/5.0 (Linux; Android 6.0.1; Nexus 5X Build/MMB29P) AppleWebKit/537.36 (KHTML, like Gecko) Chrome/147.0.7727.137 Mobile Safari/537.36 (compatible; GoogleOther)"
162.0.232.104 - - [01/May/2026:16:49:49 -0400] "POST /wp-cron.php?doing_wp_cron=1777668589.2394380569458007812500 HTTP/1.1" 200 0 "-" "WordPress/6.9.4; http://techfabasia.com"
66.249.74.108 - - [01/May/2026:16:48:46 -0400] "GET /view/item/082723840098 HTTP/1.1" 404 33042 "-" "Mozilla/5.0 (Linux; Android 6.0.1; Nexus 5X Build/MMB29P) AppleWebKit/537.36 (KHTML, like Gecko) Chrome/147.0.7727.137 Mobile Safari/537.36 (compatible; GoogleOther)"
66.249.74.109 - - [01/May/2026:16:51:14 -0400] "GET /view/item/021122464229 HTTP/1.1" 404 33048 "-" "Mozilla/5.0 (Linux; Android 6.0.1; Nexus 5X Build/MMB29P) AppleWebKit/537.36 (KHTML, like Gecko) Chrome/147.0.7727.137 Mobile Safari/537.36 (compatible; GoogleOther)"
216.244.66.247 - - [01/May/2026:16:52:35 -0400] "GET /robots.txt HTTP/1.1" 200 81 "-" "Mozilla/5.0 (compatible; DotBot/1.2; +https://opensiteexplorer.org/dotbot; help@moz.com)"
66.249.74.108 - - [01/May/2026:16:53:07 -0400] "GET /category/54?spe_id=item_breadcrumb HTTP/1.1" 200 29439 "-" "Mozilla/5.0 (Linux; Android 6.0.1; Nexus 5X Build/MMB29P) AppleWebKit/537.36 (KHTML, like Gecko) Chrome/147.0.7727.137 Mobile Safari/537.36 (compatible; GoogleOther)"
142.44.225.37 - - [01/May/2026:16:53:08 -0400] "GET /shop/ductile-iron-ndt-real-time-imaging-x-ray-unc450/ HTTP/1.1" 200 0 "-" "Mozilla/5.0 (compatible; AhrefsBot/7.0; +http://ahrefs.com/robot/)"
66.249.74.108 - - [01/May/2026:17:05:34 -0400] "GET /view/item/011574537494 HTTP/1.1" 200 28031 "-" "Mozilla/5.0 (Linux; Android 6.0.1; Nexus 5X Build/MMB29P) AppleWebKit/537.36 (KHTML, like Gecko) Chrome/147.0.7727.137 Mobile Safari/537.36 (compatible; GoogleOther)"
66.249.74.109 - - [01/May/2026:17:06:36 -0400] "GET /view/item/011285789981 HTTP/1.1" 200 33328 "-" "Mozilla/5.0 (Linux; Android 6.0.1; Nexus 5X Build/MMB29P) AppleWebKit/537.36 (KHTML, like Gecko) Chrome/147.0.7727.137 Mobile Safari/537.36 (compatible; GoogleOther)"
216.244.66.247 - - [01/May/2026:17:08:00 -0400] "GET /shop/gam-330at-in-line-automatic-pcb-router-machine/ HTTP/1.1" 200 222249 "-" "Mozilla/5.0 (compatible; DotBot/1.2; +https://opensiteexplorer.org/dotbot; help@moz.com)"
66.249.74.108 - - [01/May/2026:17:09:52 -0400] "GET /view/item/014049786864 HTTP/1.1" 200 29596 "-" "Mozilla/5.0 (Linux; Android 6.0.1; Nexus 5X Build/MMB29P) AppleWebKit/537.36 (KHTML, like Gecko) Chrome/147.0.7727.137 Mobile Safari/537.36 (compatible; GoogleOther)"
66.249.74.109 - - [01/May/2026:17:10:31 -0400] "GET /view/item/011815556033 HTTP/1.1" 200 28843 "-" "Mozilla/5.0 (Linux; Android 6.0.1; Nexus 5X Build/MMB29P) AppleWebKit/537.36 (KHTML, like Gecko) Chrome/147.0.7727.137 Mobile Safari/537.36 (compatible; GoogleOther)"
66.249.74.109 - - [01/May/2026:17:15:51 -0400] "GET /view/item/013409852894 HTTP/1.1" 200 29124 "-" "Mozilla/5.0 (Linux; Android 6.0.1; Nexus 5X Build/MMB29P) AppleWebKit/537.36 (KHTML, like Gecko) Chrome/147.0.7727.137 Mobile Safari/537.36 (compatible; GoogleOther)"
66.249.74.109 - - [01/May/2026:17:16:24 -0400] "GET /view/item/01973366339 HTTP/1.1" 200 28334 "-" "Mozilla/5.0 (Linux; Android 6.0.1; Nexus 5X Build/MMB29P) AppleWebKit/537.36 (KHTML, like Gecko) Chrome/147.0.7727.137 Mobile Safari/537.36 (compatible; GoogleOther)"
66.249.74.110 - - [01/May/2026:17:17:16 -0400] "GET /view/item/012601839159 HTTP/1.1" 200 32948 "-" "Mozilla/5.0 (Linux; Android 6.0.1; Nexus 5X Build/MMB29P) AppleWebKit/537.36 (KHTML, like Gecko) Chrome/147.0.7727.137 Mobile Safari/537.36 (compatible; GoogleOther)"
66.249.74.108 - - [01/May/2026:17:19:13 -0400] "GET /view/item/012929898697 HTTP/1.1" 200 30651 "-" "Mozilla/5.0 (Linux; Android 6.0.1; Nexus 5X Build/MMB29P) AppleWebKit/537.36 (KHTML, like Gecko) Chrome/147.0.7727.137 Mobile Safari/537.36 (compatible; GoogleOther)"
66.249.74.108 - - [01/May/2026:17:19:34 -0400] "GET /view/item/012929898697 HTTP/1.1" 200 30669 "-" "Mozilla/5.0 (Linux; Android 6.0.1; Nexus 5X Build/MMB29P) AppleWebKit/537.36 (KHTML, like Gecko) Chrome/147.0.7727.137 Mobile Safari/537.36 (compatible; Googlebot/2.1; +http://www.google.com/bot.html)"
66.249.74.108 - - [01/May/2026:17:19:53 -0400] "GET /view/item/01726004914 HTTP/1.1" 200 29898 "-" "Mozilla/5.0 (Linux; Android 6.0.1; Nexus 5X Build/MMB29P) AppleWebKit/537.36 (KHTML, like Gecko) Chrome/147.0.7727.137 Mobile Safari/537.36 (compatible; GoogleOther)"
66.249.74.108 - - [01/May/2026:17:21:06 -0400] "GET /view/item/013660109662 HTTP/1.1" 200 30010 "-" "Mozilla/5.0 (Linux; Android 6.0.1; Nexus 5X Build/MMB29P) AppleWebKit/537.36 (KHTML, like Gecko) Chrome/147.0.7727.137 Mobile Safari/537.36 (compatible; GoogleOther)"
66.249.74.109 - - [01/May/2026:17:23:20 -0400] "GET /view/item/01810018862 HTTP/1.1" 200 27968 "-" "Mozilla/5.0 (Linux; Android 6.0.1; Nexus 5X Build/MMB29P) AppleWebKit/537.36 (KHTML, like Gecko) Chrome/147.0.7727.137 Mobile Safari/537.36 (compatible; GoogleOther)"
66.249.74.108 - - [01/May/2026:17:26:15 -0400] "GET /view/item/012322763709 HTTP/1.1" 200 29718 "-" "Mozilla/5.0 (Linux; Android 6.0.1; Nexus 5X Build/MMB29P) AppleWebKit/537.36 (KHTML, like Gecko) Chrome/147.0.7727.137 Mobile Safari/537.36 (compatible; GoogleOther)"
40.77.167.71 - - [01/May/2026:17:27:41 -0400] "GET /sitemap.xml HTTP/1.1" 200 12348 "-" "Mozilla/5.0 AppleWebKit/537.36 (KHTML, like Gecko; compatible; bingbot/2.0; +http://www.bing.com/bingbot.htm) Chrome/116.0.1938.76 Safari/537.36"
66.249.74.108 - - [01/May/2026:17:28:20 -0400] "GET /view/item/011821105855 HTTP/1.1" 200 28556 "-" "Mozilla/5.0 (Linux; Android 6.0.1; Nexus 5X Build/MMB29P) AppleWebKit/537.36 (KHTML, like Gecko) Chrome/147.0.7727.137 Mobile Safari/537.36 (compatible; GoogleOther)"
66.249.74.109 - - [01/May/2026:17:32:23 -0400] "GET /view/item/013433400440 HTTP/1.1" 200 29161 "-" "Mozilla/5.0 (Linux; Android 6.0.1; Nexus 5X Build/MMB29P) AppleWebKit/537.36 (KHTML, like Gecko) Chrome/147.0.7727.137 Mobile Safari/537.36 (compatible; GoogleOther)"
66.249.74.108 - - [01/May/2026:17:34:43 -0400] "GET /view/item/011812562133 HTTP/1.1" 200 32938 "-" "Mozilla/5.0 (Linux; Android 6.0.1; Nexus 5X Build/MMB29P) AppleWebKit/537.36 (KHTML, like Gecko) Chrome/147.0.7727.137 Mobile Safari/537.36 (compatible; GoogleOther)"
66.249.74.108 - - [01/May/2026:17:35:46 -0400] "GET /view/item/102940750974 HTTP/1.1" 200 27365 "-" "Mozilla/5.0 (Linux; Android 6.0.1; Nexus 5X Build/MMB29P) AppleWebKit/537.36 (KHTML, like Gecko) Chrome/147.0.7727.137 Mobile Safari/537.36 (compatible; GoogleOther)"
66.249.74.110 - - [01/May/2026:17:37:01 -0400] "GET /view/item/013637340310 HTTP/1.1" 200 30008 "-" "Mozilla/5.0 (Linux; Android 6.0.1; Nexus 5X Build/MMB29P) AppleWebKit/537.36 (KHTML, like Gecko) Chrome/147.0.7727.137 Mobile Safari/537.36 (compatible; GoogleOther)"
66.249.74.108 - - [01/May/2026:17:37:55 -0400] "GET /view/item/012451836177 HTTP/1.1" 200 28928 "-" "Mozilla/5.0 (Linux; Android 6.0.1; Nexus 5X Build/MMB29P) AppleWebKit/537.36 (KHTML, like Gecko) Chrome/147.0.7727.137 Mobile Safari/537.36 (compatible; GoogleOther)"
66.249.74.109 - - [01/May/2026:17:39:29 -0400] "GET /view/item/012439069895 HTTP/1.1" 200 29695 "-" "Mozilla/5.0 (Linux; Android 6.0.1; Nexus 5X Build/MMB29P) AppleWebKit/537.36 (KHTML, like Gecko) Chrome/147.0.7727.137 Mobile Safari/537.36 (compatible; GoogleOther)"
216.244.66.247 - - [01/May/2026:17:40:31 -0400] "GET /robots.txt HTTP/1.1" 200 81 "-" "Mozilla/5.0 (compatible; DotBot/1.2; +https://opensiteexplorer.org/dotbot; help@moz.com)"
66.249.74.110 - - [01/May/2026:17:40:33 -0400] "GET /category/54?spe_id=item_breadcrumb HTTP/1.1" 200 29440 "-" "Mozilla/5.0 (Linux; Android 6.0.1; Nexus 5X Build/MMB29P) AppleWebKit/537.36 (KHTML, like Gecko) Chrome/147.0.7727.137 Mobile Safari/537.36 (compatible; GoogleOther)"
66.249.74.108 - - [01/May/2026:17:40:45 -0400] "GET /view/item/011976258784 HTTP/1.1" 200 29466 "-" "Mozilla/5.0 (Linux; Android 6.0.1; Nexus 5X Build/MMB29P) AppleWebKit/537.36 (KHTML, like Gecko) Chrome/147.0.7727.137 Mobile Safari/537.36 (compatible; GoogleOther)"
66.249.74.110 - - [01/May/2026:17:42:17 -0400] "GET /view/item/012448900899 HTTP/1.1" 200 30070 "-" "Mozilla/5.0 (Linux; Android 6.0.1; Nexus 5X Build/MMB29P) AppleWebKit/537.36 (KHTML, like Gecko) Chrome/147.0.7727.137 Mobile Safari/537.36 (compatible; GoogleOther)"
104.207.41.132 - - [01/May/2026:17:43:03 -0400] "GET / HTTP/1.1" 200 0 "-" "Mozilla/5.0 (Windows NT 6.1; Win64; x64) AppleWebKit/537.36 (KHTML, like Gecko) Chrome/75.0.3770.100 Safari/537.36"
66.249.74.109 - - [01/May/2026:17:47:04 -0400] "GET /view/item/082929898697 HTTP/1.1" 200 29001 "-" "Mozilla/5.0 (Linux; Android 6.0.1; Nexus 5X Build/MMB29P) AppleWebKit/537.36 (KHTML, like Gecko) Chrome/147.0.7727.137 Mobile Safari/537.36 (compatible; GoogleOther)"
66.249.74.108 - - [01/May/2026:17:47:50 -0400] "GET /view/item/013194635480 HTTP/1.1" 200 29057 "-" "Mozilla/5.0 (Linux; Android 6.0.1; Nexus 5X Build/MMB29P) AppleWebKit/537.36 (KHTML, like Gecko) Chrome/147.0.7727.137 Mobile Safari/537.36 (compatible; GoogleOther)"
66.249.74.108 - - [01/May/2026:17:54:05 -0400] "GET /view/item/011851264911 HTTP/1.1" 200 29515 "-" "Mozilla/5.0 (Linux; Android 6.0.1; Nexus 5X Build/MMB29P) AppleWebKit/537.36 (KHTML, like Gecko) Chrome/147.0.7727.137 Mobile Safari/537.36 (compatible; GoogleOther)"
66.249.74.108 - - [01/May/2026:17:55:24 -0400] "GET /view/item/081976258784 HTTP/1.1" 200 28942 "-" "Mozilla/5.0 (Linux; Android 6.0.1; Nexus 5X Build/MMB29P) AppleWebKit/537.36 (KHTML, like Gecko) Chrome/147.0.7727.137 Mobile Safari/537.36 (compatible; GoogleOther)"
66.249.74.110 - - [01/May/2026:18:01:35 -0400] "GET /view/item/01887572223 HTTP/1.1" 200 29277 "-" "Mozilla/5.0 (Linux; Android 6.0.1; Nexus 5X Build/MMB29P) AppleWebKit/537.36 (KHTML, like Gecko) Chrome/147.0.7727.137 Mobile Safari/537.36 (compatible; GoogleOther)"
162.0.232.104 - - [01/May/2026:18:02:14 -0400] "POST /wp-cron.php?doing_wp_cron=1777672934.5810000896453857421875 HTTP/1.1" 200 0 "-" "WordPress/6.9.4; http://techfabasia.com"
216.244.66.247 - - [01/May/2026:18:02:12 -0400] "GET /?action=yith-woocompare-add-product&id=5886 HTTP/1.1" 302 0 "-" "Mozilla/5.0 (compatible; DotBot/1.2; +https://opensiteexplorer.org/dotbot; help@moz.com)"
66.249.74.109 - - [01/May/2026:18:03:27 -0400] "GET /view/item/012778073995 HTTP/1.1" 200 28971 "-" "Mozilla/5.0 (Linux; Android 6.0.1; Nexus 5X Build/MMB29P) AppleWebKit/537.36 (KHTML, like Gecko) Chrome/147.0.7727.137 Mobile Safari/537.36 (compatible; GoogleOther)"
66.249.74.108 - - [01/May/2026:18:03:44 -0400] "GET /view/item/012531554128 HTTP/1.1" 200 29725 "-" "Mozilla/5.0 (Linux; Android 6.0.1; Nexus 5X Build/MMB29P) AppleWebKit/537.36 (KHTML, like Gecko) Chrome/147.0.7727.137 Mobile Safari/537.36 (compatible; GoogleOther)"
66.249.74.109 - - [01/May/2026:18:06:35 -0400] "GET /view/item/011450815943 HTTP/1.1" 200 29688 "-" "Mozilla/5.0 (Linux; Android 6.0.1; Nexus 5X Build/MMB29P) AppleWebKit/537.36 (KHTML, like Gecko) Chrome/147.0.7727.137 Mobile Safari/537.36 (compatible; GoogleOther)"
66.249.74.108 - - [01/May/2026:18:09:42 -0400] "GET /view/item/011096980191 HTTP/1.1" 200 27989 "-" "Mozilla/5.0 (Linux; Android 6.0.1; Nexus 5X Build/MMB29P) AppleWebKit/537.36 (KHTML, like Gecko) Chrome/147.0.7727.137 Mobile Safari/537.36 (compatible; GoogleOther)"
66.249.74.110 - - [01/May/2026:18:12:04 -0400] "GET /view/item/071812562133 HTTP/1.1" 200 31159 "-" "Mozilla/5.0 (Linux; Android 6.0.1; Nexus 5X Build/MMB29P) AppleWebKit/537.36 (KHTML, like Gecko) Chrome/147.0.7727.137 Mobile Safari/537.36 (compatible; GoogleOther)"
66.249.74.108 - - [01/May/2026:18:12:50 -0400] "GET /view/item/072940750974 HTTP/1.1" 200 27327 "-" "Mozilla/5.0 (Linux; Android 6.0.1; Nexus 5X Build/MMB29P) AppleWebKit/537.36 (KHTML, like Gecko) Chrome/147.0.7727.137 Mobile Safari/537.36 (compatible; GoogleOther)"
66.249.74.108 - - [01/May/2026:18:27:46 -0400] "GET /view/item/013908417731 HTTP/1.1" 200 30206 "-" "Mozilla/5.0 (Linux; Android 6.0.1; Nexus 5X Build/MMB29P) AppleWebKit/537.36 (KHTML, like Gecko) Chrome/147.0.7727.137 Mobile Safari/537.36 (compatible; GoogleOther)"
66.249.74.109 - - [01/May/2026:18:27:55 -0400] "GET /view/item/013578077480 HTTP/1.1" 200 29201 "-" "Mozilla/5.0 (Linux; Android 6.0.1; Nexus 5X Build/MMB29P) AppleWebKit/537.36 (KHTML, like Gecko) Chrome/147.0.7727.137 Mobile Safari/537.36 (compatible; GoogleOther)"
66.249.74.110 - - [01/May/2026:18:28:36 -0400] "GET /view/item/052858876976 HTTP/1.1" 200 28587 "-" "Mozilla/5.0 (Linux; Android 6.0.1; Nexus 5X Build/MMB29P) AppleWebKit/537.36 (KHTML, like Gecko) Chrome/147.0.7727.137 Mobile Safari/537.36 (compatible; GoogleOther)"
216.244.66.247 - - [01/May/2026:18:31:57 -0400] "GET /robots.txt HTTP/1.1" 200 81 "-" "Mozilla/5.0 (compatible; DotBot/1.2; +https://opensiteexplorer.org/dotbot; help@moz.com)"
66.249.74.108 - - [01/May/2026:18:37:04 -0400] "GET /view/item/11228477879 HTTP/1.1" 200 28385 "-" "Mozilla/5.0 (Linux; Android 6.0.1; Nexus 5X Build/MMB29P) AppleWebKit/537.36 (KHTML, like Gecko) Chrome/147.0.7727.137 Mobile Safari/537.36 (compatible; GoogleOther)"
66.249.74.108 - - [01/May/2026:18:37:50 -0400] "GET /view/item/011297701817 HTTP/1.1" 200 30165 "-" "Mozilla/5.0 (Linux; Android 6.0.1; Nexus 5X Build/MMB29P) AppleWebKit/537.36 (KHTML, like Gecko) Chrome/147.0.7727.137 Mobile Safari/537.36 (compatible; GoogleOther)"
66.249.74.108 - - [01/May/2026:18:40:57 -0400] "GET /view/item/013682581129 HTTP/1.1" 200 28957 "-" "Mozilla/5.0 (Linux; Android 6.0.1; Nexus 5X Build/MMB29P) AppleWebKit/537.36 (KHTML, like Gecko) Chrome/147.0.7727.137 Mobile Safari/537.36 (compatible; GoogleOther)"
66.249.74.108 - - [01/May/2026:18:45:24 -0400] "GET /view/item/013255168968 HTTP/1.1" 200 31043 "-" "Mozilla/5.0 (Linux; Android 6.0.1; Nexus 5X Build/MMB29P) AppleWebKit/537.36 (KHTML, like Gecko) Chrome/147.0.7727.137 Mobile Safari/537.36 (compatible; GoogleOther)"
66.249.74.110 - - [01/May/2026:18:47:14 -0400] "GET /view/item/013369226838 HTTP/1.1" 200 29125 "-" "Mozilla/5.0 (Linux; Android 6.0.1; Nexus 5X Build/MMB29P) AppleWebKit/537.36 (KHTML, like Gecko) Chrome/147.0.7727.137 Mobile Safari/537.36 (compatible; GoogleOther)"
66.249.74.109 - - [01/May/2026:18:50:20 -0400] "GET /view/item/01648938372 HTTP/1.1" 200 29385 "-" "Mozilla/5.0 (Linux; Android 6.0.1; Nexus 5X Build/MMB29P) AppleWebKit/537.36 (KHTML, like Gecko) Chrome/147.0.7727.137 Mobile Safari/537.36 (compatible; GoogleOther)"
216.244.66.247 - - [01/May/2026:18:50:51 -0400] "GET /?action=yith-woocompare-add-product&id=6060 HTTP/1.1" 302 0 "-" "Mozilla/5.0 (compatible; DotBot/1.2; +https://opensiteexplorer.org/dotbot; help@moz.com)"
66.249.74.110 - - [01/May/2026:18:53:36 -0400] "GET /view/item/08950856611 HTTP/1.1" 200 29103 "-" "Mozilla/5.0 (Linux; Android 6.0.1; Nexus 5X Build/MMB29P) AppleWebKit/537.36 (KHTML, like Gecko) Chrome/147.0.7727.137 Mobile Safari/537.36 (compatible; GoogleOther)"
66.249.74.109 - - [01/May/2026:18:56:51 -0400] "GET /view/item/011015030213 HTTP/1.1" 200 30592 "-" "Mozilla/5.0 (Linux; Android 6.0.1; Nexus 5X Build/MMB29P) AppleWebKit/537.36 (KHTML, like Gecko) Chrome/147.0.7727.137 Mobile Safari/537.36 (compatible; GoogleOther)"
66.249.74.108 - - [01/May/2026:19:03:23 -0400] "GET /view/item/101286918338 HTTP/1.1" 200 28805 "-" "Mozilla/5.0 (Linux; Android 6.0.1; Nexus 5X Build/MMB29P) AppleWebKit/537.36 (KHTML, like Gecko) Chrome/147.0.7727.137 Mobile Safari/537.36 (compatible; GoogleOther)"
66.249.74.109 - - [01/May/2026:19:06:38 -0400] "GET /view/item/013439595163 HTTP/1.1" 200 29567 "-" "Mozilla/5.0 (Linux; Android 6.0.1; Nexus 5X Build/MMB29P) AppleWebKit/537.36 (KHTML, like Gecko) Chrome/147.0.7727.137 Mobile Safari/537.36 (compatible; GoogleOther)"
66.249.74.108 - - [01/May/2026:19:08:28 -0400] "GET /view/item/011004035588 HTTP/1.1" 200 29533 "-" "Mozilla/5.0 (Linux; Android 6.0.1; Nexus 5X Build/MMB29P) AppleWebKit/537.36 (KHTML, like Gecko) Chrome/147.0.7727.137 Mobile Safari/537.36 (compatible; GoogleOther)"
66.249.74.110 - - [01/May/2026:19:09:54 -0400] "GET /view/item/063528372148 HTTP/1.1" 200 30200 "-" "Mozilla/5.0 (Linux; Android 6.0.1; Nexus 5X Build/MMB29P) AppleWebKit/537.36 (KHTML, like Gecko) Chrome/147.0.7727.137 Mobile Safari/537.36 (compatible; GoogleOther)"
66.249.74.109 - - [01/May/2026:19:13:09 -0400] "GET /view/item/012302829461 HTTP/1.1" 200 30004 "-" "Mozilla/5.0 (Linux; Android 6.0.1; Nexus 5X Build/MMB29P) AppleWebKit/537.36 (KHTML, like Gecko) Chrome/147.0.7727.137 Mobile Safari/537.36 (compatible; GoogleOther)"
40.77.167.71 - - [01/May/2026:19:13:20 -0400] "GET /sitemap.xml.gz HTTP/1.1" 200 12308 "-" "Mozilla/5.0 AppleWebKit/537.36 (KHTML, like Gecko; compatible; bingbot/2.0; +http://www.bing.com/bingbot.htm) Chrome/116.0.1938.76 Safari/537.36"
66.249.74.108 - - [01/May/2026:19:20:00 -0400] "GET /view/item/01889728270 HTTP/1.1" 200 29453 "-" "Mozilla/5.0 (Linux; Android 6.0.1; Nexus 5X Build/MMB29P) AppleWebKit/537.36 (KHTML, like Gecko) Chrome/147.0.7727.137 Mobile Safari/537.36 (compatible; GoogleOther)"
54.39.89.171 - - [01/May/2026:19:23:59 -0400] "GET /product-category/wave-soldering/ HTTP/1.1" 200 0 "-" "Mozilla/5.0 (compatible; AhrefsBot/7.0; +http://ahrefs.com/robot/)"
66.249.74.110 - - [01/May/2026:19:24:53 -0400] "GET /view/item/01888122351 HTTP/1.1" 200 28962 "-" "Mozilla/5.0 (Linux; Android 6.0.1; Nexus 5X Build/MMB29P) AppleWebKit/537.36 (KHTML, like Gecko) Chrome/147.0.7727.137 Mobile Safari/537.36 (compatible; GoogleOther)"
66.249.74.110 - - [01/May/2026:19:30:27 -0400] "GET /view/item/011344178109 HTTP/1.1" 200 28586 "-" "Mozilla/5.0 (Linux; Android 6.0.1; Nexus 5X Build/MMB29P) AppleWebKit/537.36 (KHTML, like Gecko) Chrome/147.0.7727.137 Mobile Safari/537.36 (compatible; GoogleOther)"
66.249.74.108 - - [01/May/2026:19:35:14 -0400] "GET /view/item/01550513280 HTTP/1.1" 200 31897 "-" "Mozilla/5.0 (Linux; Android 6.0.1; Nexus 5X Build/MMB29P) AppleWebKit/537.36 (KHTML, like Gecko) Chrome/147.0.7727.137 Mobile Safari/537.36 (compatible; GoogleOther)"
66.249.74.108 - - [01/May/2026:19:39:17 -0400] "GET /view/item/081574039046 HTTP/1.1" 200 27443 "-" "Mozilla/5.0 (Linux; Android 6.0.1; Nexus 5X Build/MMB29P) AppleWebKit/537.36 (KHTML, like Gecko) Chrome/147.0.7727.137 Mobile Safari/537.36 (compatible; GoogleOther)"
66.249.74.109 - - [01/May/2026:19:42:09 -0400] "GET /view/item/093561329575 HTTP/1.1" 200 27665 "-" "Mozilla/5.0 (Linux; Android 6.0.1; Nexus 5X Build/MMB29P) AppleWebKit/537.36 (KHTML, like Gecko) Chrome/147.0.7727.137 Mobile Safari/537.36 (compatible; GoogleOther)"
66.249.74.108 - - [01/May/2026:19:44:28 -0400] "GET /view/item/012330170499 HTTP/1.1" 200 29377 "-" "Mozilla/5.0 (Linux; Android 6.0.1; Nexus 5X Build/MMB29P) AppleWebKit/537.36 (KHTML, like Gecko) Chrome/147.0.7727.137 Mobile Safari/537.36 (compatible; GoogleOther)"
66.249.74.109 - - [01/May/2026:19:45:46 -0400] "GET /view/item/01989221976 HTTP/1.1" 200 29461 "-" "Mozilla/5.0 (Linux; Android 6.0.1; Nexus 5X Build/MMB29P) AppleWebKit/537.36 (KHTML, like Gecko) Chrome/147.0.7727.137 Mobile Safari/537.36 (compatible; GoogleOther)"
66.249.74.109 - - [01/May/2026:19:46:00 -0400] "GET /view/item/013440162361 HTTP/1.1" 200 29767 "-" "Mozilla/5.0 (Linux; Android 6.0.1; Nexus 5X Build/MMB29P) AppleWebKit/537.36 (KHTML, like Gecko) Chrome/147.0.7727.137 Mobile Safari/537.36 (compatible; GoogleOther)"
66.249.74.108 - - [01/May/2026:19:48:39 -0400] "GET /view/item/011645859724 HTTP/1.1" 200 28608 "-" "Mozilla/5.0 (Linux; Android 6.0.1; Nexus 5X Build/MMB29P) AppleWebKit/537.36 (KHTML, like Gecko) Chrome/147.0.7727.137 Mobile Safari/537.36 (compatible; GoogleOther)"
66.249.74.108 - - [01/May/2026:19:48:48 -0400] "GET /view/item/012159914648 HTTP/1.1" 200 28924 "-" "Mozilla/5.0 (Linux; Android 6.0.1; Nexus 5X Build/MMB29P) AppleWebKit/537.36 (KHTML, like Gecko) Chrome/147.0.7727.137 Mobile Safari/537.36 (compatible; GoogleOther)"
66.249.74.108 - - [01/May/2026:19:48:55 -0400] "GET /view/item/012540233240 HTTP/1.1" 200 29295 "-" "Mozilla/5.0 (Linux; Android 6.0.1; Nexus 5X Build/MMB29P) AppleWebKit/537.36 (KHTML, like Gecko) Chrome/147.0.7727.137 Mobile Safari/537.36 (compatible; GoogleOther)"
66.249.74.109 - - [01/May/2026:19:49:33 -0400] "GET /view/item/01275538833 HTTP/1.1" 200 27306 "-" "Mozilla/5.0 (Linux; Android 6.0.1; Nexus 5X Build/MMB29P) AppleWebKit/537.36 (KHTML, like Gecko) Chrome/147.0.7727.137 Mobile Safari/537.36 (compatible; GoogleOther)"
66.249.74.110 - - [01/May/2026:19:50:10 -0400] "GET /view/item/013970167151 HTTP/1.1" 200 29598 "-" "Mozilla/5.0 (Linux; Android 6.0.1; Nexus 5X Build/MMB29P) AppleWebKit/537.36 (KHTML, like Gecko) Chrome/147.0.7727.137 Mobile Safari/537.36 (compatible; GoogleOther)"
66.249.74.109 - - [01/May/2026:19:51:48 -0400] "GET /view/item/013643235970 HTTP/1.1" 200 29601 "-" "Mozilla/5.0 (Linux; Android 6.0.1; Nexus 5X Build/MMB29P) AppleWebKit/537.36 (KHTML, like Gecko) Chrome/147.0.7727.137 Mobile Safari/537.36 (compatible; GoogleOther)"
66.249.74.109 - - [01/May/2026:19:53:26 -0400] "GET /view/item/012498499745 HTTP/1.1" 200 28902 "-" "Mozilla/5.0 (Linux; Android 6.0.1; Nexus 5X Build/MMB29P) AppleWebKit/537.36 (KHTML, like Gecko) Chrome/147.0.7727.137 Mobile Safari/537.36 (compatible; GoogleOther)"
66.249.74.109 - - [01/May/2026:19:54:37 -0400] "GET /view/item/011365024897 HTTP/1.1" 200 28982 "-" "Mozilla/5.0 (Linux; Android 6.0.1; Nexus 5X Build/MMB29P) AppleWebKit/537.36 (KHTML, like Gecko) Chrome/147.0.7727.137 Mobile Safari/537.36 (compatible; GoogleOther)"
66.249.74.109 - - [01/May/2026:19:56:59 -0400] "GET /view/item/093433400440 HTTP/1.1" 200 28101 "-" "Mozilla/5.0 (Linux; Android 6.0.1; Nexus 5X Build/MMB29P) AppleWebKit/537.36 (KHTML, like Gecko) Chrome/147.0.7727.137 Mobile Safari/537.36 (compatible; GoogleOther)"
66.249.74.110 - - [01/May/2026:19:59:28 -0400] "GET /view/item/013132327421 HTTP/1.1" 200 30644 "-" "Mozilla/5.0 (Linux; Android 6.0.1; Nexus 5X Build/MMB29P) AppleWebKit/537.36 (KHTML, like Gecko) Chrome/147.0.7727.137 Mobile Safari/537.36 (compatible; GoogleOther)"
43.153.96.233 - - [01/May/2026:20:00:18 -0400] "GET / HTTP/1.1" 301 0 "-" "Mozilla/5.0 (iPhone; CPU iPhone OS 13_2_3 like Mac OS X) AppleWebKit/605.1.15 (KHTML, like Gecko) Version/13.0.3 Mobile/15E148 Safari/604.1"
43.153.96.233 - - [01/May/2026:20:00:28 -0400] "GET / HTTP/1.1" 200 48641 "http://www.techfabasia.com" "Mozilla/5.0 (iPhone; CPU iPhone OS 13_2_3 like Mac OS X) AppleWebKit/605.1.15 (KHTML, like Gecko) Version/13.0.3 Mobile/15E148 Safari/604.1"
66.249.74.108 - - [01/May/2026:20:04:31 -0400] "GET /view/item/113001887874 HTTP/1.1" 200 28478 "-" "Mozilla/5.0 (Linux; Android 6.0.1; Nexus 5X Build/MMB29P) AppleWebKit/537.36 (KHTML, like Gecko) Chrome/147.0.7727.137 Mobile Safari/537.36 (compatible; GoogleOther)"
66.249.74.108 - - [01/May/2026:20:06:21 -0400] "GET /view/item/011777479962 HTTP/1.1" 200 28902 "-" "Mozilla/5.0 (Linux; Android 6.0.1; Nexus 5X Build/MMB29P) AppleWebKit/537.36 (KHTML, like Gecko) Chrome/147.0.7727.137 Mobile Safari/537.36 (compatible; GoogleOther)"
66.249.74.109 - - [01/May/2026:20:11:02 -0400] "GET /view/item/033433400440 HTTP/1.1" 200 27904 "-" "Mozilla/5.0 (Linux; Android 6.0.1; Nexus 5X Build/MMB29P) AppleWebKit/537.36 (KHTML, like Gecko) Chrome/147.0.7727.137 Mobile Safari/537.36 (compatible; GoogleOther)"
52.167.144.169 - - [01/May/2026:20:13:24 -0400] "GET /product-category/video-games-consoles/action-games/ HTTP/1.1" 200 28597 "-" "Mozilla/5.0 AppleWebKit/537.36 (KHTML, like Gecko; compatible; bingbot/2.0; +http://www.bing.com/bingbot.htm) Chrome/116.0.1938.76 Safari/537.36"
66.249.74.109 - - [01/May/2026:20:13:59 -0400] "GET /view/item/013664621125 HTTP/1.1" 200 29088 "-" "Mozilla/5.0 (Linux; Android 6.0.1; Nexus 5X Build/MMB29P) AppleWebKit/537.36 (KHTML, like Gecko) Chrome/147.0.7727.137 Mobile Safari/537.36 (compatible; GoogleOther)"
66.249.74.110 - - [01/May/2026:20:18:49 -0400] "GET /view/item/014185803552 HTTP/1.1" 200 28557 "-" "Mozilla/5.0 (Linux; Android 6.0.1; Nexus 5X Build/MMB29P) AppleWebKit/537.36 (KHTML, like Gecko) Chrome/147.0.7727.137 Mobile Safari/537.36 (compatible; GoogleOther)"
54.193.44.105 - - [01/May/2026:20:20:09 -0400] "GET / HTTP/1.1" 200 48694 "-" "Mozilla/5.0 (X11; Linux x86_64) AppleWebKit/537.36 (KHTML, like Gecko) Chrome/137.0.0.0 Safari/537.36"
66.249.74.109 - - [01/May/2026:20:23:39 -0400] "GET /view/item/01684744222 HTTP/1.1" 200 29463 "-" "Mozilla/5.0 (Linux; Android 6.0.1; Nexus 5X Build/MMB29P) AppleWebKit/537.36 (KHTML, like Gecko) Chrome/147.0.7727.137 Mobile Safari/537.36 (compatible; GoogleOther)"
66.249.74.110 - - [01/May/2026:20:28:30 -0400] "GET /view/item/011376020377 HTTP/1.1" 200 29511 "-" "Mozilla/5.0 (Linux; Android 6.0.1; Nexus 5X Build/MMB29P) AppleWebKit/537.36 (KHTML, like Gecko) Chrome/147.0.7727.137 Mobile Safari/537.36 (compatible; GoogleOther)"
66.249.74.110 - - [01/May/2026:20:33:20 -0400] "GET /robots.txt HTTP/1.1" 200 81 "-" "Mozilla/5.0 (compatible; Googlebot/2.1; +http://www.google.com/bot.html)"
66.249.74.109 - - [01/May/2026:20:33:20 -0400] "GET /view/item/012288497227 HTTP/1.1" 200 29533 "-" "Mozilla/5.0 (Linux; Android 6.0.1; Nexus 5X Build/MMB29P) AppleWebKit/537.36 (KHTML, like Gecko) Chrome/147.0.7727.137 Mobile Safari/537.36 (compatible; GoogleOther)"
66.249.74.110 - - [01/May/2026:20:34:29 -0400] "GET /robots.txt HTTP/1.1" 200 81 "-" "Mozilla/5.0 (compatible; Googlebot/2.1; +http://www.google.com/bot.html)"
66.249.74.110 - - [01/May/2026:20:34:29 -0400] "GET /view/item/011402109381 HTTP/1.1" 200 28280 "-" "Mozilla/5.0 (Linux; Android 6.0.1; Nexus 5X Build/MMB29P) AppleWebKit/537.36 (KHTML, like Gecko) Chrome/147.0.7727.137 Mobile Safari/537.36 (compatible; GoogleOther)"
43.153.204.189 - - [01/May/2026:20:36:15 -0400] "GET /wp-json/oembed/1.0/embed?url=http%3A%2F%2Ftechfabasia.com%2F HTTP/1.1" 200 2152 "-" "Mozilla/5.0 (iPhone; CPU iPhone OS 13_2_3 like Mac OS X) AppleWebKit/605.1.15 (KHTML, like Gecko) Version/13.0.3 Mobile/15E148 Safari/604.1"
66.249.74.110 - - [01/May/2026:20:43:01 -0400] "GET /robots.txt HTTP/1.1" 200 81 "-" "Mozilla/5.0 (compatible; Googlebot/2.1; +http://www.google.com/bot.html)"
66.249.74.110 - - [01/May/2026:20:43:01 -0400] "GET /view/item/013643725859 HTTP/1.1" 200 30195 "-" "Mozilla/5.0 (Linux; Android 6.0.1; Nexus 5X Build/MMB29P) AppleWebKit/537.36 (KHTML, like Gecko) Chrome/147.0.7727.137 Mobile Safari/537.36 (compatible; GoogleOther)"
103.131.71.49 - - [01/May/2026:20:45:00 -0400] "GET /robots.txt HTTP/1.1" 200 81 "-" "Mozilla/5.0 (compatible; coccocbot-image/1.0; +http://help.coccoc.com/searchengine)"
162.0.232.104 - - [01/May/2026:20:45:49 -0400] "POST /wp-cron.php?doing_wp_cron=1777682749.2191770076751708984375 HTTP/1.1" 200 0 "-" "WordPress/6.9.4; http://techfabasia.com"
43.166.7.113 - - [01/May/2026:20:45:47 -0400] "GET /wp-admin/admin-ajax.php HTTP/1.1" 400 21 "-" "Mozilla/5.0 (iPhone; CPU iPhone OS 13_2_3 like Mac OS X) AppleWebKit/605.1.15 (KHTML, like Gecko) Version/13.0.3 Mobile/15E148 Safari/604.1"
66.249.74.109 - - [01/May/2026:20:48:32 -0400] "GET /view/item/01591150335 HTTP/1.1" 200 30685 "-" "Mozilla/5.0 (Linux; Android 6.0.1; Nexus 5X Build/MMB29P) AppleWebKit/537.36 (KHTML, like Gecko) Chrome/147.0.7727.137 Mobile Safari/537.36 (compatible; GoogleOther)"
66.249.74.109 - - [01/May/2026:20:53:24 -0400] "GET /view/item/011681739781 HTTP/1.1" 200 30136 "-" "Mozilla/5.0 (Linux; Android 6.0.1; Nexus 5X Build/MMB29P) AppleWebKit/537.36 (KHTML, like Gecko) Chrome/147.0.7727.137 Mobile Safari/537.36 (compatible; GoogleOther)"
66.249.74.109 - - [01/May/2026:20:57:22 -0400] "GET /view/item/013251427770 HTTP/1.1" 200 28223 "-" "Mozilla/5.0 (Linux; Android 6.0.1; Nexus 5X Build/MMB29P) AppleWebKit/537.36 (KHTML, like Gecko) Chrome/147.0.7727.137 Mobile Safari/537.36 (compatible; GoogleOther)"
66.249.74.108 - - [01/May/2026:20:57:51 -0400] "GET /view/item/01813180214 HTTP/1.1" 200 33476 "-" "Mozilla/5.0 (Linux; Android 6.0.1; Nexus 5X Build/MMB29P) AppleWebKit/537.36 (KHTML, like Gecko) Chrome/147.0.7727.137 Mobile Safari/537.36 (compatible; GoogleOther)"
43.164.196.244 - - [01/May/2026:20:57:49 -0400] "GET /home-v8/ HTTP/1.1" 200 72029 "-" "Mozilla/5.0 (iPhone; CPU iPhone OS 13_2_3 like Mac OS X) AppleWebKit/605.1.15 (KHTML, like Gecko) Version/13.0.3 Mobile/15E148 Safari/604.1"
66.249.74.108 - - [01/May/2026:20:58:07 -0400] "GET /view/item/011335276238 HTTP/1.1" 200 28489 "-" "Mozilla/5.0 (Linux; Android 6.0.1; Nexus 5X Build/MMB29P) AppleWebKit/537.36 (KHTML, like Gecko) Chrome/147.0.7727.137 Mobile Safari/537.36 (compatible; GoogleOther)"
66.249.74.108 - - [01/May/2026:20:58:58 -0400] "GET /view/item/093356422836 HTTP/1.1" 200 29421 "-" "Mozilla/5.0 (Linux; Android 6.0.1; Nexus 5X Build/MMB29P) AppleWebKit/537.36 (KHTML, like Gecko) Chrome/147.0.7727.137 Mobile Safari/537.36 (compatible; GoogleOther)"
66.249.74.108 - - [01/May/2026:21:01:25 -0400] "GET /view/item/012679308778 HTTP/1.1" 200 28825 "-" "Mozilla/5.0 (Linux; Android 6.0.1; Nexus 5X Build/MMB29P) AppleWebKit/537.36 (KHTML, like Gecko) Chrome/147.0.7727.137 Mobile Safari/537.36 (compatible; GoogleOther)"
66.249.74.108 - - [01/May/2026:21:01:49 -0400] "GET /view/item/012679308778 HTTP/1.1" 200 28825 "-" "Mozilla/5.0 (Linux; Android 6.0.1; Nexus 5X Build/MMB29P) AppleWebKit/537.36 (KHTML, like Gecko) Chrome/147.0.7727.137 Mobile Safari/537.36 (compatible; Googlebot/2.1; +http://www.google.com/bot.html)"
66.249.74.108 - - [01/May/2026:21:03:38 -0400] "GET /view/item/012344031620 HTTP/1.1" 200 29789 "-" "Mozilla/5.0 (Linux; Android 6.0.1; Nexus 5X Build/MMB29P) AppleWebKit/537.36 (KHTML, like Gecko) Chrome/147.0.7727.137 Mobile Safari/537.36 (compatible; GoogleOther)"
66.249.74.108 - - [01/May/2026:21:03:54 -0400] "GET /view/item/033309379362 HTTP/1.1" 200 29281 "-" "Mozilla/5.0 (Linux; Android 6.0.1; Nexus 5X Build/MMB29P) AppleWebKit/537.36 (KHTML, like Gecko) Chrome/147.0.7727.137 Mobile Safari/537.36 (compatible; GoogleOther)"
43.165.125.66 - - [01/May/2026:21:05:01 -0400] "GET /home-v9/ HTTP/1.1" 200 0 "-" "Mozilla/5.0 (iPhone; CPU iPhone OS 13_2_3 like Mac OS X) AppleWebKit/605.1.15 (KHTML, like Gecko) Version/13.0.3 Mobile/15E148 Safari/604.1"
66.249.74.109 - - [01/May/2026:21:06:11 -0400] "GET /view/item/014080521677 HTTP/1.1" 200 29056 "-" "Mozilla/5.0 (Linux; Android 6.0.1; Nexus 5X Build/MMB29P) AppleWebKit/537.36 (KHTML, like Gecko) Chrome/147.0.7727.137 Mobile Safari/537.36 (compatible; GoogleOther)"
66.249.74.110 - - [01/May/2026:21:10:04 -0400] "GET /view/item/102207292754 HTTP/1.1" 200 29173 "-" "Mozilla/5.0 (Linux; Android 6.0.1; Nexus 5X Build/MMB29P) AppleWebKit/537.36 (KHTML, like Gecko) Chrome/147.0.7727.137 Mobile Safari/537.36 (compatible; GoogleOther)"
43.130.111.40 - - [01/May/2026:21:13:32 -0400] "GET /wp-json/oembed/1.0/embed?url=http%3A%2F%2Ftechfabasia.com%2Fhome-v8%2F HTTP/1.1" 200 2170 "-" "Mozilla/5.0 (iPhone; CPU iPhone OS 13_2_3 like Mac OS X) AppleWebKit/605.1.15 (KHTML, like Gecko) Version/13.0.3 Mobile/15E148 Safari/604.1"
66.249.74.109 - - [01/May/2026:21:14:34 -0400] "GET /view/item/014145570461 HTTP/1.1" 200 27855 "-" "Mozilla/5.0 (Linux; Android 6.0.1; Nexus 5X Build/MMB29P) AppleWebKit/537.36 (KHTML, like Gecko) Chrome/147.0.7727.137 Mobile Safari/537.36 (compatible; GoogleOther)"
66.249.74.110 - - [01/May/2026:21:15:01 -0400] "GET /bep/m/histitem1?spe_id=mm_histitem HTTP/1.1" 200 29476 "-" "Mozilla/5.0 (Linux; Android 6.0.1; Nexus 5X Build/MMB29P) AppleWebKit/537.36 (KHTML, like Gecko) Chrome/147.0.7727.137 Mobile Safari/537.36 (compatible; GoogleOther)"
66.249.74.108 - - [01/May/2026:21:15:38 -0400] "GET /view/item/012071653607 HTTP/1.1" 200 28448 "-" "Mozilla/5.0 (Linux; Android 6.0.1; Nexus 5X Build/MMB29P) AppleWebKit/537.36 (KHTML, like Gecko) Chrome/147.0.7727.137 Mobile Safari/537.36 (compatible; GoogleOther)"
51.222.168.26 - - [01/May/2026:21:18:03 -0400] "GET /product-category/tv-audio/audio-speakers/ HTTP/1.1" 200 31853 "-" "Mozilla/5.0 (compatible; AhrefsBot/7.0; +http://ahrefs.com/robot/)"
111.230.233.46 - - [01/May/2026:21:18:11 -0400] "GET / HTTP/1.1" 200 48697 "-" "Mozilla/5.0 (iPhone; CPU iPhone OS 13_2_3 like Mac OS X) AppleWebKit/605.1.15 (KHTML, like Gecko) Version/13.0.3 Mobile/15E148 Safari/604.1"
43.128.156.124 - - [01/May/2026:21:24:56 -0400] "GET /wp-json/wp/v2/pages/5308 HTTP/1.1" 200 1458 "-" "Mozilla/5.0 (iPhone; CPU iPhone OS 13_2_3 like Mac OS X) AppleWebKit/605.1.15 (KHTML, like Gecko) Version/13.0.3 Mobile/15E148 Safari/604.1"
66.249.74.108 - - [01/May/2026:21:27:41 -0400] "GET /view/item/013526216101 HTTP/1.1" 200 29706 "-" "Mozilla/5.0 (Linux; Android 6.0.1; Nexus 5X Build/MMB29P) AppleWebKit/537.36 (KHTML, like Gecko) Chrome/147.0.7727.137 Mobile Safari/537.36 (compatible; GoogleOther)"
66.249.74.108 - - [01/May/2026:21:27:42 -0400] "GET /view/item/012385011545 HTTP/1.1" 200 29848 "-" "Mozilla/5.0 (Linux; Android 6.0.1; Nexus 5X Build/MMB29P) AppleWebKit/537.36 (KHTML, like Gecko) Chrome/147.0.7727.137 Mobile Safari/537.36 (compatible; GoogleOther)"
167.114.139.17 - - [01/May/2026:21:30:47 -0400] "GET /shop/automatic-stirring-pressure-barrel-10l/ HTTP/1.1" 200 32884 "-" "Mozilla/5.0 (compatible; AhrefsBot/7.0; +http://ahrefs.com/robot/)"
66.249.74.108 - - [01/May/2026:21:32:39 -0400] "GET /view/item/012820580361 HTTP/1.1" 200 29797 "-" "Mozilla/5.0 (Linux; Android 6.0.1; Nexus 5X Build/MMB29P) AppleWebKit/537.36 (KHTML, like Gecko) Chrome/147.0.7727.137 Mobile Safari/537.36 (compatible; GoogleOther)"
101.33.81.73 - - [01/May/2026:21:34:57 -0400] "GET /comments/feed/ HTTP/1.1" 200 1350 "-" "Mozilla/5.0 (iPhone; CPU iPhone OS 13_2_3 like Mac OS X) AppleWebKit/605.1.15 (KHTML, like Gecko) Version/13.0.3 Mobile/15E148 Safari/604.1"
66.249.74.108 - - [01/May/2026:21:37:51 -0400] "GET /view/item/053251427770 HTTP/1.1" 200 27674 "-" "Mozilla/5.0 (Linux; Android 6.0.1; Nexus 5X Build/MMB29P) AppleWebKit/537.36 (KHTML, like Gecko) Chrome/147.0.7727.137 Mobile Safari/537.36 (compatible; GoogleOther)"
66.249.74.110 - - [01/May/2026:21:43:24 -0400] "GET /view/item/01338079197 HTTP/1.1" 200 29984 "-" "Mozilla/5.0 (Linux; Android 6.0.1; Nexus 5X Build/MMB29P) AppleWebKit/537.36 (KHTML, like Gecko) Chrome/147.0.7727.137 Mobile Safari/537.36 (compatible; GoogleOther)"
43.155.27.244 - - [01/May/2026:21:43:36 -0400] "GET /wp-json/oembed/1.0/embed?url=http%3A%2F%2Ftechfabasia.com%2Fhome-v8%2F&format=xml HTTP/1.1" 200 1152 "-" "Mozilla/5.0 (iPhone; CPU iPhone OS 13_2_3 like Mac OS X) AppleWebKit/605.1.15 (KHTML, like Gecko) Version/13.0.3 Mobile/15E148 Safari/604.1"
66.249.74.109 - - [01/May/2026:21:44:41 -0400] "GET /view/item/01824533395 HTTP/1.1" 200 28907 "-" "Mozilla/5.0 (Linux; Android 6.0.1; Nexus 5X Build/MMB29P) AppleWebKit/537.36 (KHTML, like Gecko) Chrome/147.0.7727.137 Mobile Safari/537.36 (compatible; GoogleOther)"
66.249.74.110 - - [01/May/2026:21:44:42 -0400] "GET /view/item/012989823498 HTTP/1.1" 200 30109 "-" "Mozilla/5.0 (Linux; Android 6.0.1; Nexus 5X Build/MMB29P) AppleWebKit/537.36 (KHTML, like Gecko) Chrome/147.0.7727.137 Mobile Safari/537.36 (compatible; GoogleOther)"
66.249.74.110 - - [01/May/2026:21:54:31 -0400] "GET /view/item/063210893480 HTTP/1.1" 200 27937 "-" "Mozilla/5.0 (Linux; Android 6.0.1; Nexus 5X Build/MMB29P) AppleWebKit/537.36 (KHTML, like Gecko) Chrome/147.0.7727.137 Mobile Safari/537.36 (compatible; GoogleOther)"
66.249.74.108 - - [01/May/2026:21:54:35 -0400] "GET /tutorial/safesupport/index.html HTTP/1.1" 200 29008 "-" "Mozilla/5.0 (Linux; Android 6.0.1; Nexus 5X Build/MMB29P) AppleWebKit/537.36 (KHTML, like Gecko) Chrome/147.0.7727.137 Mobile Safari/537.36 (compatible; GoogleOther)"
162.0.232.104 - - [01/May/2026:21:54:52 -0400] "POST /wp-cron.php?doing_wp_cron=1777686892.7360930442810058593750 HTTP/1.1" 200 0 "-" "WordPress/6.9.4; http://techfabasia.com"
43.165.174.53 - - [01/May/2026:21:54:46 -0400] "GET /feed/ HTTP/1.1" 200 2888 "-" "Mozilla/5.0 (iPhone; CPU iPhone OS 13_2_3 like Mac OS X) AppleWebKit/605.1.15 (KHTML, like Gecko) Version/13.0.3 Mobile/15E148 Safari/604.1"
66.249.74.108 - - [01/May/2026:21:54:54 -0400] "GET /view/item/013276421935 HTTP/1.1" 200 29507 "-" "Mozilla/5.0 (Linux; Android 6.0.1; Nexus 5X Build/MMB29P) AppleWebKit/537.36 (KHTML, like Gecko) Chrome/147.0.7727.137 Mobile Safari/537.36 (compatible; GoogleOther)"
66.249.74.108 - - [01/May/2026:21:55:18 -0400] "GET /view/item/012872806863 HTTP/1.1" 200 28000 "-" "Mozilla/5.0 (Linux; Android 6.0.1; Nexus 5X Build/MMB29P) AppleWebKit/537.36 (KHTML, like Gecko) Chrome/147.0.7727.137 Mobile Safari/537.36 (compatible; GoogleOther)"
66.249.74.108 - - [01/May/2026:21:55:52 -0400] "GET /view/item/102467208460 HTTP/1.1" 200 28391 "-" "Mozilla/5.0 (Linux; Android 6.0.1; Nexus 5X Build/MMB29P) AppleWebKit/537.36 (KHTML, like Gecko) Chrome/147.0.7727.137 Mobile Safari/537.36 (compatible; GoogleOther)"
66.249.74.108 - - [01/May/2026:21:55:58 -0400] "GET /view/item/011791190192 HTTP/1.1" 200 28133 "-" "Mozilla/5.0 (Linux; Android 6.0.1; Nexus 5X Build/MMB29P) AppleWebKit/537.36 (KHTML, like Gecko) Chrome/147.0.7727.137 Mobile Safari/537.36 (compatible; GoogleOther)"
66.249.74.108 - - [01/May/2026:21:56:05 -0400] "GET /view/item/011024120247 HTTP/1.1" 200 28262 "-" "Mozilla/5.0 (Linux; Android 6.0.1; Nexus 5X Build/MMB29P) AppleWebKit/537.36 (KHTML, like Gecko) Chrome/147.0.7727.137 Mobile Safari/537.36 (compatible; GoogleOther)"
216.244.66.247 - - [01/May/2026:21:56:09 -0400] "GET /robots.txt HTTP/1.1" 200 81 "-" "Mozilla/5.0 (compatible; DotBot/1.2; +https://opensiteexplorer.org/dotbot; help@moz.com)"
66.249.74.108 - - [01/May/2026:21:56:28 -0400] "GET /view/item/011924621151 HTTP/1.1" 200 29764 "-" "Mozilla/5.0 (Linux; Android 6.0.1; Nexus 5X Build/MMB29P) AppleWebKit/537.36 (KHTML, like Gecko) Chrome/147.0.7727.137 Mobile Safari/537.36 (compatible; GoogleOther)"
66.249.74.108 - - [01/May/2026:21:56:45 -0400] "GET /view/item/01913131460 HTTP/1.1" 200 34295 "-" "Mozilla/5.0 (Linux; Android 6.0.1; Nexus 5X Build/MMB29P) AppleWebKit/537.36 (KHTML, like Gecko) Chrome/147.0.7727.137 Mobile Safari/537.36 (compatible; GoogleOther)"
66.249.74.108 - - [01/May/2026:21:56:52 -0400] "GET /view/item/011996210086 HTTP/1.1" 200 28935 "-" "Mozilla/5.0 (Linux; Android 6.0.1; Nexus 5X Build/MMB29P) AppleWebKit/537.36 (KHTML, like Gecko) Chrome/147.0.7727.137 Mobile Safari/537.36 (compatible; GoogleOther)"
66.249.74.108 - - [01/May/2026:21:57:38 -0400] "GET /view/item/011290234788 HTTP/1.1" 200 28145 "-" "Mozilla/5.0 (Linux; Android 6.0.1; Nexus 5X Build/MMB29P) AppleWebKit/537.36 (KHTML, like Gecko) Chrome/147.0.7727.137 Mobile Safari/537.36 (compatible; GoogleOther)"
66.249.74.108 - - [01/May/2026:21:57:55 -0400] "GET /view/item/123751969644 HTTP/1.1" 200 28077 "-" "Mozilla/5.0 (Linux; Android 6.0.1; Nexus 5X Build/MMB29P) AppleWebKit/537.36 (KHTML, like Gecko) Chrome/147.0.7727.137 Mobile Safari/537.36 (compatible; GoogleOther)"
66.249.74.109 - - [01/May/2026:21:58:25 -0400] "GET /view/item/014270621355 HTTP/1.1" 200 30340 "-" "Mozilla/5.0 (Linux; Android 6.0.1; Nexus 5X Build/MMB29P) AppleWebKit/537.36 (KHTML, like Gecko) Chrome/147.0.7727.137 Mobile Safari/537.36 (compatible; GoogleOther)"
66.249.74.108 - - [01/May/2026:21:59:59 -0400] "GET /view/item/01780828858 HTTP/1.1" 200 28027 "-" "Mozilla/5.0 (Linux; Android 6.0.1; Nexus 5X Build/MMB29P) AppleWebKit/537.36 (KHTML, like Gecko) Chrome/147.0.7727.137 Mobile Safari/537.36 (compatible; GoogleOther)"
66.249.74.108 - - [01/May/2026:22:00:09 -0400] "GET /view/item/014208871951 HTTP/1.1" 200 30126 "-" "Mozilla/5.0 (Linux; Android 6.0.1; Nexus 5X Build/MMB29P) AppleWebKit/537.36 (KHTML, like Gecko) Chrome/147.0.7727.137 Mobile Safari/537.36 (compatible; GoogleOther)"
66.249.74.108 - - [01/May/2026:22:00:46 -0400] "GET /view/item/011255644139 HTTP/1.1" 200 28416 "-" "Mozilla/5.0 (Linux; Android 6.0.1; Nexus 5X Build/MMB29P) AppleWebKit/537.36 (KHTML, like Gecko) Chrome/147.0.7727.137 Mobile Safari/537.36 (compatible; GoogleOther)"
66.249.74.108 - - [01/May/2026:22:01:33 -0400] "GET /event/autoto/index.html?spe_id=prom684663638&spe_id=mm_relation_2 HTTP/1.1" 200 31802 "-" "Mozilla/5.0 (Linux; Android 6.0.1; Nexus 5X Build/MMB29P) AppleWebKit/537.36 (KHTML, like Gecko) Chrome/147.0.7727.137 Mobile Safari/537.36 (compatible; GoogleOther)"
43.167.245.18 - - [01/May/2026:22:01:39 -0400] "GET /2016/03/04/robot-wars-now-closed-post-with-gallery/ HTTP/1.1" 200 43673 "-" "Mozilla/5.0 (iPhone; CPU iPhone OS 13_2_3 like Mac OS X) AppleWebKit/605.1.15 (KHTML, like Gecko) Version/13.0.3 Mobile/15E148 Safari/604.1"
66.249.74.109 - - [01/May/2026:22:02:25 -0400] "GET /view/item/013082310917 HTTP/1.1" 200 28239 "-" "Mozilla/5.0 (Linux; Android 6.0.1; Nexus 5X Build/MMB29P) AppleWebKit/537.36 (KHTML, like Gecko) Chrome/147.0.7727.137 Mobile Safari/537.36 (compatible; GoogleOther)"
66.249.74.109 - - [01/May/2026:22:02:29 -0400] "GET /view/item/12768062608 HTTP/1.1" 200 27470 "-" "Mozilla/5.0 (Linux; Android 6.0.1; Nexus 5X Build/MMB29P) AppleWebKit/537.36 (KHTML, like Gecko) Chrome/147.0.7727.137 Mobile Safari/537.36 (compatible; GoogleOther)"
66.249.74.108 - - [01/May/2026:22:03:07 -0400] "GET /view/item/012049104831 HTTP/1.1" 200 29248 "-" "Mozilla/5.0 (Linux; Android 6.0.1; Nexus 5X Build/MMB29P) AppleWebKit/537.36 (KHTML, like Gecko) Chrome/147.0.7727.137 Mobile Safari/537.36 (compatible; GoogleOther)"
216.244.66.247 - - [01/May/2026:22:04:00 -0400] "GET /tag/woocommerce/ HTTP/1.1" 200 241615 "-" "Mozilla/5.0 (compatible; DotBot/1.2; +https://opensiteexplorer.org/dotbot; help@moz.com)"
66.249.74.109 - - [01/May/2026:22:04:38 -0400] "GET /view/item/04346044674 HTTP/1.1" 200 28437 "-" "Mozilla/5.0 (Linux; Android 6.0.1; Nexus 5X Build/MMB29P) AppleWebKit/537.36 (KHTML, like Gecko) Chrome/147.0.7727.137 Mobile Safari/537.36 (compatible; GoogleOther)"
66.249.74.109 - - [01/May/2026:22:04:40 -0400] "GET /view/item/01923994752 HTTP/1.1" 200 28755 "-" "Mozilla/5.0 (Linux; Android 6.0.1; Nexus 5X Build/MMB29P) AppleWebKit/537.36 (KHTML, like Gecko) Chrome/147.0.7727.137 Mobile Safari/537.36 (compatible; GoogleOther)"
66.249.74.110 - - [01/May/2026:22:06:14 -0400] "GET /view/item/01792987975 HTTP/1.1" 200 28830 "-" "Mozilla/5.0 (Linux; Android 6.0.1; Nexus 5X Build/MMB29P) AppleWebKit/537.36 (KHTML, like Gecko) Chrome/147.0.7727.137 Mobile Safari/537.36 (compatible; GoogleOther)"
66.249.74.108 - - [01/May/2026:22:06:52 -0400] "GET /view/item/012649072429 HTTP/1.1" 200 28798 "-" "Mozilla/5.0 (Linux; Android 6.0.1; Nexus 5X Build/MMB29P) AppleWebKit/537.36 (KHTML, like Gecko) Chrome/147.0.7727.137 Mobile Safari/537.36 (compatible; GoogleOther)"
66.249.74.110 - - [01/May/2026:22:07:01 -0400] "GET /view/item/01685466416 HTTP/1.1" 200 29145 "-" "Mozilla/5.0 (Linux; Android 6.0.1; Nexus 5X Build/MMB29P) AppleWebKit/537.36 (KHTML, like Gecko) Chrome/147.0.7727.137 Mobile Safari/537.36 (compatible; GoogleOther)"
66.249.74.108 - - [01/May/2026:22:07:48 -0400] "GET /view/item/013321565782 HTTP/1.1" 200 28667 "-" "Mozilla/5.0 (Linux; Android 6.0.1; Nexus 5X Build/MMB29P) AppleWebKit/537.36 (KHTML, like Gecko) Chrome/147.0.7727.137 Mobile Safari/537.36 (compatible; GoogleOther)"
66.249.74.110 - - [01/May/2026:22:09:06 -0400] "GET /view/item/011454132409 HTTP/1.1" 200 28748 "-" "Mozilla/5.0 (Linux; Android 6.0.1; Nexus 5X Build/MMB29P) AppleWebKit/537.36 (KHTML, like Gecko) Chrome/147.0.7727.137 Mobile Safari/537.36 (compatible; GoogleOther)"
66.249.74.108 - - [01/May/2026:22:09:22 -0400] "GET /view/item/01959639055 HTTP/1.1" 200 28425 "-" "Mozilla/5.0 (Linux; Android 6.0.1; Nexus 5X Build/MMB29P) AppleWebKit/537.36 (KHTML, like Gecko) Chrome/147.0.7727.137 Mobile Safari/537.36 (compatible; GoogleOther)"
66.249.74.109 - - [01/May/2026:22:10:13 -0400] "GET /view/item/013133838567 HTTP/1.1" 200 29407 "-" "Mozilla/5.0 (Linux; Android 6.0.1; Nexus 5X Build/MMB29P) AppleWebKit/537.36 (KHTML, like Gecko) Chrome/147.0.7727.137 Mobile Safari/537.36 (compatible; GoogleOther)"
66.249.74.108 - - [01/May/2026:22:10:55 -0400] "GET /view/item/011662201450 HTTP/1.1" 200 32235 "-" "Mozilla/5.0 (Linux; Android 6.0.1; Nexus 5X Build/MMB29P) AppleWebKit/537.36 (KHTML, like Gecko) Chrome/147.0.7727.137 Mobile Safari/537.36 (compatible; GoogleOther)"
66.249.74.108 - - [01/May/2026:22:11:21 -0400] "GET /view/item/09854838542 HTTP/1.1" 200 29273 "-" "Mozilla/5.0 (Linux; Android 6.0.1; Nexus 5X Build/MMB29P) AppleWebKit/537.36 (KHTML, like Gecko) Chrome/147.0.7727.137 Mobile Safari/537.36 (compatible; GoogleOther)"
