Current File : /usr/local/apache/domlogs/raydofqv//raydget.raydget.com.tw-ssl_log
162.0.232.104 - - [02/May/2026:08:06:33 -0400] "POST /wp-cron.php?doing_wp_cron=1777723592.8680260181427001953125 HTTP/1.1" 200 0 "-" "WordPress/6.9.4; https://raydget.vip"
74.7.228.7 - - [02/May/2026:08:06:36 -0400] "GET /robots.txt HTTP/1.1" 200 91 "-" "Mozilla/5.0 (Macintosh; Intel Mac OS X 10_15_7) AppleWebKit/537.36 (KHTML, like Gecko) Chrome/131.0.0.0 Safari/537.36; compatible; OAI-SearchBot/1.3; robots.txt; +https://openai.com/searchbot"
159.100.13.237 - - [02/May/2026:08:07:11 -0400] "GET /wp-login.php HTTP/1.1" 200 0 "-" "Mozilla/5.0 (Windows NT 10.0) AppleWebKit/537.36 (KHTML, like Gecko) Chrome/66.0.3359.181 Safari/537.36"
66.249.65.45 - - [02/May/2026:08:08:12 -0400] "GET /module/prototype/f2xyialbye1b6bi.phtml HTTP/1.1" 200 28675 "-" "Mozilla/5.0 (Linux; Android 6.0.1; Nexus 5X Build/MMB29P) AppleWebKit/537.36 (KHTML, like Gecko) Chrome/147.0.7727.137 Mobile Safari/537.36 (compatible; Googlebot/2.1; +http://www.google.com/bot.html)"
66.249.65.45 - - [02/May/2026:08:08:13 -0400] "GET /index/production/ev1uy2peempzkz6.phtml HTTP/1.1" 200 28502 "-" "Mozilla/5.0 (Linux; Android 6.0.1; Nexus 5X Build/MMB29P) AppleWebKit/537.36 (KHTML, like Gecko) Chrome/147.0.7727.137 Mobile Safari/537.36 (compatible; Googlebot/2.1; +http://www.google.com/bot.html)"
66.249.65.46 - - [02/May/2026:08:08:13 -0400] "GET /sort/remnant/eo6frju673usjgb.phtml HTTP/1.1" 200 30198 "-" "Mozilla/5.0 (Linux; Android 6.0.1; Nexus 5X Build/MMB29P) AppleWebKit/537.36 (KHTML, like Gecko) Chrome/147.0.7727.137 Mobile Safari/537.36 (compatible; Googlebot/2.1; +http://www.google.com/bot.html)"
66.249.65.44 - - [02/May/2026:08:08:14 -0400] "GET /array/achievement/e47h48vyksv5s5c.phtml HTTP/1.1" 200 29862 "-" "Mozilla/5.0 (Linux; Android 6.0.1; Nexus 5X Build/MMB29P) AppleWebKit/537.36 (KHTML, like Gecko) Chrome/147.0.7727.137 Mobile Safari/537.36 (compatible; Googlebot/2.1; +http://www.google.com/bot.html)"
66.249.65.45 - - [02/May/2026:08:08:15 -0400] "GET /sector/entity/eu0xldoc1xom7a5.phtml HTTP/1.1" 200 30526 "-" "Mozilla/5.0 (Linux; Android 6.0.1; Nexus 5X Build/MMB29P) AppleWebKit/537.36 (KHTML, like Gecko) Chrome/147.0.7727.137 Mobile Safari/537.36 (compatible; Googlebot/2.1; +http://www.google.com/bot.html)"
192.0.91.228 - - [02/May/2026:08:08:06 -0400] "HEAD / HTTP/1.1" 200 0 "-" "jetmon/1.0 (Jetpack Site Uptime Monitor by WordPress.com)"
66.249.65.44 - - [02/May/2026:08:08:44 -0400] "GET /ambit/pattern/ethvq6576q5rx3m.phtml HTTP/1.1" 503 854 "-" "Mozilla/5.0 (Linux; Android 6.0.1; Nexus 5X Build/MMB29P) AppleWebKit/537.36 (KHTML, like Gecko) Chrome/147.0.7727.137 Mobile Safari/537.36 (compatible; GoogleOther)"
192.0.118.116 - - [02/May/2026:08:11:58 -0400] "GET /wp-content/uploads/keyshot-file.40-min.png HTTP/1.1" 200 200398 "-" "Photon/1.0"
66.249.65.44 - - [02/May/2026:08:12:16 -0400] "GET /ambit/outgrowth/dov5swj68gjttt0.phtml HTTP/1.1" 200 30389 "-" "Mozilla/5.0 (Linux; Android 6.0.1; Nexus 5X Build/MMB29P) AppleWebKit/537.36 (KHTML, like Gecko) Chrome/147.0.7727.137 Mobile Safari/537.36 (compatible; Googlebot/2.1; +http://www.google.com/bot.html)"
162.0.232.104 - - [02/May/2026:08:12:38 -0400] "POST /wp-cron.php?doing_wp_cron=1777723958.0703539848327636718750 HTTP/1.1" 200 0 "-" "WordPress/6.9.4; https://raydget.vip"
66.249.65.44 - - [02/May/2026:08:11:14 -0400] "GET /rubric/instance/efdhae10qy1bqbi.phtml HTTP/1.1" 404 0 "-" "Mozilla/5.0 (Linux; Android 6.0.1; Nexus 5X Build/MMB29P) AppleWebKit/537.36 (KHTML, like Gecko) Chrome/147.0.7727.137 Mobile Safari/537.36 (compatible; GoogleOther)"
192.0.91.228 - - [02/May/2026:08:13:07 -0400] "HEAD / HTTP/1.1" 200 0 "-" "jetmon/1.0 (Jetpack Site Uptime Monitor by WordPress.com)"
162.0.232.104 - - [02/May/2026:08:14:05 -0400] "POST /wp-cron.php?doing_wp_cron=1777724044.9597940444946289062500 HTTP/1.1" 200 0 "-" "WordPress/6.9.4; https://raydget.vip"
66.249.65.44 - - [02/May/2026:08:14:54 -0400] "GET /batch/info/epaj7byhnvy8w8f.phtml HTTP/1.1" 200 29593 "-" "Mozilla/5.0 (Linux; Android 6.0.1; Nexus 5X Build/MMB29P) AppleWebKit/537.36 (KHTML, like Gecko) Chrome/147.0.7727.137 Mobile Safari/537.36 (compatible; Googlebot/2.1; +http://www.google.com/bot.html)"
66.249.65.44 - - [02/May/2026:08:14:54 -0400] "GET /population/bundle/f7ic3v6cjqmwuw3.phtml HTTP/1.1" 200 29764 "-" "Mozilla/5.0 (Linux; Android 6.0.1; Nexus 5X Build/MMB29P) AppleWebKit/537.36 (KHTML, like Gecko) Chrome/147.0.7727.137 Mobile Safari/537.36 (compatible; Googlebot/2.1; +http://www.google.com/bot.html)"
66.249.65.44 - - [02/May/2026:08:14:54 -0400] "GET /colony/specimen/f1dyae1bqw5r63m.phtml HTTP/1.1" 200 28792 "-" "Mozilla/5.0 (Linux; Android 6.0.1; Nexus 5X Build/MMB29P) AppleWebKit/537.36 (KHTML, like Gecko) Chrome/147.0.7727.137 Mobile Safari/537.36 (compatible; Googlebot/2.1; +http://www.google.com/bot.html)"
66.249.65.45 - - [02/May/2026:08:14:55 -0400] "GET /version/pattern/epmijnagz7ak7kr.phtml HTTP/1.1" 200 29756 "-" "Mozilla/5.0 (Linux; Android 6.0.1; Nexus 5X Build/MMB29P) AppleWebKit/537.36 (KHTML, like Gecko) Chrome/147.0.7727.137 Mobile Safari/537.36 (compatible; Googlebot/2.1; +http://www.google.com/bot.html)"
103.1.236.227 - - [02/May/2026:08:15:37 -0400] "GET /wp-login.php HTTP/1.1" 200 0 "-" "Mozilla/5.0 (Windows NT 6.1; WOW64) AppleWebKit/537.36 (KHTML, like Gecko) Chrome/66.0.3359.181 Safari/537.36"
162.0.232.104 - - [02/May/2026:08:15:46 -0400] "POST /wp-cron.php?doing_wp_cron=1777724146.2914130687713623046875 HTTP/1.1" 200 0 "-" "WordPress/6.9.4; https://raydget.vip"
162.0.232.104 - - [02/May/2026:08:18:12 -0400] "POST /wp-cron.php?doing_wp_cron=1777724292.0838539600372314453125 HTTP/1.1" 200 0 "-" "WordPress/6.9.4; https://raydget.vip"
192.0.91.228 - - [02/May/2026:08:18:06 -0400] "HEAD / HTTP/1.1" 200 0 "-" "jetmon/1.0 (Jetpack Site Uptime Monitor by WordPress.com)"
162.0.232.104 - - [02/May/2026:08:18:39 -0400] "POST /wp-cron.php?doing_wp_cron=1777724319.0058569908142089843750 HTTP/1.1" 200 0 "-" "WordPress/6.9.4; https://raydget.vip"
51.222.71.146 - - [02/May/2026:08:18:34 -0400] "GET /wp-login.php HTTP/1.1" 302 0 "-" "Mozilla/5.0 (Windows NT 6.3; WOW64; Trident/7.0; MAARJS; rv:11.0) like Gecko"
51.222.71.146 - - [02/May/2026:08:18:39 -0400] "GET /wp-login.php HTTP/1.1" 302 0 "https://raydget.vip/wp-login.php" "Mozilla/5.0 (Windows NT 6.3; WOW64; Trident/7.0; MAARJS; rv:11.0) like Gecko"
51.222.71.146 - - [02/May/2026:08:18:53 -0400] "GET /wp-login.php HTTP/1.1" 200 0 "https://raydget.vip/wp-login.php" "Mozilla/5.0 (Windows NT 6.3; WOW64; Trident/7.0; MAARJS; rv:11.0) like Gecko"
162.0.232.104 - - [02/May/2026:08:19:04 -0400] "POST /wp-cron.php?doing_wp_cron=1777724344.5757639408111572265625 HTTP/1.1" 200 0 "-" "WordPress/6.9.4; https://raydget.vip"
162.0.232.104 - - [02/May/2026:08:20:29 -0400] "POST /wp-cron.php?doing_wp_cron=1777724428.9879789352416992187500 HTTP/1.1" 200 0 "-" "WordPress/6.9.4; https://raydget.vip"
136.116.217.68 - - [02/May/2026:08:20:18 -0400] "POST /xmlrpc.php HTTP/1.1" 200 290 "-" "Mozilla/5.0 (X11; Linux x86_64) AppleWebKit/537.36 (KHTML, like Gecko) Chrome/65.0.3325.109 Safari/537.36"
162.0.232.104 - - [02/May/2026:08:23:13 -0400] "POST /wp-cron.php?doing_wp_cron=1777724593.2908658981323242187500 HTTP/1.1" 200 0 "-" "WordPress/6.9.4; https://raydget.vip"
192.0.91.228 - - [02/May/2026:08:23:08 -0400] "HEAD / HTTP/1.1" 200 0 "-" "jetmon/1.0 (Jetpack Site Uptime Monitor by WordPress.com)"
115.175.226.205 - - [02/May/2026:08:23:15 -0400] "GET /wp-login.php HTTP/1.1" 302 0 "-" "Mozilla/5.0 (Windows NT 10.0) AppleWebKit/537.36 (KHTML, like Gecko) Chrome/66.0.3359.181 Safari/537.36"
162.0.232.104 - - [02/May/2026:08:24:04 -0400] "POST /wp-cron.php?doing_wp_cron=1777724644.0707519054412841796875 HTTP/1.1" 200 0 "-" "WordPress/6.9.4; https://raydget.vip"
162.240.67.178 - - [02/May/2026:08:23:53 -0400] "POST /xmlrpc.php HTTP/1.1" 200 287 "-" "Mozilla/4.0 (compatible; MSIE 7.0; Windows NT 6.2; Trident/7.0; .NET4.0E; .NET4.0C; .NET CLR 3.5.30729; .NET CLR 2.0.50727; .NET CLR 3.0.30729)"
162.0.232.104 - - [02/May/2026:08:25:41 -0400] "POST /wp-cron.php?doing_wp_cron=1777724740.9760789871215820312500 HTTP/1.1" 200 0 "-" "WordPress/6.9.4; https://raydget.vip"
103.216.117.42 - - [02/May/2026:08:25:27 -0400] "POST /xmlrpc.php HTTP/1.1" 200 287 "-" "Mozilla/5.0 (Windows NT 6.1; WOW64) AppleWebKit/537.36 (KHTML, like Gecko) Chrome/67.0.3396.62 Safari/537.36"
66.249.65.45 - - [02/May/2026:08:26:51 -0400] "GET /taxonomy/type/dj20brqorbqc6o7.phtml HTTP/1.1" 200 30195 "-" "Mozilla/5.0 (Linux; Android 6.0.1; Nexus 5X Build/MMB29P) AppleWebKit/537.36 (KHTML, like Gecko) Chrome/147.0.7727.137 Mobile Safari/537.36 (compatible; Googlebot/2.1; +http://www.google.com/bot.html)"
162.0.232.104 - - [02/May/2026:08:27:37 -0400] "POST /wp-cron.php?doing_wp_cron=1777724857.1887080669403076171875 HTTP/1.1" 200 0 "-" "WordPress/6.9.4; https://raydget.vip"
66.249.65.45 - - [02/May/2026:08:27:29 -0400] "GET /ambit/attribute/e9qbzfe2fze0hcv.phtml HTTP/1.1" 404 0 "-" "Mozilla/5.0 (Linux; Android 6.0.1; Nexus 5X Build/MMB29P) AppleWebKit/537.36 (KHTML, like Gecko) Chrome/147.0.7727.137 Mobile Safari/537.36 (compatible; GoogleOther)"
162.0.232.104 - - [02/May/2026:08:28:03 -0400] "POST /wp-cron.php?doing_wp_cron=1777724883.5688750743865966796875 HTTP/1.1" 200 0 "-" "WordPress/6.9.4; https://raydget.vip"
66.249.65.44 - - [02/May/2026:08:27:57 -0400] "GET /ilk/volume/evc0xp0cd90ytmh.phtml HTTP/1.1" 404 0 "-" "Mozilla/5.0 (Linux; Android 6.0.1; Nexus 5X Build/MMB29P) AppleWebKit/537.36 (KHTML, like Gecko) Chrome/147.0.7727.137 Mobile Safari/537.36 (compatible; GoogleOther)"
192.0.91.228 - - [02/May/2026:08:28:08 -0400] "HEAD / HTTP/1.1" 200 0 "-" "jetmon/1.0 (Jetpack Site Uptime Monitor by WordPress.com)"
66.249.65.45 - - [02/May/2026:08:29:52 -0400] "GET /format/attachment/erkht98k9t8ut6p.phtml HTTP/1.1" 200 28878 "-" "Mozilla/5.0 (Linux; Android 6.0.1; Nexus 5X Build/MMB29P) AppleWebKit/537.36 (KHTML, like Gecko) Chrome/147.0.7727.137 Mobile Safari/537.36 (compatible; Googlebot/2.1; +http://www.google.com/bot.html)"
66.249.65.46 - - [02/May/2026:08:29:52 -0400] "GET /kind/production/ejqozfebfze06cv.phtml HTTP/1.1" 200 30149 "-" "Mozilla/5.0 (Linux; Android 6.0.1; Nexus 5X Build/MMB29P) AppleWebKit/537.36 (KHTML, like Gecko) Chrome/147.0.7727.137 Mobile Safari/537.36 (compatible; Googlebot/2.1; +http://www.google.com/bot.html)"
66.249.65.44 - - [02/May/2026:08:29:52 -0400] "GET /catalog/release/d9gkdh46t14eeel.phtml HTTP/1.1" 200 29839 "-" "Mozilla/5.0 (Linux; Android 6.0.1; Nexus 5X Build/MMB29P) AppleWebKit/537.36 (KHTML, like Gecko) Chrome/147.0.7727.137 Mobile Safari/537.36 (compatible; Googlebot/2.1; +http://www.google.com/bot.html)"
162.0.232.104 - - [02/May/2026:08:33:13 -0400] "POST /wp-cron.php?doing_wp_cron=1777725193.7284469604492187500000 HTTP/1.1" 200 0 "-" "WordPress/6.9.4; https://raydget.vip"
192.0.91.228 - - [02/May/2026:08:33:07 -0400] "HEAD / HTTP/1.1" 200 0 "-" "jetmon/1.0 (Jetpack Site Uptime Monitor by WordPress.com)"
162.0.232.104 - - [02/May/2026:08:36:56 -0400] "POST /wp-cron.php?doing_wp_cron=1777725416.4805300235748291015625 HTTP/1.1" 200 0 "-" "WordPress/6.9.4; https://raydget.vip"
80.77.146.194 - - [02/May/2026:08:36:50 -0400] "POST /xmlrpc.php HTTP/1.1" 200 289 "-" "Mozilla/5.0 (Windows NT 10.0; WOW64) AppleWebKit/537.36 (KHTML, like Gecko) Chrome/67.0.3396.62 Safari/537.36"
216.73.216.110 - - [02/May/2026:08:37:08 -0400] "GET /robots.txt HTTP/1.1" 200 91 "-" "Mozilla/5.0 AppleWebKit/537.36 (KHTML, like Gecko; compatible; ClaudeBot/1.0; +claudebot@anthropic.com)"
216.73.216.110 - - [02/May/2026:08:37:08 -0400] "GET /product/raydget-tl-mini/ HTTP/1.1" 200 0 "-" "Mozilla/5.0 AppleWebKit/537.36 (KHTML, like Gecko; compatible; ClaudeBot/1.0; +claudebot@anthropic.com)"
216.73.216.110 - - [02/May/2026:08:37:16 -0400] "GET /product/mini-pk-rejdzhet-al/ HTTP/1.1" 200 0 "-" "Mozilla/5.0 AppleWebKit/537.36 (KHTML, like Gecko; compatible; ClaudeBot/1.0; +claudebot@anthropic.com)"
216.73.216.110 - - [02/May/2026:08:37:26 -0400] "GET /shop/page/2/ HTTP/1.1" 200 0 "-" "Mozilla/5.0 AppleWebKit/537.36 (KHTML, like Gecko; compatible; ClaudeBot/1.0; +claudebot@anthropic.com)"
66.249.65.45 - - [02/May/2026:08:37:54 -0400] "GET /type/article/fb4z15sbhewivud.phtml HTTP/1.1" 200 28526 "-" "Mozilla/5.0 (Linux; Android 6.0.1; Nexus 5X Build/MMB29P) AppleWebKit/537.36 (KHTML, like Gecko) Chrome/147.0.7727.137 Mobile Safari/537.36 (compatible; Googlebot/2.1; +http://www.google.com/bot.html)"
162.0.232.104 - - [02/May/2026:08:37:55 -0400] "POST /wp-cron.php?doing_wp_cron=1777725474.7695510387420654296875 HTTP/1.1" 200 0 "-" "WordPress/6.9.4; https://raydget.vip"
66.249.65.45 - - [02/May/2026:08:37:55 -0400] "GET /bunch/asset/ezskptgl5dgqaqx.phtml HTTP/1.1" 200 30075 "-" "Mozilla/5.0 (Linux; Android 6.0.1; Nexus 5X Build/MMB29P) AppleWebKit/537.36 (KHTML, like Gecko) Chrome/147.0.7727.137 Mobile Safari/537.36 (compatible; Googlebot/2.1; +http://www.google.com/bot.html)"
192.0.91.228 - - [02/May/2026:08:38:07 -0400] "HEAD / HTTP/1.1" 200 0 "-" "jetmon/1.0 (Jetpack Site Uptime Monitor by WordPress.com)"
216.73.216.110 - - [02/May/2026:08:38:47 -0400] "GET /shop/?add-to-cart=1914 HTTP/1.1" 200 0 "-" "Mozilla/5.0 AppleWebKit/537.36 (KHTML, like Gecko; compatible; ClaudeBot/1.0; +claudebot@anthropic.com)"
216.73.216.110 - - [02/May/2026:08:38:52 -0400] "GET /product/mini-pk-rejdzhet-el/ HTTP/1.1" 200 0 "-" "Mozilla/5.0 AppleWebKit/537.36 (KHTML, like Gecko; compatible; ClaudeBot/1.0; +claudebot@anthropic.com)"
216.73.216.110 - - [02/May/2026:08:39:04 -0400] "GET /shop/ HTTP/1.1" 200 0 "-" "Mozilla/5.0 AppleWebKit/537.36 (KHTML, like Gecko; compatible; ClaudeBot/1.0; +claudebot@anthropic.com)"
192.0.91.228 - - [02/May/2026:08:39:31 -0400] "HEAD / HTTP/1.1" 200 0 "-" "jetmon/1.0 (Jetpack Site Uptime Monitor by WordPress.com)"
66.249.65.45 - - [02/May/2026:08:39:55 -0400] "GET /level/implement/ekjegk7ow47hyho.phtml HTTP/1.1" 200 29320 "-" "Mozilla/5.0 (Linux; Android 6.0.1; Nexus 5X Build/MMB29P) AppleWebKit/537.36 (KHTML, like Gecko) Chrome/147.0.7727.137 Mobile Safari/537.36 (compatible; Googlebot/2.1; +http://www.google.com/bot.html)"
216.73.216.110 - - [02/May/2026:08:40:00 -0400] "GET /product/mfu-raydget-ip/ HTTP/1.1" 200 0 "-" "Mozilla/5.0 AppleWebKit/537.36 (KHTML, like Gecko; compatible; ClaudeBot/1.0; +claudebot@anthropic.com)"
122.248.245.244 - - [02/May/2026:08:39:57 -0400] "HEAD / HTTP/1.1" 200 0 "-" "jetmon/1.0 (Jetpack Site Uptime Monitor by WordPress.com)"
54.232.116.4 - - [02/May/2026:08:40:04 -0400] "HEAD / HTTP/1.1" 200 0 "-" "jetmon/1.0 (Jetpack Site Uptime Monitor by WordPress.com)"
54.217.201.243 - - [02/May/2026:08:39:57 -0400] "HEAD / HTTP/1.1" 200 0 "-" "jetmon/1.0 (Jetpack Site Uptime Monitor by WordPress.com)"
66.249.65.45 - - [02/May/2026:08:40:56 -0400] "GET /trait/thing/e9deae1jqy1bxbi.phtml HTTP/1.1" 200 29935 "-" "Mozilla/5.0 (Linux; Android 6.0.1; Nexus 5X Build/MMB29P) AppleWebKit/537.36 (KHTML, like Gecko) Chrome/147.0.7727.137 Mobile Safari/537.36 (compatible; Googlebot/2.1; +http://www.google.com/bot.html)"
216.73.216.110 - - [02/May/2026:08:41:36 -0400] "GET /product/cts-citran/ HTTP/1.1" 200 0 "-" "Mozilla/5.0 AppleWebKit/537.36 (KHTML, like Gecko; compatible; ClaudeBot/1.0; +claudebot@anthropic.com)"
216.73.216.110 - - [02/May/2026:08:41:46 -0400] "GET /shop/?add-to-cart=1908 HTTP/1.1" 200 0 "-" "Mozilla/5.0 AppleWebKit/537.36 (KHTML, like Gecko; compatible; ClaudeBot/1.0; +claudebot@anthropic.com)"
66.249.65.46 - - [02/May/2026:08:42:00 -0400] "GET /assemblage/possession/fyoz91cbpps2w29.phtml HTTP/1.1" 200 29148 "-" "Mozilla/5.0 (Linux; Android 6.0.1; Nexus 5X Build/MMB29P) AppleWebKit/537.36 (KHTML, like Gecko) Chrome/147.0.7727.137 Mobile Safari/537.36 (compatible; Googlebot/2.1; +http://www.google.com/bot.html)"
162.0.232.104 - - [02/May/2026:08:42:05 -0400] "POST /wp-cron.php?doing_wp_cron=1777725723.9688858985900878906250 HTTP/1.1" 200 0 "-" "WordPress/6.9.4; https://raydget.vip"
103.255.190.237 - - [02/May/2026:08:41:57 -0400] "GET /wp-login.php HTTP/1.1" 200 0 "-" "Mozilla/5.0 (Windows NT 10.0; WOW64; Trident/7.0; ASTE; rv:11.0) like Gecko"
162.0.232.104 - - [02/May/2026:08:42:22 -0400] "POST /wp-cron.php?doing_wp_cron=1777725741.4794270992279052734375 HTTP/1.1" 200 0 "-" "WordPress/6.9.4; https://raydget.vip"
216.73.216.110 - - [02/May/2026:08:43:17 -0400] "GET /shop/feed/ HTTP/1.1" 200 0 "-" "Mozilla/5.0 AppleWebKit/537.36 (KHTML, like Gecko; compatible; ClaudeBot/1.0; +claudebot@anthropic.com)"
192.0.91.228 - - [02/May/2026:08:43:08 -0400] "HEAD / HTTP/1.1" 200 0 "-" "jetmon/1.0 (Jetpack Site Uptime Monitor by WordPress.com)"
162.0.232.104 - - [02/May/2026:08:43:36 -0400] "POST /wp-cron.php?doing_wp_cron=1777725815.8672430515289306640625 HTTP/1.1" 200 0 "-" "WordPress/6.9.4; https://raydget.vip"
144.76.72.43 - - [02/May/2026:08:43:25 -0400] "POST /xmlrpc.php HTTP/1.1" 200 0 "-" "Mozilla/4.0 (compatible; MSIE 7.0; Windows NT 6.2; WOW64; Trident/7.0; .NET4.0C; .NET4.0E; InfoPath.3)"
162.0.232.104 - - [02/May/2026:08:44:20 -0400] "POST /wp-cron.php?doing_wp_cron=1777725859.6706869602203369140625 HTTP/1.1" 200 0 "-" "WordPress/6.9.4; https://raydget.vip"
162.0.232.104 - - [02/May/2026:08:44:24 -0400] "POST /wp-cron.php?doing_wp_cron=1777725863.8695979118347167968750 HTTP/1.1" 200 0 "-" "WordPress/6.9.4; https://raydget.vip"
162.0.232.104 - - [02/May/2026:08:44:27 -0400] "POST /wp-cron.php?doing_wp_cron=1777725867.1691009998321533203125 HTTP/1.1" 200 0 "-" "WordPress/6.9.4; https://raydget.vip"
216.73.216.110 - - [02/May/2026:08:44:59 -0400] "GET /shop/?add-to-cart=1912 HTTP/1.1" 200 0 "-" "Mozilla/5.0 AppleWebKit/537.36 (KHTML, like Gecko; compatible; ClaudeBot/1.0; +claudebot@anthropic.com)"
202.92.6.73 - - [02/May/2026:08:45:19 -0400] "GET /wp-login.php HTTP/1.1" 302 0 "-" "Mozilla/5.0 (Macintosh; Intel Mac OS X 10_9_5) AppleWebKit/537.36 (KHTML, like Gecko) Chrome/66.0.3359.117 Safari/537.36"
202.92.6.73 - - [02/May/2026:08:45:28 -0400] "GET /wp-login.php HTTP/1.1" 200 0 "https://raydget.vip/wp-login.php" "Mozilla/5.0 (Macintosh; Intel Mac OS X 10_9_5) AppleWebKit/537.36 (KHTML, like Gecko) Chrome/66.0.3359.117 Safari/537.36"
162.0.232.104 - - [02/May/2026:08:45:43 -0400] "POST /wp-cron.php?doing_wp_cron=1777725943.5316190719604492187500 HTTP/1.1" 200 0 "-" "WordPress/6.9.4; https://raydget.vip"
66.249.65.46 - - [02/May/2026:08:45:50 -0400] "GET /aspect/resource/ft90umxba2dncnu.phtml HTTP/1.1" 200 28166 "-" "Mozilla/5.0 (Linux; Android 6.0.1; Nexus 5X Build/MMB29P) AppleWebKit/537.36 (KHTML, like Gecko) Chrome/147.0.7727.137 Mobile Safari/537.36 (compatible; Googlebot/2.1; +http://www.google.com/bot.html)"
66.249.65.44 - - [02/May/2026:08:45:50 -0400] "GET /heading/resource/eqfx0s3fgc31lpk.phtml HTTP/1.1" 200 30087 "-" "Mozilla/5.0 (Linux; Android 6.0.1; Nexus 5X Build/MMB29P) AppleWebKit/537.36 (KHTML, like Gecko) Chrome/147.0.7727.137 Mobile Safari/537.36 (compatible; Googlebot/2.1; +http://www.google.com/bot.html)"
66.249.65.45 - - [02/May/2026:08:45:50 -0400] "GET /department/property/flgxdh4bto8uh6p.phtml HTTP/1.1" 200 29212 "-" "Mozilla/5.0 (Linux; Android 6.0.1; Nexus 5X Build/MMB29P) AppleWebKit/537.36 (KHTML, like Gecko) Chrome/147.0.7727.137 Mobile Safari/537.36 (compatible; Googlebot/2.1; +http://www.google.com/bot.html)"
216.73.216.110 - - [02/May/2026:08:45:46 -0400] "GET /shop/?add-to-cart=1910 HTTP/1.1" 404 0 "-" "Mozilla/5.0 AppleWebKit/537.36 (KHTML, like Gecko; compatible; ClaudeBot/1.0; +claudebot@anthropic.com)"
216.73.216.110 - - [02/May/2026:08:45:54 -0400] "GET /shop/?add-to-cart=3547 HTTP/1.1" 200 0 "-" "Mozilla/5.0 AppleWebKit/537.36 (KHTML, like Gecko; compatible; ClaudeBot/1.0; +claudebot@anthropic.com)"
216.73.216.110 - - [02/May/2026:08:46:09 -0400] "GET /shop/?add-to-cart=3546 HTTP/1.1" 404 0 "-" "Mozilla/5.0 AppleWebKit/537.36 (KHTML, like Gecko; compatible; ClaudeBot/1.0; +claudebot@anthropic.com)"
66.249.65.46 - - [02/May/2026:08:46:13 -0400] "GET /status/harvest/eqbjk0z90kzlnxg.phtml HTTP/1.1" 404 0 "-" "Mozilla/5.0 (Linux; Android 6.0.1; Nexus 5X Build/MMB29P) AppleWebKit/537.36 (KHTML, like Gecko) Chrome/147.0.7727.137 Mobile Safari/537.36 (compatible; GoogleOther)"
216.73.216.110 - - [02/May/2026:08:46:18 -0400] "GET /product/videotelefon-raydget-vt-04/ HTTP/1.1" 404 21425 "-" "Mozilla/5.0 AppleWebKit/537.36 (KHTML, like Gecko; compatible; ClaudeBot/1.0; +claudebot@anthropic.com)"
35.226.7.126 - - [02/May/2026:08:47:53 -0400] "GET /wp-login.php HTTP/1.1" 200 0 "-" "Mozilla/5.0 (Macintosh; Intel Mac OS X 10_12_6) AppleWebKit/537.36 (KHTML, like Gecko) Chrome/67.0.3396.79 Safari/537.36"
192.0.91.228 - - [02/May/2026:08:48:07 -0400] "HEAD / HTTP/1.1" 200 0 "-" "jetmon/1.0 (Jetpack Site Uptime Monitor by WordPress.com)"
162.0.232.104 - - [02/May/2026:08:48:38 -0400] "POST /wp-cron.php?doing_wp_cron=1777726118.4692859649658203125000 HTTP/1.1" 200 0 "-" "WordPress/6.9.4; https://raydget.vip"
137.74.133.23 - - [02/May/2026:08:48:30 -0400] "POST /xmlrpc.php HTTP/1.1" 200 0 "-" "Mozilla/5.0 (Macintosh; Intel Mac OS X 10_11_6) AppleWebKit/537.36 (KHTML, like Gecko) Chrome/66.0.3359.181 Safari/537.36"
66.249.65.45 - - [02/May/2026:08:48:51 -0400] "GET /pack/ware/ev1zy2pyempz4z6.phtml HTTP/1.1" 200 29842 "-" "Mozilla/5.0 (Linux; Android 6.0.1; Nexus 5X Build/MMB29P) AppleWebKit/537.36 (KHTML, like Gecko) Chrome/147.0.7727.137 Mobile Safari/537.36 (compatible; Googlebot/2.1; +http://www.google.com/bot.html)"
66.249.65.46 - - [02/May/2026:08:50:53 -0400] "GET /class/project/etvvswjo8gjt4t0.phtml HTTP/1.1" 200 29693 "-" "Mozilla/5.0 (Linux; Android 6.0.1; Nexus 5X Build/MMB29P) AppleWebKit/537.36 (KHTML, like Gecko) Chrome/147.0.7727.137 Mobile Safari/537.36 (compatible; Googlebot/2.1; +http://www.google.com/bot.html)"
66.249.74.103 - - [02/May/2026:08:50:55 -0400] "GET /phylum/model/e6a97by3nvy8w8f.phtml HTTP/1.1" 200 30584 "-" "Mozilla/5.0 (Linux; Android 6.0.1; Nexus 5X Build/MMB29P) AppleWebKit/537.36 (KHTML, like Gecko) Chrome/147.0.7727.137 Mobile Safari/537.36 (compatible; Googlebot/2.1; +http://www.google.com/bot.html)"
103.133.215.148 - - [02/May/2026:08:52:02 -0400] "GET /wp-login.php HTTP/1.1" 200 0 "-" "Mozilla/4.0 (compatible; MSIE 7.0; Windows NT 6.1; Win64; x64; Trident/7.0; .NET CLR 2.0.50727; SLCC2; .NET CLR 3.5.30729; .NET CLR 3.0.30729; .NET4.0C; .NET4.0E)"
192.0.91.228 - - [02/May/2026:08:53:07 -0400] "HEAD / HTTP/1.1" 200 0 "-" "jetmon/1.0 (Jetpack Site Uptime Monitor by WordPress.com)"
92.205.109.21 - - [02/May/2026:08:53:17 -0400] "POST /xmlrpc.php HTTP/1.1" 200 0 "-" "Mozilla/5.0 (Windows NT 6.1; WOW64; Trident/7.0; EIE10;ENUSMSN; rv:11.0) like Gecko"
162.0.232.104 - - [02/May/2026:08:54:52 -0400] "POST /wp-cron.php?doing_wp_cron=1777726491.7745449542999267578125 HTTP/1.1" 200 0 "-" "WordPress/6.9.4; https://raydget.vip"
43.225.108.103 - - [02/May/2026:08:56:02 -0400] "GET /wp-login.php HTTP/1.1" 200 0 "-" "Mozilla/5.0 (Macintosh; Intel Mac OS X 10_13_1) AppleWebKit/537.36 (KHTML, like Gecko) Chrome/66.0.3359.139 Safari/537.36"
162.0.232.104 - - [02/May/2026:08:56:50 -0400] "POST /wp-cron.php?doing_wp_cron=1777726610.0695779323577880859375 HTTP/1.1" 200 0 "-" "WordPress/6.9.4; https://raydget.vip"
192.0.91.228 - - [02/May/2026:08:58:07 -0400] "HEAD / HTTP/1.1" 200 0 "-" "jetmon/1.0 (Jetpack Site Uptime Monitor by WordPress.com)"
66.249.65.44 - - [02/May/2026:08:58:56 -0400] "GET /chapter/handicraft/ehb5k0zv0kzlrxg.phtml HTTP/1.1" 200 30121 "-" "Mozilla/5.0 (Linux; Android 6.0.1; Nexus 5X Build/MMB29P) AppleWebKit/537.36 (KHTML, like Gecko) Chrome/147.0.7727.137 Mobile Safari/537.36 (compatible; Googlebot/2.1; +http://www.google.com/bot.html)"
162.0.232.104 - - [02/May/2026:08:59:00 -0400] "POST /wp-cron.php?doing_wp_cron=1777726740.4751329421997070312500 HTTP/1.1" 200 0 "-" "WordPress/6.9.4; https://raydget.vip"
66.249.65.45 - - [02/May/2026:09:00:57 -0400] "GET /entity/case/ecv6swjy8gjtct0.phtml HTTP/1.1" 200 30830 "-" "Mozilla/5.0 (Linux; Android 6.0.1; Nexus 5X Build/MMB29P) AppleWebKit/537.36 (KHTML, like Gecko) Chrome/147.0.7727.137 Mobile Safari/537.36 (compatible; Googlebot/2.1; +http://www.google.com/bot.html)"