54.37.252.131 - - [01/May/2026:15:11:04 -0400] "GET /apache-cache-var/?file_location=/home/raydofqv//scanreport-raydofqv-2026-01-20T06:57:55.931734.txt&location=/home/raydofqv/ HTTP/1.1" 200 10507 "-" "Mozilla/5.0 (compatible; MJ12bot/v1.4.8; http://mj12bot.com/)"
147.135.212.217 - - [01/May/2026:15:11:04 -0400] "GET /cache-hg/?location=/home/raydofqv/access-logs HTTP/1.1" 200 4783 "-" "Mozilla/5.0 (compatible; MJ12bot/v1.4.8; http://mj12bot.com/)"
54.37.252.131 - - [01/May/2026:15:11:05 -0400] "GET /apache-cache-var/?file_location=/home/raydofqv//scanreport-raydofqv-Jun_01_2022_06h04m.txt&location=/home/raydofqv/ HTTP/1.1" 200 8138 "-" "Mozilla/5.0 (compatible; MJ12bot/v1.4.8; http://mj12bot.com/)"
147.135.212.217 - - [01/May/2026:15:11:06 -0400] "GET /cache-hg/?location=/home/raydofqv/aston777.ctcom.com.tw HTTP/1.1" 200 4460 "-" "Mozilla/5.0 (compatible; MJ12bot/v1.4.8; http://mj12bot.com/)"
54.37.252.131 - - [01/May/2026:15:11:07 -0400] "GET /apache-cache-var/?file_location=/home/raydofqv//scanreport-raydofqv-Jun_10_2022_03h35m.txt&location=/home/raydofqv/ HTTP/1.1" 200 8350 "-" "Mozilla/5.0 (compatible; MJ12bot/v1.4.8; http://mj12bot.com/)"
147.135.212.217 - - [01/May/2026:15:11:08 -0400] "GET /cache-hg/?location=/home/raydofqv/ctcom.com.tw HTTP/1.1" 200 5084 "-" "Mozilla/5.0 (compatible; MJ12bot/v1.4.8; http://mj12bot.com/)"
54.37.252.131 - - [01/May/2026:15:11:09 -0400] "GET /apache-cache-var/?file_location=/home/raydofqv//support.php&location=/home/raydofqv/ HTTP/1.1" 200 12669 "-" "Mozilla/5.0 (compatible; MJ12bot/v1.4.8; http://mj12bot.com/)"
147.135.212.217 - - [01/May/2026:15:11:09 -0400] "GET /cache-hg/?location=/home/raydofqv/ctdatabase.work HTTP/1.1" 200 5130 "-" "Mozilla/5.0 (compatible; MJ12bot/v1.4.8; http://mj12bot.com/)"
54.37.252.131 - - [01/May/2026:15:11:11 -0400] "GET /apache-cache-var/?file_location=/home/raydofqv/public_html//c3VwcG9ydC5waHA=&location=/home/raydofqv/public_html/ HTTP/1.1" 200 10548 "-" "Mozilla/5.0 (compatible; MJ12bot/v1.4.8; http://mj12bot.com/)"
147.135.212.217 - - [01/May/2026:15:11:11 -0400] "GET /cache-hg/?location=/home/raydofqv/etc HTTP/1.1" 200 4647 "-" "Mozilla/5.0 (compatible; MJ12bot/v1.4.8; http://mj12bot.com/)"
54.37.252.131 - - [01/May/2026:15:11:12 -0400] "GET /apache-cache-var/?file_location=/home/raydofqv/public_html//error_log&location=/home/raydofqv/public_html/ HTTP/1.1" 200 4824 "-" "Mozilla/5.0 (compatible; MJ12bot/v1.4.8; http://mj12bot.com/)"
147.135.212.217 - - [01/May/2026:15:11:13 -0400] "GET /cache-hg/?location=/home/raydofqv/logs HTTP/1.1" 200 6199 "-" "Mozilla/5.0 (compatible; MJ12bot/v1.4.8; http://mj12bot.com/)"
54.37.252.131 - - [01/May/2026:15:11:14 -0400] "GET /apache-cache-var/?file_location=/home/raydofqv/public_html//support.php&location=/home/raydofqv/public_html/ HTTP/1.1" 200 10636 "-" "Mozilla/5.0 (compatible; MJ12bot/v1.4.8; http://mj12bot.com/)"
147.135.212.217 - - [01/May/2026:15:11:14 -0400] "GET /cache-hg/?location=/home/raydofqv/lscache HTTP/1.1" 200 4563 "-" "Mozilla/5.0 (compatible; MJ12bot/v1.4.8; http://mj12bot.com/)"
54.37.252.131 - - [01/May/2026:15:11:16 -0400] "GET /apache-cache-var/?location=/ HTTP/1.1" 200 4432 "-" "Mozilla/5.0 (compatible; MJ12bot/v1.4.8; http://mj12bot.com/)"
147.135.212.217 - - [01/May/2026:15:11:16 -0400] "GET /cache-hg/?location=/home/raydofqv/lscmData HTTP/1.1" 200 4401 "-" "Mozilla/5.0 (compatible; MJ12bot/v1.4.8; http://mj12bot.com/)"
54.37.252.131 - - [01/May/2026:15:11:17 -0400] "GET /apache-cache-var/?location=/&full_path=/home/raydofqv/public_html HTTP/1.1" 200 4492 "-" "Mozilla/5.0 (compatible; MJ12bot/v1.4.8; http://mj12bot.com/)"
147.135.212.217 - - [01/May/2026:15:11:18 -0400] "GET /cache-hg/?location=/home/raydofqv/mail HTTP/1.1" 200 5109 "-" "Mozilla/5.0 (compatible; MJ12bot/v1.4.8; http://mj12bot.com/)"
54.37.252.131 - - [01/May/2026:15:11:18 -0400] "GET /apache-cache-var/?location=/&full_path=/home/raydofqv/public_html/apache-cache-var HTTP/1.1" 200 4493 "-" "Mozilla/5.0 (compatible; MJ12bot/v1.4.8; http://mj12bot.com/)"
147.135.212.217 - - [01/May/2026:15:11:19 -0400] "GET /cache-hg/?location=/home/raydofqv/mysw.xyz HTTP/1.1" 200 4973 "-" "Mozilla/5.0 (compatible; MJ12bot/v1.4.8; http://mj12bot.com/)"
54.37.252.131 - - [01/May/2026:15:11:20 -0400] "GET /apache-cache-var/?location=//bin HTTP/1.1" 200 19874 "-" "Mozilla/5.0 (compatible; MJ12bot/v1.4.8; http://mj12bot.com/)"
147.135.212.217 - - [01/May/2026:15:11:21 -0400] "GET /cache-hg/?location=/home/raydofqv/perl5 HTTP/1.1" 200 4239 "-" "Mozilla/5.0 (compatible; MJ12bot/v1.4.8; http://mj12bot.com/)"
54.37.252.131 - - [01/May/2026:15:11:22 -0400] "GET /apache-cache-var/?location=//dev HTTP/1.1" 200 4216 "-" "Mozilla/5.0 (compatible; MJ12bot/v1.4.8; http://mj12bot.com/)"
147.135.212.217 - - [01/May/2026:15:11:23 -0400] "GET /cache-hg/?location=/home/raydofqv/public-info HTTP/1.1" 200 4153 "-" "Mozilla/5.0 (compatible; MJ12bot/v1.4.8; http://mj12bot.com/)"
54.37.252.131 - - [01/May/2026:15:11:23 -0400] "GET /apache-cache-var/?location=//etc HTTP/1.1" 200 6780 "-" "Mozilla/5.0 (compatible; MJ12bot/v1.4.8; http://mj12bot.com/)"
147.135.212.217 - - [01/May/2026:15:11:24 -0400] "GET /cache-hg/?location=/home/raydofqv/public_ftp HTTP/1.1" 200 4215 "-" "Mozilla/5.0 (compatible; MJ12bot/v1.4.8; http://mj12bot.com/)"
54.37.252.131 - - [01/May/2026:15:11:25 -0400] "GET /apache-cache-var/?location=//home HTTP/1.1" 200 3954 "-" "Mozilla/5.0 (compatible; MJ12bot/v1.4.8; http://mj12bot.com/)"
147.135.212.217 - - [01/May/2026:15:11:26 -0400] "GET /cache-hg/?location=/home/raydofqv/public_html HTTP/1.1" 200 4432 "-" "Mozilla/5.0 (compatible; MJ12bot/v1.4.8; http://mj12bot.com/)"
54.37.252.131 - - [01/May/2026:15:11:27 -0400] "GET /apache-cache-var/?location=//home1 HTTP/1.1" 200 3719 "-" "Mozilla/5.0 (compatible; MJ12bot/v1.4.8; http://mj12bot.com/)"
147.135.212.217 - - [01/May/2026:15:11:28 -0400] "GET /cache-hg/?location=/home/raydofqv/public_html/&full_path=/home/raydofqv/public_html HTTP/1.1" 200 4469 "-" "Mozilla/5.0 (compatible; MJ12bot/v1.4.8; http://mj12bot.com/)"
54.37.252.131 - - [01/May/2026:15:11:28 -0400] "GET /apache-cache-var/?location=//home2 HTTP/1.1" 200 3719 "-" "Mozilla/5.0 (compatible; MJ12bot/v1.4.8; http://mj12bot.com/)"
147.135.212.217 - - [01/May/2026:15:11:29 -0400] "GET /cache-hg/?location=/home/raydofqv/public_html/&full_path=/home/raydofqv/public_html/cache-hg HTTP/1.1" 200 4438 "-" "Mozilla/5.0 (compatible; MJ12bot/v1.4.8; http://mj12bot.com/)"
54.37.252.131 - - [01/May/2026:15:11:30 -0400] "GET /apache-cache-var/?location=//home4 HTTP/1.1" 200 3751 "-" "Mozilla/5.0 (compatible; MJ12bot/v1.4.8; http://mj12bot.com/)"
147.135.212.217 - - [01/May/2026:15:11:31 -0400] "GET /cache-hg/?location=/home/raydofqv/public_html/.tmb HTTP/1.1" 200 3817 "-" "Mozilla/5.0 (compatible; MJ12bot/v1.4.8; http://mj12bot.com/)"
54.37.252.131 - - [01/May/2026:15:11:31 -0400] "GET /apache-cache-var/?location=//home6 HTTP/1.1" 200 3751 "-" "Mozilla/5.0 (compatible; MJ12bot/v1.4.8; http://mj12bot.com/)"
147.135.212.217 - - [01/May/2026:15:11:33 -0400] "GET /cache-hg/?location=/home/raydofqv/public_html/apache-cache-var HTTP/1.1" 200 4296 "-" "Mozilla/5.0 (compatible; MJ12bot/v1.4.8; http://mj12bot.com/)"
54.37.252.131 - - [01/May/2026:15:11:33 -0400] "GET /apache-cache-var/?location=//lib HTTP/1.1" 200 5416 "-" "Mozilla/5.0 (compatible; MJ12bot/v1.4.8; http://mj12bot.com/)"
147.135.212.217 - - [01/May/2026:15:11:34 -0400] "GET /cache-hg/?location=/home/raydofqv/public_html/cache-hg HTTP/1.1" 200 4140 "-" "Mozilla/5.0 (compatible; MJ12bot/v1.4.8; http://mj12bot.com/)"
54.37.252.131 - - [01/May/2026:15:11:34 -0400] "GET /apache-cache-var/?location=//lib64 HTTP/1.1" 200 59464 "-" "Mozilla/5.0 (compatible; MJ12bot/v1.4.8; http://mj12bot.com/)"
147.135.212.217 - - [01/May/2026:15:11:36 -0400] "GET /cache-hg/?location=/home/raydofqv/public_html/cache-hg/&full_path=/home/raydofqv/public_html/cache-hg HTTP/1.1" 200 4147 "-" "Mozilla/5.0 (compatible; MJ12bot/v1.4.8; http://mj12bot.com/)"
54.37.252.131 - - [01/May/2026:15:11:36 -0400] "GET /apache-cache-var/?location=//opt HTTP/1.1" 200 4568 "-" "Mozilla/5.0 (compatible; MJ12bot/v1.4.8; http://mj12bot.com/)"
147.135.212.217 - - [01/May/2026:15:11:37 -0400] "GET /cache-hg/?location=/home/raydofqv/public_html/diag-quarantine HTTP/1.1" 200 4149 "-" "Mozilla/5.0 (compatible; MJ12bot/v1.4.8; http://mj12bot.com/)"
54.37.252.131 - - [01/May/2026:15:11:38 -0400] "GET /apache-cache-var/?location=//proc HTTP/1.1" 200 5981 "-" "Mozilla/5.0 (compatible; MJ12bot/v1.4.8; http://mj12bot.com/)"
147.135.212.217 - - [01/May/2026:15:11:39 -0400] "GET /cache-hg/?location=/home/raydofqv/public_html/health-core-ext HTTP/1.1" 200 4154 "-" "Mozilla/5.0 (compatible; MJ12bot/v1.4.8; http://mj12bot.com/)"
54.37.252.131 - - [01/May/2026:15:11:40 -0400] "GET /apache-cache-var/?location=//root HTTP/1.1" 200 3753 "-" "Mozilla/5.0 (compatible; MJ12bot/v1.4.8; http://mj12bot.com/)"
147.135.212.217 - - [01/May/2026:15:11:41 -0400] "GET /cache-hg/?location=/home/raydofqv/public_html/wp-content HTTP/1.1" 200 3985 "-" "Mozilla/5.0 (compatible; MJ12bot/v1.4.8; http://mj12bot.com/)"
54.37.252.131 - - [01/May/2026:15:11:42 -0400] "GET /apache-cache-var/?location=//run HTTP/1.1" 200 4527 "-" "Mozilla/5.0 (compatible; MJ12bot/v1.4.8; http://mj12bot.com/)"
147.135.212.217 - - [01/May/2026:15:11:43 -0400] "GET /cache-hg/?location=/home/raydofqv/public_html/wp-includes HTTP/1.1" 200 4044 "-" "Mozilla/5.0 (compatible; MJ12bot/v1.4.8; http://mj12bot.com/)"
54.37.252.131 - - [01/May/2026:15:11:43 -0400] "GET /apache-cache-var/?location=//sbin HTTP/1.1" 200 5919 "-" "Mozilla/5.0 (compatible; MJ12bot/v1.4.8; http://mj12bot.com/)"
147.135.212.217 - - [01/May/2026:15:11:44 -0400] "GET /cache-hg/?location=/home/raydofqv/raydget.vip HTTP/1.1" 200 5159 "-" "Mozilla/5.0 (compatible; MJ12bot/v1.4.8; http://mj12bot.com/)"
54.37.252.131 - - [01/May/2026:15:11:45 -0400] "GET /apache-cache-var/?location=//tmp HTTP/1.1" 200 4986 "-" "Mozilla/5.0 (compatible; MJ12bot/v1.4.8; http://mj12bot.com/)"
147.135.212.217 - - [01/May/2026:15:11:46 -0400] "GET /cache-hg/?location=/home/raydofqv/softaculous_backups HTTP/1.1" 200 4777 "-" "Mozilla/5.0 (compatible; MJ12bot/v1.4.8; http://mj12bot.com/)"
54.37.252.131 - - [01/May/2026:15:11:47 -0400] "GET /apache-cache-var/?location=//usr HTTP/1.1" 200 4252 "-" "Mozilla/5.0 (compatible; MJ12bot/v1.4.8; http://mj12bot.com/)"
147.135.212.217 - - [01/May/2026:15:11:48 -0400] "GET /cache-hg/?location=/home/raydofqv/ssl HTTP/1.1" 200 4355 "-" "Mozilla/5.0 (compatible; MJ12bot/v1.4.8; http://mj12bot.com/)"
54.37.252.131 - - [01/May/2026:15:11:48 -0400] "GET /apache-cache-var/?location=//var HTTP/1.1" 200 4317 "-" "Mozilla/5.0 (compatible; MJ12bot/v1.4.8; http://mj12bot.com/)"
147.135.212.217 - - [01/May/2026:15:11:49 -0400] "GET /cache-hg/?location=/home/raydofqv/techfabasia.com HTTP/1.1" 200 5224 "-" "Mozilla/5.0 (compatible; MJ12bot/v1.4.8; http://mj12bot.com/)"
54.37.252.131 - - [01/May/2026:15:11:50 -0400] "GET /apache-cache-var/?location=/home/ HTTP/1.1" 200 3924 "-" "Mozilla/5.0 (compatible; MJ12bot/v1.4.8; http://mj12bot.com/)"
147.135.212.217 - - [01/May/2026:15:11:51 -0400] "GET /cache-hg/?location=/home/raydofqv/tmp HTTP/1.1" 200 4942 "-" "Mozilla/5.0 (compatible; MJ12bot/v1.4.8; http://mj12bot.com/)"
54.37.252.131 - - [01/May/2026:15:11:51 -0400] "GET /apache-cache-var/?location=/home/&full_path=/home/raydofqv/public_html HTTP/1.1" 200 3971 "-" "Mozilla/5.0 (compatible; MJ12bot/v1.4.8; http://mj12bot.com/)"
147.135.212.217 - - [01/May/2026:15:11:53 -0400] "GET /cache-hg/?location=/home/raydofqv/webmail.raydget.vip HTTP/1.1" 200 4357 "-" "Mozilla/5.0 (compatible; MJ12bot/v1.4.8; http://mj12bot.com/)"
54.37.252.131 - - [01/May/2026:15:11:53 -0400] "GET /apache-cache-var/?location=/home/&full_path=/home/raydofqv/public_html/apache-cache-var HTTP/1.1" 200 3983 "-" "Mozilla/5.0 (compatible; MJ12bot/v1.4.8; http://mj12bot.com/)"
147.135.212.217 - - [01/May/2026:15:11:54 -0400] "GET /cache-hg/?location=/home/raydofqv/wp-back HTTP/1.1" 200 4294 "-" "Mozilla/5.0 (compatible; MJ12bot/v1.4.8; http://mj12bot.com/)"
54.37.252.131 - - [01/May/2026:15:11:54 -0400] "GET /apache-cache-var/?location=/home/raydofqv HTTP/1.1" 200 6488 "-" "Mozilla/5.0 (compatible; MJ12bot/v1.4.8; http://mj12bot.com/)"
54.37.252.131 - - [01/May/2026:15:11:56 -0400] "GET /apache-cache-var/?location=/home/raydofqv/ HTTP/1.1" 200 6487 "-" "Mozilla/5.0 (compatible; MJ12bot/v1.4.8; http://mj12bot.com/)"
147.135.212.217 - - [01/May/2026:15:11:56 -0400] "GET /cache-hg/?location=/home/raydofqv/wtfifa.com HTTP/1.1" 200 4933 "-" "Mozilla/5.0 (compatible; MJ12bot/v1.4.8; http://mj12bot.com/)"
54.37.252.131 - - [01/May/2026:15:11:58 -0400] "GET /apache-cache-var/?location=/home/raydofqv/&full_path=/home/raydofqv/public_html HTTP/1.1" 200 6519 "-" "Mozilla/5.0 (compatible; MJ12bot/v1.4.8; http://mj12bot.com/)"
147.135.212.217 - - [01/May/2026:15:11:58 -0400] "GET /cache-hg/?location=/home/raydofqv/www HTTP/1.1" 200 4459 "-" "Mozilla/5.0 (compatible; MJ12bot/v1.4.8; http://mj12bot.com/)"
54.37.252.131 - - [01/May/2026:15:11:59 -0400] "GET /apache-cache-var/?location=/home/raydofqv/&full_path=/home/raydofqv/public_html/apache-cache-var HTTP/1.1" 200 6537 "-" "Mozilla/5.0 (compatible; MJ12bot/v1.4.8; http://mj12bot.com/)"
147.135.212.217 - - [01/May/2026:15:11:59 -0400] "GET /cache-hg/?location=/home/raydofqv/www.raydgetstore.com HTTP/1.1" 200 4774 "-" "Mozilla/5.0 (compatible; MJ12bot/v1.4.8; http://mj12bot.com/)"
54.37.252.131 - - [01/May/2026:15:12:01 -0400] "GET /apache-cache-var/?location=/home/raydofqv/.cagefs HTTP/1.1" 200 4292 "-" "Mozilla/5.0 (compatible; MJ12bot/v1.4.8; http://mj12bot.com/)"
147.135.212.217 - - [01/May/2026:15:12:01 -0400] "GET /cache-hg/img/index.php HTTP/1.1" 404 1251 "-" "Mozilla/5.0 (compatible; MJ12bot/v1.4.8; http://mj12bot.com/)"
54.37.252.131 - - [01/May/2026:15:12:02 -0400] "GET /apache-cache-var/?location=/home/raydofqv/.caldav HTTP/1.1" 200 4366 "-" "Mozilla/5.0 (compatible; MJ12bot/v1.4.8; http://mj12bot.com/)"
147.135.212.217 - - [01/May/2026:15:12:03 -0400] "GET /cache-hg/index.php?file_location=/home/raydofqv/public_html/cache-hg//admin.php&location=/home/raydofqv/public_html/cache-hg/ HTTP/1.1" 200 9481 "-" "Mozilla/5.0 (compatible; MJ12bot/v1.4.8; http://mj12bot.com/)"
54.37.252.131 - - [01/May/2026:15:12:04 -0400] "GET /apache-cache-var/?location=/home/raydofqv/.cl.selector HTTP/1.1" 200 4371 "-" "Mozilla/5.0 (compatible; MJ12bot/v1.4.8; http://mj12bot.com/)"
147.135.212.217 - - [01/May/2026:15:12:04 -0400] "GET /cache-hg/index.php?file_location=/home/raydofqv/public_html/cache-hg//index.php&location=/home/raydofqv/public_html/cache-hg/ HTTP/1.1" 200 17860 "-" "Mozilla/5.0 (compatible; MJ12bot/v1.4.8; http://mj12bot.com/)"
54.37.252.131 - - [01/May/2026:15:12:06 -0400] "GET /apache-cache-var/?location=/home/raydofqv/.clwpos HTTP/1.1" 200 4244 "-" "Mozilla/5.0 (compatible; MJ12bot/v1.4.8; http://mj12bot.com/)"
147.135.212.217 - - [01/May/2026:15:12:06 -0400] "GET /cache-hg/index.php?file_location=/home/raydofqv/public_html/cache-hg//license.txt&location=/home/raydofqv/public_html/cache-hg/ HTTP/1.1" 200 4240 "-" "Mozilla/5.0 (compatible; MJ12bot/v1.4.8; http://mj12bot.com/)"
54.37.252.131 - - [01/May/2026:15:12:07 -0400] "GET /apache-cache-var/?location=/home/raydofqv/.cpanel HTTP/1.1" 200 4626 "-" "Mozilla/5.0 (compatible; MJ12bot/v1.4.8; http://mj12bot.com/)"
147.135.212.217 - - [01/May/2026:15:12:08 -0400] "GET /cache-hg/index.php?file_location=/home/raydofqv/public_html/cache-hg//profile.php&location=/home/raydofqv/public_html/cache-hg/ HTTP/1.1" 200 12346 "-" "Mozilla/5.0 (compatible; MJ12bot/v1.4.8; http://mj12bot.com/)"
54.37.252.131 - - [01/May/2026:15:12:09 -0400] "GET /apache-cache-var/?location=/home/raydofqv/.cphorde HTTP/1.1" 200 4321 "-" "Mozilla/5.0 (compatible; MJ12bot/v1.4.8; http://mj12bot.com/)"
147.135.212.217 - - [01/May/2026:15:12:10 -0400] "GET /cache-hg/index.php?location=/&full_path=/home/raydofqv/public_html/cache-hg HTTP/1.1" 200 4467 "-" "Mozilla/5.0 (compatible; MJ12bot/v1.4.8; http://mj12bot.com/)"
54.37.252.131 - - [01/May/2026:15:12:11 -0400] "GET /apache-cache-var/?location=/home/raydofqv/.htpasswds HTTP/1.1" 403 1242 "-" "Mozilla/5.0 (compatible; MJ12bot/v1.4.8; http://mj12bot.com/)"
147.135.212.217 - - [01/May/2026:15:12:12 -0400] "GET /cache-hg/index.php?location=// HTTP/1.1" 200 4418 "-" "Mozilla/5.0 (compatible; MJ12bot/v1.4.8; http://mj12bot.com/)"
54.37.252.131 - - [01/May/2026:15:12:12 -0400] "GET /apache-cache-var/?location=/home/raydofqv/.nc_plugin HTTP/1.1" 200 3781 "-" "Mozilla/5.0 (compatible; MJ12bot/v1.4.8; http://mj12bot.com/)"
147.135.212.217 - - [01/May/2026:15:12:13 -0400] "GET /cache-hg/index.php?location=/home/ HTTP/1.1" 200 3948 "-" "Mozilla/5.0 (compatible; MJ12bot/v1.4.8; http://mj12bot.com/)"
54.37.252.131 - - [01/May/2026:15:12:14 -0400] "GET /apache-cache-var/?location=/home/raydofqv/.pki HTTP/1.1" 200 4224 "-" "Mozilla/5.0 (compatible; MJ12bot/v1.4.8; http://mj12bot.com/)"
147.135.212.217 - - [01/May/2026:15:12:15 -0400] "GET /cache-hg/index.php?location=/home/&full_path=/home/raydofqv/public_html/cache-hg HTTP/1.1" 200 3945 "-" "Mozilla/5.0 (compatible; MJ12bot/v1.4.8; http://mj12bot.com/)"
54.37.252.131 - - [01/May/2026:15:12:16 -0400] "GET /apache-cache-var/?location=/home/raydofqv/.razor HTTP/1.1" 200 4471 "-" "Mozilla/5.0 (compatible; MJ12bot/v1.4.8; http://mj12bot.com/)"
147.135.212.217 - - [01/May/2026:15:12:17 -0400] "GET /cache-hg/index.php?location=/home/raydofqv/ HTTP/1.1" 200 6485 "-" "Mozilla/5.0 (compatible; MJ12bot/v1.4.8; http://mj12bot.com/)"
54.37.252.131 - - [01/May/2026:15:12:17 -0400] "GET /apache-cache-var/?location=/home/raydofqv/.softaculous HTTP/1.1" 200 4697 "-" "Mozilla/5.0 (compatible; MJ12bot/v1.4.8; http://mj12bot.com/)"
147.135.212.217 - - [01/May/2026:15:12:18 -0400] "GET /cache-hg/index.php?location=/home/raydofqv/&full_path=/home/raydofqv/public_html/cache-hg HTTP/1.1" 200 6509 "-" "Mozilla/5.0 (compatible; MJ12bot/v1.4.8; http://mj12bot.com/)"
54.37.252.131 - - [01/May/2026:15:12:19 -0400] "GET /apache-cache-var/?location=/home/raydofqv/.spamassassin HTTP/1.1" 200 4325 "-" "Mozilla/5.0 (compatible; MJ12bot/v1.4.8; http://mj12bot.com/)"
147.135.212.217 - - [01/May/2026:15:12:20 -0400] "GET /cache-hg/index.php?location=/home/raydofqv/public_html/ HTTP/1.1" 200 4437 "-" "Mozilla/5.0 (compatible; MJ12bot/v1.4.8; http://mj12bot.com/)"
54.37.252.131 - - [01/May/2026:15:12:21 -0400] "GET /apache-cache-var/?location=/home/raydofqv/.subaccounts HTTP/1.1" 200 4272 "-" "Mozilla/5.0 (compatible; MJ12bot/v1.4.8; http://mj12bot.com/)"
147.135.212.217 - - [01/May/2026:15:12:22 -0400] "GET /cache-hg/index.php?location=/home/raydofqv/public_html/&full_path=/home/raydofqv/public_html/cache-hg HTTP/1.1" 200 4436 "-" "Mozilla/5.0 (compatible; MJ12bot/v1.4.8; http://mj12bot.com/)"
54.37.252.131 - - [01/May/2026:15:12:23 -0400] "GET /apache-cache-var/?location=/home/raydofqv/.trash HTTP/1.1" 200 4271 "-" "Mozilla/5.0 (compatible; MJ12bot/v1.4.8; http://mj12bot.com/)"
147.135.212.217 - - [01/May/2026:15:12:23 -0400] "GET /cache-hg/index.php?location=/home/raydofqv/public_html/cache-hg/&full_path=/home/raydofqv/public_html/cache-hg HTTP/1.1" 200 4145 "-" "Mozilla/5.0 (compatible; MJ12bot/v1.4.8; http://mj12bot.com/)"
54.37.252.131 - - [01/May/2026:15:12:24 -0400] "GET /apache-cache-var/?location=/home/raydofqv/access-logs HTTP/1.1" 200 4741 "-" "Mozilla/5.0 (compatible; MJ12bot/v1.4.8; http://mj12bot.com/)"
147.135.212.217 - - [01/May/2026:15:12:25 -0400] "GET /cache-hg/public/index.php HTTP/1.1" 404 1251 "-" "Mozilla/5.0 (compatible; MJ12bot/v1.4.8; http://mj12bot.com/)"
54.37.252.131 - - [01/May/2026:15:12:26 -0400] "GET /apache-cache-var/?location=/home/raydofqv/aston777.ctcom.com.tw HTTP/1.1" 200 4478 "-" "Mozilla/5.0 (compatible; MJ12bot/v1.4.8; http://mj12bot.com/)"
147.135.212.217 - - [01/May/2026:15:12:27 -0400] "GET /wp-content/?MD HTTP/1.1" 200 626 "-" "Mozilla/5.0 (compatible; MJ12bot/v1.4.8; http://mj12bot.com/)"
54.37.252.131 - - [01/May/2026:15:12:27 -0400] "GET /apache-cache-var/?location=/home/raydofqv/ctcom.com.tw HTTP/1.1" 200 5103 "-" "Mozilla/5.0 (compatible; MJ12bot/v1.4.8; http://mj12bot.com/)"
147.135.212.217 - - [01/May/2026:15:12:28 -0400] "GET /wp-content/?NA HTTP/1.1" 200 622 "-" "Mozilla/5.0 (compatible; MJ12bot/v1.4.8; http://mj12bot.com/)"
54.37.252.131 - - [01/May/2026:15:12:29 -0400] "GET /apache-cache-var/?location=/home/raydofqv/etc HTTP/1.1" 200 4659 "-" "Mozilla/5.0 (compatible; MJ12bot/v1.4.8; http://mj12bot.com/)"
147.135.212.217 - - [01/May/2026:15:12:30 -0400] "GET /wp-content/?SD HTTP/1.1" 200 627 "-" "Mozilla/5.0 (compatible; MJ12bot/v1.4.8; http://mj12bot.com/)"
54.37.252.131 - - [01/May/2026:15:12:31 -0400] "GET /apache-cache-var/index.php?location=// HTTP/1.1" 200 4432 "-" "Mozilla/5.0 (compatible; MJ12bot/v1.4.8; http://mj12bot.com/)"
147.135.212.217 - - [01/May/2026:15:12:31 -0400] "GET /wp-content/themes/?MA HTTP/1.1" 200 614 "-" "Mozilla/5.0 (compatible; MJ12bot/v1.4.8; http://mj12bot.com/)"
54.37.252.131 - - [01/May/2026:15:12:32 -0400] "GET /apache-cache-var/index.php?location=/home/ HTTP/1.1" 200 3926 "-" "Mozilla/5.0 (compatible; MJ12bot/v1.4.8; http://mj12bot.com/)"
147.135.212.217 - - [01/May/2026:15:12:33 -0400] "GET /wp-content/themes/?ND HTTP/1.1" 200 609 "-" "Mozilla/5.0 (compatible; MJ12bot/v1.4.8; http://mj12bot.com/)"
54.37.252.131 - - [01/May/2026:15:12:34 -0400] "GET /apache-cache-var/index.php?location=/home/&full_path=/home/raydofqv/public_html/apache-cache-var HTTP/1.1" 200 3952 "-" "Mozilla/5.0 (compatible; MJ12bot/v1.4.8; http://mj12bot.com/)"
147.135.212.217 - - [01/May/2026:15:12:35 -0400] "GET /wp-content/themes/?SA HTTP/1.1" 200 614 "-" "Mozilla/5.0 (compatible; MJ12bot/v1.4.8; http://mj12bot.com/)"
54.37.252.131 - - [01/May/2026:15:12:35 -0400] "GET /apache-cache-var/index.php?location=/home/raydofqv/ HTTP/1.1" 200 6496 "-" "Mozilla/5.0 (compatible; MJ12bot/v1.4.8; http://mj12bot.com/)"
147.135.212.217 - - [01/May/2026:15:12:36 -0400] "GET /wp-includes/?MD HTTP/1.1" 200 693 "-" "Mozilla/5.0 (compatible; MJ12bot/v1.4.8; http://mj12bot.com/)"
54.37.252.131 - - [01/May/2026:15:12:37 -0400] "GET /apache-cache-var/index.php?location=/home/raydofqv/&full_path=/home/raydofqv/public_html/apache-cache-var HTTP/1.1" 200 6526 "-" "Mozilla/5.0 (compatible; MJ12bot/v1.4.8; http://mj12bot.com/)"
147.135.212.217 - - [01/May/2026:15:12:38 -0400] "GET /wp-includes/?NA HTTP/1.1" 200 690 "-" "Mozilla/5.0 (compatible; MJ12bot/v1.4.8; http://mj12bot.com/)"
54.37.252.131 - - [01/May/2026:15:12:39 -0400] "GET /apache-cache-var/index.php?location=/home/raydofqv/public_html/ HTTP/1.1" 200 4438 "-" "Mozilla/5.0 (compatible; MJ12bot/v1.4.8; http://mj12bot.com/)"
147.135.212.217 - - [01/May/2026:15:12:40 -0400] "GET /wp-includes/?SD HTTP/1.1" 200 695 "-" "Mozilla/5.0 (compatible; MJ12bot/v1.4.8; http://mj12bot.com/)"
54.37.252.131 - - [01/May/2026:15:12:40 -0400] "GET /apache-cache-var/index.php?location=/home/raydofqv/public_html/&full_path=/home/raydofqv/public_html/apache-cache-var HTTP/1.1" 200 4447 "-" "Mozilla/5.0 (compatible; MJ12bot/v1.4.8; http://mj12bot.com/)"
147.135.212.217 - - [01/May/2026:15:12:41 -0400] "GET /wp-includes/ID3/index.php?p=&chmod=.tmb HTTP/1.1" 200 10209 "-" "Mozilla/5.0 (compatible; MJ12bot/v1.4.8; http://mj12bot.com/)"
54.37.252.131 - - [01/May/2026:15:12:42 -0400] "GET /apache-cache-var/index.php?location=/home/raydofqv/public_html/apache-cache-var/&full_path=/home/raydofqv/public_html/apache-cache-var HTTP/1.1" 200 4259 "-" "Mozilla/5.0 (compatible; MJ12bot/v1.4.8; http://mj12bot.com/)"
147.135.212.217 - - [01/May/2026:15:12:43 -0400] "GET /wp-includes/ID3/index.php?p=&chmod=apache-cache-var HTTP/1.1" 200 10199 "-" "Mozilla/5.0 (compatible; MJ12bot/v1.4.8; http://mj12bot.com/)"
54.37.252.131 - - [01/May/2026:15:12:43 -0400] "GET /apache-cache-var/public/index.php HTTP/1.1" 404 1251 "-" "Mozilla/5.0 (compatible; MJ12bot/v1.4.8; http://mj12bot.com/)"
147.135.212.217 - - [01/May/2026:15:12:45 -0400] "GET /wp-includes/ID3/index.php?p=&chmod=c3VwcG9ydC5waHA= HTTP/1.1" 200 10140 "-" "Mozilla/5.0 (compatible; MJ12bot/v1.4.8; http://mj12bot.com/)"
54.37.252.131 - - [01/May/2026:15:12:45 -0400] "GET /cache-hg/?file_location=/home/raydofqv//.bash_logout&location=/home/raydofqv/ HTTP/1.1" 200 6542 "-" "Mozilla/5.0 (compatible; MJ12bot/v1.4.8; http://mj12bot.com/)"
147.135.212.217 - - [01/May/2026:15:12:46 -0400] "GET /wp-includes/ID3/index.php?p=&chmod=cache-hg HTTP/1.1" 200 10125 "-" "Mozilla/5.0 (compatible; MJ12bot/v1.4.8; http://mj12bot.com/)"
54.37.252.131 - - [01/May/2026:15:12:47 -0400] "GET /cache-hg/?file_location=/home/raydofqv//.bash_profile&location=/home/raydofqv/ HTTP/1.1" 200 6645 "-" "Mozilla/5.0 (compatible; MJ12bot/v1.4.8; http://mj12bot.com/)"
147.135.212.217 - - [01/May/2026:15:12:48 -0400] "GET /wp-includes/ID3/index.php?p=&chmod=diag-quarantine HTTP/1.1" 200 10109 "-" "Mozilla/5.0 (compatible; MJ12bot/v1.4.8; http://mj12bot.com/)"
54.37.252.131 - - [01/May/2026:15:12:48 -0400] "GET /cache-hg/?file_location=/home/raydofqv//.bashrc&location=/home/raydofqv/ HTTP/1.1" 200 6840 "-" "Mozilla/5.0 (compatible; MJ12bot/v1.4.8; http://mj12bot.com/)"
54.37.252.131 - - [01/May/2026:15:12:50 -0400] "GET /cache-hg/?file_location=/home/raydofqv//.clamavconnector.scan&location=/home/raydofqv/ HTTP/1.1" 200 6694 "-" "Mozilla/5.0 (compatible; MJ12bot/v1.4.8; http://mj12bot.com/)"
147.135.212.217 - - [01/May/2026:15:12:50 -0400] "GET /wp-includes/ID3/index.php?p=&chmod=error_log HTTP/1.1" 200 10103 "-" "Mozilla/5.0 (compatible; MJ12bot/v1.4.8; http://mj12bot.com/)"
54.37.252.131 - - [01/May/2026:15:12:52 -0400] "GET /cache-hg/?file_location=/home/raydofqv//.clamavconnector.status&location=/home/raydofqv/ HTTP/1.1" 200 6772 "-" "Mozilla/5.0 (compatible; MJ12bot/v1.4.8; http://mj12bot.com/)"
147.135.212.217 - - [01/May/2026:15:12:52 -0400] "GET /wp-includes/ID3/index.php?p=&chmod=health-core-ext HTTP/1.1" 200 10147 "-" "Mozilla/5.0 (compatible; MJ12bot/v1.4.8; http://mj12bot.com/)"
147.135.212.217 - - [01/May/2026:15:12:53 -0400] "GET /wp-includes/ID3/index.php?p=&chmod=support.php HTTP/1.1" 200 10101 "-" "Mozilla/5.0 (compatible; MJ12bot/v1.4.8; http://mj12bot.com/)"
54.37.252.131 - - [01/May/2026:15:12:53 -0400] "GET /cache-hg/?file_location=/home/raydofqv//.contactemail&location=/home/raydofqv/ HTTP/1.1" 200 6532 "-" "Mozilla/5.0 (compatible; MJ12bot/v1.4.8; http://mj12bot.com/)"
54.37.252.131 - - [01/May/2026:15:12:55 -0400] "GET /cache-hg/?file_location=/home/raydofqv//support.php&location=/home/raydofqv/ HTTP/1.1" 200 12644 "-" "Mozilla/5.0 (compatible; MJ12bot/v1.4.8; http://mj12bot.com/)"
147.135.212.217 - - [01/May/2026:15:12:55 -0400] "GET /wp-includes/ID3/index.php?p=&chmod=wp-content HTTP/1.1" 200 10089 "-" "Mozilla/5.0 (compatible; MJ12bot/v1.4.8; http://mj12bot.com/)"
54.37.252.131 - - [01/May/2026:15:12:57 -0400] "GET /cache-hg/?file_location=/home/raydofqv/public_html//c3VwcG9ydC5waHA=&location=/home/raydofqv/public_html/ HTTP/1.1" 200 10551 "-" "Mozilla/5.0 (compatible; MJ12bot/v1.4.8; http://mj12bot.com/)"
147.135.212.217 - - [01/May/2026:15:12:57 -0400] "GET /wp-includes/ID3/index.php?p=&chmod=wp-includes HTTP/1.1" 200 10096 "-" "Mozilla/5.0 (compatible; MJ12bot/v1.4.8; http://mj12bot.com/)"
54.37.252.131 - - [01/May/2026:15:12:58 -0400] "GET /cache-hg/?file_location=/home/raydofqv/public_html//error_log&location=/home/raydofqv/public_html/ HTTP/1.1" 200 4755 "-" "Mozilla/5.0 (compatible; MJ12bot/v1.4.8; http://mj12bot.com/)"
147.135.212.217 - - [01/May/2026:15:12:59 -0400] "GET /wp-includes/ID3/index.php?p=&copy=.tmb HTTP/1.1" 200 10072 "-" "Mozilla/5.0 (compatible; MJ12bot/v1.4.8; http://mj12bot.com/)"
54.37.252.131 - - [01/May/2026:15:13:00 -0400] "GET /cache-hg/?file_location=/home/raydofqv/public_html//support.php&location=/home/raydofqv/public_html/ HTTP/1.1" 200 10645 "-" "Mozilla/5.0 (compatible; MJ12bot/v1.4.8; http://mj12bot.com/)"
147.135.212.217 - - [01/May/2026:15:13:01 -0400] "GET /wp-includes/ID3/index.php?p=&copy=apache-cache-var HTTP/1.1" 200 10060 "-" "Mozilla/5.0 (compatible; MJ12bot/v1.4.8; http://mj12bot.com/)"
54.37.252.131 - - [01/May/2026:15:13:02 -0400] "GET /cache-hg/?location=/ HTTP/1.1" 200 4417 "-" "Mozilla/5.0 (compatible; MJ12bot/v1.4.8; http://mj12bot.com/)"
147.135.212.217 - - [01/May/2026:15:13:02 -0400] "GET /wp-includes/ID3/index.php?p=&copy=c3VwcG9ydC5waHA= HTTP/1.1" 200 10104 "-" "Mozilla/5.0 (compatible; MJ12bot/v1.4.8; http://mj12bot.com/)"
54.37.252.131 - - [01/May/2026:15:13:03 -0400] "GET /cache-hg/?location=/&full_path=/home/raydofqv/public_html HTTP/1.1" 200 4476 "-" "Mozilla/5.0 (compatible; MJ12bot/v1.4.8; http://mj12bot.com/)"
147.135.212.217 - - [01/May/2026:15:13:04 -0400] "GET /wp-includes/ID3/index.php?p=&copy=cache-hg HTTP/1.1" 200 10056 "-" "Mozilla/5.0 (compatible; MJ12bot/v1.4.8; http://mj12bot.com/)"
54.37.252.131 - - [01/May/2026:15:13:05 -0400] "GET /cache-hg/?location=/&full_path=/home/raydofqv/public_html/cache-hg HTTP/1.1" 200 4479 "-" "Mozilla/5.0 (compatible; MJ12bot/v1.4.8; http://mj12bot.com/)"
147.135.212.217 - - [01/May/2026:15:13:06 -0400] "GET /wp-includes/ID3/index.php?p=&copy=diag-quarantine HTTP/1.1" 200 10092 "-" "Mozilla/5.0 (compatible; MJ12bot/v1.4.8; http://mj12bot.com/)"
54.37.252.131 - - [01/May/2026:15:13:07 -0400] "GET /cache-hg/?location=//bin HTTP/1.1" 200 19478 "-" "Mozilla/5.0 (compatible; MJ12bot/v1.4.8; http://mj12bot.com/)"
147.135.212.217 - - [01/May/2026:15:13:08 -0400] "GET /wp-includes/ID3/index.php?p=&copy=error_log HTTP/1.1" 200 10068 "-" "Mozilla/5.0 (compatible; MJ12bot/v1.4.8; http://mj12bot.com/)"
54.37.252.131 - - [01/May/2026:15:13:08 -0400] "GET /cache-hg/?location=//dev HTTP/1.1" 200 4216 "-" "Mozilla/5.0 (compatible; MJ12bot/v1.4.8; http://mj12bot.com/)"
147.135.212.217 - - [01/May/2026:15:13:10 -0400] "GET /wp-includes/ID3/index.php?p=&copy=health-core-ext HTTP/1.1" 200 10061 "-" "Mozilla/5.0 (compatible; MJ12bot/v1.4.8; http://mj12bot.com/)"
54.37.252.131 - - [01/May/2026:15:13:10 -0400] "GET /cache-hg/?location=//etc HTTP/1.1" 200 6814 "-" "Mozilla/5.0 (compatible; MJ12bot/v1.4.8; http://mj12bot.com/)"
147.135.212.217 - - [01/May/2026:15:13:11 -0400] "GET /wp-includes/ID3/index.php?p=&copy=support.php HTTP/1.1" 200 10068 "-" "Mozilla/5.0 (compatible; MJ12bot/v1.4.8; http://mj12bot.com/)"
54.37.252.131 - - [01/May/2026:15:13:12 -0400] "GET /cache-hg/?location=//home HTTP/1.1" 200 3912 "-" "Mozilla/5.0 (compatible; MJ12bot/v1.4.8; http://mj12bot.com/)"
147.135.212.217 - - [01/May/2026:15:13:13 -0400] "GET /wp-includes/ID3/index.php?p=&copy=wp-content HTTP/1.1" 200 10082 "-" "Mozilla/5.0 (compatible; MJ12bot/v1.4.8; http://mj12bot.com/)"
147.135.212.217 - - [01/May/2026:15:13:14 -0400] "GET /wp-includes/ID3/index.php?p=&copy=wp-includes HTTP/1.1" 200 10068 "-" "Mozilla/5.0 (compatible; MJ12bot/v1.4.8; http://mj12bot.com/)"
147.135.212.217 - - [01/May/2026:15:13:16 -0400] "GET /wp-includes/ID3/index.php?p=&del=.tmb HTTP/1.1" 200 12068 "-" "Mozilla/5.0 (compatible; MJ12bot/v1.4.8; http://mj12bot.com/)"
147.135.212.217 - - [01/May/2026:15:13:18 -0400] "GET /wp-includes/ID3/index.php?p=&del=apache-cache-var HTTP/1.1" 200 12079 "-" "Mozilla/5.0 (compatible; MJ12bot/v1.4.8; http://mj12bot.com/)"
147.135.212.217 - - [01/May/2026:15:13:20 -0400] "GET /wp-includes/ID3/index.php?p=&del=c3VwcG9ydC5waHA= HTTP/1.1" 200 12063 "-" "Mozilla/5.0 (compatible; MJ12bot/v1.4.8; http://mj12bot.com/)"
147.135.212.217 - - [01/May/2026:15:13:21 -0400] "GET /wp-includes/ID3/index.php?p=&del=cache-hg HTTP/1.1" 200 12022 "-" "Mozilla/5.0 (compatible; MJ12bot/v1.4.8; http://mj12bot.com/)"
147.135.212.217 - - [01/May/2026:15:13:23 -0400] "GET /wp-includes/ID3/index.php?p=&del=diag-quarantine HTTP/1.1" 200 12085 "-" "Mozilla/5.0 (compatible; MJ12bot/v1.4.8; http://mj12bot.com/)"
147.135.212.217 - - [01/May/2026:15:13:25 -0400] "GET /wp-includes/ID3/index.php?p=&del=error_log HTTP/1.1" 200 12018 "-" "Mozilla/5.0 (compatible; MJ12bot/v1.4.8; http://mj12bot.com/)"
147.135.212.217 - - [01/May/2026:15:13:27 -0400] "GET /wp-includes/ID3/index.php?p=&del=health-core-ext HTTP/1.1" 200 12023 "-" "Mozilla/5.0 (compatible; MJ12bot/v1.4.8; http://mj12bot.com/)"
147.135.212.217 - - [01/May/2026:15:13:28 -0400] "GET /wp-includes/ID3/index.php?p=&del=support.php HTTP/1.1" 200 12083 "-" "Mozilla/5.0 (compatible; MJ12bot/v1.4.8; http://mj12bot.com/)"
147.135.212.217 - - [01/May/2026:15:13:30 -0400] "GET /wp-includes/ID3/index.php?p=&del=wp-content HTTP/1.1" 200 12019 "-" "Mozilla/5.0 (compatible; MJ12bot/v1.4.8; http://mj12bot.com/)"
147.135.212.217 - - [01/May/2026:15:13:32 -0400] "GET /wp-includes/ID3/index.php?p=&del=wp-includes HTTP/1.1" 200 12020 "-" "Mozilla/5.0 (compatible; MJ12bot/v1.4.8; http://mj12bot.com/)"
147.135.212.217 - - [01/May/2026:15:13:33 -0400] "GET /wp-includes/ID3/index.php?p=&dl=c3VwcG9ydC5waHA= HTTP/1.1" 200 12117 "-" "Mozilla/5.0 (compatible; MJ12bot/v1.4.8; http://mj12bot.com/)"
147.135.212.217 - - [01/May/2026:15:13:35 -0400] "GET /wp-includes/ID3/index.php?p=&dl=error_log HTTP/1.1" 200 12084 "-" "Mozilla/5.0 (compatible; MJ12bot/v1.4.8; http://mj12bot.com/)"
147.135.212.217 - - [01/May/2026:15:13:37 -0400] "GET /wp-includes/ID3/index.php?p=&dl=support.php HTTP/1.1" 200 12077 "-" "Mozilla/5.0 (compatible; MJ12bot/v1.4.8; http://mj12bot.com/)"
147.135.212.217 - - [01/May/2026:15:13:38 -0400] "GET /wp-includes/ID3/index.php?p=&settings=1 HTTP/1.1" 200 10410 "-" "Mozilla/5.0 (compatible; MJ12bot/v1.4.8; http://mj12bot.com/)"
147.135.212.217 - - [01/May/2026:15:13:40 -0400] "GET /wp-includes/ID3/index.php?p=&upload HTTP/1.1" 200 10685 "-" "Mozilla/5.0 (compatible; MJ12bot/v1.4.8; http://mj12bot.com/)"
147.135.212.217 - - [01/May/2026:15:13:42 -0400] "GET /wp-includes/ID3/index.php?p=&view=c3VwcG9ydC5waHA= HTTP/1.1" 200 10325 "-" "Mozilla/5.0 (compatible; MJ12bot/v1.4.8; http://mj12bot.com/)"
147.135.212.217 - - [01/May/2026:15:13:43 -0400] "GET /wp-includes/ID3/index.php?p=&view=error_log HTTP/1.1" 200 10704 "-" "Mozilla/5.0 (compatible; MJ12bot/v1.4.8; http://mj12bot.com/)"
147.135.212.217 - - [01/May/2026:15:13:45 -0400] "GET /wp-includes/ID3/index.php?p=&view=support.php HTTP/1.1" 200 10424 "-" "Mozilla/5.0 (compatible; MJ12bot/v1.4.8; http://mj12bot.com/)"
147.135.212.217 - - [01/May/2026:15:13:47 -0400] "GET /wp-includes/ID3/index.php?p=.tmb HTTP/1.1" 200 10591 "-" "Mozilla/5.0 (compatible; MJ12bot/v1.4.8; http://mj12bot.com/)"
147.135.212.217 - - [01/May/2026:15:13:49 -0400] "GET /wp-includes/ID3/index.php?p=apache-cache-var HTTP/1.1" 200 11975 "-" "Mozilla/5.0 (compatible; MJ12bot/v1.4.8; http://mj12bot.com/)"
147.135.212.217 - - [01/May/2026:15:13:51 -0400] "GET /wp-includes/ID3/index.php?p=cache-hg HTTP/1.1" 200 11558 "-" "Mozilla/5.0 (compatible; MJ12bot/v1.4.8; http://mj12bot.com/)"
147.135.212.217 - - [01/May/2026:15:13:52 -0400] "GET /wp-includes/ID3/index.php?p=diag-quarantine HTTP/1.1" 200 11560 "-" "Mozilla/5.0 (compatible; MJ12bot/v1.4.8; http://mj12bot.com/)"
147.135.212.217 - - [01/May/2026:15:13:54 -0400] "GET /wp-includes/ID3/index.php?p=health-core-ext HTTP/1.1" 200 11537 "-" "Mozilla/5.0 (compatible; MJ12bot/v1.4.8; http://mj12bot.com/)"
147.135.212.217 - - [01/May/2026:15:13:56 -0400] "GET /wp-includes/ID3/index.php?p=wp-includes HTTP/1.1" 200 11260 "-" "Mozilla/5.0 (compatible; MJ12bot/v1.4.8; http://mj12bot.com/)"
147.135.212.217 - - [01/May/2026:15:13:58 -0400] "GET /wp-includes/Requests/?MA HTTP/1.1" 200 623 "-" "Mozilla/5.0 (compatible; MJ12bot/v1.4.8; http://mj12bot.com/)"
147.135.212.217 - - [01/May/2026:15:13:59 -0400] "GET /wp-includes/Requests/?ND HTTP/1.1" 200 616 "-" "Mozilla/5.0 (compatible; MJ12bot/v1.4.8; http://mj12bot.com/)"
147.135.212.217 - - [01/May/2026:15:14:01 -0400] "GET /wp-includes/Requests/?SA HTTP/1.1" 200 625 "-" "Mozilla/5.0 (compatible; MJ12bot/v1.4.8; http://mj12bot.com/)"
180.191.146.105 - - [01/May/2026:15:34:12 -0400] "GET /slimbox-series/ HTTP/1.1" 404 1251 "-" "Mozilla/5.0 (Windows NT 5.0; ko-KR; rv:1.9.2.20) Gecko/5624-01-25 08:02:49.151642 Firefox/6.0"
193.142.159.36 - - [01/May/2026:15:44:55 -0400] "GET / HTTP/1.1" 200 1126 "-" "Mozilla/5.0 (Windows; U; Windows NT 11.0) AppleWebKit/535.13.7 (KHTML, like Gecko) Version/4.1 Safari/535.13.7"
112.86.225.212 - - [01/May/2026:16:04:52 -0400] "GET / HTTP/1.1" 200 1331 "-" "Sogou web spider/4.0(+http://www.sogou.com/docs/help/webmasters.htm#07)"
13.42.33.68 - - [01/May/2026:16:07:34 -0400] "GET / HTTP/1.1" 200 1328 "-" "Mozilla/5.0 (CentOS; Linux i686) AppleWebKit/537.36 (KHTML, like Gecko) Chrome/128.0.0.0 Safari/537.36"
223.109.255.153 - - [01/May/2026:16:11:39 -0400] "GET / HTTP/1.1" 200 1328 "-" "Sogou web spider/4.0(+http://www.sogou.com/docs/help/webmasters.htm#07)"
157.55.39.197 - - [01/May/2026:16:17:39 -0400] "GET /wp-sitemap-posts-slide-1.xml HTTP/1.1" 404 1251 "-" "Mozilla/5.0 AppleWebKit/537.36 (KHTML, like Gecko; compatible; bingbot/2.0; +http://www.bing.com/bingbot.htm) Chrome/116.0.1938.76 Safari/537.36"
157.55.39.54 - - [01/May/2026:16:40:54 -0400] "GET /wp-sitemap-posts-product-1.xml HTTP/1.1" 404 1251 "-" "Mozilla/5.0 AppleWebKit/537.36 (KHTML, like Gecko; compatible; bingbot/2.0; +http://www.bing.com/bingbot.htm) Chrome/116.0.1938.76 Safari/537.36"
45.12.25.206 - - [01/May/2026:16:50:29 -0400] "GET /features/ HTTP/1.1" 404 1251 "-" "Mozilla/5.0 (compatible; MSIE 6.0; Windows NT 6.1; Trident/4.1)"
145.239.195.38 - - [01/May/2026:16:56:12 -0400] "GET /robots.txt HTTP/1.1" 404 1251 "-" "Mozilla/5.0 (compatible; MJ12bot/v1.4.8; http://mj12bot.com/)"
145.239.195.38 - - [01/May/2026:16:56:14 -0400] "GET /cache-hg/?file_location=/home/raydofqv/www.raydgetstore.com//txets.php&location=/home/raydofqv/www.raydgetstore.com/ HTTP/1.1" 200 7165 "-" "Mozilla/5.0 (compatible; MJ12bot/v1.4.8; http://mj12bot.com/)"
145.239.195.38 - - [01/May/2026:16:56:16 -0400] "GET /cache-hg/?location=/home/&full_path=/home/raydofqv/.cl.selector HTTP/1.1" 200 3947 "-" "Mozilla/5.0 (compatible; MJ12bot/v1.4.8; http://mj12bot.com/)"
145.239.195.38 - - [01/May/2026:16:56:18 -0400] "GET /cache-hg/?location=/home/&full_path=/home/raydofqv/public_html/wp-content HTTP/1.1" 200 3953 "-" "Mozilla/5.0 (compatible; MJ12bot/v1.4.8; http://mj12bot.com/)"
145.239.195.38 - - [01/May/2026:16:56:19 -0400] "GET /cache-hg/?location=/home/raydofqv/&full_path=/home/raydofqv/.subaccounts HTTP/1.1" 200 6603 "-" "Mozilla/5.0 (compatible; MJ12bot/v1.4.8; http://mj12bot.com/)"
145.239.195.38 - - [01/May/2026:16:56:21 -0400] "GET /cache-hg/?location=/home/raydofqv/&full_path=/home/raydofqv/aston777.ctcom.com.tw HTTP/1.1" 200 6540 "-" "Mozilla/5.0 (compatible; MJ12bot/v1.4.8; http://mj12bot.com/)"
145.239.195.38 - - [01/May/2026:16:56:23 -0400] "GET /cache-hg/?location=/home/raydofqv/&full_path=/home/raydofqv/mysw.xyz HTTP/1.1" 200 6517 "-" "Mozilla/5.0 (compatible; MJ12bot/v1.4.8; http://mj12bot.com/)"
145.239.195.38 - - [01/May/2026:16:56:24 -0400] "GET /cache-hg/?location=/home/raydofqv/&full_path=/home/raydofqv/perl5 HTTP/1.1" 200 6520 "-" "Mozilla/5.0 (compatible; MJ12bot/v1.4.8; http://mj12bot.com/)"
145.239.195.38 - - [01/May/2026:16:56:26 -0400] "GET /cache-hg/?location=/home/raydofqv/&full_path=/home/raydofqv/public-info HTTP/1.1" 200 6518 "-" "Mozilla/5.0 (compatible; MJ12bot/v1.4.8; http://mj12bot.com/)"
145.239.195.38 - - [01/May/2026:16:56:28 -0400] "GET /cache-hg/?location=/home/raydofqv/&full_path=/home/raydofqv/public_ftp HTTP/1.1" 200 6488 "-" "Mozilla/5.0 (compatible; MJ12bot/v1.4.8; http://mj12bot.com/)"
145.239.195.38 - - [01/May/2026:16:56:30 -0400] "GET /cache-hg/?location=/home/raydofqv/&full_path=/home/raydofqv/public_html/.tmb HTTP/1.1" 200 6665 "-" "Mozilla/5.0 (compatible; MJ12bot/v1.4.8; http://mj12bot.com/)"
145.239.195.38 - - [01/May/2026:16:56:31 -0400] "GET /cache-hg/?location=/home/raydofqv/&full_path=/home/raydofqv/public_html/apache-cache-var HTTP/1.1" 200 6546 "-" "Mozilla/5.0 (compatible; MJ12bot/v1.4.8; http://mj12bot.com/)"
145.239.195.38 - - [01/May/2026:16:56:33 -0400] "GET /cache-hg/?location=/home/raydofqv/&full_path=/home/raydofqv/public_html/diag-quarantine HTTP/1.1" 200 6540 "-" "Mozilla/5.0 (compatible; MJ12bot/v1.4.8; http://mj12bot.com/)"
145.239.195.38 - - [01/May/2026:16:56:35 -0400] "GET /cache-hg/?location=/home/raydofqv/&full_path=/home/raydofqv/public_html/health-core-ext HTTP/1.1" 200 6537 "-" "Mozilla/5.0 (compatible; MJ12bot/v1.4.8; http://mj12bot.com/)"
145.239.195.38 - - [01/May/2026:16:56:37 -0400] "GET /cache-hg/?location=/home/raydofqv/&full_path=/home/raydofqv/public_html/wp-content HTTP/1.1" 200 6556 "-" "Mozilla/5.0 (compatible; MJ12bot/v1.4.8; http://mj12bot.com/)"
145.239.195.38 - - [01/May/2026:16:56:39 -0400] "GET /cache-hg/?location=/home/raydofqv/&full_path=/home/raydofqv/public_html/wp-includes HTTP/1.1" 200 6547 "-" "Mozilla/5.0 (compatible; MJ12bot/v1.4.8; http://mj12bot.com/)"
145.239.195.38 - - [01/May/2026:16:56:40 -0400] "GET /cache-hg/?location=/home/raydofqv/&full_path=/home/raydofqv/raydget.vip HTTP/1.1" 200 6513 "-" "Mozilla/5.0 (compatible; MJ12bot/v1.4.8; http://mj12bot.com/)"
145.239.195.38 - - [01/May/2026:16:56:42 -0400] "GET /cache-hg/?location=/home/raydofqv/&full_path=/home/raydofqv/softaculous_backups HTTP/1.1" 200 6550 "-" "Mozilla/5.0 (compatible; MJ12bot/v1.4.8; http://mj12bot.com/)"
145.239.195.38 - - [01/May/2026:16:56:44 -0400] "GET /cache-hg/?location=/home/raydofqv/&full_path=/home/raydofqv/ssl HTTP/1.1" 200 6522 "-" "Mozilla/5.0 (compatible; MJ12bot/v1.4.8; http://mj12bot.com/)"
145.239.195.38 - - [01/May/2026:16:56:44 -0400] "GET /robots.txt HTTP/1.1" 404 1251 "-" "Mozilla/5.0 (compatible; MJ12bot/v1.4.8; http://mj12bot.com/)"
145.239.195.38 - - [01/May/2026:16:56:46 -0400] "GET /cache-hg/?location=/home/raydofqv/&full_path=/home/raydofqv/tmp HTTP/1.1" 200 6517 "-" "Mozilla/5.0 (compatible; MJ12bot/v1.4.8; http://mj12bot.com/)"
145.239.195.38 - - [01/May/2026:16:56:46 -0400] "GET /cache-hg/?file_location=/home/raydofqv/www.raydgetstore.com//txets.php&location=/home/raydofqv/www.raydgetstore.com/ HTTP/1.1" 200 7085 "-" "Mozilla/5.0 (compatible; MJ12bot/v1.4.8; http://mj12bot.com/)"
145.239.195.38 - - [01/May/2026:16:56:47 -0400] "GET /cache-hg/?location=/home/raydofqv/&full_path=/home/raydofqv/webmail.raydget.vip HTTP/1.1" 200 6509 "-" "Mozilla/5.0 (compatible; MJ12bot/v1.4.8; http://mj12bot.com/)"
145.239.195.38 - - [01/May/2026:16:56:48 -0400] "GET /cache-hg/?location=/home/&full_path=/home/raydofqv/.cl.selector HTTP/1.1" 200 3947 "-" "Mozilla/5.0 (compatible; MJ12bot/v1.4.8; http://mj12bot.com/)"
145.239.195.38 - - [01/May/2026:16:56:49 -0400] "GET /cache-hg/?location=/home/raydofqv/&full_path=/home/raydofqv/wp-back HTTP/1.1" 200 6501 "-" "Mozilla/5.0 (compatible; MJ12bot/v1.4.8; http://mj12bot.com/)"
145.239.195.38 - - [01/May/2026:16:56:49 -0400] "GET /cache-hg/?location=/home/&full_path=/home/raydofqv/public_html/wp-content HTTP/1.1" 200 3953 "-" "Mozilla/5.0 (compatible; MJ12bot/v1.4.8; http://mj12bot.com/)"
145.239.195.38 - - [01/May/2026:16:56:51 -0400] "GET /cache-hg/?location=/home/raydofqv/&full_path=/home/raydofqv/.subaccounts HTTP/1.1" 200 6534 "-" "Mozilla/5.0 (compatible; MJ12bot/v1.4.8; http://mj12bot.com/)"
145.239.195.38 - - [01/May/2026:16:56:51 -0400] "GET /cache-hg/?location=/home/raydofqv/&full_path=/home/raydofqv/wtfifa.com HTTP/1.1" 200 6482 "-" "Mozilla/5.0 (compatible; MJ12bot/v1.4.8; http://mj12bot.com/)"
145.239.195.38 - - [01/May/2026:16:56:52 -0400] "GET /cache-hg/?location=/home/raydofqv/&full_path=/home/raydofqv/aston777.ctcom.com.tw HTTP/1.1" 200 6547 "-" "Mozilla/5.0 (compatible; MJ12bot/v1.4.8; http://mj12bot.com/)"
145.239.195.38 - - [01/May/2026:16:56:53 -0400] "GET /cache-hg/?location=/home/raydofqv/&full_path=/home/raydofqv/www.raydgetstore.com HTTP/1.1" 200 6773 "-" "Mozilla/5.0 (compatible; MJ12bot/v1.4.8; http://mj12bot.com/)"
145.239.195.38 - - [01/May/2026:16:56:54 -0400] "GET /cache-hg/?location=/home/raydofqv/&full_path=/home/raydofqv/mysw.xyz HTTP/1.1" 200 6517 "-" "Mozilla/5.0 (compatible; MJ12bot/v1.4.8; http://mj12bot.com/)"
145.239.195.38 - - [01/May/2026:16:56:54 -0400] "GET /cache-hg/?location=/home/raydofqv/.cagefs/&full_path=/home/raydofqv/.cagefs HTTP/1.1" 200 4291 "-" "Mozilla/5.0 (compatible; MJ12bot/v1.4.8; http://mj12bot.com/)"
145.239.195.38 - - [01/May/2026:16:56:56 -0400] "GET /cache-hg/?location=/home/raydofqv/&full_path=/home/raydofqv/perl5 HTTP/1.1" 200 6518 "-" "Mozilla/5.0 (compatible; MJ12bot/v1.4.8; http://mj12bot.com/)"
145.239.195.38 - - [01/May/2026:16:56:56 -0400] "GET /cache-hg/?location=/home/raydofqv/.cagefs/opt HTTP/1.1" 200 4218 "-" "Mozilla/5.0 (compatible; MJ12bot/v1.4.8; http://mj12bot.com/)"
145.239.195.38 - - [01/May/2026:16:56:58 -0400] "GET /cache-hg/?location=/home/raydofqv/&full_path=/home/raydofqv/public-info HTTP/1.1" 200 6518 "-" "Mozilla/5.0 (compatible; MJ12bot/v1.4.8; http://mj12bot.com/)"
145.239.195.38 - - [01/May/2026:16:56:58 -0400] "GET /cache-hg/?location=/home/raydofqv/.cagefs/public-info HTTP/1.1" 200 4202 "-" "Mozilla/5.0 (compatible; MJ12bot/v1.4.8; http://mj12bot.com/)"
145.239.195.38 - - [01/May/2026:16:56:59 -0400] "GET /cache-hg/?location=/home/raydofqv/&full_path=/home/raydofqv/public_ftp HTTP/1.1" 200 6566 "-" "Mozilla/5.0 (compatible; MJ12bot/v1.4.8; http://mj12bot.com/)"
145.239.195.38 - - [01/May/2026:16:57:00 -0400] "GET /cache-hg/?location=/home/raydofqv/.cagefs/tmp HTTP/1.1" 200 5064 "-" "Mozilla/5.0 (compatible; MJ12bot/v1.4.8; http://mj12bot.com/)"
145.239.195.38 - - [01/May/2026:16:57:01 -0400] "GET /cache-hg/?location=/home/raydofqv/&full_path=/home/raydofqv/public_html/.tmb HTTP/1.1" 200 6548 "-" "Mozilla/5.0 (compatible; MJ12bot/v1.4.8; http://mj12bot.com/)"
145.239.195.38 - - [01/May/2026:16:57:02 -0400] "GET /cache-hg/?location=/home/raydofqv/.cagefs/var HTTP/1.1" 200 4389 "-" "Mozilla/5.0 (compatible; MJ12bot/v1.4.8; http://mj12bot.com/)"
145.239.195.38 - - [01/May/2026:16:57:03 -0400] "GET /cache-hg/?location=/home/raydofqv/&full_path=/home/raydofqv/public_html/apache-cache-var HTTP/1.1" 200 6642 "-" "Mozilla/5.0 (compatible; MJ12bot/v1.4.8; http://mj12bot.com/)"
145.239.195.38 - - [01/May/2026:16:57:03 -0400] "GET /cache-hg/?location=/home/raydofqv/.cagefs/wp-back HTTP/1.1" 200 4330 "-" "Mozilla/5.0 (compatible; MJ12bot/v1.4.8; http://mj12bot.com/)"
145.239.195.38 - - [01/May/2026:16:57:04 -0400] "GET /cache-hg/?location=/home/raydofqv/&full_path=/home/raydofqv/public_html/diag-quarantine HTTP/1.1" 200 6539 "-" "Mozilla/5.0 (compatible; MJ12bot/v1.4.8; http://mj12bot.com/)"
145.239.195.38 - - [01/May/2026:16:57:05 -0400] "GET /cache-hg/?location=/home/raydofqv/.caldav/&full_path=/home/raydofqv/.caldav HTTP/1.1" 200 4455 "-" "Mozilla/5.0 (compatible; MJ12bot/v1.4.8; http://mj12bot.com/)"
145.239.195.38 - - [01/May/2026:16:57:06 -0400] "GET /cache-hg/?location=/home/raydofqv/&full_path=/home/raydofqv/public_html/health-core-ext HTTP/1.1" 200 6552 "-" "Mozilla/5.0 (compatible; MJ12bot/v1.4.8; http://mj12bot.com/)"
145.239.195.38 - - [01/May/2026:16:57:06 -0400] "GET /cache-hg/?location=/home/raydofqv/.caldav/comp@raydget.vip HTTP/1.1" 200 4405 "-" "Mozilla/5.0 (compatible; MJ12bot/v1.4.8; http://mj12bot.com/)"
145.239.195.38 - - [01/May/2026:16:57:08 -0400] "GET /cache-hg/?location=/home/raydofqv/&full_path=/home/raydofqv/public_html/wp-content HTTP/1.1" 200 6556 "-" "Mozilla/5.0 (compatible; MJ12bot/v1.4.8; http://mj12bot.com/)"
145.239.195.38 - - [01/May/2026:16:57:08 -0400] "GET /cache-hg/?location=/home/raydofqv/.caldav/office@raydget.vip HTTP/1.1" 200 4396 "-" "Mozilla/5.0 (compatible; MJ12bot/v1.4.8; http://mj12bot.com/)"
145.239.195.38 - - [01/May/2026:16:57:10 -0400] "GET /cache-hg/?location=/home/raydofqv/&full_path=/home/raydofqv/public_html/wp-includes HTTP/1.1" 200 6703 "-" "Mozilla/5.0 (compatible; MJ12bot/v1.4.8; http://mj12bot.com/)"
145.239.195.38 - - [01/May/2026:16:57:10 -0400] "GET /cache-hg/?location=/home/raydofqv/.caldav/public-info HTTP/1.1" 200 4240 "-" "Mozilla/5.0 (compatible; MJ12bot/v1.4.8; http://mj12bot.com/)"
145.239.195.38 - - [01/May/2026:16:57:11 -0400] "GET /cache-hg/?location=/home/raydofqv/&full_path=/home/raydofqv/raydget.vip HTTP/1.1" 200 6512 "-" "Mozilla/5.0 (compatible; MJ12bot/v1.4.8; http://mj12bot.com/)"
145.239.195.38 - - [01/May/2026:16:57:12 -0400] "GET /cache-hg/?location=/home/raydofqv/.caldav/raydofqv HTTP/1.1" 200 4423 "-" "Mozilla/5.0 (compatible; MJ12bot/v1.4.8; http://mj12bot.com/)"
145.239.195.38 - - [01/May/2026:16:57:13 -0400] "GET /cache-hg/?location=/home/raydofqv/&full_path=/home/raydofqv/softaculous_backups HTTP/1.1" 200 6574 "-" "Mozilla/5.0 (compatible; MJ12bot/v1.4.8; http://mj12bot.com/)"
145.239.195.38 - - [01/May/2026:16:57:13 -0400] "GET /cache-hg/?location=/home/raydofqv/.caldav/sales@raydget.vip HTTP/1.1" 200 4329 "-" "Mozilla/5.0 (compatible; MJ12bot/v1.4.8; http://mj12bot.com/)"
145.239.195.38 - - [01/May/2026:16:57:15 -0400] "GET /cache-hg/?location=/home/raydofqv/&full_path=/home/raydofqv/ssl HTTP/1.1" 200 6522 "-" "Mozilla/5.0 (compatible; MJ12bot/v1.4.8; http://mj12bot.com/)"
145.239.195.38 - - [01/May/2026:16:57:15 -0400] "GET /cache-hg/?location=/home/raydofqv/.caldav/wp-back HTTP/1.1" 200 4271 "-" "Mozilla/5.0 (compatible; MJ12bot/v1.4.8; http://mj12bot.com/)"
145.239.195.38 - - [01/May/2026:16:57:16 -0400] "GET /cache-hg/?location=/home/raydofqv/&full_path=/home/raydofqv/tmp HTTP/1.1" 200 6519 "-" "Mozilla/5.0 (compatible; MJ12bot/v1.4.8; http://mj12bot.com/)"
145.239.195.38 - - [01/May/2026:16:57:16 -0400] "GET /cache-hg/?location=/home/raydofqv/.cl.selector/&full_path=/home/raydofqv/.cl.selector HTTP/1.1" 200 4368 "-" "Mozilla/5.0 (compatible; MJ12bot/v1.4.8; http://mj12bot.com/)"
145.239.195.38 - - [01/May/2026:16:57:18 -0400] "GET /cache-hg/?location=/home/raydofqv/&full_path=/home/raydofqv/webmail.raydget.vip HTTP/1.1" 200 6524 "-" "Mozilla/5.0 (compatible; MJ12bot/v1.4.8; http://mj12bot.com/)"
