66.249.65.44 - - [01/May/2026:16:12:40 -0400] "GET /assemblage/package/e1ag7byonvy8r8f.phtml HTTP/1.1" 404 0 "-" "Mozilla/5.0 (Linux; Android 6.0.1; Nexus 5X Build/MMB29P) AppleWebKit/537.36 (KHTML, like Gecko) Chrome/147.0.7727.137 Mobile Safari/537.36 (compatible; GoogleOther)"
192.0.91.228 - - [01/May/2026:16:13:09 -0400] "HEAD / HTTP/1.1" 200 0 "-" "jetmon/1.0 (Jetpack Site Uptime Monitor by WordPress.com)"
162.0.232.104 - - [01/May/2026:16:14:28 -0400] "POST /wp-cron.php?doing_wp_cron=1777666468.7392709255218505859375 HTTP/1.1" 200 0 "-" "WordPress/6.9.4; https://raydget.vip"
66.249.65.45 - - [01/May/2026:16:14:18 -0400] "GET /aspect/belonging/e6e4n32h3n2o20j.phtml HTTP/1.1" 404 0 "-" "Mozilla/5.0 (Linux; Android 6.0.1; Nexus 5X Build/MMB29P) AppleWebKit/537.36 (KHTML, like Gecko) Chrome/147.0.7727.137 Mobile Safari/537.36 (compatible; GoogleOther)"
54.39.17.116 - - [01/May/2026:16:15:02 -0400] "POST /xmlrpc.php HTTP/1.1" 200 289 "-" "Mozilla/5.0 (Macintosh; Intel Mac OS X 10_13_1) AppleWebKit/537.36 (KHTML, like Gecko) Chrome/66.0.3359.139 Safari/537.36"
66.249.65.44 - - [01/May/2026:16:15:22 -0400] "GET /taxonomy/article/fmkyt98b960ydmh.phtml HTTP/1.1" 404 0 "-" "Mozilla/5.0 (Linux; Android 6.0.1; Nexus 5X Build/MMB29P) AppleWebKit/537.36 (KHTML, like Gecko) Chrome/147.0.7727.137 Mobile Safari/537.36 (compatible; GoogleOther)"
66.249.65.45 - - [01/May/2026:16:15:25 -0400] "GET /form/accomplishment/f1ox91cbpvs2w29.phtml HTTP/1.1" 404 0 "-" "Mozilla/5.0 (Linux; Android 6.0.1; Nexus 5X Build/MMB29P) AppleWebKit/537.36 (KHTML, like Gecko) Chrome/147.0.7727.137 Mobile Safari/537.36 (compatible; GoogleOther)"
162.0.232.104 - - [01/May/2026:16:15:49 -0400] "POST /wp-cron.php?doing_wp_cron=1777666549.2478430271148681640625 HTTP/1.1" 200 0 "-" "WordPress/6.9.4; https://raydget.vip"
54.39.17.116 - - [01/May/2026:16:15:40 -0400] "GET /wp-login.php HTTP/1.1" 302 0 "-" "Mozilla/5.0 (Windows NT 10.0; WOW64) AppleWebKit/537.36 (KHTML, like Gecko) Chrome/66.0.3359.117 Safari/537.36"
66.249.65.44 - - [01/May/2026:16:15:44 -0400] "GET /branch/tool/fji03v6bjfmwew3.phtml HTTP/1.1" 404 0 "-" "Mozilla/5.0 (Linux; Android 6.0.1; Nexus 5X Build/MMB29P) AppleWebKit/537.36 (KHTML, like Gecko) Chrome/147.0.7727.137 Mobile Safari/537.36 (compatible; GoogleOther)"
54.39.17.116 - - [01/May/2026:16:15:49 -0400] "GET /wp-login.php HTTP/1.1" 200 0 "https://raydget.vip/wp-login.php" "Mozilla/5.0 (Windows NT 10.0; WOW64) AppleWebKit/537.36 (KHTML, like Gecko) Chrome/66.0.3359.117 Safari/537.36"
162.0.232.104 - - [01/May/2026:16:16:46 -0400] "POST /wp-cron.php?doing_wp_cron=1777666606.9662709236145019531250 HTTP/1.1" 200 0 "-" "WordPress/6.9.4; https://raydget.vip"
66.249.65.45 - - [01/May/2026:16:16:43 -0400] "GET /property/detail/enab7bybnvy8u8f.phtml HTTP/1.1" 404 0 "-" "Mozilla/5.0 (Linux; Android 6.0.1; Nexus 5X Build/MMB29P) AppleWebKit/537.36 (KHTML, like Gecko) Chrome/147.0.7727.137 Mobile Safari/537.36 (compatible; GoogleOther)"
66.249.65.45 - - [01/May/2026:16:16:46 -0400] "GET /faction/serial/dfm1jnauz7akkkr.phtml HTTP/1.1" 200 30881 "-" "Mozilla/5.0 (Linux; Android 6.0.1; Nexus 5X Build/MMB29P) AppleWebKit/537.36 (KHTML, like Gecko) Chrome/147.0.7727.137 Mobile Safari/537.36 (compatible; Googlebot/2.1; +http://www.google.com/bot.html)"
66.249.65.46 - - [01/May/2026:16:17:47 -0400] "GET /array/module/e0h2q65j6q5rv3m.phtml HTTP/1.1" 200 30585 "-" "Mozilla/5.0 (Linux; Android 6.0.1; Nexus 5X Build/MMB29P) AppleWebKit/537.36 (KHTML, like Gecko) Chrome/147.0.7727.137 Mobile Safari/537.36 (compatible; Googlebot/2.1; +http://www.google.com/bot.html)"
66.249.65.44 - - [01/May/2026:16:17:47 -0400] "GET /schema/abtameru/edjogk7dw47hpho.phtml HTTP/1.1" 200 29675 "-" "Mozilla/5.0 (Linux; Android 6.0.1; Nexus 5X Build/MMB29P) AppleWebKit/537.36 (KHTML, like Gecko) Chrome/147.0.7727.137 Mobile Safari/537.36 (compatible; Googlebot/2.1; +http://www.google.com/bot.html)"
162.0.232.104 - - [01/May/2026:16:18:17 -0400] "POST /wp-cron.php?doing_wp_cron=1777666697.6506509780883789062500 HTTP/1.1" 200 0 "-" "WordPress/6.9.4; https://raydget.vip"
192.0.91.228 - - [01/May/2026:16:18:08 -0400] "HEAD / HTTP/1.1" 200 0 "-" "jetmon/1.0 (Jetpack Site Uptime Monitor by WordPress.com)"
66.249.65.45 - - [01/May/2026:16:18:22 -0400] "GET /society/material/e8o991ceplcahyt.phtml HTTP/1.1" 404 0 "-" "Mozilla/5.0 (Linux; Android 6.0.1; Nexus 5X Build/MMB29P) AppleWebKit/537.36 (KHTML, like Gecko) Chrome/147.0.7727.137 Mobile Safari/537.36 (compatible; GoogleOther)"
66.249.65.44 - - [01/May/2026:16:18:26 -0400] "GET /aggregation/entity/fibyk0zb0arpcd8.phtml HTTP/1.1" 404 0 "-" "Mozilla/5.0 (Linux; Android 6.0.1; Nexus 5X Build/MMB29P) AppleWebKit/537.36 (KHTML, like Gecko) Chrome/147.0.7727.137 Mobile Safari/537.36 (compatible; GoogleOther)"
162.0.232.104 - - [01/May/2026:16:18:51 -0400] "POST /wp-cron.php?doing_wp_cron=1777666731.6794450283050537109375 HTTP/1.1" 200 0 "-" "WordPress/6.9.4; https://raydget.vip"
66.249.65.44 - - [01/May/2026:16:18:48 -0400] "GET /aggregation/particle/eujfgk7lw47hbho.phtml HTTP/1.1" 404 0 "-" "Mozilla/5.0 (Linux; Android 6.0.1; Nexus 5X Build/MMB29P) AppleWebKit/537.36 (KHTML, like Gecko) Chrome/147.0.7727.137 Mobile Safari/537.36 (compatible; GoogleOther)"
162.0.232.104 - - [01/May/2026:16:19:13 -0400] "POST /wp-cron.php?doing_wp_cron=1777666753.5607340335845947265625 HTTP/1.1" 200 0 "-" "WordPress/6.9.4; https://raydget.vip"
66.249.65.46 - - [01/May/2026:16:19:08 -0400] "GET /compilation/installment/ecncwcbkcwbxe9s.phtml HTTP/1.1" 404 0 "-" "Mozilla/5.0 (Linux; Android 6.0.1; Nexus 5X Build/MMB29P) AppleWebKit/537.36 (KHTML, like Gecko) Chrome/147.0.7727.137 Mobile Safari/537.36 (compatible; GoogleOther)"
188.241.62.65 - - [01/May/2026:16:19:29 -0400] "GET /wp-login.php HTTP/1.1" 302 0 "-" "Mozilla/5.0 (Windows NT 6.1; Win64; x64) AppleWebKit/537.36 (KHTML, like Gecko) Chrome/66.0.3359.170 Safari/537.36"
162.0.232.104 - - [01/May/2026:16:19:42 -0400] "POST /wp-cron.php?doing_wp_cron=1777666781.9484570026397705078125 HTTP/1.1" 200 0 "-" "WordPress/6.9.4; https://raydget.vip"
188.241.62.65 - - [01/May/2026:16:19:33 -0400] "GET /wp-login.php HTTP/1.1" 302 0 "https://raydget.vip/wp-login.php" "Mozilla/5.0 (Windows NT 6.1; Win64; x64) AppleWebKit/537.36 (KHTML, like Gecko) Chrome/66.0.3359.170 Safari/537.36"
188.241.62.65 - - [01/May/2026:16:19:42 -0400] "GET /wp-login.php HTTP/1.1" 200 0 "https://raydget.vip/wp-login.php" "Mozilla/5.0 (Windows NT 6.1; Win64; x64) AppleWebKit/537.36 (KHTML, like Gecko) Chrome/66.0.3359.170 Safari/537.36"
192.0.102.116 - - [01/May/2026:16:19:57 -0400] "GET /wp-content/uploads/bt-04-1.jpg HTTP/1.1" 200 137980 "-" "Photon/1.0"
162.0.232.104 - - [01/May/2026:16:20:48 -0400] "POST /wp-cron.php?doing_wp_cron=1777666848.0445759296417236328125 HTTP/1.1" 200 0 "-" "WordPress/6.9.4; https://raydget.vip"
123.20.211.169 - - [01/May/2026:16:20:40 -0400] "GET /products/portativnyj-polevoj-kommutator/ HTTP/1.1" 200 19372 "-" "Mozilla/5.0 (iPod; U; CPU iPhone OS 4_0 like Mac OS X; yue-HK) AppleWebKit/531.32.3 (KHTML, like Gecko) Version/4.0.5 Mobile/8B114 Safari/6531.32.3"
162.240.67.178 - - [01/May/2026:16:20:47 -0400] "GET /wp-login.php HTTP/1.1" 302 0 "-" "Mozilla/5.0 (Windows NT 6.3; Win64; x64) AppleWebKit/537.36 (KHTML, like Gecko) Chrome/66.0.3359.117 Safari/537.36"
162.240.67.178 - - [01/May/2026:16:21:01 -0400] "GET /wp-login.php HTTP/1.1" 200 0 "https://raydget.vip/wp-login.php" "Mozilla/5.0 (Windows NT 6.3; Win64; x64) AppleWebKit/537.36 (KHTML, like Gecko) Chrome/66.0.3359.117 Safari/537.36"
216.73.216.110 - - [01/May/2026:16:21:12 -0400] "GET /robots.txt HTTP/1.1" 200 91 "-" "Mozilla/5.0 AppleWebKit/537.36 (KHTML, like Gecko; compatible; ClaudeBot/1.0; +claudebot@anthropic.com)"
216.73.216.110 - - [01/May/2026:16:21:12 -0400] "GET /index.php/sitemap.xml HTTP/1.1" 404 502 "-" "Mozilla/5.0 AppleWebKit/537.36 (KHTML, like Gecko; compatible; ClaudeBot/1.0; +claudebot@anthropic.com)"
162.0.232.104 - - [01/May/2026:16:21:26 -0400] "POST /wp-cron.php?doing_wp_cron=1777666886.4328689575195312500000 HTTP/1.1" 200 0 "-" "WordPress/6.9.4; https://raydget.vip"
66.249.65.44 - - [01/May/2026:16:21:22 -0400] "GET /breed/utensil/frfz0s3bgdjtpt0.phtml HTTP/1.1" 404 0 "-" "Mozilla/5.0 (Linux; Android 6.0.1; Nexus 5X Build/MMB29P) AppleWebKit/537.36 (KHTML, like Gecko) Chrome/147.0.7727.137 Mobile Safari/537.36 (compatible; GoogleOther)"
66.249.65.44 - - [01/May/2026:16:21:26 -0400] "GET /facet/tool/ejdrae1eqy1bkbi.phtml HTTP/1.1" 404 0 "-" "Mozilla/5.0 (Linux; Android 6.0.1; Nexus 5X Build/MMB29P) AppleWebKit/537.36 (KHTML, like Gecko) Chrome/147.0.7727.137 Mobile Safari/537.36 (compatible; GoogleOther)"
66.249.65.45 - - [01/May/2026:16:21:41 -0400] "GET /classification/belonging/eqti2ihbi2h37fy.phtml HTTP/1.1" 404 0 "-" "Mozilla/5.0 (Linux; Android 6.0.1; Nexus 5X Build/MMB29P) AppleWebKit/537.36 (KHTML, like Gecko) Chrome/147.0.7727.137 Mobile Safari/537.36 (compatible; GoogleOther)"
66.249.65.44 - - [01/May/2026:16:21:51 -0400] "GET /format/tool/fi4w15sbhnwi2ud.phtml HTTP/1.1" 404 0 "-" "Mozilla/5.0 (Linux; Android 6.0.1; Nexus 5X Build/MMB29P) AppleWebKit/537.36 (KHTML, like Gecko) Chrome/147.0.7727.137 Mobile Safari/537.36 (compatible; GoogleOther)"
66.249.65.44 - - [01/May/2026:16:22:50 -0400] "GET /family/abhelp/es2pbrqfrbqc4o7.phtml HTTP/1.1" 200 29531 "-" "Mozilla/5.0 (Linux; Android 6.0.1; Nexus 5X Build/MMB29P) AppleWebKit/537.36 (KHTML, like Gecko) Chrome/147.0.7727.137 Mobile Safari/537.36 (compatible; Googlebot/2.1; +http://www.google.com/bot.html)"
162.0.232.104 - - [01/May/2026:16:23:13 -0400] "POST /wp-cron.php?doing_wp_cron=1777666993.1791629791259765625000 HTTP/1.1" 200 0 "-" "WordPress/6.9.4; https://raydget.vip"
192.0.91.228 - - [01/May/2026:16:23:08 -0400] "HEAD / HTTP/1.1" 200 0 "-" "jetmon/1.0 (Jetpack Site Uptime Monitor by WordPress.com)"
162.0.232.104 - - [01/May/2026:16:24:02 -0400] "POST /wp-cron.php?doing_wp_cron=1777667042.9657049179077148437500 HTTP/1.1" 200 0 "-" "WordPress/6.9.4; https://raydget.vip"
66.249.65.46 - - [01/May/2026:16:23:58 -0400] "GET /pattern/result/eru1f7invrigu4z.phtml HTTP/1.1" 404 0 "-" "Mozilla/5.0 (Linux; Android 6.0.1; Nexus 5X Build/MMB29P) AppleWebKit/537.36 (KHTML, like Gecko) Chrome/147.0.7727.137 Mobile Safari/537.36 (compatible; GoogleOther)"
66.249.65.44 - - [01/May/2026:16:24:22 -0400] "GET /catalog/career/eix0iallyulj172.phtml HTTP/1.1" 404 0 "-" "Mozilla/5.0 (Linux; Android 6.0.1; Nexus 5X Build/MMB29P) AppleWebKit/537.36 (KHTML, like Gecko) Chrome/147.0.7727.137 Mobile Safari/537.36 (compatible; GoogleOther)"
66.249.65.44 - - [01/May/2026:16:24:27 -0400] "GET /segment/package/fjjygk7bwlbxx9s.phtml HTTP/1.1" 404 0 "-" "Mozilla/5.0 (Linux; Android 6.0.1; Nexus 5X Build/MMB29P) AppleWebKit/537.36 (KHTML, like Gecko) Chrome/147.0.7727.137 Mobile Safari/537.36 (compatible; GoogleOther)"
162.0.232.104 - - [01/May/2026:16:25:01 -0400] "POST /wp-cron.php?doing_wp_cron=1777667101.7393310070037841796875 HTTP/1.1" 200 0 "-" "WordPress/6.9.4; https://raydget.vip"
66.249.65.44 - - [01/May/2026:16:24:55 -0400] "GET /sort/make/dkfl0s3pgc31wpk.phtml HTTP/1.1" 404 0 "-" "Mozilla/5.0 (Linux; Android 6.0.1; Nexus 5X Build/MMB29P) AppleWebKit/537.36 (KHTML, like Gecko) Chrome/147.0.7727.137 Mobile Safari/537.36 (compatible; GoogleOther)"
162.0.232.104 - - [01/May/2026:16:26:23 -0400] "POST /wp-cron.php?doing_wp_cron=1777667183.0241360664367675781250 HTTP/1.1" 200 0 "-" "WordPress/6.9.4; https://raydget.vip"
217.142.142.174 - - [01/May/2026:16:26:17 -0400] "POST /xmlrpc.php HTTP/1.1" 200 286 "-" "Mozilla/5.0 (Windows NT 6.3; Win64; x64) AppleWebKit/537.36 (KHTML, like Gecko) Chrome/67.0.3396.62 Safari/537.36"
66.249.65.44 - - [01/May/2026:16:26:24 -0400] "GET /ambit/mechanism/elas7bygnvy8f8f.phtml HTTP/1.1" 404 0 "-" "Mozilla/5.0 (Linux; Android 6.0.1; Nexus 5X Build/MMB29P) AppleWebKit/537.36 (KHTML, like Gecko) Chrome/147.0.7727.137 Mobile Safari/537.36 (compatible; GoogleOther)"
162.0.232.104 - - [01/May/2026:16:27:30 -0400] "POST /wp-cron.php?doing_wp_cron=1777667250.4404659271240234375000 HTTP/1.1" 200 0 "-" "WordPress/6.9.4; https://raydget.vip"
66.249.65.46 - - [01/May/2026:16:27:22 -0400] "GET /table/segment/f0wx5lkbljcaiyt.phtml HTTP/1.1" 404 0 "-" "Mozilla/5.0 (Linux; Android 6.0.1; Nexus 5X Build/MMB29P) AppleWebKit/537.36 (KHTML, like Gecko) Chrome/147.0.7727.137 Mobile Safari/537.36 (compatible; GoogleOther)"
162.0.232.104 - - [01/May/2026:16:28:09 -0400] "POST /wp-cron.php?doing_wp_cron=1777667289.7387139797210693359375 HTTP/1.1" 200 0 "-" "WordPress/6.9.4; https://raydget.vip"
66.249.65.44 - - [01/May/2026:16:27:59 -0400] "GET /sort/implement/ewyuvzmcbjmw1w3.phtml HTTP/1.1" 404 0 "-" "Mozilla/5.0 (Linux; Android 6.0.1; Nexus 5X Build/MMB29P) AppleWebKit/537.36 (KHTML, like Gecko) Chrome/147.0.7727.137 Mobile Safari/537.36 (compatible; GoogleOther)"
192.0.91.228 - - [01/May/2026:16:28:08 -0400] "HEAD / HTTP/1.1" 200 0 "-" "jetmon/1.0 (Jetpack Site Uptime Monitor by WordPress.com)"
98.130.43.189 - - [01/May/2026:16:28:26 -0400] "POST /xmlrpc.php HTTP/1.1" 200 289 "-" "Mozilla/5.0 (Windows NT 6.1; WOW64; Trident/7.0; MATP; rv:11.0) like Gecko"
162.0.232.104 - - [01/May/2026:16:30:37 -0400] "POST /wp-cron.php?doing_wp_cron=1777667436.9513070583343505859375 HTTP/1.1" 200 0 "-" "WordPress/6.9.4; https://raydget.vip"
66.249.65.46 - - [01/May/2026:16:30:22 -0400] "GET /aggregation/instrument/dtoa91cqplca6yt.phtml HTTP/1.1" 404 0 "-" "Mozilla/5.0 (Linux; Android 6.0.1; Nexus 5X Build/MMB29P) AppleWebKit/537.36 (KHTML, like Gecko) Chrome/147.0.7727.137 Mobile Safari/537.36 (compatible; GoogleOther)"
66.249.65.45 - - [01/May/2026:16:31:09 -0400] "GET /format/crop/ejgodh4yt14evel.phtml HTTP/1.1" 404 0 "-" "Mozilla/5.0 (Linux; Android 6.0.1; Nexus 5X Build/MMB29P) AppleWebKit/537.36 (KHTML, like Gecko) Chrome/147.0.7727.137 Mobile Safari/537.36 (compatible; GoogleOther)"
66.249.65.44 - - [01/May/2026:16:31:14 -0400] "GET /classification/class/f3ay7bybn62oh0j.phtml HTTP/1.1" 404 0 "-" "Mozilla/5.0 (Linux; Android 6.0.1; Nexus 5X Build/MMB29P) AppleWebKit/537.36 (KHTML, like Gecko) Chrome/147.0.7727.137 Mobile Safari/537.36 (compatible; GoogleOther)"
162.0.232.104 - - [01/May/2026:16:33:15 -0400] "POST /wp-cron.php?doing_wp_cron=1777667595.7367329597473144531250 HTTP/1.1" 200 0 "-" "WordPress/6.9.4; https://raydget.vip"
129.226.93.214 - - [01/May/2026:16:33:06 -0400] "GET / HTTP/1.1" 301 0 "http://www.raydget.vip" "Mozilla/5.0 (iPhone; CPU iPhone OS 13_2_3 like Mac OS X) AppleWebKit/605.1.15 (KHTML, like Gecko) Version/13.0.3 Mobile/15E148 Safari/604.1"
192.0.91.228 - - [01/May/2026:16:33:07 -0400] "HEAD / HTTP/1.1" 200 0 "-" "jetmon/1.0 (Jetpack Site Uptime Monitor by WordPress.com)"
66.249.65.46 - - [01/May/2026:16:33:22 -0400] "GET /nomenclature/attribute/fyix3v6bj5mwqw3.phtml HTTP/1.1" 404 0 "-" "Mozilla/5.0 (Linux; Android 6.0.1; Nexus 5X Build/MMB29P) AppleWebKit/537.36 (KHTML, like Gecko) Chrome/147.0.7727.137 Mobile Safari/537.36 (compatible; GoogleOther)"
129.226.93.214 - - [01/May/2026:16:33:26 -0400] "GET / HTTP/1.1" 200 24876 "https://www.raydget.vip/" "Mozilla/5.0 (iPhone; CPU iPhone OS 13_2_3 like Mac OS X) AppleWebKit/605.1.15 (KHTML, like Gecko) Version/13.0.3 Mobile/15E148 Safari/604.1"
162.0.232.104 - - [01/May/2026:16:33:59 -0400] "POST /wp-cron.php?doing_wp_cron=1777667639.1479470729827880859375 HTTP/1.1" 200 0 "-" "WordPress/6.9.4; https://raydget.vip"
66.249.65.45 - - [01/May/2026:16:33:45 -0400] "GET /catalogue/merchandise/fu1zy2pbedtfhra.phtml HTTP/1.1" 404 0 "-" "Mozilla/5.0 (Linux; Android 6.0.1; Nexus 5X Build/MMB29P) AppleWebKit/537.36 (KHTML, like Gecko) Chrome/147.0.7727.137 Mobile Safari/537.36 (compatible; GoogleOther)"
66.249.65.44 - - [01/May/2026:16:34:06 -0400] "GET /framework/resource/e297umxza6xvnje.phtml HTTP/1.1" 404 0 "-" "Mozilla/5.0 (Linux; Android 6.0.1; Nexus 5X Build/MMB29P) AppleWebKit/537.36 (KHTML, like Gecko) Chrome/147.0.7727.137 Mobile Safari/537.36 (compatible; GoogleOther)"
162.0.232.104 - - [01/May/2026:16:34:34 -0400] "POST /wp-cron.php?doing_wp_cron=1777667674.8639340400695800781250 HTTP/1.1" 200 0 "-" "WordPress/6.9.4; https://raydget.vip"
192.0.91.228 - - [01/May/2026:16:34:30 -0400] "HEAD / HTTP/1.1" 200 0 "-" "jetmon/1.0 (Jetpack Site Uptime Monitor by WordPress.com)"
66.249.65.44 - - [01/May/2026:16:35:52 -0400] "GET /continuum/load/endfae1eqy1bobi.phtml HTTP/1.1" 200 29840 "-" "Mozilla/5.0 (Linux; Android 6.0.1; Nexus 5X Build/MMB29P) AppleWebKit/537.36 (KHTML, like Gecko) Chrome/147.0.7727.137 Mobile Safari/537.36 (compatible; Googlebot/2.1; +http://www.google.com/bot.html)"
162.0.232.104 - - [01/May/2026:16:36:16 -0400] "POST /wp-cron.php?doing_wp_cron=1777667775.9527449607849121093750 HTTP/1.1" 200 0 "-" "WordPress/6.9.4; https://raydget.vip"
66.249.65.46 - - [01/May/2026:16:36:04 -0400] "GET /form/build/e7al7bylnvy8o8f.phtml HTTP/1.1" 404 0 "-" "Mozilla/5.0 (Linux; Android 6.0.1; Nexus 5X Build/MMB29P) AppleWebKit/537.36 (KHTML, like Gecko) Chrome/147.0.7727.137 Mobile Safari/537.36 (compatible; GoogleOther)"
209.197.114.18 - - [01/May/2026:16:36:21 -0400] "GET / HTTP/1.1" 200 0 "-" "Mozilla/5.0 (X11; Linux i686) AppleWebKit/533.1 (KHTML, like Gecko) Chrome/58.0.870.0 Safari/533.1"
66.249.65.44 - - [01/May/2026:16:36:27 -0400] "GET /hierarchy/project/epjrgk7gw47h4ho.phtml HTTP/1.1" 404 0 "-" "Mozilla/5.0 (Linux; Android 6.0.1; Nexus 5X Build/MMB29P) AppleWebKit/537.36 (KHTML, like Gecko) Chrome/147.0.7727.137 Mobile Safari/537.36 (compatible; GoogleOther)"
185.78.138.88 - - [01/May/2026:16:36:39 -0400] "GET / HTTP/1.1" 200 0 "-" "Mozilla/5.0 (Macintosh; U; Intel Mac OS X 10_5_2 rv:4.0; dv-MV) AppleWebKit/533.40.7 (KHTML, like Gecko) Version/5.0.2 Safari/533.40.7"
167.63.137.226 - - [01/May/2026:16:36:57 -0400] "GET / HTTP/1.1" 200 0 "-" "Mozilla/5.0 (Windows NT 5.1) AppleWebKit/535.0 (KHTML, like Gecko) Chrome/62.0.804.0 Safari/535.0"
66.249.65.44 - - [01/May/2026:16:37:10 -0400] "GET /continuum/load/ez6grjuo73usrgb.phtml HTTP/1.1" 404 0 "-" "Mozilla/5.0 (Linux; Android 6.0.1; Nexus 5X Build/MMB29P) AppleWebKit/537.36 (KHTML, like Gecko) Chrome/147.0.7727.137 Mobile Safari/537.36 (compatible; GoogleOther)"
162.0.232.104 - - [01/May/2026:16:38:12 -0400] "POST /wp-cron.php?doing_wp_cron=1777667892.9772360324859619140625 HTTP/1.1" 200 0 "-" "WordPress/6.9.4; https://raydget.vip"
192.0.91.228 - - [01/May/2026:16:38:08 -0400] "HEAD / HTTP/1.1" 200 0 "-" "jetmon/1.0 (Jetpack Site Uptime Monitor by WordPress.com)"
107.6.141.106 - - [01/May/2026:16:38:14 -0400] "GET /wp-login.php HTTP/1.1" 302 0 "-" "Mozilla/5.0 (Windows NT 10.0; WOW64; Trident/7.0; TNJB; rv:11.0) like Gecko"
107.6.141.106 - - [01/May/2026:16:38:21 -0400] "GET /wp-login.php HTTP/1.1" 302 0 "https://raydget.vip/wp-login.php" "Mozilla/5.0 (Windows NT 10.0; WOW64; Trident/7.0; TNJB; rv:11.0) like Gecko"
107.6.141.106 - - [01/May/2026:16:38:31 -0400] "GET /wp-login.php HTTP/1.1" 200 0 "https://raydget.vip/wp-login.php" "Mozilla/5.0 (Windows NT 10.0; WOW64; Trident/7.0; TNJB; rv:11.0) like Gecko"
162.0.232.104 - - [01/May/2026:16:38:41 -0400] "POST /wp-cron.php?doing_wp_cron=1777667921.6510040760040283203125 HTTP/1.1" 200 0 "-" "WordPress/6.9.4; https://raydget.vip"
66.249.65.44 - - [01/May/2026:16:38:29 -0400] "GET /taxon/type/ffgzdh4bty8uz6p.phtml HTTP/1.1" 404 0 "-" "Mozilla/5.0 (Linux; Android 6.0.1; Nexus 5X Build/MMB29P) AppleWebKit/537.36 (KHTML, like Gecko) Chrome/147.0.7727.137 Mobile Safari/537.36 (compatible; GoogleOther)"
162.0.232.104 - - [01/May/2026:16:39:37 -0400] "POST /wp-cron.php?doing_wp_cron=1777667977.8351120948791503906250 HTTP/1.1" 200 0 "-" "WordPress/6.9.4; https://raydget.vip"
66.249.65.44 - - [01/May/2026:16:39:32 -0400] "GET /phylum/entity/ey4n15shhps2w29.phtml HTTP/1.1" 404 0 "-" "Mozilla/5.0 (Linux; Android 6.0.1; Nexus 5X Build/MMB29P) AppleWebKit/537.36 (KHTML, like Gecko) Chrome/147.0.7727.137 Mobile Safari/537.36 (compatible; GoogleOther)"
162.0.232.104 - - [01/May/2026:16:40:21 -0400] "POST /wp-cron.php?doing_wp_cron=1777668021.6539969444274902343750 HTTP/1.1" 200 0 "-" "WordPress/6.9.4; https://raydget.vip"
66.249.65.46 - - [01/May/2026:16:40:14 -0400] "GET /gamut/case/ec4m15skhps2729.phtml HTTP/1.1" 404 0 "-" "Mozilla/5.0 (Linux; Android 6.0.1; Nexus 5X Build/MMB29P) AppleWebKit/537.36 (KHTML, like Gecko) Chrome/147.0.7727.137 Mobile Safari/537.36 (compatible; GoogleOther)"
46.242.8.187 - - [01/May/2026:16:40:14 -0400] "GET /xmlrpc.php HTTP/1.1" 405 46 "-" "Mozilla/5.0 (iPod; U; CPU iPhone OS 3_3 like Mac OS X; so-SO) AppleWebKit/532.6.6 (KHTML, like Gecko) Version/4.0.5 Mobile/8B119 Safari/6532.6.6"
162.0.232.104 - - [01/May/2026:16:41:07 -0400] "POST /wp-cron.php?doing_wp_cron=1777668067.5438029766082763671875 HTTP/1.1" 200 0 "-" "WordPress/6.9.4; https://raydget.vip"
66.249.65.44 - - [01/May/2026:16:40:55 -0400] "GET /make/mechanism/f6uxf7ibvxy8m8f.phtml HTTP/1.1" 404 0 "-" "Mozilla/5.0 (Linux; Android 6.0.1; Nexus 5X Build/MMB29P) AppleWebKit/537.36 (KHTML, like Gecko) Chrome/147.0.7727.137 Mobile Safari/537.36 (compatible; GoogleOther)"
162.0.232.104 - - [01/May/2026:16:42:16 -0400] "POST /wp-cron.php?doing_wp_cron=1777668136.4424219131469726562500 HTTP/1.1" 200 0 "-" "WordPress/6.9.4; https://raydget.vip"
103.172.92.89 - - [01/May/2026:16:42:02 -0400] "GET /wp-login.php HTTP/1.1" 302 0 "-" "Mozilla/5.0 (Windows NT 6.1; WOW64) AppleWebKit/537.36 (KHTML, like Gecko) Chrome/65.0.3325.181 Safari/537.36"
103.172.92.89 - - [01/May/2026:16:42:17 -0400] "GET /wp-login.php HTTP/1.1" 200 0 "https://raydget.vip/wp-login.php" "Mozilla/5.0 (Windows NT 6.1; WOW64) AppleWebKit/537.36 (KHTML, like Gecko) Chrome/65.0.3325.181 Safari/537.36"
178.128.254.103 - - [01/May/2026:16:42:34 -0400] "GET /wp-content/uploads/rejdzhet-i-luch-2.png HTTP/1.1" 200 25568 "https://raydget.vip" "Mozilla/5.0 (Windows NT 10.0; Win64; x64) AppleWebKit/537.36 (KHTML, like Gecko) Chrome/147.0.0.0 Safari/537.36"
162.0.232.104 - - [01/May/2026:16:42:47 -0400] "POST /wp-cron.php?doing_wp_cron=1777668166.9366459846496582031250 HTTP/1.1" 200 0 "-" "WordPress/6.9.4; https://raydget.vip"
66.249.65.46 - - [01/May/2026:16:42:30 -0400] "GET /colony/implement/fzwy5lkbl4ca5yt.phtml HTTP/1.1" 404 0 "-" "Mozilla/5.0 (Linux; Android 6.0.1; Nexus 5X Build/MMB29P) AppleWebKit/537.36 (KHTML, like Gecko) Chrome/147.0.7727.137 Mobile Safari/537.36 (compatible; GoogleOther)"
66.249.65.44 - - [01/May/2026:16:42:54 -0400] "GET /breed/division/e1ws5lkml5k6zi1.phtml HTTP/1.1" 200 30034 "-" "Mozilla/5.0 (Linux; Android 6.0.1; Nexus 5X Build/MMB29P) AppleWebKit/537.36 (KHTML, like Gecko) Chrome/147.0.7727.137 Mobile Safari/537.36 (compatible; Googlebot/2.1; +http://www.google.com/bot.html)"
192.0.91.228 - - [01/May/2026:16:43:09 -0400] "HEAD / HTTP/1.1" 200 0 "-" "jetmon/1.0 (Jetpack Site Uptime Monitor by WordPress.com)"
162.0.232.104 - - [01/May/2026:16:43:38 -0400] "POST /wp-cron.php?doing_wp_cron=1777668218.3447101116180419921875 HTTP/1.1" 200 0 "-" "WordPress/6.9.4; https://raydget.vip"
66.249.65.46 - - [01/May/2026:16:43:17 -0400] "GET /heading/batch/euo791cnplcaiyt.phtml HTTP/1.1" 404 0 "-" "Mozilla/5.0 (Linux; Android 6.0.1; Nexus 5X Build/MMB29P) AppleWebKit/537.36 (KHTML, like Gecko) Chrome/147.0.7727.137 Mobile Safari/537.36 (compatible; GoogleOther)"
162.0.232.104 - - [01/May/2026:16:44:37 -0400] "POST /wp-cron.php?doing_wp_cron=1777668277.5117540359497070312500 HTTP/1.1" 200 0 "-" "WordPress/6.9.4; https://raydget.vip"
192.0.91.228 - - [01/May/2026:16:44:30 -0400] "HEAD / HTTP/1.1" 200 0 "-" "jetmon/1.0 (Jetpack Site Uptime Monitor by WordPress.com)"
162.0.232.104 - - [01/May/2026:16:45:38 -0400] "POST /wp-cron.php?doing_wp_cron=1777668338.9351439476013183593750 HTTP/1.1" 200 0 "-" "WordPress/6.9.4; https://raydget.vip"
94.239.114.200 - - [01/May/2026:16:45:27 -0400] "GET /products/bt04/ HTTP/1.1" 200 20611 "-" "Opera/8.62.(X11; Linux i686; pt-BR) Presto/2.9.162 Version/12.00"
162.0.232.104 - - [01/May/2026:16:46:33 -0400] "POST /wp-cron.php?doing_wp_cron=1777668393.5436561107635498046875 HTTP/1.1" 200 0 "-" "WordPress/6.9.4; https://raydget.vip"
66.249.65.45 - - [01/May/2026:16:46:21 -0400] "GET /echelon/bit/e112y2pgempzaz6.phtml HTTP/1.1" 404 0 "-" "Mozilla/5.0 (Linux; Android 6.0.1; Nexus 5X Build/MMB29P) AppleWebKit/537.36 (KHTML, like Gecko) Chrome/147.0.7727.137 Mobile Safari/537.36 (compatible; GoogleOther)"
162.0.232.104 - - [01/May/2026:16:50:20 -0400] "POST /wp-cron.php?doing_wp_cron=1777668620.6274299621582031250000 HTTP/1.1" 200 0 "-" "WordPress/6.9.4; https://raydget.vip"
122.248.245.244 - - [01/May/2026:16:50:13 -0400] "HEAD / HTTP/1.1" 200 0 "-" "jetmon/1.0 (Jetpack Site Uptime Monitor by WordPress.com)"
54.232.116.4 - - [01/May/2026:16:50:24 -0400] "HEAD / HTTP/1.1" 200 0 "-" "jetmon/1.0 (Jetpack Site Uptime Monitor by WordPress.com)"
66.249.65.44 - - [01/May/2026:16:53:06 -0400] "GET /grade/kit/e29zumxla6xv9je.phtml HTTP/1.1" 200 30466 "-" "Mozilla/5.0 (Linux; Android 6.0.1; Nexus 5X Build/MMB29P) AppleWebKit/537.36 (KHTML, like Gecko) Chrome/147.0.7727.137 Mobile Safari/537.36 (compatible; Googlebot/2.1; +http://www.google.com/bot.html)"
66.249.65.44 - - [01/May/2026:16:53:07 -0400] "GET /rank/gadget/ebsfptgh5dgquqx.phtml HTTP/1.1" 200 29658 "-" "Mozilla/5.0 (Linux; Android 6.0.1; Nexus 5X Build/MMB29P) AppleWebKit/537.36 (KHTML, like Gecko) Chrome/147.0.7727.137 Mobile Safari/537.36 (compatible; Googlebot/2.1; +http://www.google.com/bot.html)"
192.0.91.228 - - [01/May/2026:16:53:10 -0400] "HEAD / HTTP/1.1" 200 0 "-" "jetmon/1.0 (Jetpack Site Uptime Monitor by WordPress.com)"
162.0.232.104 - - [01/May/2026:16:53:44 -0400] "POST /wp-cron.php?doing_wp_cron=1777668823.7357869148254394531250 HTTP/1.1" 200 0 "-" "WordPress/6.9.4; https://raydget.vip"
128.201.119.108 - - [01/May/2026:16:54:00 -0400] "GET /xmlrpc.php?rsd HTTP/1.1" 200 291 "-" "Mozilla/5.0 (iPod; U; CPU iPhone OS 4_0 like Mac OS X; zu-ZA) AppleWebKit/531.21.4 (KHTML, like Gecko) Version/4.0.5 Mobile/8B113 Safari/6531.21.4"
14.245.51.244 - - [01/May/2026:16:54:16 -0400] "GET /xmlrpc.php?rsd HTTP/1.1" 200 291 "-" "Mozilla/5.0 (Windows; U; Windows NT 5.0) AppleWebKit/531.11.5 (KHTML, like Gecko) Version/4.0.3 Safari/531.11.5"
162.0.232.104 - - [01/May/2026:16:54:41 -0400] "POST /wp-cron.php?doing_wp_cron=1777668881.6502470970153808593750 HTTP/1.1" 200 0 "-" "WordPress/6.9.4; https://raydget.vip"
192.0.91.228 - - [01/May/2026:16:54:35 -0400] "HEAD / HTTP/1.1" 200 0 "-" "jetmon/1.0 (Jetpack Site Uptime Monitor by WordPress.com)"
66.249.65.45 - - [01/May/2026:16:54:49 -0400] "GET /collection/release/e6ypvzmibjmwnw3.phtml HTTP/1.1" 404 0 "-" "Mozilla/5.0 (Linux; Android 6.0.1; Nexus 5X Build/MMB29P) AppleWebKit/537.36 (KHTML, like Gecko) Chrome/147.0.7727.137 Mobile Safari/537.36 (compatible; GoogleOther)"
66.249.65.44 - - [01/May/2026:16:56:09 -0400] "GET /kind/build/e36brjui73usdgb.phtml HTTP/1.1" 200 29762 "-" "Mozilla/5.0 (Linux; Android 6.0.1; Nexus 5X Build/MMB29P) AppleWebKit/537.36 (KHTML, like Gecko) Chrome/147.0.7727.137 Mobile Safari/537.36 (compatible; Googlebot/2.1; +http://www.google.com/bot.html)"
162.0.232.104 - - [01/May/2026:16:56:25 -0400] "POST /wp-cron.php?doing_wp_cron=1777668985.4308679103851318359375 HTTP/1.1" 200 0 "-" "WordPress/6.9.4; https://raydget.vip"
66.249.65.44 - - [01/May/2026:16:56:18 -0400] "GET /aggregation/particle/fqm0jnabzie0jcv.phtml HTTP/1.1" 404 0 "-" "Mozilla/5.0 (Linux; Android 6.0.1; Nexus 5X Build/MMB29P) AppleWebKit/537.36 (KHTML, like Gecko) Chrome/147.0.7727.137 Mobile Safari/537.36 (compatible; GoogleOther)"
162.0.232.104 - - [01/May/2026:16:57:39 -0400] "POST /wp-cron.php?doing_wp_cron=1777669059.1659460067749023437500 HTTP/1.1" 200 0 "-" "WordPress/6.9.4; https://raydget.vip"
66.249.65.44 - - [01/May/2026:16:57:35 -0400] "GET /heading/entity/emnnwcb2cwbx09s.phtml HTTP/1.1" 404 0 "-" "Mozilla/5.0 (Linux; Android 6.0.1; Nexus 5X Build/MMB29P) AppleWebKit/537.36 (KHTML, like Gecko) Chrome/147.0.7727.137 Mobile Safari/537.36 (compatible; GoogleOther)"
66.249.65.44 - - [01/May/2026:16:58:09 -0400] "GET /pod/attachment/evefn32g3n2oz0j.phtml HTTP/1.1" 200 29425 "-" "Mozilla/5.0 (Linux; Android 6.0.1; Nexus 5X Build/MMB29P) AppleWebKit/537.36 (KHTML, like Gecko) Chrome/147.0.7727.137 Mobile Safari/537.36 (compatible; Googlebot/2.1; +http://www.google.com/bot.html)"
192.0.91.228 - - [01/May/2026:16:58:09 -0400] "HEAD / HTTP/1.1" 200 0 "-" "jetmon/1.0 (Jetpack Site Uptime Monitor by WordPress.com)"
162.0.232.104 - - [01/May/2026:16:58:47 -0400] "POST /wp-cron.php?doing_wp_cron=1777669127.1349511146545410156250 HTTP/1.1" 200 0 "-" "WordPress/6.9.4; https://raydget.vip"
66.249.65.44 - - [01/May/2026:16:58:41 -0400] "GET /categorization/module/e07d48v0ksv5q5c.phtml HTTP/1.1" 404 0 "-" "Mozilla/5.0 (Linux; Android 6.0.1; Nexus 5X Build/MMB29P) AppleWebKit/537.36 (KHTML, like Gecko) Chrome/147.0.7727.137 Mobile Safari/537.36 (compatible; GoogleOther)"
162.0.232.104 - - [01/May/2026:16:59:52 -0400] "POST /wp-cron.php?doing_wp_cron=1777669192.0713469982147216796875 HTTP/1.1" 200 0 "-" "WordPress/6.9.4; https://raydget.vip"
66.249.65.46 - - [01/May/2026:16:59:48 -0400] "GET /structure/segment/e3ntwcb7cwbxj9s.phtml HTTP/1.1" 404 0 "-" "Mozilla/5.0 (Linux; Android 6.0.1; Nexus 5X Build/MMB29P) AppleWebKit/537.36 (KHTML, like Gecko) Chrome/147.0.7727.137 Mobile Safari/537.36 (compatible; GoogleOther)"
162.0.232.104 - - [01/May/2026:17:00:36 -0400] "POST /wp-cron.php?doing_wp_cron=1777669236.4361009597778320312500 HTTP/1.1" 200 0 "-" "WordPress/6.9.4; https://raydget.vip"
66.249.65.46 - - [01/May/2026:17:00:30 -0400] "GET /aggregation/instrument/e26yrjuk73us5gb.phtml HTTP/1.1" 404 0 "-" "Mozilla/5.0 (Linux; Android 6.0.1; Nexus 5X Build/MMB29P) AppleWebKit/537.36 (KHTML, like Gecko) Chrome/147.0.7727.137 Mobile Safari/537.36 (compatible; GoogleOther)"
66.249.65.45 - - [01/May/2026:17:04:18 -0400] "GET /field/work/eeff0s3dgc31jpk.phtml HTTP/1.1" 200 30907 "-" "Mozilla/5.0 (Linux; Android 6.0.1; Nexus 5X Build/MMB29P) AppleWebKit/537.36 (KHTML, like Gecko) Chrome/147.0.7727.137 Mobile Safari/537.36 (compatible; Googlebot/2.1; +http://www.google.com/bot.html)"
162.0.232.104 - - [01/May/2026:17:04:21 -0400] "POST /wp-cron.php?doing_wp_cron=1777669461.7565979957580566406250 HTTP/1.1" 200 0 "-" "WordPress/6.9.4; https://raydget.vip"
66.249.65.44 - - [01/May/2026:17:04:18 -0400] "GET /version/project/fsxaialbyt1b5bi.phtml HTTP/1.1" 404 0 "-" "Mozilla/5.0 (Linux; Android 6.0.1; Nexus 5X Build/MMB29P) AppleWebKit/537.36 (KHTML, like Gecko) Chrome/147.0.7727.137 Mobile Safari/537.36 (compatible; GoogleOther)"
66.249.65.46 - - [01/May/2026:17:04:20 -0400] "GET /family/property/e0dkae1oqy1b8bi.phtml HTTP/1.1" 200 29209 "-" "Mozilla/5.0 (Linux; Android 6.0.1; Nexus 5X Build/MMB29P) AppleWebKit/537.36 (KHTML, like Gecko) Chrome/147.0.7727.137 Mobile Safari/537.36 (compatible; Googlebot/2.1; +http://www.google.com/bot.html)"
162.0.232.104 - - [01/May/2026:17:04:40 -0400] "POST /wp-cron.php?doing_wp_cron=1777669480.1643369197845458984375 HTTP/1.1" 200 0 "-" "WordPress/6.9.4; https://raydget.vip"
192.0.91.228 - - [01/May/2026:17:04:36 -0400] "HEAD / HTTP/1.1" 200 0 "-" "jetmon/1.0 (Jetpack Site Uptime Monitor by WordPress.com)"
66.249.65.44 - - [01/May/2026:17:04:57 -0400] "GET /version/assembly/epwj5lkwl5k69i1.phtml HTTP/1.1" 404 0 "-" "Mozilla/5.0 (Linux; Android 6.0.1; Nexus 5X Build/MMB29P) AppleWebKit/537.36 (KHTML, like Gecko) Chrome/147.0.7727.137 Mobile Safari/537.36 (compatible; GoogleOther)"
66.249.74.102 - - [01/May/2026:17:05:56 -0400] "GET /shemy-postroeniya/ HTTP/1.1" 200 29210 "-" "Mozilla/5.0 (Linux; Android 6.0.1; Nexus 5X Build/MMB29P) AppleWebKit/537.36 (KHTML, like Gecko) Chrome/147.0.7727.137 Mobile Safari/537.36 (compatible; Googlebot/2.1; +http://www.google.com/bot.html)"
66.249.65.45 - - [01/May/2026:17:06:01 -0400] "GET /component/segment/fnuxf7ibvjy868f.phtml HTTP/1.1" 200 28990 "-" "Mozilla/5.0 (Linux; Android 6.0.1; Nexus 5X Build/MMB29P) AppleWebKit/537.36 (KHTML, like Gecko) Chrome/147.0.7727.137 Mobile Safari/537.36 (compatible; Googlebot/2.1; +http://www.google.com/bot.html)"
162.0.232.104 - - [01/May/2026:17:06:12 -0400] "POST /wp-cron.php?doing_wp_cron=1777669572.0807449817657470703125 HTTP/1.1" 200 0 "-" "WordPress/6.9.4; https://raydget.vip"
66.249.65.44 - - [01/May/2026:17:06:07 -0400] "GET /design/prototype/f28dhxwbxiomha5.phtml HTTP/1.1" 404 0 "-" "Mozilla/5.0 (Linux; Android 6.0.1; Nexus 5X Build/MMB29P) AppleWebKit/537.36 (KHTML, like Gecko) Chrome/147.0.7727.137 Mobile Safari/537.36 (compatible; GoogleOther)"
162.0.232.104 - - [01/May/2026:17:08:15 -0400] "POST /wp-cron.php?doing_wp_cron=1777669695.0615639686584472656250 HTTP/1.1" 200 0 "-" "WordPress/6.9.4; https://raydget.vip"
192.0.91.228 - - [01/May/2026:17:08:10 -0400] "HEAD / HTTP/1.1" 200 0 "-" "jetmon/1.0 (Jetpack Site Uptime Monitor by WordPress.com)"
162.0.232.104 - - [01/May/2026:17:09:13 -0400] "POST /wp-cron.php?doing_wp_cron=1777669753.9334499835968017578125 HTTP/1.1" 200 0 "-" "WordPress/6.9.4; https://raydget.vip"
66.249.65.44 - - [01/May/2026:17:09:09 -0400] "GET /field/entity/fboz91cbpes2329.phtml HTTP/1.1" 404 0 "-" "Mozilla/5.0 (Linux; Android 6.0.1; Nexus 5X Build/MMB29P) AppleWebKit/537.36 (KHTML, like Gecko) Chrome/147.0.7727.137 Mobile Safari/537.36 (compatible; GoogleOther)"
66.249.65.44 - - [01/May/2026:17:09:36 -0400] "GET /spectrum/object/e0xwialnyulj372.phtml HTTP/1.1" 200 29770 "-" "Mozilla/5.0 (Linux; Android 6.0.1; Nexus 5X Build/MMB29P) AppleWebKit/537.36 (KHTML, like Gecko) Chrome/147.0.7727.137 Mobile Safari/537.36 (compatible; Googlebot/2.1; +http://www.google.com/bot.html)"
162.0.232.104 - - [01/May/2026:17:11:18 -0400] "POST /wp-cron.php?doing_wp_cron=1777669878.1440899372100830078125 HTTP/1.1" 200 0 "-" "WordPress/6.9.4; https://raydget.vip"
209.42.19.197 - - [01/May/2026:17:11:09 -0400] "POST /xmlrpc.php HTTP/1.1" 200 286 "-" "Mozilla/5.0 (Windows NT 10.0; Win64; x64) AppleWebKit/537.36 (KHTML, like Gecko) Chrome/65.0.3325.146 Safari/537.36"
162.0.232.104 - - [01/May/2026:17:11:43 -0400] "POST /wp-cron.php?doing_wp_cron=1777669903.7396581172943115234375 HTTP/1.1" 200 0 "-" "WordPress/6.9.4; https://raydget.vip"
66.249.65.45 - - [01/May/2026:17:11:36 -0400] "GET /framework/byproduct/fqpamqdb26h3afy.phtml HTTP/1.1" 404 0 "-" "Mozilla/5.0 (Linux; Android 6.0.1; Nexus 5X Build/MMB29P) AppleWebKit/537.36 (KHTML, like Gecko) Chrome/147.0.7727.137 Mobile Safari/537.36 (compatible; GoogleOther)"
199.203.54.15 - - [01/May/2026:17:12:04 -0400] "GET /wp-login.php HTTP/1.1" 200 0 "-" "Mozilla/5.0 (Windows NT 6.1; WOW64; Trident/7.0; BOIE9;ENUSMSE; rv:11.0) like Gecko"
162.0.232.104 - - [01/May/2026:17:12:51 -0400] "POST /wp-cron.php?doing_wp_cron=1777669971.1442248821258544921875 HTTP/1.1" 200 0 "-" "WordPress/6.9.4; https://raydget.vip"
66.249.65.46 - - [01/May/2026:17:12:41 -0400] "GET /attribute/model/fsb0k0zb0erpsd8.phtml HTTP/1.1" 404 0 "-" "Mozilla/5.0 (Linux; Android 6.0.1; Nexus 5X Build/MMB29P) AppleWebKit/537.36 (KHTML, like Gecko) Chrome/147.0.7727.137 Mobile Safari/537.36 (compatible; GoogleOther)"
192.0.91.228 - - [01/May/2026:17:13:08 -0400] "HEAD / HTTP/1.1" 200 0 "-" "jetmon/1.0 (Jetpack Site Uptime Monitor by WordPress.com)"
66.249.65.45 - - [01/May/2026:17:14:36 -0400] "GET /grouping/cargo/edo091chplcayyt.phtml HTTP/1.1" 200 29957 "-" "Mozilla/5.0 (Linux; Android 6.0.1; Nexus 5X Build/MMB29P) AppleWebKit/537.36 (KHTML, like Gecko) Chrome/147.0.7727.137 Mobile Safari/537.36 (compatible; Googlebot/2.1; +http://www.google.com/bot.html)"
162.0.232.104 - - [01/May/2026:17:16:56 -0400] "POST /wp-cron.php?doing_wp_cron=1777670216.1902520656585693359375 HTTP/1.1" 200 0 "-" "WordPress/6.9.4; https://raydget.vip"
66.249.65.44 - - [01/May/2026:17:16:52 -0400] "GET /domain/label/fulz6y9bmhpz1z6.phtml HTTP/1.1" 404 0 "-" "Mozilla/5.0 (Linux; Android 6.0.1; Nexus 5X Build/MMB29P) AppleWebKit/537.36 (KHTML, like Gecko) Chrome/147.0.7727.137 Mobile Safari/537.36 (compatible; GoogleOther)"
148.113.9.51 - - [01/May/2026:17:17:13 -0400] "GET /wp-login.php HTTP/1.1" 302 0 "-" "Mozilla/5.0 (Windows NT 10.0; WOW64) AppleWebKit/537.36 (KHTML, like Gecko) Chrome/65.0.3325.181 Safari/537.36 OPR/52.0.2871.64"
148.113.9.51 - - [01/May/2026:17:17:17 -0400] "GET /wp-login.php HTTP/1.1" 302 0 "https://raydget.vip/wp-login.php" "Mozilla/5.0 (Windows NT 10.0; WOW64) AppleWebKit/537.36 (KHTML, like Gecko) Chrome/65.0.3325.181 Safari/537.36 OPR/52.0.2871.64"
148.113.9.51 - - [01/May/2026:17:17:27 -0400] "GET /wp-login.php HTTP/1.1" 200 0 "https://raydget.vip/wp-login.php" "Mozilla/5.0 (Windows NT 10.0; WOW64) AppleWebKit/537.36 (KHTML, like Gecko) Chrome/65.0.3325.181 Safari/537.36 OPR/52.0.2871.64"
66.249.65.46 - - [01/May/2026:17:17:45 -0400] "GET /province/creation/e90fldoj1xomwa5.phtml HTTP/1.1" 200 29803 "-" "Mozilla/5.0 (Linux; Android 6.0.1; Nexus 5X Build/MMB29P) AppleWebKit/537.36 (KHTML, like Gecko) Chrome/147.0.7727.137 Mobile Safari/537.36 (compatible; Googlebot/2.1; +http://www.google.com/bot.html)"
162.0.232.104 - - [01/May/2026:17:18:06 -0400] "POST /wp-cron.php?doing_wp_cron=1777670286.1530001163482666015625 HTTP/1.1" 200 0 "-" "WordPress/6.9.4; https://raydget.vip"
66.249.65.44 - - [01/May/2026:17:17:56 -0400] "GET /bunch/detail/efly6y9zmi97lvq.phtml HTTP/1.1" 404 0 "-" "Mozilla/5.0 (Linux; Android 6.0.1; Nexus 5X Build/MMB29P) AppleWebKit/537.36 (KHTML, like Gecko) Chrome/147.0.7727.137 Mobile Safari/537.36 (compatible; GoogleOther)"
192.0.91.228 - - [01/May/2026:17:18:09 -0400] "HEAD / HTTP/1.1" 200 0 "-" "jetmon/1.0 (Jetpack Site Uptime Monitor by WordPress.com)"
66.249.65.44 - - [01/May/2026:17:18:12 -0400] "GET /property/inventory/ebrfc4fdsofd11w.phtml HTTP/1.1" 404 0 "-" "Mozilla/5.0 (Linux; Android 6.0.1; Nexus 5X Build/MMB29P) AppleWebKit/537.36 (KHTML, like Gecko) Chrome/147.0.7727.137 Mobile Safari/537.36 (compatible; GoogleOther)"
162.0.232.104 - - [01/May/2026:17:18:38 -0400] "POST /wp-cron.php?doing_wp_cron=1777670318.1432530879974365234375 HTTP/1.1" 200 0 "-" "WordPress/6.9.4; https://raydget.vip"
66.249.65.44 - - [01/May/2026:17:18:28 -0400] "GET /factor/artifact/fogydh4bth8uw6p.phtml HTTP/1.1" 404 0 "-" "Mozilla/5.0 (Linux; Android 6.0.1; Nexus 5X Build/MMB29P) AppleWebKit/537.36 (KHTML, like Gecko) Chrome/147.0.7727.137 Mobile Safari/537.36 (compatible; GoogleOther)"
66.249.65.44 - - [01/May/2026:17:18:46 -0400] "GET /matrix/freight/e2caxp0bd90y2mh.phtml HTTP/1.1" 200 29398 "-" "Mozilla/5.0 (Linux; Android 6.0.1; Nexus 5X Build/MMB29P) AppleWebKit/537.36 (KHTML, like Gecko) Chrome/147.0.7727.137 Mobile Safari/537.36 (compatible; Googlebot/2.1; +http://www.google.com/bot.html)"
66.249.65.44 - - [01/May/2026:17:18:45 -0400] "GET /pride/stock/fsf00s3bgijtkt0.phtml HTTP/1.1" 404 0 "-" "Mozilla/5.0 (Linux; Android 6.0.1; Nexus 5X Build/MMB29P) AppleWebKit/537.36 (KHTML, like Gecko) Chrome/147.0.7727.137 Mobile Safari/537.36 (compatible; GoogleOther)"
162.0.232.104 - - [01/May/2026:17:19:28 -0400] "POST /wp-cron.php?doing_wp_cron=1777670368.5714049339294433593750 HTTP/1.1" 200 0 "-" "WordPress/6.9.4; https://raydget.vip"
66.249.65.46 - - [01/May/2026:17:19:24 -0400] "GET /edition/particle/fg91umxbaednenu.phtml HTTP/1.1" 404 0 "-" "Mozilla/5.0 (Linux; Android 6.0.1; Nexus 5X Build/MMB29P) AppleWebKit/537.36 (KHTML, like Gecko) Chrome/147.0.7727.137 Mobile Safari/537.36 (compatible; GoogleOther)"
162.0.232.104 - - [01/May/2026:17:19:42 -0400] "POST /wp-cron.php?doing_wp_cron=1777670382.6466829776763916015625 HTTP/1.1" 200 0 "-" "WordPress/6.9.4; https://raydget.vip"
66.249.65.45 - - [01/May/2026:17:19:34 -0400] "GET /make/mechanism/fd6zrjub7lak8kr.phtml HTTP/1.1" 404 0 "-" "Mozilla/5.0 (Linux; Android 6.0.1; Nexus 5X Build/MMB29P) AppleWebKit/537.36 (KHTML, like Gecko) Chrome/147.0.7727.137 Mobile Safari/537.36 (compatible; GoogleOther)"
162.0.232.104 - - [01/May/2026:17:20:16 -0400] "HEAD /wp-content/uploads/font-awesome/v5.15.4/css/svg-with-js.css HTTP/1.1" 200 0 "-" "WordPress/6.9.4; https://raydget.vip"
43.164.0.21 - - [01/May/2026:17:20:05 -0400] "GET /wp-admin/admin-ajax.php HTTP/1.1" 400 21 "-" "Mozilla/5.0 (iPhone; CPU iPhone OS 13_2_3 like Mac OS X) AppleWebKit/605.1.15 (KHTML, like Gecko) Version/13.0.3 Mobile/15E148 Safari/604.1"
66.249.65.44 - - [01/May/2026:17:20:13 -0400] "GET /sort/version/fes0ptgb50k6vi1.phtml HTTP/1.1" 404 0 "-" "Mozilla/5.0 (Linux; Android 6.0.1; Nexus 5X Build/MMB29P) AppleWebKit/537.36 (KHTML, like Gecko) Chrome/147.0.7727.137 Mobile Safari/537.36 (compatible; GoogleOther)"
66.249.65.45 - - [01/May/2026:17:20:26 -0400] "GET /ambit/attribute/fyl06y9bm5pztz6.phtml HTTP/1.1" 404 0 "-" "Mozilla/5.0 (Linux; Android 6.0.1; Nexus 5X Build/MMB29P) AppleWebKit/537.36 (KHTML, like Gecko) Chrome/147.0.7727.137 Mobile Safari/537.36 (compatible; GoogleOther)"
66.249.65.44 - - [01/May/2026:17:20:48 -0400] "GET /herd/output/ee6rrjub73uskgb.phtml HTTP/1.1" 200 29630 "-" "Mozilla/5.0 (Linux; Android 6.0.1; Nexus 5X Build/MMB29P) AppleWebKit/537.36 (KHTML, like Gecko) Chrome/147.0.7727.137 Mobile Safari/537.36 (compatible; Googlebot/2.1; +http://www.google.com/bot.html)"
162.0.232.104 - - [01/May/2026:17:21:31 -0400] "POST /wp-cron.php?doing_wp_cron=1777670491.0851619243621826171875 HTTP/1.1" 200 0 "-" "WordPress/6.9.4; https://raydget.vip"
66.249.65.44 - - [01/May/2026:17:21:24 -0400] "GET /attribute/portion/ea19y2phempztz6.phtml HTTP/1.1" 404 0 "-" "Mozilla/5.0 (Linux; Android 6.0.1; Nexus 5X Build/MMB29P) AppleWebKit/537.36 (KHTML, like Gecko) Chrome/147.0.7727.137 Mobile Safari/537.36 (compatible; GoogleOther)"
66.249.65.45 - - [01/May/2026:17:21:31 -0400] "GET /model/specification/e0lc6y9gmi97wvq.phtml HTTP/1.1" 404 0 "-" "Mozilla/5.0 (Linux; Android 6.0.1; Nexus 5X Build/MMB29P) AppleWebKit/537.36 (KHTML, like Gecko) Chrome/147.0.7727.137 Mobile Safari/537.36 (compatible; GoogleOther)"
162.0.232.104 - - [01/May/2026:17:22:51 -0400] "POST /wp-cron.php?doing_wp_cron=1777670571.3430740833282470703125 HTTP/1.1" 200 0 "-" "WordPress/6.9.4; https://raydget.vip"
66.249.65.44 - - [01/May/2026:17:22:35 -0400] "GET /format/feature/f0mxjnabzne08cv.phtml HTTP/1.1" 404 0 "-" "Mozilla/5.0 (Linux; Android 6.0.1; Nexus 5X Build/MMB29P) AppleWebKit/537.36 (KHTML, like Gecko) Chrome/147.0.7727.137 Mobile Safari/537.36 (compatible; GoogleOther)"
172.212.217.10 - - [01/May/2026:17:23:00 -0400] "GET /wp-content/plugins/hellopress/wp_filemanager.php HTTP/1.1" 200 0 "-" "-"
98.130.43.189 - - [01/May/2026:17:22:54 -0400] "POST /xmlrpc.php HTTP/1.1" 200 0 "-" "Mozilla/5.0 (Windows NT 10.0; WOW64) AppleWebKit/537.36 (KHTML, like Gecko) Chrome/65.0.3325.181 Safari/537.36 OPR/52.0.2871.64"
172.212.217.10 - - [01/May/2026:17:23:00 -0400] "GET /timeclock.php HTTP/1.1" 200 0 "-" "-"
66.249.65.44 - - [01/May/2026:17:22:51 -0400] "GET /hierarchy/division/fbiz3v6bjtmwow3.phtml HTTP/1.1" 404 0 "-" "Mozilla/5.0 (Linux; Android 6.0.1; Nexus 5X Build/MMB29P) AppleWebKit/537.36 (KHTML, like Gecko) Chrome/147.0.7727.137 Mobile Safari/537.36 (compatible; GoogleOther)"
172.212.217.10 - - [01/May/2026:17:23:16 -0400] "GET /000.php HTTP/1.1" 200 0 "-" "-"
192.0.91.228 - - [01/May/2026:17:23:08 -0400] "HEAD / HTTP/1.1" 200 0 "-" "jetmon/1.0 (Jetpack Site Uptime Monitor by WordPress.com)"
172.212.217.10 - - [01/May/2026:17:23:31 -0400] "GET /app.php HTTP/1.1" 200 0 "-" "-"
103.121.26.217 - - [01/May/2026:17:23:29 -0400] "GET /wp-login.php HTTP/1.1" 200 0 "-" "Mozilla/5.0 (X11; Datanyze; Linux x86_64) AppleWebKit/537.36 (KHTML, like Gecko) Chrome/65.0.3325.181 Safari/537.36"
172.212.217.10 - - [01/May/2026:17:23:47 -0400] "GET /profiler.php HTTP/1.1" 200 0 "-" "-"
162.0.232.104 - - [01/May/2026:17:24:09 -0400] "POST /wp-cron.php?doing_wp_cron=1777670649.2394609451293945312500 HTTP/1.1" 200 0 "-" "WordPress/6.9.4; https://raydget.vip"
172.212.217.10 - - [01/May/2026:17:24:03 -0400] "GET /oauth.php HTTP/1.1" 200 0 "-" "-"
162.0.232.104 - - [01/May/2026:17:24:26 -0400] "POST /wp-cron.php?doing_wp_cron=1777670665.4404270648956298828125 HTTP/1.1" 200 0 "-" "WordPress/6.9.4; https://raydget.vip"
172.212.217.10 - - [01/May/2026:17:24:17 -0400] "GET /styles.php HTTP/1.1" 200 0 "-" "-"
172.212.217.10 - - [01/May/2026:17:24:32 -0400] "GET /7.php HTTP/1.1" 200 0 "-" "-"
66.249.65.45 - - [01/May/2026:17:24:49 -0400] "GET /community/set/fvqxzfebf564ssn.phtml HTTP/1.1" 200 29245 "-" "Mozilla/5.0 (Linux; Android 6.0.1; Nexus 5X Build/MMB29P) AppleWebKit/537.36 (KHTML, like Gecko) Chrome/147.0.7727.137 Mobile Safari/537.36 (compatible; Googlebot/2.1; +http://www.google.com/bot.html)"
66.249.65.44 - - [01/May/2026:17:23:47 -0400] "GET /ambit/set/flmzjnabzte0wcv.phtml HTTP/1.1" 503 854 "-" "Mozilla/5.0 (Linux; Android 6.0.1; Nexus 5X Build/MMB29P) AppleWebKit/537.36 (KHTML, like Gecko) Chrome/147.0.7727.137 Mobile Safari/537.36 (compatible; GoogleOther)"
192.0.91.228 - - [01/May/2026:17:24:36 -0400] "HEAD / HTTP/1.1" 200 0 "-" "jetmon/1.0 (Jetpack Site Uptime Monitor by WordPress.com)"
172.212.217.10 - - [01/May/2026:17:24:52 -0400] "GET /lmfi2.php HTTP/1.1" 200 0 "-" "-"
172.212.217.10 - - [01/May/2026:17:25:04 -0400] "GET /xinfo.php HTTP/1.1" 200 0 "-" "-"
66.116.235.214 - - [01/May/2026:17:25:08 -0400] "POST /xmlrpc.php HTTP/1.1" 200 0 "-" "Mozilla/4.0 (compatible; MSIE 8.0; Windows NT 6.2; WOW64; Trident/7.0; .NET4.0C; .NET4.0E; .NET CLR 2.0.50727; .NET CLR 3.0.30729; .NET CLR 3.5.30729)"
122.248.245.244 - - [01/May/2026:17:25:02 -0400] "HEAD / HTTP/1.1" 200 0 "-" "jetmon/1.0 (Jetpack Site Uptime Monitor by WordPress.com)"
54.232.116.4 - - [01/May/2026:17:25:02 -0400] "HEAD / HTTP/1.1" 200 0 "-" "jetmon/1.0 (Jetpack Site Uptime Monitor by WordPress.com)"
54.217.201.243 - - [01/May/2026:17:25:01 -0400] "HEAD / HTTP/1.1" 200 0 "-" "jetmon/1.0 (Jetpack Site Uptime Monitor by WordPress.com)"
172.212.217.10 - - [01/May/2026:17:25:20 -0400] "GET /creds.php HTTP/1.1" 200 0 "-" "-"
172.212.217.10 - - [01/May/2026:17:25:35 -0400] "GET /teste.php HTTP/1.1" 200 0 "-" "-"
172.212.217.10 - - [01/May/2026:17:25:49 -0400] "GET /u.php HTTP/1.1" 200 0 "-" "-"
66.249.65.44 - - [01/May/2026:17:24:50 -0400] "GET /class/attribute/e9og91cbplcacyt.phtml HTTP/1.1" 503 854 "-" "Mozilla/5.0 (Linux; Android 6.0.1; Nexus 5X Build/MMB29P) AppleWebKit/537.36 (KHTML, like Gecko) Chrome/147.0.7727.137 Mobile Safari/537.36 (compatible; GoogleOther)"
172.212.217.10 - - [01/May/2026:17:26:05 -0400] "GET /aw.php HTTP/1.1" 200 0 "-" "-"
172.212.217.10 - - [01/May/2026:17:26:20 -0400] "GET /00.php HTTP/1.1" 200 0 "-" "-"
172.212.217.10 - - [01/May/2026:17:26:37 -0400] "GET /search.php HTTP/1.1" 200 0 "-" "-"
188.241.62.65 - - [01/May/2026:17:26:38 -0400] "POST /xmlrpc.php HTTP/1.1" 200 0 "-" "Mozilla/5.0 (Macintosh; Intel Mac OS X 10_12_5) AppleWebKit/603.2.4 (KHTML, like Gecko) Version/10.1.1 Safari/603.2.4"
172.212.217.10 - - [01/May/2026:17:26:54 -0400] "GET /conf.php HTTP/1.1" 200 0 "-" "-"
172.212.217.10 - - [01/May/2026:17:27:07 -0400] "GET /yindu.php HTTP/1.1" 200 0 "-" "-"
43.225.108.103 - - [01/May/2026:17:27:10 -0400] "GET /wp-login.php HTTP/1.1" 200 0 "-" "Mozilla/5.0 (Windows NT 10.0; Win64; x64) AppleWebKit/537.36 (KHTML, like Gecko) Chrome/58.0.3029.110 Safari/537.36 Edge/16.16299"
78.46.5.140 - - [01/May/2026:17:27:14 -0400] "GET /wp-login.php HTTP/1.1" 200 0 "-" "Mozilla/4.0 (compatible; MSIE 7.0; Windows NT 6.2; WOW64; Trident/7.0; .NET4.0C; .NET4.0E; wbx 1.0.0)"
172.212.217.10 - - [01/May/2026:17:27:28 -0400] "GET /phpstatus.php HTTP/1.1" 200 0 "-" "-"
172.212.217.10 - - [01/May/2026:17:27:40 -0400] "GET /album.php HTTP/1.1" 200 0 "-" "-"
66.249.65.45 - - [01/May/2026:17:27:52 -0400] "GET /status/career/ft0xldob164efel.phtml HTTP/1.1" 200 30200 "-" "Mozilla/5.0 (Linux; Android 6.0.1; Nexus 5X Build/MMB29P) AppleWebKit/537.36 (KHTML, like Gecko) Chrome/147.0.7727.137 Mobile Safari/537.36 (compatible; Googlebot/2.1; +http://www.google.com/bot.html)"
172.212.217.10 - - [01/May/2026:17:27:54 -0400] "GET /phpprobe.php HTTP/1.1" 200 0 "-" "-"
66.249.65.44 - - [01/May/2026:17:26:37 -0400] "GET /herd/entity/fwpymqdb2eh3mfy.phtml HTTP/1.1" 503 854 "-" "Mozilla/5.0 (Linux; Android 6.0.1; Nexus 5X Build/MMB29P) AppleWebKit/537.36 (KHTML, like Gecko) Chrome/147.0.7727.137 Mobile Safari/537.36 (compatible; GoogleOther)"
172.212.217.10 - - [01/May/2026:17:28:08 -0400] "GET /pdf.php HTTP/1.1" 200 0 "-" "-"
192.0.91.228 - - [01/May/2026:17:28:09 -0400] "HEAD / HTTP/1.1" 200 0 "-" "jetmon/1.0 (Jetpack Site Uptime Monitor by WordPress.com)"
172.212.217.10 - - [01/May/2026:17:28:28 -0400] "GET /you.php HTTP/1.1" 200 0 "-" "-"
172.212.217.10 - - [01/May/2026:17:28:41 -0400] "GET /mimes.php HTTP/1.1" 200 0 "-" "-"
66.249.65.44 - - [01/May/2026:17:28:50 -0400] "GET /continuum/tool/fx2xbrqbrzig64z.phtml HTTP/1.1" 503 854 "-" "Mozilla/5.0 (Linux; Android 6.0.1; Nexus 5X Build/MMB29P) AppleWebKit/537.36 (KHTML, like Gecko) Chrome/147.0.7727.137 Mobile Safari/537.36 (compatible; GoogleOther)"
66.249.65.44 - - [01/May/2026:17:30:54 -0400] "GET /batch/set/etak7bycnvy8v8f.phtml HTTP/1.1" 200 30901 "-" "Mozilla/5.0 (Linux; Android 6.0.1; Nexus 5X Build/MMB29P) AppleWebKit/537.36 (KHTML, like Gecko) Chrome/147.0.7727.137 Mobile Safari/537.36 (compatible; Googlebot/2.1; +http://www.google.com/bot.html)"
66.249.65.44 - - [01/May/2026:17:30:56 -0400] "GET /format/detail/evjigk7mw47hyho.phtml HTTP/1.1" 200 29673 "-" "Mozilla/5.0 (Linux; Android 6.0.1; Nexus 5X Build/MMB29P) AppleWebKit/537.36 (KHTML, like Gecko) Chrome/147.0.7727.137 Mobile Safari/537.36 (compatible; Googlebot/2.1; +http://www.google.com/bot.html)"
43.131.32.36 - - [01/May/2026:17:30:39 -0400] "GET /uchastie-ooo-rejdzhet-v-vystavke-svyaz-2023/ HTTP/1.1" 200 0 "-" "Mozilla/5.0 (iPhone; CPU iPhone OS 13_2_3 like Mac OS X) AppleWebKit/605.1.15 (KHTML, like Gecko) Version/13.0.3 Mobile/15E148 Safari/604.1"
