162.0.232.104 - - [01/May/2026:21:53:51 -0400] "POST /wp-cron.php?doing_wp_cron=1777686831.1426699161529541015625 HTTP/1.1" 200 0 "-" "WordPress/6.9.4; https://raydget.vip"
66.249.65.44 - - [01/May/2026:21:53:47 -0400] "GET /structure/effect/fg8zhxwbxjomma5.phtml HTTP/1.1" 404 0 "-" "Mozilla/5.0 (Linux; Android 6.0.1; Nexus 5X Build/MMB29P) AppleWebKit/537.36 (KHTML, like Gecko) Chrome/147.0.7727.137 Mobile Safari/537.36 (compatible; GoogleOther)"
162.0.232.104 - - [01/May/2026:21:54:41 -0400] "POST /wp-cron.php?doing_wp_cron=1777686881.4525909423828125000000 HTTP/1.1" 200 0 "-" "WordPress/6.9.4; https://raydget.vip"
91.84.108.172 - - [01/May/2026:21:54:29 -0400] "POST /wp-login.php HTTP/1.1" 302 0 "https://raydget.vip/wp-login.php" "Mozilla/5.0 (Windows NT 10.0; Win64; x64) AppleWebKit/537.36 (KHTML, like Gecko) Chrome/123.0.0.0 Safari/537.36"
91.84.108.172 - - [01/May/2026:21:54:41 -0400] "GET /wp-login.php HTTP/1.1" 302 0 "https://raydget.vip/wp-login.php" "Mozilla/5.0 (Windows NT 10.0; Win64; x64) AppleWebKit/537.36 (KHTML, like Gecko) Chrome/123.0.0.0 Safari/537.36"
91.84.108.172 - - [01/May/2026:21:54:51 -0400] "GET /wp-login.php HTTP/1.1" 302 0 "https://raydget.vip/wp-login.php" "Mozilla/5.0 (Windows NT 10.0; Win64; x64) AppleWebKit/537.36 (KHTML, like Gecko) Chrome/123.0.0.0 Safari/537.36"
91.84.108.172 - - [01/May/2026:21:54:58 -0400] "GET /wp-login.php HTTP/1.1" 302 0 "https://raydget.vip/wp-login.php" "Mozilla/5.0 (Windows NT 10.0; Win64; x64) AppleWebKit/537.36 (KHTML, like Gecko) Chrome/123.0.0.0 Safari/537.36"
91.84.108.172 - - [01/May/2026:21:55:10 -0400] "GET /wp-login.php HTTP/1.1" 302 0 "https://raydget.vip/wp-login.php" "Mozilla/5.0 (Windows NT 10.0; Win64; x64) AppleWebKit/537.36 (KHTML, like Gecko) Chrome/123.0.0.0 Safari/537.36"
162.0.232.104 - - [01/May/2026:21:55:20 -0400] "POST /wp-cron.php?doing_wp_cron=1777686920.3758399486541748046875 HTTP/1.1" 200 0 "-" "WordPress/6.9.4; https://raydget.vip"
91.84.108.172 - - [01/May/2026:21:55:17 -0400] "GET /wp-login.php HTTP/1.1" 302 0 "https://raydget.vip/wp-login.php" "Mozilla/5.0 (Windows NT 10.0; Win64; x64) AppleWebKit/537.36 (KHTML, like Gecko) Chrome/123.0.0.0 Safari/537.36"
91.84.108.172 - - [01/May/2026:21:55:20 -0400] "GET /wp-login.php HTTP/1.1" 302 0 "https://raydget.vip/wp-login.php" "Mozilla/5.0 (Windows NT 10.0; Win64; x64) AppleWebKit/537.36 (KHTML, like Gecko) Chrome/123.0.0.0 Safari/537.36"
162.0.232.104 - - [01/May/2026:21:55:35 -0400] "POST /wp-cron.php?doing_wp_cron=1777686935.0334470272064208984375 HTTP/1.1" 200 0 "-" "WordPress/6.9.4; https://raydget.vip"
91.84.108.172 - - [01/May/2026:21:55:28 -0400] "GET /wp-login.php HTTP/1.1" 302 0 "https://raydget.vip/wp-login.php" "Mozilla/5.0 (Windows NT 10.0; Win64; x64) AppleWebKit/537.36 (KHTML, like Gecko) Chrome/123.0.0.0 Safari/537.36"
66.249.65.46 - - [01/May/2026:21:55:45 -0400] "GET /continuum/tool/fx2xbrqbrzig64z.phtml HTTP/1.1" 200 28005 "-" "Mozilla/5.0 (Linux; Android 6.0.1; Nexus 5X Build/MMB29P) AppleWebKit/537.36 (KHTML, like Gecko) Chrome/147.0.7727.137 Mobile Safari/537.36 (compatible; Googlebot/2.1; +http://www.google.com/bot.html)"
66.249.65.45 - - [01/May/2026:21:55:33 -0400] "GET /schema/info/fqdyae1bq55rd3m.phtml HTTP/1.1" 404 0 "-" "Mozilla/5.0 (Linux; Android 6.0.1; Nexus 5X Build/MMB29P) AppleWebKit/537.36 (KHTML, like Gecko) Chrome/147.0.7727.137 Mobile Safari/537.36 (compatible; GoogleOther)"
91.84.108.172 - - [01/May/2026:21:55:35 -0400] "GET /wp-login.php HTTP/1.1" 302 0 "https://raydget.vip/wp-login.php" "Mozilla/5.0 (Windows NT 10.0; Win64; x64) AppleWebKit/537.36 (KHTML, like Gecko) Chrome/123.0.0.0 Safari/537.36"
91.84.108.172 - - [01/May/2026:21:55:54 -0400] "GET /wp-login.php HTTP/1.1" 302 0 "https://raydget.vip/wp-login.php" "Mozilla/5.0 (Windows NT 10.0; Win64; x64) AppleWebKit/537.36 (KHTML, like Gecko) Chrome/123.0.0.0 Safari/537.36"
91.84.108.172 - - [01/May/2026:21:56:01 -0400] "GET /wp-login.php HTTP/1.1" 302 0 "https://raydget.vip/wp-login.php" "Mozilla/5.0 (Windows NT 10.0; Win64; x64) AppleWebKit/537.36 (KHTML, like Gecko) Chrome/123.0.0.0 Safari/537.36"
91.84.108.172 - - [01/May/2026:21:56:11 -0400] "GET /wp-login.php HTTP/1.1" 302 0 "https://raydget.vip/wp-login.php" "Mozilla/5.0 (Windows NT 10.0; Win64; x64) AppleWebKit/537.36 (KHTML, like Gecko) Chrome/123.0.0.0 Safari/537.36"
91.84.108.172 - - [01/May/2026:21:56:16 -0400] "GET /wp-login.php HTTP/1.1" 302 0 "https://raydget.vip/wp-login.php" "Mozilla/5.0 (Windows NT 10.0; Win64; x64) AppleWebKit/537.36 (KHTML, like Gecko) Chrome/123.0.0.0 Safari/537.36"
91.84.108.172 - - [01/May/2026:21:56:20 -0400] "GET /wp-login.php HTTP/1.1" 302 0 "https://raydget.vip/wp-login.php" "Mozilla/5.0 (Windows NT 10.0; Win64; x64) AppleWebKit/537.36 (KHTML, like Gecko) Chrome/123.0.0.0 Safari/537.36"
66.249.65.45 - - [01/May/2026:21:56:35 -0400] "GET /flock/attribute/fa60rjub79ak2kr.phtml HTTP/1.1" 200 28805 "-" "Mozilla/5.0 (Linux; Android 6.0.1; Nexus 5X Build/MMB29P) AppleWebKit/537.36 (KHTML, like Gecko) Chrome/147.0.7727.137 Mobile Safari/537.36 (compatible; Googlebot/2.1; +http://www.google.com/bot.html)"
162.0.232.104 - - [01/May/2026:21:56:39 -0400] "POST /wp-cron.php?doing_wp_cron=1777686999.1312079429626464843750 HTTP/1.1" 200 0 "-" "WordPress/6.9.4; https://raydget.vip"
91.84.108.172 - - [01/May/2026:21:56:29 -0400] "GET /wp-login.php HTTP/1.1" 302 0 "https://raydget.vip/wp-login.php" "Mozilla/5.0 (Windows NT 10.0; Win64; x64) AppleWebKit/537.36 (KHTML, like Gecko) Chrome/123.0.0.0 Safari/537.36"
91.84.108.172 - - [01/May/2026:21:56:39 -0400] "GET /wp-login.php HTTP/1.1" 302 0 "https://raydget.vip/wp-login.php" "Mozilla/5.0 (Windows NT 10.0; Win64; x64) AppleWebKit/537.36 (KHTML, like Gecko) Chrome/123.0.0.0 Safari/537.36"
91.84.108.172 - - [01/May/2026:21:56:52 -0400] "GET /wp-login.php HTTP/1.1" 302 0 "https://raydget.vip/wp-login.php" "Mozilla/5.0 (Windows NT 10.0; Win64; x64) AppleWebKit/537.36 (KHTML, like Gecko) Chrome/123.0.0.0 Safari/537.36"
45.248.37.7 - - [01/May/2026:21:57:17 -0400] "GET /.env HTTP/1.1" 403 1242 "-" "Mozilla/5.0 (Linux; U; Android 4.4.2; en-US; HM NOTE 1W Build/KOT49H) AppleWebKit/534.30 (KHTML, like Gecko) Version/4.0 UCBrowser/11.0.5.850 U3/0.8.0 Mobile Safari/534.30"
45.248.37.7 - - [01/May/2026:21:57:18 -0400] "POST / HTTP/1.1" 200 0 "-" "Mozilla/5.0 (Linux; U; Android 4.4.2; en-US; HM NOTE 1W Build/KOT49H) AppleWebKit/534.30 (KHTML, like Gecko) Version/4.0 UCBrowser/11.0.5.850 U3/0.8.0 Mobile Safari/534.30"
91.84.108.172 - - [01/May/2026:21:57:07 -0400] "GET /wp-login.php HTTP/1.1" 302 0 "https://raydget.vip/wp-login.php" "Mozilla/5.0 (Windows NT 10.0; Win64; x64) AppleWebKit/537.36 (KHTML, like Gecko) Chrome/123.0.0.0 Safari/537.36"
162.0.232.104 - - [01/May/2026:21:57:56 -0400] "POST /wp-cron.php?doing_wp_cron=1777687076.5278379917144775390625 HTTP/1.1" 200 0 "-" "WordPress/6.9.4; https://raydget.vip"
91.84.108.172 - - [01/May/2026:21:57:32 -0400] "GET /wp-login.php HTTP/1.1" 302 0 "https://raydget.vip/wp-login.php" "Mozilla/5.0 (Windows NT 10.0; Win64; x64) AppleWebKit/537.36 (KHTML, like Gecko) Chrome/123.0.0.0 Safari/537.36"
91.84.108.172 - - [01/May/2026:21:57:58 -0400] "GET /wp-login.php HTTP/1.1" 302 0 "https://raydget.vip/wp-login.php" "Mozilla/5.0 (Windows NT 10.0; Win64; x64) AppleWebKit/537.36 (KHTML, like Gecko) Chrome/123.0.0.0 Safari/537.36"
192.0.91.228 - - [01/May/2026:21:58:07 -0400] "HEAD / HTTP/1.1" 200 0 "-" "jetmon/1.0 (Jetpack Site Uptime Monitor by WordPress.com)"
109.115.239.23 - - [01/May/2026:21:58:22 -0400] "POST /xmlrpc.php HTTP/1.1" 200 0 "-" "Mozilla/5.0 (Windows NT 10.0; WOW64) AppleWebKit/537.36 (KHTML, like Gecko) Chrome/66.0.3359.170 Safari/537.36"
91.84.108.172 - - [01/May/2026:21:58:22 -0400] "GET /wp-login.php HTTP/1.1" 200 0 "https://raydget.vip/wp-login.php" "Mozilla/5.0 (Windows NT 10.0; Win64; x64) AppleWebKit/537.36 (KHTML, like Gecko) Chrome/123.0.0.0 Safari/537.36"
162.0.232.104 - - [01/May/2026:21:58:56 -0400] "POST /wp-cron.php?doing_wp_cron=1777687136.5368819236755371093750 HTTP/1.1" 200 0 "-" "WordPress/6.9.4; https://raydget.vip"
162.0.232.104 - - [01/May/2026:21:59:50 -0400] "POST /wp-cron.php?doing_wp_cron=1777687190.2477910518646240234375 HTTP/1.1" 200 0 "-" "WordPress/6.9.4; https://raydget.vip"
192.0.91.228 - - [01/May/2026:21:59:32 -0400] "HEAD / HTTP/1.1" 200 0 "-" "jetmon/1.0 (Jetpack Site Uptime Monitor by WordPress.com)"
66.249.65.45 - - [01/May/2026:21:59:54 -0400] "GET /field/unit/e20uldoc1xomfa5.phtml HTTP/1.1" 200 29425 "-" "Mozilla/5.0 (Linux; Android 6.0.1; Nexus 5X Build/MMB29P) AppleWebKit/537.36 (KHTML, like Gecko) Chrome/147.0.7727.137 Mobile Safari/537.36 (compatible; Googlebot/2.1; +http://www.google.com/bot.html)"
123.30.233.12 - - [01/May/2026:21:59:43 -0400] "GET /wp-login.php HTTP/1.1" 302 0 "-" "Mozilla/5.0 (Windows NT 6.3; Win64; x64) AppleWebKit/537.36 (KHTML, like Gecko) Chrome/65.0.3325.162 Safari/537.36"
123.30.233.12 - - [01/May/2026:22:00:00 -0400] "GET /wp-login.php HTTP/1.1" 200 0 "https://raydget.vip/wp-login.php" "Mozilla/5.0 (Windows NT 6.3; Win64; x64) AppleWebKit/537.36 (KHTML, like Gecko) Chrome/65.0.3325.162 Safari/537.36"
66.249.65.45 - - [01/May/2026:22:00:24 -0400] "GET /module/entity/eql46y9zmi97nvq.phtml HTTP/1.1" 404 0 "-" "Mozilla/5.0 (Linux; Android 6.0.1; Nexus 5X Build/MMB29P) AppleWebKit/537.36 (KHTML, like Gecko) Chrome/147.0.7727.137 Mobile Safari/537.36 (compatible; GoogleOther)"
66.249.65.44 - - [01/May/2026:22:00:46 -0400] "GET /grade/instrument/fz3zogrb427h6ho.phtml HTTP/1.1" 200 28387 "-" "Mozilla/5.0 (Linux; Android 6.0.1; Nexus 5X Build/MMB29P) AppleWebKit/537.36 (KHTML, like Gecko) Chrome/147.0.7727.137 Mobile Safari/537.36 (compatible; Googlebot/2.1; +http://www.google.com/bot.html)"
66.249.65.46 - - [01/May/2026:22:01:36 -0400] "GET /module/article/eu2ubrqdrbqcao7.phtml HTTP/1.1" 200 29640 "-" "Mozilla/5.0 (Linux; Android 6.0.1; Nexus 5X Build/MMB29P) AppleWebKit/537.36 (KHTML, like Gecko) Chrome/147.0.7727.137 Mobile Safari/537.36 (compatible; Googlebot/2.1; +http://www.google.com/bot.html)"
66.249.65.46 - - [01/May/2026:22:01:36 -0400] "GET /structure/element/e3nowcbfcwbx39s.phtml HTTP/1.1" 200 30670 "-" "Mozilla/5.0 (Linux; Android 6.0.1; Nexus 5X Build/MMB29P) AppleWebKit/537.36 (KHTML, like Gecko) Chrome/147.0.7727.137 Mobile Safari/537.36 (compatible; Googlebot/2.1; +http://www.google.com/bot.html)"
162.0.232.104 - - [01/May/2026:22:01:44 -0400] "POST /wp-cron.php?doing_wp_cron=1777687304.1370480060577392578125 HTTP/1.1" 200 0 "-" "WordPress/6.9.4; https://raydget.vip"
217.142.142.174 - - [01/May/2026:22:01:35 -0400] "GET /wp-login.php HTTP/1.1" 302 0 "-" "Mozilla/5.0 (Windows NT 6.1; Win64; x64) AppleWebKit/537.36 (KHTML, like Gecko) Chrome/63.0.3239.132 Safari/537.36 OPR/50.0.2762.67"
217.142.142.174 - - [01/May/2026:22:01:46 -0400] "GET /wp-login.php HTTP/1.1" 200 0 "https://raydget.vip/wp-login.php" "Mozilla/5.0 (Windows NT 6.1; Win64; x64) AppleWebKit/537.36 (KHTML, like Gecko) Chrome/63.0.3239.132 Safari/537.36 OPR/50.0.2762.67"
66.249.65.46 - - [01/May/2026:22:02:07 -0400] "GET /section/object/f1bek0zb0srpsd8.phtml HTTP/1.1" 404 0 "-" "Mozilla/5.0 (Linux; Android 6.0.1; Nexus 5X Build/MMB29P) AppleWebKit/537.36 (KHTML, like Gecko) Chrome/147.0.7727.137 Mobile Safari/537.36 (compatible; GoogleOther)"
162.0.232.104 - - [01/May/2026:22:03:16 -0400] "POST /wp-cron.php?doing_wp_cron=1777687396.1395890712738037109375 HTTP/1.1" 200 0 "-" "WordPress/6.9.4; https://raydget.vip"
192.0.91.228 - - [01/May/2026:22:03:09 -0400] "HEAD / HTTP/1.1" 200 0 "-" "jetmon/1.0 (Jetpack Site Uptime Monitor by WordPress.com)"
66.249.65.44 - - [01/May/2026:22:04:54 -0400] "GET /register/remnant/e0ag7bygnvy8l8f.phtml HTTP/1.1" 200 30779 "-" "Mozilla/5.0 (Linux; Android 6.0.1; Nexus 5X Build/MMB29P) AppleWebKit/537.36 (KHTML, like Gecko) Chrome/147.0.7727.137 Mobile Safari/537.36 (compatible; Googlebot/2.1; +http://www.google.com/bot.html)"
162.0.232.104 - - [01/May/2026:22:05:26 -0400] "POST /wp-cron.php?doing_wp_cron=1777687526.5407359600067138671875 HTTP/1.1" 200 0 "-" "WordPress/6.9.4; https://raydget.vip"
66.249.65.45 - - [01/May/2026:22:05:14 -0400] "GET /form/tool/f8h0q65b67xvbje.phtml HTTP/1.1" 404 0 "-" "Mozilla/5.0 (Linux; Android 6.0.1; Nexus 5X Build/MMB29P) AppleWebKit/537.36 (KHTML, like Gecko) Chrome/147.0.7727.137 Mobile Safari/537.36 (compatible; GoogleOther)"
66.249.65.44 - - [01/May/2026:22:05:44 -0400] "GET /continuum/accomplishment/ejrtc4fhsofd11w.phtml HTTP/1.1" 200 29966 "-" "Mozilla/5.0 (Linux; Android 6.0.1; Nexus 5X Build/MMB29P) AppleWebKit/537.36 (KHTML, like Gecko) Chrome/147.0.7727.137 Mobile Safari/537.36 (compatible; Googlebot/2.1; +http://www.google.com/bot.html)"
66.249.65.44 - - [01/May/2026:22:06:33 -0400] "GET /unit/pattern/elth2ihoi2h3ufy.phtml HTTP/1.1" 200 29371 "-" "Mozilla/5.0 (Linux; Android 6.0.1; Nexus 5X Build/MMB29P) AppleWebKit/537.36 (KHTML, like Gecko) Chrome/147.0.7727.137 Mobile Safari/537.36 (compatible; Googlebot/2.1; +http://www.google.com/bot.html)"
66.249.65.44 - - [01/May/2026:22:06:33 -0400] "GET /level/version/egie3v6mjf64rsn.phtml HTTP/1.1" 200 30340 "-" "Mozilla/5.0 (Linux; Android 6.0.1; Nexus 5X Build/MMB29P) AppleWebKit/537.36 (KHTML, like Gecko) Chrome/147.0.7727.137 Mobile Safari/537.36 (compatible; Googlebot/2.1; +http://www.google.com/bot.html)"
5.255.231.126 - - [01/May/2026:22:07:43 -0400] "GET /robots.txt HTTP/1.1" 200 91 "-" "Mozilla/5.0 (compatible; YandexBot/3.0; +http://yandex.com/bots)"
5.255.231.111 - - [01/May/2026:22:07:44 -0400] "GET /wp-content/uploads/2021/06/pngg4s-100x100.png HTTP/1.1" 200 9171 "-" "Mozilla/5.0 (compatible; YandexFavicons/1.0; +http://yandex.com/bots)"
162.0.232.104 - - [01/May/2026:22:08:12 -0400] "POST /wp-cron.php?doing_wp_cron=1777687692.4349958896636962890625 HTTP/1.1" 200 0 "-" "WordPress/6.9.4; https://raydget.vip"
192.0.91.228 - - [01/May/2026:22:08:08 -0400] "HEAD / HTTP/1.1" 200 0 "-" "jetmon/1.0 (Jetpack Site Uptime Monitor by WordPress.com)"
66.249.65.46 - - [01/May/2026:22:08:12 -0400] "GET /ambit/fixture/elkyt98e9t8ub6p.phtml HTTP/1.1" 200 30172 "-" "Mozilla/5.0 (Linux; Android 6.0.1; Nexus 5X Build/MMB29P) AppleWebKit/537.36 (KHTML, like Gecko) Chrome/147.0.7727.137 Mobile Safari/537.36 (compatible; Googlebot/2.1; +http://www.google.com/bot.html)"
66.249.65.46 - - [01/May/2026:22:08:13 -0400] "GET /nomenclature/package/expvmqdo2adn2nu.phtml HTTP/1.1" 200 30220 "-" "Mozilla/5.0 (Linux; Android 6.0.1; Nexus 5X Build/MMB29P) AppleWebKit/537.36 (KHTML, like Gecko) Chrome/147.0.7727.137 Mobile Safari/537.36 (compatible; Googlebot/2.1; +http://www.google.com/bot.html)"
162.0.232.104 - - [01/May/2026:22:10:12 -0400] "POST /wp-cron.php?doing_wp_cron=1777687812.9505200386047363281250 HTTP/1.1" 200 0 "-" "WordPress/6.9.4; https://raydget.vip"
66.249.65.44 - - [01/May/2026:22:10:04 -0400] "GET /phylum/resource/fo7w48vbkyzl8xg.phtml HTTP/1.1" 404 0 "-" "Mozilla/5.0 (Linux; Android 6.0.1; Nexus 5X Build/MMB29P) AppleWebKit/537.36 (KHTML, like Gecko) Chrome/147.0.7727.137 Mobile Safari/537.36 (compatible; GoogleOther)"
66.249.65.44 - - [01/May/2026:22:10:27 -0400] "GET /feature/return/ff3zogrb4w7h4ho.phtml HTTP/1.1" 404 0 "-" "Mozilla/5.0 (Linux; Android 6.0.1; Nexus 5X Build/MMB29P) AppleWebKit/537.36 (KHTML, like Gecko) Chrome/147.0.7727.137 Mobile Safari/537.36 (compatible; GoogleOther)"
162.0.232.104 - - [01/May/2026:22:13:13 -0400] "POST /wp-cron.php?doing_wp_cron=1777687992.9919600486755371093750 HTTP/1.1" 200 0 "-" "WordPress/6.9.4; https://raydget.vip"
192.0.91.228 - - [01/May/2026:22:13:08 -0400] "HEAD / HTTP/1.1" 200 0 "-" "jetmon/1.0 (Jetpack Site Uptime Monitor by WordPress.com)"
162.0.232.104 - - [01/May/2026:22:14:59 -0400] "POST /wp-cron.php?doing_wp_cron=1777688099.0632069110870361328125 HTTP/1.1" 200 0 "-" "WordPress/6.9.4; https://raydget.vip"
66.249.65.45 - - [01/May/2026:22:14:55 -0400] "GET /kind/feature/ejkft98n9t8uc6p.phtml HTTP/1.1" 404 0 "-" "Mozilla/5.0 (Linux; Android 6.0.1; Nexus 5X Build/MMB29P) AppleWebKit/537.36 (KHTML, like Gecko) Chrome/147.0.7727.137 Mobile Safari/537.36 (compatible; GoogleOther)"
162.0.232.104 - - [01/May/2026:22:15:49 -0400] "POST /wp-cron.php?doing_wp_cron=1777688149.4591579437255859375000 HTTP/1.1" 200 0 "-" "WordPress/6.9.4; https://raydget.vip"
82.65.167.232 - - [01/May/2026:22:15:45 -0400] "GET /uchastie-ooo-rejdzhet-v-vystavke-kompleksnaya-bezopasnost-2023/ HTTP/1.1" 200 19568 "-" "Mozilla/5.0 (Windows NT 4.0; cmn-TW; rv:1.9.2.20) Gecko/4431-12-14 08:42:49.254105 Firefox/6.0"
66.249.65.44 - - [01/May/2026:22:17:20 -0400] "GET /coterie/output/eilf6y9mmi972vq.phtml HTTP/1.1" 200 29665 "-" "Mozilla/5.0 (Linux; Android 6.0.1; Nexus 5X Build/MMB29P) AppleWebKit/537.36 (KHTML, like Gecko) Chrome/147.0.7727.137 Mobile Safari/537.36 (compatible; Googlebot/2.1; +http://www.google.com/bot.html)"
162.0.232.104 - - [01/May/2026:22:18:27 -0400] "POST /wp-cron.php?doing_wp_cron=1777688307.3460469245910644531250 HTTP/1.1" 200 0 "-" "WordPress/6.9.4; https://raydget.vip"
66.249.65.44 - - [01/May/2026:22:18:06 -0400] "GET /phylum/article/eubuk0zf0kzl9xg.phtml HTTP/1.1" 404 0 "-" "Mozilla/5.0 (Linux; Android 6.0.1; Nexus 5X Build/MMB29P) AppleWebKit/537.36 (KHTML, like Gecko) Chrome/147.0.7727.137 Mobile Safari/537.36 (compatible; GoogleOther)"
192.0.91.228 - - [01/May/2026:22:18:07 -0400] "HEAD / HTTP/1.1" 200 0 "-" "jetmon/1.0 (Jetpack Site Uptime Monitor by WordPress.com)"
66.249.65.44 - - [01/May/2026:22:18:27 -0400] "GET /guild/fabrication/ex3iogrl40rpdd8.phtml HTTP/1.1" 404 0 "-" "Mozilla/5.0 (Linux; Android 6.0.1; Nexus 5X Build/MMB29P) AppleWebKit/537.36 (KHTML, like Gecko) Chrome/147.0.7727.137 Mobile Safari/537.36 (compatible; GoogleOther)"
162.0.232.104 - - [01/May/2026:22:19:07 -0400] "POST /wp-cron.php?doing_wp_cron=1777688347.2429749965667724609375 HTTP/1.1" 200 0 "-" "WordPress/6.9.4; https://raydget.vip"
66.249.65.44 - - [01/May/2026:22:18:52 -0400] "GET /form/instance/ejczxp0fd90ywmh.phtml HTTP/1.1" 404 0 "-" "Mozilla/5.0 (Linux; Android 6.0.1; Nexus 5X Build/MMB29P) AppleWebKit/537.36 (KHTML, like Gecko) Chrome/147.0.7727.137 Mobile Safari/537.36 (compatible; GoogleOther)"
162.0.232.104 - - [01/May/2026:22:19:39 -0400] "POST /wp-cron.php?doing_wp_cron=1777688379.6598949432373046875000 HTTP/1.1" 200 0 "-" "WordPress/6.9.4; https://raydget.vip"
192.0.91.228 - - [01/May/2026:22:19:32 -0400] "HEAD / HTTP/1.1" 200 0 "-" "jetmon/1.0 (Jetpack Site Uptime Monitor by WordPress.com)"
66.249.65.44 - - [01/May/2026:22:19:45 -0400] "GET /herd/characteristic/em06ldod1xomca5.phtml HTTP/1.1" 404 0 "-" "Mozilla/5.0 (Linux; Android 6.0.1; Nexus 5X Build/MMB29P) AppleWebKit/537.36 (KHTML, like Gecko) Chrome/147.0.7727.137 Mobile Safari/537.36 (compatible; GoogleOther)"
216.73.216.110 - - [01/May/2026:22:20:32 -0400] "GET /robots.txt HTTP/1.1" 200 91 "-" "Mozilla/5.0 AppleWebKit/537.36 (KHTML, like Gecko; compatible; ClaudeBot/1.0; +claudebot@anthropic.com)"
216.73.216.110 - - [01/May/2026:22:20:32 -0400] "GET /index.php/sitemap.xml HTTP/1.1" 200 0 "-" "Mozilla/5.0 AppleWebKit/537.36 (KHTML, like Gecko; compatible; ClaudeBot/1.0; +claudebot@anthropic.com)"
162.0.232.104 - - [01/May/2026:22:20:46 -0400] "POST /wp-cron.php?doing_wp_cron=1777688446.3385150432586669921875 HTTP/1.1" 200 0 "-" "WordPress/6.9.4; https://raydget.vip"
54.39.17.116 - - [01/May/2026:22:20:53 -0400] "POST /xmlrpc.php HTTP/1.1" 200 289 "-" "Mozilla/5.0 (Windows NT 6.1; Win64; x64) AppleWebKit/537.36 (KHTML, like Gecko) Chrome/66.0.3359.170 Safari/537.36 OPR/53.0.2907.99"
162.0.232.104 - - [01/May/2026:22:23:00 -0400] "POST /wp-cron.php?doing_wp_cron=1777688580.3390979766845703125000 HTTP/1.1" 200 0 "-" "WordPress/6.9.4; https://raydget.vip"
100.55.164.6 - - [01/May/2026:22:22:51 -0400] "GET /wp-login.php HTTP/1.1" 302 0 "-" "Mozilla/5.0 (Windows NT 10.0; Win64; x64; WebView/3.0) AppleWebKit/537.36 (KHTML, like Gecko) Chrome/58.0.3029.110 Safari/537.36 Edge/16.16299"
192.0.91.228 - - [01/May/2026:22:23:07 -0400] "HEAD / HTTP/1.1" 200 0 "-" "jetmon/1.0 (Jetpack Site Uptime Monitor by WordPress.com)"
162.0.232.104 - - [01/May/2026:22:24:47 -0400] "POST /wp-cron.php?doing_wp_cron=1777688687.2486259937286376953125 HTTP/1.1" 200 0 "-" "WordPress/6.9.4; https://raydget.vip"
66.249.65.44 - - [01/May/2026:22:24:35 -0400] "GET /nomenclature/mechanism/e5bpk0zk0kzlsxg.phtml HTTP/1.1" 404 0 "-" "Mozilla/5.0 (Linux; Android 6.0.1; Nexus 5X Build/MMB29P) AppleWebKit/537.36 (KHTML, like Gecko) Chrome/147.0.7727.137 Mobile Safari/537.36 (compatible; GoogleOther)"
162.0.232.104 - - [01/May/2026:22:25:23 -0400] "POST /wp-cron.php?doing_wp_cron=1777688723.8484959602355957031250 HTTP/1.1" 200 0 "-" "WordPress/6.9.4; https://raydget.vip"
52.232.35.131 - - [01/May/2026:22:25:12 -0400] "GET /wp-login.php HTTP/1.1" 302 0 "-" "Mozilla/5.0 (Macintosh; Intel Mac OS X 10_13_3) AppleWebKit/537.36 (KHTML, like Gecko) Chrome/66.0.3359.117 Safari/537.36"
52.232.35.131 - - [01/May/2026:22:25:25 -0400] "GET /wp-login.php HTTP/1.1" 200 0 "https://raydget.vip/wp-login.php" "Mozilla/5.0 (Macintosh; Intel Mac OS X 10_13_3) AppleWebKit/537.36 (KHTML, like Gecko) Chrome/66.0.3359.117 Safari/537.36"
163.44.192.46 - - [01/May/2026:22:26:03 -0400] "POST /xmlrpc.php HTTP/1.1" 200 0 "-" "Mozilla/5.0 (Windows NT 6.3; WOW64) AppleWebKit/537.36 (KHTML, like Gecko) Chrome/66.0.3359.139 Safari/537.36"
149.28.153.190 - - [01/May/2026:22:26:52 -0400] "POST /xmlrpc.php HTTP/1.1" 200 0 "-" "Mozilla/5.0 (Windows NT 6.1; WOW64; Trident/7.0; EIE10;ENGBWOL; rv:11.0) like Gecko"
162.0.232.104 - - [01/May/2026:22:27:05 -0400] "POST /wp-cron.php?doing_wp_cron=1777688824.9481110572814941406250 HTTP/1.1" 200 0 "-" "WordPress/6.9.4; https://raydget.vip"
66.249.65.44 - - [01/May/2026:22:27:07 -0400] "GET /rubric/fruit/e33zogrc40rp4d8.phtml HTTP/1.1" 404 0 "-" "Mozilla/5.0 (Linux; Android 6.0.1; Nexus 5X Build/MMB29P) AppleWebKit/537.36 (KHTML, like Gecko) Chrome/147.0.7727.137 Mobile Safari/537.36 (compatible; GoogleOther)"
162.0.232.104 - - [01/May/2026:22:28:13 -0400] "POST /wp-cron.php?doing_wp_cron=1777688893.2501089572906494140625 HTTP/1.1" 200 0 "-" "WordPress/6.9.4; https://raydget.vip"
192.0.91.228 - - [01/May/2026:22:28:08 -0400] "HEAD / HTTP/1.1" 200 0 "-" "jetmon/1.0 (Jetpack Site Uptime Monitor by WordPress.com)"
162.0.232.104 - - [01/May/2026:22:29:33 -0400] "POST /wp-cron.php?doing_wp_cron=1777688972.9611880779266357421875 HTTP/1.1" 200 0 "-" "WordPress/6.9.4; https://raydget.vip"
66.249.65.44 - - [01/May/2026:22:29:26 -0400] "GET /grade/offering/e6lu6y9emi97uvq.phtml HTTP/1.1" 404 0 "-" "Mozilla/5.0 (Linux; Android 6.0.1; Nexus 5X Build/MMB29P) AppleWebKit/537.36 (KHTML, like Gecko) Chrome/147.0.7727.137 Mobile Safari/537.36 (compatible; GoogleOther)"
66.249.65.45 - - [01/May/2026:22:32:19 -0400] "GET /shoal/produce/edvyswjn8gjtbt0.phtml HTTP/1.1" 200 30508 "-" "Mozilla/5.0 (Linux; Android 6.0.1; Nexus 5X Build/MMB29P) AppleWebKit/537.36 (KHTML, like Gecko) Chrome/147.0.7727.137 Mobile Safari/537.36 (compatible; Googlebot/2.1; +http://www.google.com/bot.html)"
162.0.232.104 - - [01/May/2026:22:32:42 -0400] "POST /wp-cron.php?doing_wp_cron=1777689162.0965468883514404296875 HTTP/1.1" 200 0 "-" "WordPress/6.9.4; https://raydget.vip"
192.46.221.70 - - [01/May/2026:22:32:37 -0400] "POST /xmlrpc.php HTTP/1.1" 200 286 "-" "Mozilla/5.0 (Macintosh; Intel Mac OS X 10_13_4) AppleWebKit/537.36 (KHTML, like Gecko) Chrome/65.0.3325.181 Safari/537.36"
192.0.91.228 - - [01/May/2026:22:33:07 -0400] "HEAD / HTTP/1.1" 200 0 "-" "jetmon/1.0 (Jetpack Site Uptime Monitor by WordPress.com)"
66.249.65.45 - - [01/May/2026:22:33:58 -0400] "GET /heading/product/emkft98j9t8uq6p.phtml HTTP/1.1" 200 29301 "-" "Mozilla/5.0 (Linux; Android 6.0.1; Nexus 5X Build/MMB29P) AppleWebKit/537.36 (KHTML, like Gecko) Chrome/147.0.7727.137 Mobile Safari/537.36 (compatible; Googlebot/2.1; +http://www.google.com/bot.html)"
162.0.232.104 - - [01/May/2026:22:34:26 -0400] "POST /wp-cron.php?doing_wp_cron=1777689266.4476139545440673828125 HTTP/1.1" 200 0 "-" "WordPress/6.9.4; https://raydget.vip"
66.249.65.45 - - [01/May/2026:22:34:16 -0400] "GET /family/specification/e0ern32l3n2o60j.phtml HTTP/1.1" 404 0 "-" "Mozilla/5.0 (Linux; Android 6.0.1; Nexus 5X Build/MMB29P) AppleWebKit/537.36 (KHTML, like Gecko) Chrome/147.0.7727.137 Mobile Safari/537.36 (compatible; GoogleOther)"
43.129.54.214 - - [01/May/2026:22:34:16 -0400] "GET /wp-login.php HTTP/1.1" 302 0 "-" "Mozilla/5.0 (Windows NT 6.0; Win64; x64) AppleWebKit/537.36 (KHTML, like Gecko) Chrome/65.0.3325.181 Safari/537.36 OPR/52.0.2871.99"
43.129.54.214 - - [01/May/2026:22:34:27 -0400] "GET /wp-login.php HTTP/1.1" 200 0 "https://raydget.vip/wp-login.php" "Mozilla/5.0 (Windows NT 6.0; Win64; x64) AppleWebKit/537.36 (KHTML, like Gecko) Chrome/65.0.3325.181 Safari/537.36 OPR/52.0.2871.99"
66.249.65.45 - - [01/May/2026:22:35:27 -0400] "GET /version/mechanism/edtm2ihyi2h3kfy.phtml HTTP/1.1" 404 0 "-" "Mozilla/5.0 (Linux; Android 6.0.1; Nexus 5X Build/MMB29P) AppleWebKit/537.36 (KHTML, like Gecko) Chrome/147.0.7727.137 Mobile Safari/537.36 (compatible; GoogleOther)"
66.249.65.45 - - [01/May/2026:22:38:09 -0400] "GET /tag/label/ehlh6y9dmi97vvq.phtml HTTP/1.1" 200 29989 "-" "Mozilla/5.0 (Linux; Android 6.0.1; Nexus 5X Build/MMB29P) AppleWebKit/537.36 (KHTML, like Gecko) Chrome/147.0.7727.137 Mobile Safari/537.36 (compatible; Googlebot/2.1; +http://www.google.com/bot.html)"
162.0.232.104 - - [01/May/2026:22:38:12 -0400] "POST /wp-cron.php?doing_wp_cron=1777689492.4320058822631835937500 HTTP/1.1" 200 0 "-" "WordPress/6.9.4; https://raydget.vip"
192.0.91.228 - - [01/May/2026:22:38:08 -0400] "HEAD / HTTP/1.1" 200 0 "-" "jetmon/1.0 (Jetpack Site Uptime Monitor by WordPress.com)"
66.249.65.46 - - [01/May/2026:22:39:49 -0400] "GET /facet/production/enqezfecfze0zcv.phtml HTTP/1.1" 200 29652 "-" "Mozilla/5.0 (Linux; Android 6.0.1; Nexus 5X Build/MMB29P) AppleWebKit/537.36 (KHTML, like Gecko) Chrome/147.0.7727.137 Mobile Safari/537.36 (compatible; Googlebot/2.1; +http://www.google.com/bot.html)"
66.249.65.46 - - [01/May/2026:22:41:28 -0400] "GET /aggregation/article/ftf00s3bgmjt6t0.phtml HTTP/1.1" 200 29095 "-" "Mozilla/5.0 (Linux; Android 6.0.1; Nexus 5X Build/MMB29P) AppleWebKit/537.36 (KHTML, like Gecko) Chrome/147.0.7727.137 Mobile Safari/537.36 (compatible; Googlebot/2.1; +http://www.google.com/bot.html)"
66.249.65.44 - - [01/May/2026:22:43:07 -0400] "GET /sorority/collection/fc2cbrqbr8igl4z.phtml HTTP/1.1" 200 29261 "-" "Mozilla/5.0 (Linux; Android 6.0.1; Nexus 5X Build/MMB29P) AppleWebKit/537.36 (KHTML, like Gecko) Chrome/147.0.7727.137 Mobile Safari/537.36 (compatible; Googlebot/2.1; +http://www.google.com/bot.html)"
162.0.232.104 - - [01/May/2026:22:43:15 -0400] "POST /wp-cron.php?doing_wp_cron=1777689794.9506270885467529296875 HTTP/1.1" 200 0 "-" "WordPress/6.9.4; https://raydget.vip"
192.0.91.228 - - [01/May/2026:22:43:08 -0400] "HEAD / HTTP/1.1" 200 0 "-" "jetmon/1.0 (Jetpack Site Uptime Monitor by WordPress.com)"
162.0.232.104 - - [01/May/2026:22:43:51 -0400] "POST /wp-cron.php?doing_wp_cron=1777689831.8631041049957275390625 HTTP/1.1" 200 0 "-" "WordPress/6.9.4; https://raydget.vip"
66.249.65.44 - - [01/May/2026:22:43:47 -0400] "GET /type/class/e6xyialcyulj472.phtml HTTP/1.1" 404 0 "-" "Mozilla/5.0 (Linux; Android 6.0.1; Nexus 5X Build/MMB29P) AppleWebKit/537.36 (KHTML, like Gecko) Chrome/147.0.7727.137 Mobile Safari/537.36 (compatible; GoogleOther)"
66.249.65.45 - - [01/May/2026:22:46:34 -0400] "GET /cultivar/proceeds/f3pzmqdb21h3nfy.phtml HTTP/1.1" 200 28879 "-" "Mozilla/5.0 (Linux; Android 6.0.1; Nexus 5X Build/MMB29P) AppleWebKit/537.36 (KHTML, like Gecko) Chrome/147.0.7727.137 Mobile Safari/537.36 (compatible; Googlebot/2.1; +http://www.google.com/bot.html)"
162.0.232.104 - - [01/May/2026:22:48:16 -0400] "POST /wp-cron.php?doing_wp_cron=1777690096.7493760585784912109375 HTTP/1.1" 200 0 "-" "WordPress/6.9.4; https://raydget.vip"
192.0.91.228 - - [01/May/2026:22:48:08 -0400] "HEAD / HTTP/1.1" 200 0 "-" "jetmon/1.0 (Jetpack Site Uptime Monitor by WordPress.com)"
162.0.232.104 - - [01/May/2026:22:48:41 -0400] "POST /wp-cron.php?doing_wp_cron=1777690121.5717809200286865234375 HTTP/1.1" 200 0 "-" "WordPress/6.9.4; https://raydget.vip"
74.125.217.101 - - [01/May/2026:22:48:33 -0400] "GET /product/cts-citran/ HTTP/1.1" 200 22441 "-" "Mozilla/5.0 (X11; Linux x86_64) AppleWebKit/537.36 (KHTML, like Gecko) Chrome/147.0.7727.116 Safari/537.36"
74.125.217.102 - - [01/May/2026:22:48:41 -0400] "GET /wp-content/plugins/contact-form-7/includes/css/styles.css?ver=6.1.5 HTTP/1.1" 200 899 "https://raydget.vip/product/cts-citran/" "Mozilla/5.0 (X11; Linux x86_64) AppleWebKit/537.36 (KHTML, like Gecko) Chrome/147.0.7727.116 Safari/537.36"
74.125.217.102 - - [01/May/2026:22:48:42 -0400] "GET /wp-content/uploads/font-awesome/v5.15.4/css/svg-with-js.css HTTP/1.1" 200 1391 "https://raydget.vip/product/cts-citran/" "Mozilla/5.0 (X11; Linux x86_64) AppleWebKit/537.36 (KHTML, like Gecko) Chrome/147.0.7727.116 Safari/537.36"
74.125.217.101 - - [01/May/2026:22:48:42 -0400] "GET /wp-content/plugins/aco-product-labels-for-woocommerce/assets/css/frontend.css?ver=1.5.13 HTTP/1.1" 200 1498 "https://raydget.vip/product/cts-citran/" "Mozilla/5.0 (X11; Linux x86_64) AppleWebKit/537.36 (KHTML, like Gecko) Chrome/147.0.7727.116 Safari/537.36"
74.125.217.102 - - [01/May/2026:22:48:42 -0400] "GET /wp-content/uploads/useanyfont/uaf.css?ver=1770146824 HTTP/1.1" 200 0 "https://raydget.vip/product/cts-citran/" "Mozilla/5.0 (X11; Linux x86_64) AppleWebKit/537.36 (KHTML, like Gecko) Chrome/147.0.7727.116 Safari/537.36"
74.125.217.101 - - [01/May/2026:22:48:42 -0400] "GET /wp-content/plugins/sharai-khana-vc-addons/public/assets/css/animate.css?ver=1.2.3 HTTP/1.1" 200 4120 "https://raydget.vip/product/cts-citran/" "Mozilla/5.0 (X11; Linux x86_64) AppleWebKit/537.36 (KHTML, like Gecko) Chrome/147.0.7727.116 Safari/537.36"
74.125.217.102 - - [01/May/2026:22:48:42 -0400] "GET /wp-content/plugins/sharai-khana-vc-addons/public/assets/css/owl.carousel.css?ver=1.2.3 HTTP/1.1" 200 823 "https://raydget.vip/product/cts-citran/" "Mozilla/5.0 (X11; Linux x86_64) AppleWebKit/537.36 (KHTML, like Gecko) Chrome/147.0.7727.116 Safari/537.36"
74.125.217.101 - - [01/May/2026:22:48:42 -0400] "GET /wp-content/themes/sharai-khana/css/v4-shims.min.css?ver=5.11.2 HTTP/1.1" 200 3950 "https://raydget.vip/product/cts-citran/" "Mozilla/5.0 (X11; Linux x86_64) AppleWebKit/537.36 (KHTML, like Gecko) Chrome/147.0.7727.116 Safari/537.36"
74.125.217.102 - - [01/May/2026:22:48:42 -0400] "GET /wp-content/plugins/sharai-khana-vc-addons/public/assets/css/owl.theme.css?ver=1.2.3 HTTP/1.1" 200 374 "https://raydget.vip/product/cts-citran/" "Mozilla/5.0 (X11; Linux x86_64) AppleWebKit/537.36 (KHTML, like Gecko) Chrome/147.0.7727.116 Safari/537.36"
74.125.217.102 - - [01/May/2026:22:48:43 -0400] "GET /wp-content/themes/sharai-khana/style.css?ver=6.9.4 HTTP/1.1" 200 13594 "https://raydget.vip/product/cts-citran/" "Mozilla/5.0 (X11; Linux x86_64) AppleWebKit/537.36 (KHTML, like Gecko) Chrome/147.0.7727.116 Safari/537.36"
74.125.217.101 - - [01/May/2026:22:48:43 -0400] "GET /wp-content/plugins/sharai-khana-vc-addons/public/assets/css/venobox.css?ver=1.2.3 HTTP/1.1" 200 1207 "https://raydget.vip/product/cts-citran/" "Mozilla/5.0 (X11; Linux x86_64) AppleWebKit/537.36 (KHTML, like Gecko) Chrome/147.0.7727.116 Safari/537.36"
74.125.217.102 - - [01/May/2026:22:48:43 -0400] "GET /wp-content/plugins/all-in-one-video-gallery/public/assets/css/public.min.css?ver=4.7.5 HTTP/1.1" 200 3744 "https://raydget.vip/product/cts-citran/" "Mozilla/5.0 (X11; Linux x86_64) AppleWebKit/537.36 (KHTML, like Gecko) Chrome/147.0.7727.116 Safari/537.36"
74.125.217.101 - - [01/May/2026:22:48:43 -0400] "GET /wp-content/themes/sharai-khana/css/bootstrap.min.css?ver=3.3.4 HTTP/1.1" 200 17818 "https://raydget.vip/product/cts-citran/" "Mozilla/5.0 (X11; Linux x86_64) AppleWebKit/537.36 (KHTML, like Gecko) Chrome/147.0.7727.116 Safari/537.36"
74.125.217.101 - - [01/May/2026:22:48:44 -0400] "GET /wp-content/plugins/video-embed-thumbnail-generator/video-js/video-js.min.css?ver=7.21.1 HTTP/1.1" 200 11709 "https://raydget.vip/product/cts-citran/" "Mozilla/5.0 (X11; Linux x86_64) AppleWebKit/537.36 (KHTML, like Gecko) Chrome/147.0.7727.116 Safari/537.36"
74.125.217.102 - - [01/May/2026:22:48:44 -0400] "GET /wp-content/plugins/sharai-khana-vc-addons/public/assets/css/public.css?ver=1.2.3 HTTP/1.1" 200 16004 "https://raydget.vip/product/cts-citran/" "Mozilla/5.0 (X11; Linux x86_64) AppleWebKit/537.36 (KHTML, like Gecko) Chrome/147.0.7727.116 Safari/537.36"
74.125.217.102 - - [01/May/2026:22:48:44 -0400] "GET /wp-content/plugins/all-in-one-video-gallery/public/assets/css/icons.min.css?ver=4.7.5 HTTP/1.1" 200 359 "https://raydget.vip/product/cts-citran/" "Mozilla/5.0 (X11; Linux x86_64) AppleWebKit/537.36 (KHTML, like Gecko) Chrome/147.0.7727.116 Safari/537.36"
74.125.217.101 - - [01/May/2026:22:48:44 -0400] "GET /wp-content/plugins/video-embed-thumbnail-generator/src/public/css/videopack-styles.css?ver=4.10.5 HTTP/1.1" 200 3811 "https://raydget.vip/product/cts-citran/" "Mozilla/5.0 (X11; Linux x86_64) AppleWebKit/537.36 (KHTML, like Gecko) Chrome/147.0.7727.116 Safari/537.36"
74.125.217.101 - - [01/May/2026:22:48:44 -0400] "GET /wp-content/themes/sharai-khana/css/font-awesome.min.css?ver=5.11.2 HTTP/1.1" 200 11868 "https://raydget.vip/product/cts-citran/" "Mozilla/5.0 (X11; Linux x86_64) AppleWebKit/537.36 (KHTML, like Gecko) Chrome/147.0.7727.116 Safari/537.36"
74.125.217.101 - - [01/May/2026:22:48:45 -0400] "GET /wp-content/plugins/video-embed-thumbnail-generator/video-js/kg-video-js-skin.css?ver=4.10.5 HTTP/1.1" 200 1398 "https://raydget.vip/product/cts-citran/" "Mozilla/5.0 (X11; Linux x86_64) AppleWebKit/537.36 (KHTML, like Gecko) Chrome/147.0.7727.116 Safari/537.36"
74.125.217.102 - - [01/May/2026:22:48:45 -0400] "GET /wp-content/plugins/sharai-khana-vc-addons/public/assets/js/public.js?ver=1.2.3 HTTP/1.1" 200 4917 "https://raydget.vip/product/cts-citran/" "Mozilla/5.0 (X11; Linux x86_64) AppleWebKit/537.36 (KHTML, like Gecko) Chrome/147.0.7727.116 Safari/537.36"
74.125.217.102 - - [01/May/2026:22:48:45 -0400] "GET /wp-content/uploads/rejdzhet-i-luch-2.png HTTP/1.1" 200 25568 "https://raydget.vip/product/cts-citran/" "Mozilla/5.0 (X11; Linux x86_64) AppleWebKit/537.36 (KHTML, like Gecko) Chrome/147.0.7727.116 Safari/537.36"
74.125.217.101 - - [01/May/2026:22:48:45 -0400] "GET /wp-content/plugins/aco-product-labels-for-woocommerce/assets/js/frontend.js?ver=1.5.13 HTTP/1.1" 200 1113 "https://raydget.vip/product/cts-citran/" "Mozilla/5.0 (X11; Linux x86_64) AppleWebKit/537.36 (KHTML, like Gecko) Chrome/147.0.7727.116 Safari/537.36"
74.125.217.101 - - [01/May/2026:22:48:46 -0400] "GET /wp-content/plugins/youtube-embed-plus/scripts/ytprefs.min.js?ver=14.2.5 HTTP/1.1" 200 4932 "https://raydget.vip/product/cts-citran/" "Mozilla/5.0 (X11; Linux x86_64) AppleWebKit/537.36 (KHTML, like Gecko) Chrome/147.0.7727.116 Safari/537.36"
74.125.217.101 - - [01/May/2026:22:48:46 -0400] "GET /wp-content/plugins/youtube-embed-plus/styles/ytprefs.min.css?ver=14.2.5 HTTP/1.1" 200 1575 "https://raydget.vip/product/cts-citran/" "Mozilla/5.0 (X11; Linux x86_64) AppleWebKit/537.36 (KHTML, like Gecko) Chrome/147.0.7727.116 Safari/537.36"
74.125.217.101 - - [01/May/2026:22:48:46 -0400] "GET /wp-content/plugins/contact-form-7/includes/swv/js/index.js?ver=6.1.5 HTTP/1.1" 200 3369 "https://raydget.vip/product/cts-citran/" "Mozilla/5.0 (X11; Linux x86_64) AppleWebKit/537.36 (KHTML, like Gecko) Chrome/147.0.7727.116 Safari/537.36"
74.125.217.101 - - [01/May/2026:22:48:46 -0400] "GET /wp-content/plugins/contact-form-7/includes/js/index.js?ver=6.1.5 HTTP/1.1" 200 4008 "https://raydget.vip/product/cts-citran/" "Mozilla/5.0 (X11; Linux x86_64) AppleWebKit/537.36 (KHTML, like Gecko) Chrome/147.0.7727.116 Safari/537.36"
74.125.217.101 - - [01/May/2026:22:48:46 -0400] "GET /wp-content/plugins/sharai-khana-vc-addons/public/assets/js/jquery.backTop.min.js?ver=1.2.3 HTTP/1.1" 200 492 "https://raydget.vip/product/cts-citran/" "Mozilla/5.0 (X11; Linux x86_64) AppleWebKit/537.36 (KHTML, like Gecko) Chrome/147.0.7727.116 Safari/537.36"
74.125.217.101 - - [01/May/2026:22:48:47 -0400] "GET /wp-content/plugins/sharai-khana-vc-addons/public/assets/js/waypoints.min.js?ver=1.2.3 HTTP/1.1" 200 2461 "https://raydget.vip/product/cts-citran/" "Mozilla/5.0 (X11; Linux x86_64) AppleWebKit/537.36 (KHTML, like Gecko) Chrome/147.0.7727.116 Safari/537.36"
74.125.217.101 - - [01/May/2026:22:48:47 -0400] "GET /wp-content/plugins/sharai-khana-vc-addons/public/assets/js/venobox.min.js?ver=1.2.3 HTTP/1.1" 200 3252 "https://raydget.vip/product/cts-citran/" "Mozilla/5.0 (X11; Linux x86_64) AppleWebKit/537.36 (KHTML, like Gecko) Chrome/147.0.7727.116 Safari/537.36"
74.125.217.101 - - [01/May/2026:22:48:47 -0400] "GET /wp-content/plugins/sharai-khana-vc-addons/public/assets/js/jquery.counterup.min.js?ver=1.2.3 HTTP/1.1" 200 496 "https://raydget.vip/product/cts-citran/" "Mozilla/5.0 (X11; Linux x86_64) AppleWebKit/537.36 (KHTML, like Gecko) Chrome/147.0.7727.116 Safari/537.36"
74.125.217.101 - - [01/May/2026:22:48:47 -0400] "GET /wp-content/plugins/sharai-khana-vc-addons/public/assets/js/owl.carousel.min.js?ver=1.2.3 HTTP/1.1" 200 10691 "https://raydget.vip/product/cts-citran/" "Mozilla/5.0 (X11; Linux x86_64) AppleWebKit/537.36 (KHTML, like Gecko) Chrome/147.0.7727.116 Safari/537.36"
74.125.217.101 - - [01/May/2026:22:48:47 -0400] "GET /wp-content/themes/sharai-khana/js/superfish.min.js?ver=20220101-1.2.8 HTTP/1.1" 200 1649 "https://raydget.vip/product/cts-citran/" "Mozilla/5.0 (X11; Linux x86_64) AppleWebKit/537.36 (KHTML, like Gecko) Chrome/147.0.7727.116 Safari/537.36"
74.125.217.101 - - [01/May/2026:22:48:48 -0400] "GET /wp-content/themes/sharai-khana/js/bootstrap.min.js?ver=3.3.4 HTTP/1.1" 200 9211 "https://raydget.vip/product/cts-citran/" "Mozilla/5.0 (X11; Linux x86_64) AppleWebKit/537.36 (KHTML, like Gecko) Chrome/147.0.7727.116 Safari/537.36"
74.125.217.101 - - [01/May/2026:22:48:48 -0400] "GET /wp-content/themes/sharai-khana/js/custom-scripts.js?ver=20220101-1.2.8 HTTP/1.1" 200 1672 "https://raydget.vip/product/cts-citran/" "Mozilla/5.0 (X11; Linux x86_64) AppleWebKit/537.36 (KHTML, like Gecko) Chrome/147.0.7727.116 Safari/537.36"
74.125.217.101 - - [01/May/2026:22:48:48 -0400] "GET /wp-content/plugins/jetpack/jetpack_vendor/automattic/woocommerce-analytics/build/woocommerce-analytics-client.js?minify=false&ver=80112f9db03e5698f4a6 HTTP/1.1" 200 4140 "https://raydget.vip/product/cts-citran/" "Mozilla/5.0 (X11; Linux x86_64) AppleWebKit/537.36 (KHTML, like Gecko) Chrome/147.0.7727.116 Safari/537.36"
74.125.217.101 - - [01/May/2026:22:48:48 -0400] "GET /wp-content/plugins/contact-form-7/modules/recaptcha/index.js?ver=6.1.5 HTTP/1.1" 200 417 "https://raydget.vip/product/cts-citran/" "Mozilla/5.0 (X11; Linux x86_64) AppleWebKit/537.36 (KHTML, like Gecko) Chrome/147.0.7727.116 Safari/537.36"
74.125.217.101 - - [01/May/2026:22:48:48 -0400] "GET /wp-content/plugins/youtube-embed-plus/scripts/fitvids.min.js?ver=14.2.5 HTTP/1.1" 200 881 "https://raydget.vip/product/cts-citran/" "Mozilla/5.0 (X11; Linux x86_64) AppleWebKit/537.36 (KHTML, like Gecko) Chrome/147.0.7727.116 Safari/537.36"
74.125.217.101 - - [01/May/2026:22:48:49 -0400] "GET /wp-content/themes/sharai-khana/images/header-bg.jpg HTTP/1.1" 200 259810 "https://raydget.vip/wp-content/themes/sharai-khana/style.css?ver=6.9.4" "Mozilla/5.0 (X11; Linux x86_64) AppleWebKit/537.36 (KHTML, like Gecko) Chrome/147.0.7727.116 Safari/537.36"
74.125.217.101 - - [01/May/2026:22:48:49 -0400] "GET /wp-content/uploads/section_custom_bg.jpg HTTP/1.1" 200 222331 "https://raydget.vip/product/cts-citran/" "Mozilla/5.0 (X11; Linux x86_64) AppleWebKit/537.36 (KHTML, like Gecko) Chrome/147.0.7727.116 Safari/537.36"
74.125.217.101 - - [01/May/2026:22:48:50 -0400] "GET /wp-content/plugins/jetpack/jetpack_vendor/automattic/woocommerce-analytics/build/193.js?minify=false&ver=5b5cf55edcce081b4ad1 HTTP/1.1" 200 2861 "https://raydget.vip/product/cts-citran/" "Mozilla/5.0 (X11; Linux x86_64) AppleWebKit/537.36 (KHTML, like Gecko) Chrome/147.0.7727.116 Safari/537.36"
162.0.232.104 - - [01/May/2026:22:49:34 -0400] "POST /wp-cron.php?doing_wp_cron=1777690174.1549100875854492187500 HTTP/1.1" 200 0 "-" "WordPress/6.9.4; https://raydget.vip"
66.249.65.44 - - [01/May/2026:22:49:30 -0400] "GET /unit/project/e5v6swjb8gjt3t0.phtml HTTP/1.1" 404 0 "-" "Mozilla/5.0 (Linux; Android 6.0.1; Nexus 5X Build/MMB29P) AppleWebKit/537.36 (KHTML, like Gecko) Chrome/147.0.7727.137 Mobile Safari/537.36 (compatible; GoogleOther)"
124.236.100.56 - - [01/May/2026:22:50:11 -0400] "GET / HTTP/1.1" 200 0 "-" "Mozilla/5.0 (Windows; U; Windows NT 6.1; rv:2.2) Gecko/20110201"
124.236.100.56 - - [01/May/2026:22:50:16 -0400] "GET / HTTP/1.1" 200 0 "-" "Mozilla/5.0 (X11; Linux x86_64; rv:17.0) Gecko/20121202 Firefox/17.0 Iceweasel/17.0.1"
103.100.38.132 - - [01/May/2026:22:51:09 -0400] "POST /xmlrpc.php HTTP/1.1" 200 0 "-" "Mozilla/5.0 (Windows NT 6.3; WOW64; Trident/7.0; ASJB; rv:11.0) like Gecko"
162.0.232.104 - - [01/May/2026:22:51:23 -0400] "POST /wp-cron.php?doing_wp_cron=1777690283.0488700866699218750000 HTTP/1.1" 200 0 "-" "WordPress/6.9.4; https://raydget.vip"
173.249.51.99 - - [01/May/2026:22:51:10 -0400] "POST /xmlrpc.php HTTP/1.1" 200 286 "-" "Mozilla/5.0 (Windows NT 6.1) AppleWebKit/537.36 (KHTML, like Gecko) Chrome/63.0.3239.132 Safari/537.36 OPR/50.0.2762.67"
162.0.232.104 - - [01/May/2026:22:53:11 -0400] "POST /wp-cron.php?doing_wp_cron=1777690391.6680281162261962890625 HTTP/1.1" 200 0 "-" "WordPress/6.9.4; https://raydget.vip"
192.0.91.228 - - [01/May/2026:22:53:07 -0400] "HEAD / HTTP/1.1" 200 0 "-" "jetmon/1.0 (Jetpack Site Uptime Monitor by WordPress.com)"
162.0.232.104 - - [01/May/2026:22:55:18 -0400] "POST /wp-cron.php?doing_wp_cron=1777690518.4527659416198730468750 HTTP/1.1" 200 0 "-" "WordPress/6.9.4; https://raydget.vip"
66.249.65.45 - - [01/May/2026:22:55:04 -0400] "GET /entity/version/faccxp0bdsgqbqx.phtml HTTP/1.1" 404 0 "-" "Mozilla/5.0 (Linux; Android 6.0.1; Nexus 5X Build/MMB29P) AppleWebKit/537.36 (KHTML, like Gecko) Chrome/147.0.7727.137 Mobile Safari/537.36 (compatible; GoogleOther)"
162.0.232.104 - - [01/May/2026:22:56:35 -0400] "POST /wp-cron.php?doing_wp_cron=1777690594.9350709915161132812500 HTTP/1.1" 200 0 "-" "WordPress/6.9.4; https://raydget.vip"
66.249.65.46 - - [01/May/2026:22:56:17 -0400] "GET /clade/sort/eszq8onho8n9fl4.phtml HTTP/1.1" 404 0 "-" "Mozilla/5.0 (Linux; Android 6.0.1; Nexus 5X Build/MMB29P) AppleWebKit/537.36 (KHTML, like Gecko) Chrome/147.0.7727.137 Mobile Safari/537.36 (compatible; GoogleOther)"
162.0.232.104 - - [01/May/2026:22:58:22 -0400] "POST /wp-cron.php?doing_wp_cron=1777690702.1429560184478759765625 HTTP/1.1" 200 0 "-" "WordPress/6.9.4; https://raydget.vip"
192.0.91.228 - - [01/May/2026:22:58:08 -0400] "HEAD / HTTP/1.1" 200 0 "-" "jetmon/1.0 (Jetpack Site Uptime Monitor by WordPress.com)"
185.237.252.238 - - [01/May/2026:22:59:01 -0400] "GET /wp-login.php HTTP/1.1" 200 0 "-" "Mozilla/5.0 (Windows NT 6.2; Win64; x64) AppleWebKit/537.36 (KHTML, like Gecko) Chrome/66.0.3359.139 Safari/537.36"
162.0.232.104 - - [01/May/2026:22:59:19 -0400] "POST /wp-cron.php?doing_wp_cron=1777690759.7398500442504882812500 HTTP/1.1" 200 0 "-" "WordPress/6.9.4; https://raydget.vip"
66.249.65.46 - - [01/May/2026:22:59:31 -0400] "GET /domain/package/f27x48vbk5zlvxg.phtml HTTP/1.1" 200 28685 "-" "Mozilla/5.0 (Linux; Android 6.0.1; Nexus 5X Build/MMB29P) AppleWebKit/537.36 (KHTML, like Gecko) Chrome/147.0.7727.137 Mobile Safari/537.36 (compatible; Googlebot/2.1; +http://www.google.com/bot.html)"
66.249.65.45 - - [01/May/2026:23:00:32 -0400] "GET /class/mechanism/f5jxgk7bwhbx19s.phtml HTTP/1.1" 200 29228 "-" "Mozilla/5.0 (Linux; Android 6.0.1; Nexus 5X Build/MMB29P) AppleWebKit/537.36 (KHTML, like Gecko) Chrome/147.0.7727.137 Mobile Safari/537.36 (compatible; Googlebot/2.1; +http://www.google.com/bot.html)"
162.0.232.104 - - [01/May/2026:23:00:42 -0400] "POST /wp-cron.php?doing_wp_cron=1777690842.5441820621490478515625 HTTP/1.1" 200 0 "-" "WordPress/6.9.4; https://raydget.vip"
66.249.65.44 - - [01/May/2026:23:00:37 -0400] "GET /attribute/article/fujdgk7bwmbxk9s.phtml HTTP/1.1" 404 0 "-" "Mozilla/5.0 (Linux; Android 6.0.1; Nexus 5X Build/MMB29P) AppleWebKit/537.36 (KHTML, like Gecko) Chrome/147.0.7727.137 Mobile Safari/537.36 (compatible; GoogleOther)"
66.249.65.46 - - [01/May/2026:23:01:33 -0400] "GET /typology/variant/fkm0jnabzje0gcv.phtml HTTP/1.1" 200 29004 "-" "Mozilla/5.0 (Linux; Android 6.0.1; Nexus 5X Build/MMB29P) AppleWebKit/537.36 (KHTML, like Gecko) Chrome/147.0.7727.137 Mobile Safari/537.36 (compatible; Googlebot/2.1; +http://www.google.com/bot.html)"
162.0.232.104 - - [01/May/2026:23:03:11 -0400] "POST /wp-cron.php?doing_wp_cron=1777690991.5695769786834716796875 HTTP/1.1" 200 0 "-" "WordPress/6.9.4; https://raydget.vip"
192.0.91.228 - - [01/May/2026:23:03:07 -0400] "HEAD / HTTP/1.1" 200 0 "-" "jetmon/1.0 (Jetpack Site Uptime Monitor by WordPress.com)"
162.0.232.104 - - [01/May/2026:23:04:39 -0400] "POST /wp-cron.php?doing_wp_cron=1777691079.5520949363708496093750 HTTP/1.1" 200 0 "-" "WordPress/6.9.4; https://raydget.vip"
92.205.109.21 - - [01/May/2026:23:04:31 -0400] "POST /xmlrpc.php HTTP/1.1" 200 286 "-" "Mozilla/5.0 (Macintosh; Intel Mac OS X 10_13_2) AppleWebKit/604.4.7 (KHTML, like Gecko) Version/11.0.2 Safari/604.4.7"
162.0.232.104 - - [01/May/2026:23:06:17 -0400] "POST /wp-cron.php?doing_wp_cron=1777691177.4762830734252929687500 HTTP/1.1" 200 0 "-" "WordPress/6.9.4; https://raydget.vip"
66.249.65.45 - - [01/May/2026:23:06:10 -0400] "GET /ambit/thing/fsmxjnabzpe06cv.phtml HTTP/1.1" 404 0 "-" "Mozilla/5.0 (Linux; Android 6.0.1; Nexus 5X Build/MMB29P) AppleWebKit/537.36 (KHTML, like Gecko) Chrome/147.0.7727.137 Mobile Safari/537.36 (compatible; GoogleOther)"
43.129.54.214 - - [01/May/2026:23:06:27 -0400] "GET /wp-login.php HTTP/1.1" 302 0 "-" "Mozilla/5.0 (Macintosh; Intel Mac OS X 10_13_5) AppleWebKit/537.36 (KHTML, like Gecko) Chrome/67.0.3396.62 Safari/537.36"
162.0.232.104 - - [01/May/2026:23:06:35 -0400] "POST /wp-cron.php?doing_wp_cron=1777691194.9789829254150390625000 HTTP/1.1" 200 0 "-" "WordPress/6.9.4; https://raydget.vip"
43.129.54.214 - - [01/May/2026:23:06:31 -0400] "GET /wp-login.php HTTP/1.1" 302 0 "https://raydget.vip/wp-login.php" "Mozilla/5.0 (Macintosh; Intel Mac OS X 10_13_5) AppleWebKit/537.36 (KHTML, like Gecko) Chrome/67.0.3396.62 Safari/537.36"
43.129.54.214 - - [01/May/2026:23:06:35 -0400] "GET /wp-login.php HTTP/1.1" 302 0 "https://raydget.vip/wp-login.php" "Mozilla/5.0 (Macintosh; Intel Mac OS X 10_13_5) AppleWebKit/537.36 (KHTML, like Gecko) Chrome/67.0.3396.62 Safari/537.36"
43.129.54.214 - - [01/May/2026:23:06:45 -0400] "GET /wp-login.php HTTP/1.1" 200 0 "https://raydget.vip/wp-login.php" "Mozilla/5.0 (Macintosh; Intel Mac OS X 10_13_5) AppleWebKit/537.36 (KHTML, like Gecko) Chrome/67.0.3396.62 Safari/537.36"
162.0.232.104 - - [01/May/2026:23:08:13 -0400] "POST /wp-cron.php?doing_wp_cron=1777691293.3747320175170898437500 HTTP/1.1" 200 0 "-" "WordPress/6.9.4; https://raydget.vip"
192.0.91.228 - - [01/May/2026:23:08:08 -0400] "HEAD / HTTP/1.1" 200 0 "-" "jetmon/1.0 (Jetpack Site Uptime Monitor by WordPress.com)"
162.0.232.104 - - [01/May/2026:23:08:56 -0400] "POST /wp-cron.php?doing_wp_cron=1777691336.1478350162506103515625 HTTP/1.1" 200 0 "-" "WordPress/6.9.4; https://raydget.vip"
66.249.65.46 - - [01/May/2026:23:08:47 -0400] "GET /format/asset/ez2bbrq6rbqcho7.phtml HTTP/1.1" 404 0 "-" "Mozilla/5.0 (Linux; Android 6.0.1; Nexus 5X Build/MMB29P) AppleWebKit/537.36 (KHTML, like Gecko) Chrome/147.0.7727.137 Mobile Safari/537.36 (compatible; GoogleOther)"
162.0.232.104 - - [01/May/2026:23:11:57 -0400] "POST /wp-cron.php?doing_wp_cron=1777691517.0521199703216552734375 HTTP/1.1" 200 0 "-" "WordPress/6.9.4; https://raydget.vip"
66.249.65.44 - - [01/May/2026:23:11:43 -0400] "GET /clique/assembly/e14o15s6hps2f29.phtml HTTP/1.1" 404 0 "-" "Mozilla/5.0 (Linux; Android 6.0.1; Nexus 5X Build/MMB29P) AppleWebKit/537.36 (KHTML, like Gecko) Chrome/147.0.7727.137 Mobile Safari/537.36 (compatible; GoogleOther)"
162.0.232.104 - - [01/May/2026:23:13:21 -0400] "POST /wp-cron.php?doing_wp_cron=1777691601.7402129173278808593750 HTTP/1.1" 200 0 "-" "WordPress/6.9.4; https://raydget.vip"
192.0.91.228 - - [01/May/2026:23:13:08 -0400] "HEAD / HTTP/1.1" 200 0 "-" "jetmon/1.0 (Jetpack Site Uptime Monitor by WordPress.com)"
66.249.65.44 - - [01/May/2026:23:13:33 -0400] "GET /edition/article/flpymqdb2ah38fy.phtml HTTP/1.1" 200 28913 "-" "Mozilla/5.0 (Linux; Android 6.0.1; Nexus 5X Build/MMB29P) AppleWebKit/537.36 (KHTML, like Gecko) Chrome/147.0.7727.137 Mobile Safari/537.36 (compatible; Googlebot/2.1; +http://www.google.com/bot.html)"
162.0.232.104 - - [01/May/2026:23:14:36 -0400] "POST /wp-cron.php?doing_wp_cron=1777691676.0633420944213867187500 HTTP/1.1" 200 0 "-" "WordPress/6.9.4; https://raydget.vip"
66.116.235.214 - - [01/May/2026:23:14:30 -0400] "GET /wp-login.php HTTP/1.1" 302 0 "-" "Mozilla/5.0 (Windows NT 6.1; Win64; x64; Trident/7.0; managedpc; rv:11.0) like Gecko"
66.116.235.214 - - [01/May/2026:23:14:36 -0400] "GET /wp-login.php HTTP/1.1" 200 0 "https://raydget.vip/wp-login.php" "Mozilla/5.0 (Windows NT 6.1; Win64; x64; Trident/7.0; managedpc; rv:11.0) like Gecko"
66.249.65.44 - - [01/May/2026:23:16:38 -0400] "GET /demographic/production/enxlialuyuljo72.phtml HTTP/1.1" 200 31836 "-" "Mozilla/5.0 (Linux; Android 6.0.1; Nexus 5X Build/MMB29P) AppleWebKit/537.36 (KHTML, like Gecko) Chrome/147.0.7727.137 Mobile Safari/537.36 (compatible; Googlebot/2.1; +http://www.google.com/bot.html)"
162.0.232.104 - - [01/May/2026:23:16:50 -0400] "POST /wp-cron.php?doing_wp_cron=1777691810.1534159183502197265625 HTTP/1.1" 200 0 "-" "WordPress/6.9.4; https://raydget.vip"
