162.0.232.104 - - [01/May/2026:14:18:10 -0400] "POST /wp-cron.php?doing_wp_cron=1777659490.9735870361328125000000 HTTP/1.1" 200 0 "-" "WordPress/6.9.4; https://raydget.vip"
192.0.91.228 - - [01/May/2026:14:18:07 -0400] "HEAD / HTTP/1.1" 200 0 "-" "jetmon/1.0 (Jetpack Site Uptime Monitor by WordPress.com)"
66.249.65.45 - - [01/May/2026:14:18:19 -0400] "GET /swarm/section/e8r8c4fjsofdp1w.phtml HTTP/1.1" 404 0 "-" "Mozilla/5.0 (Linux; Android 6.0.1; Nexus 5X Build/MMB29P) AppleWebKit/537.36 (KHTML, like Gecko) Chrome/147.0.7727.137 Mobile Safari/537.36 (compatible; GoogleOther)"
162.0.232.104 - - [01/May/2026:14:18:59 -0400] "POST /wp-cron.php?doing_wp_cron=1777659539.1415948867797851562500 HTTP/1.1" 200 0 "-" "WordPress/6.9.4; https://raydget.vip"
209.182.233.132 - - [01/May/2026:14:18:50 -0400] "POST /xmlrpc.php HTTP/1.1" 200 287 "-" "Mozilla/5.0 (Windows NT 10.0; Win64; x64) AppleWebKit/537.36 (KHTML, like Gecko) Chrome/65.0.3325.181 Safari/537.36"
66.249.65.45 - - [01/May/2026:14:19:23 -0400] "GET /area/design/ekkxt98h9t8ug6p.phtml HTTP/1.1" 404 0 "-" "Mozilla/5.0 (Linux; Android 6.0.1; Nexus 5X Build/MMB29P) AppleWebKit/537.36 (KHTML, like Gecko) Chrome/147.0.7727.137 Mobile Safari/537.36 (compatible; GoogleOther)"
190.92.169.79 - - [01/May/2026:14:19:28 -0400] "GET /wp-login.php HTTP/1.1" 200 0 "-" "Mozilla/5.0 (compatible; MSIE 10.0; Windows NT 6.2; Win64; x64; Trident/7.0)"
162.0.232.104 - - [01/May/2026:14:19:37 -0400] "POST /wp-cron.php?doing_wp_cron=1777659576.9807469844818115234375 HTTP/1.1" 200 0 "-" "WordPress/6.9.4; https://raydget.vip"
66.249.65.44 - - [01/May/2026:14:19:54 -0400] "GET /system/property/eksnptgi5dgq1qx.phtml HTTP/1.1" 404 0 "-" "Mozilla/5.0 (Linux; Android 6.0.1; Nexus 5X Build/MMB29P) AppleWebKit/537.36 (KHTML, like Gecko) Chrome/147.0.7727.137 Mobile Safari/537.36 (compatible; GoogleOther)"
162.0.232.104 - - [01/May/2026:14:21:14 -0400] "POST /wp-cron.php?doing_wp_cron=1777659674.1393680572509765625000 HTTP/1.1" 200 0 "-" "WordPress/6.9.4; https://raydget.vip"
118.71.227.65 - - [01/May/2026:14:21:08 -0400] "POST /xmlrpc.php HTTP/1.1" 200 286 "-" "Mozilla/4.0 (compatible; MSIE 7.0; Windows NT 6.1; Win64; x64; Trident/7.0; .NET CLR 2.0.50727; SLCC2; .NET4.0C; .NET4.0E; .NET CLR 3.5.30729; .NET CLR 3.0.30729)"
66.249.65.46 - - [01/May/2026:14:21:19 -0400] "GET /nomenclature/thing/ehvuswjc8gjtst0.phtml HTTP/1.1" 404 0 "-" "Mozilla/5.0 (Linux; Android 6.0.1; Nexus 5X Build/MMB29P) AppleWebKit/537.36 (KHTML, like Gecko) Chrome/147.0.7727.137 Mobile Safari/537.36 (compatible; GoogleOther)"
162.0.232.104 - - [01/May/2026:14:21:40 -0400] "POST /wp-cron.php?doing_wp_cron=1777659700.1538569927215576171875 HTTP/1.1" 200 0 "-" "WordPress/6.9.4; https://raydget.vip"
66.249.65.46 - - [01/May/2026:14:21:31 -0400] "GET /feature/make/eossptgk5dgq7qx.phtml HTTP/1.1" 404 0 "-" "Mozilla/5.0 (Linux; Android 6.0.1; Nexus 5X Build/MMB29P) AppleWebKit/537.36 (KHTML, like Gecko) Chrome/147.0.7727.137 Mobile Safari/537.36 (compatible; GoogleOther)"
173.249.51.99 - - [01/May/2026:14:21:44 -0400] "GET /wp-login.php HTTP/1.1" 200 0 "-" "Mozilla/5.0 (Windows NT 6.1; Win64; x64) AppleWebKit/537.36 (KHTML, like Gecko) Chrome/65.0.3325.181 Safari/537.36 OPR/52.0.2871.99"
66.249.65.44 - - [01/May/2026:14:21:43 -0400] "GET /framework/consequence/fee0n32b3ausngb.phtml HTTP/1.1" 404 0 "-" "Mozilla/5.0 (Linux; Android 6.0.1; Nexus 5X Build/MMB29P) AppleWebKit/537.36 (KHTML, like Gecko) Chrome/147.0.7727.137 Mobile Safari/537.36 (compatible; GoogleOther)"
162.0.232.104 - - [01/May/2026:14:22:45 -0400] "POST /wp-cron.php?doing_wp_cron=1777659765.5621631145477294921875 HTTP/1.1" 200 0 "-" "WordPress/6.9.4; https://raydget.vip"
66.249.65.44 - - [01/May/2026:14:22:38 -0400] "GET /territory/article/eiwl5lkil5k6li1.phtml HTTP/1.1" 404 0 "-" "Mozilla/5.0 (Linux; Android 6.0.1; Nexus 5X Build/MMB29P) AppleWebKit/537.36 (KHTML, like Gecko) Chrome/147.0.7727.137 Mobile Safari/537.36 (compatible; GoogleOther)"
192.0.91.228 - - [01/May/2026:14:23:07 -0400] "HEAD / HTTP/1.1" 200 0 "-" "jetmon/1.0 (Jetpack Site Uptime Monitor by WordPress.com)"
162.0.232.104 - - [01/May/2026:14:23:38 -0400] "POST /wp-cron.php?doing_wp_cron=1777659818.3509280681610107421875 HTTP/1.1" 200 0 "-" "WordPress/6.9.4; https://raydget.vip"
66.249.65.45 - - [01/May/2026:14:23:33 -0400] "GET /model/craft/ewg7dh4gt14enel.phtml HTTP/1.1" 404 0 "-" "Mozilla/5.0 (Linux; Android 6.0.1; Nexus 5X Build/MMB29P) AppleWebKit/537.36 (KHTML, like Gecko) Chrome/147.0.7727.137 Mobile Safari/537.36 (compatible; GoogleOther)"
162.0.232.104 - - [01/May/2026:14:24:15 -0400] "POST /wp-cron.php?doing_wp_cron=1777659855.0682189464569091796875 HTTP/1.1" 200 0 "-" "WordPress/6.9.4; https://raydget.vip"
66.249.65.45 - - [01/May/2026:14:24:11 -0400] "GET /table/tool/ebedn32d3n2o00j.phtml HTTP/1.1" 404 0 "-" "Mozilla/5.0 (Linux; Android 6.0.1; Nexus 5X Build/MMB29P) AppleWebKit/537.36 (KHTML, like Gecko) Chrome/147.0.7727.137 Mobile Safari/537.36 (compatible; GoogleOther)"
66.249.65.44 - - [01/May/2026:14:24:19 -0400] "GET /institution/example/e6n3wcbmcwbxg9s.phtml HTTP/1.1" 404 0 "-" "Mozilla/5.0 (Linux; Android 6.0.1; Nexus 5X Build/MMB29P) AppleWebKit/537.36 (KHTML, like Gecko) Chrome/147.0.7727.137 Mobile Safari/537.36 (compatible; GoogleOther)"
162.0.232.104 - - [01/May/2026:14:25:32 -0400] "POST /wp-cron.php?doing_wp_cron=1777659932.0680658817291259765625 HTTP/1.1" 200 0 "-" "WordPress/6.9.4; https://raydget.vip"
66.249.65.45 - - [01/May/2026:14:25:21 -0400] "GET /faction/property/ew6nrjun73us8gb.phtml HTTP/1.1" 404 0 "-" "Mozilla/5.0 (Linux; Android 6.0.1; Nexus 5X Build/MMB29P) AppleWebKit/537.36 (KHTML, like Gecko) Chrome/147.0.7727.137 Mobile Safari/537.36 (compatible; GoogleOther)"
66.249.65.44 - - [01/May/2026:14:25:38 -0400] "GET /collection/particle/eqycvzmcbjmwdw3.phtml HTTP/1.1" 200 30602 "-" "Mozilla/5.0 (Linux; Android 6.0.1; Nexus 5X Build/MMB29P) AppleWebKit/537.36 (KHTML, like Gecko) Chrome/147.0.7727.137 Mobile Safari/537.36 (compatible; Googlebot/2.1; +http://www.google.com/bot.html)"
66.249.65.44 - - [01/May/2026:14:25:39 -0400] "GET /demographic/system/erbnk0zf0kzlrxg.phtml HTTP/1.1" 200 28849 "-" "Mozilla/5.0 (Linux; Android 6.0.1; Nexus 5X Build/MMB29P) AppleWebKit/537.36 (KHTML, like Gecko) Chrome/147.0.7727.137 Mobile Safari/537.36 (compatible; Googlebot/2.1; +http://www.google.com/bot.html)"
66.249.65.44 - - [01/May/2026:14:25:38 -0400] "GET /flock/set/ehc2xp0ed90yzmh.phtml HTTP/1.1" 404 0 "-" "Mozilla/5.0 (Linux; Android 6.0.1; Nexus 5X Build/MMB29P) AppleWebKit/537.36 (KHTML, like Gecko) Chrome/147.0.7727.137 Mobile Safari/537.36 (compatible; GoogleOther)"
162.0.232.104 - - [01/May/2026:14:27:07 -0400] "POST /wp-cron.php?doing_wp_cron=1777660027.8426010608673095703125 HTTP/1.1" 200 0 "-" "WordPress/6.9.4; https://raydget.vip"
66.249.65.46 - - [01/May/2026:14:27:01 -0400] "GET /schema/info/el8rhxwgxhwi1ud.phtml HTTP/1.1" 404 0 "-" "Mozilla/5.0 (Linux; Android 6.0.1; Nexus 5X Build/MMB29P) AppleWebKit/537.36 (KHTML, like Gecko) Chrome/147.0.7727.137 Mobile Safari/537.36 (compatible; GoogleOther)"
66.249.65.44 - - [01/May/2026:14:27:19 -0400] "GET /continuum/crop/fyu0f7ibvfy8w8f.phtml HTTP/1.1" 404 0 "-" "Mozilla/5.0 (Linux; Android 6.0.1; Nexus 5X Build/MMB29P) AppleWebKit/537.36 (KHTML, like Gecko) Chrome/147.0.7727.137 Mobile Safari/537.36 (compatible; GoogleOther)"
162.0.232.104 - - [01/May/2026:14:27:49 -0400] "POST /wp-cron.php?doing_wp_cron=1777660069.0456709861755371093750 HTTP/1.1" 200 0 "-" "WordPress/6.9.4; https://raydget.vip"
66.249.65.44 - - [01/May/2026:14:27:43 -0400] "GET /arrangement/work/eirbc4fbsofdl1w.phtml HTTP/1.1" 404 0 "-" "Mozilla/5.0 (Linux; Android 6.0.1; Nexus 5X Build/MMB29P) AppleWebKit/537.36 (KHTML, like Gecko) Chrome/147.0.7727.137 Mobile Safari/537.36 (compatible; GoogleOther)"
162.0.232.104 - - [01/May/2026:14:27:56 -0400] "GET /?wp_scrape_key=949bf8e6ccd25b9f5d90e2c8f265353f&wp_scrape_nonce=1777660074 HTTP/1.1" 200 24928 "-" "WordPress/6.9.4; https://raydget.vip"
66.249.65.44 - - [01/May/2026:14:28:05 -0400] "GET /colony/property/esqozfedfze0ecv.phtml HTTP/1.1" 404 0 "-" "Mozilla/5.0 (Linux; Android 6.0.1; Nexus 5X Build/MMB29P) AppleWebKit/537.36 (KHTML, like Gecko) Chrome/147.0.7727.137 Mobile Safari/537.36 (compatible; GoogleOther)"
162.0.232.104 - - [01/May/2026:14:28:22 -0400] "GET /wp-json/jetpack/v4/sync/spawn-sync?time=1777660102&request_lock_id=db943998-f8fb-4b7d-ab17-bd643fde8e2d HTTP/1.1" 200 0 "-" "WordPress/6.9.4; https://raydget.vip"
192.0.86.184 - - [01/May/2026:14:28:04 -0400] "POST /xmlrpc.php?for=jetpack&token=%28k%40UsNW2%28%29HEbJ0ppRZvSX%23g%23W%24%26dJv%2A%3A1%3A1&timestamp=1777660084&nonce=BrmgZYNMDy&body-hash=4dE69nmAANzsAT9pdn1mu%2BGA8ZY%3D&signature=IwGMT%2BgYZxeUlMcm653gttTBBSY%3D HTTP/1.1" 200 366 "https://raydget.vip/xmlrpc.php?for=jetpack&token=%28k%40UsNW2%28%29HEbJ0ppRZvSX%23g%23W%24%26dJv%2A%3A1%3A1&timestamp=1777660084&nonce=BrmgZYNMDy&body-hash=4dE69nmAANzsAT9pdn1mu%2BGA8ZY%3D&signature=IwGMT%2BgYZxeUlMcm653gttTBBSY%3D" "Jetpack by WordPress.com"
192.0.91.228 - - [01/May/2026:14:28:09 -0400] "HEAD / HTTP/1.1" 200 0 "-" "jetmon/1.0 (Jetpack Site Uptime Monitor by WordPress.com)"
162.241.140.25 - - [01/May/2026:14:28:20 -0400] "POST /xmlrpc.php HTTP/1.1" 200 0 "-" "Mozilla/5.0 (Windows NT 6.1; Win64; x64) AppleWebKit/537.36 (KHTML, like Gecko) Chrome/67.0.3396.87 Safari/537.36"
66.249.65.44 - - [01/May/2026:14:28:39 -0400] "GET /schedule/freight/emyivzmgbjmwpw3.phtml HTTP/1.1" 200 29523 "-" "Mozilla/5.0 (Linux; Android 6.0.1; Nexus 5X Build/MMB29P) AppleWebKit/537.36 (KHTML, like Gecko) Chrome/147.0.7727.137 Mobile Safari/537.36 (compatible; Googlebot/2.1; +http://www.google.com/bot.html)"
162.0.232.104 - - [01/May/2026:14:28:40 -0400] "POST /wp-cron.php?doing_wp_cron=1777660119.9417889118194580078125 HTTP/1.1" 200 0 "-" "WordPress/6.9.4; https://raydget.vip"
51.210.190.32 - - [01/May/2026:14:28:25 -0400] "POST /xmlrpc.php HTTP/1.1" 200 322 "-" "Mozilla/5.0 (Windows NT 10.0) AppleWebKit/537.43 (KHTML, like Gecko) Chrome/140.0.0.0 Safari/537.36 OPR/124.0.0.0"
103.255.134.61 - - [01/May/2026:14:28:38 -0400] "GET /wp-login.php HTTP/1.1" 302 0 "-" "Mozilla/5.0 (Macintosh; Intel Mac OS X 10_13_5) AppleWebKit/605.1.15 (KHTML, like Gecko) Version/11.1.1 Safari/605.1.15"
103.255.134.61 - - [01/May/2026:14:28:56 -0400] "GET /wp-login.php HTTP/1.1" 200 0 "https://raydget.vip/wp-login.php" "Mozilla/5.0 (Macintosh; Intel Mac OS X 10_13_5) AppleWebKit/605.1.15 (KHTML, like Gecko) Version/11.1.1 Safari/605.1.15"
162.0.232.104 - - [01/May/2026:14:29:53 -0400] "POST /wp-cron.php?doing_wp_cron=1777660193.2653040885925292968750 HTTP/1.1" 200 0 "-" "WordPress/6.9.4; https://raydget.vip"
66.249.65.44 - - [01/May/2026:14:29:48 -0400] "GET /make/edition/d7qnzfenfze0tcv.phtml HTTP/1.1" 404 0 "-" "Mozilla/5.0 (Linux; Android 6.0.1; Nexus 5X Build/MMB29P) AppleWebKit/537.36 (KHTML, like Gecko) Chrome/147.0.7727.137 Mobile Safari/537.36 (compatible; GoogleOther)"
66.249.65.44 - - [01/May/2026:14:29:53 -0400] "GET /aggregation/class/eifj0s3kgc31upk.phtml HTTP/1.1" 404 0 "-" "Mozilla/5.0 (Linux; Android 6.0.1; Nexus 5X Build/MMB29P) AppleWebKit/537.36 (KHTML, like Gecko) Chrome/147.0.7727.137 Mobile Safari/537.36 (compatible; GoogleOther)"
66.249.65.44 - - [01/May/2026:14:30:19 -0400] "GET /sort/make/esi53v6djf64usn.phtml HTTP/1.1" 404 0 "-" "Mozilla/5.0 (Linux; Android 6.0.1; Nexus 5X Build/MMB29P) AppleWebKit/537.36 (KHTML, like Gecko) Chrome/147.0.7727.137 Mobile Safari/537.36 (compatible; GoogleOther)"
162.0.232.104 - - [01/May/2026:14:30:47 -0400] "POST /wp-cron.php?doing_wp_cron=1777660247.2439160346984863281250 HTTP/1.1" 200 0 "-" "WordPress/6.9.4; https://raydget.vip"
66.249.65.44 - - [01/May/2026:14:30:41 -0400] "GET /aggregation/equipment/fwzx8onboqfdk1w.phtml HTTP/1.1" 404 0 "-" "Mozilla/5.0 (Linux; Android 6.0.1; Nexus 5X Build/MMB29P) AppleWebKit/537.36 (KHTML, like Gecko) Chrome/147.0.7727.137 Mobile Safari/537.36 (compatible; GoogleOther)"
35.226.7.126 - - [01/May/2026:14:31:27 -0400] "GET /wp-login.php HTTP/1.1" 302 0 "-" "Mozilla/5.0 (X11; Linux x86_64) AppleWebKit/537.36 (KHTML, like Gecko) Chrome/66.0.3359.117 Safari/537.36"
162.0.232.104 - - [01/May/2026:14:31:37 -0400] "POST /wp-cron.php?doing_wp_cron=1777660297.0676329135894775390625 HTTP/1.1" 200 0 "-" "WordPress/6.9.4; https://raydget.vip"
35.226.7.126 - - [01/May/2026:14:31:31 -0400] "GET /wp-login.php HTTP/1.1" 302 0 "https://raydget.vip/wp-login.php" "Mozilla/5.0 (X11; Linux x86_64) AppleWebKit/537.36 (KHTML, like Gecko) Chrome/66.0.3359.117 Safari/537.36"
66.249.65.46 - - [01/May/2026:14:31:40 -0400] "GET /facet/fraction/fj2ybrqbrfiga4z.phtml HTTP/1.1" 200 28896 "-" "Mozilla/5.0 (Linux; Android 6.0.1; Nexus 5X Build/MMB29P) AppleWebKit/537.36 (KHTML, like Gecko) Chrome/147.0.7727.137 Mobile Safari/537.36 (compatible; Googlebot/2.1; +http://www.google.com/bot.html)"
35.226.7.126 - - [01/May/2026:14:31:37 -0400] "GET /wp-login.php HTTP/1.1" 200 0 "https://raydget.vip/wp-login.php" "Mozilla/5.0 (X11; Linux x86_64) AppleWebKit/537.36 (KHTML, like Gecko) Chrome/66.0.3359.117 Safari/537.36"
66.249.65.44 - - [01/May/2026:14:31:53 -0400] "GET /roster/abtameru/fhiy3v6bj1mwcw3.phtml HTTP/1.1" 404 0 "-" "Mozilla/5.0 (Linux; Android 6.0.1; Nexus 5X Build/MMB29P) AppleWebKit/537.36 (KHTML, like Gecko) Chrome/147.0.7727.137 Mobile Safari/537.36 (compatible; GoogleOther)"
162.0.232.104 - - [01/May/2026:14:32:44 -0400] "POST /wp-cron.php?doing_wp_cron=1777660364.8339118957519531250000 HTTP/1.1" 200 0 "-" "WordPress/6.9.4; https://raydget.vip"
66.249.65.44 - - [01/May/2026:14:32:40 -0400] "GET /hierarchy/abtameru/d3ai7byvnvy8x8f.phtml HTTP/1.1" 404 0 "-" "Mozilla/5.0 (Linux; Android 6.0.1; Nexus 5X Build/MMB29P) AppleWebKit/537.36 (KHTML, like Gecko) Chrome/147.0.7727.137 Mobile Safari/537.36 (compatible; GoogleOther)"
192.0.91.228 - - [01/May/2026:14:33:10 -0400] "HEAD / HTTP/1.1" 200 0 "-" "jetmon/1.0 (Jetpack Site Uptime Monitor by WordPress.com)"
66.249.65.45 - - [01/May/2026:14:33:19 -0400] "GET /nomenclature/artifact/eh5peutcuetf2ra.phtml HTTP/1.1" 404 0 "-" "Mozilla/5.0 (Linux; Android 6.0.1; Nexus 5X Build/MMB29P) AppleWebKit/537.36 (KHTML, like Gecko) Chrome/147.0.7727.137 Mobile Safari/537.36 (compatible; GoogleOther)"
162.0.232.104 - - [01/May/2026:14:33:39 -0400] "POST /wp-cron.php?doing_wp_cron=1777660419.3517980575561523437500 HTTP/1.1" 200 0 "-" "WordPress/6.9.4; https://raydget.vip"
66.249.65.44 - - [01/May/2026:14:33:32 -0400] "GET /cohort/artifact/fi1wy2pbe1tf5ra.phtml HTTP/1.1" 404 0 "-" "Mozilla/5.0 (Linux; Android 6.0.1; Nexus 5X Build/MMB29P) AppleWebKit/537.36 (KHTML, like Gecko) Chrome/147.0.7727.137 Mobile Safari/537.36 (compatible; GoogleOther)"
147.135.213.153 - - [01/May/2026:14:35:23 -0400] "GET /robots.txt HTTP/1.1" 200 91 "-" "Mozilla/5.0 (compatible; MJ12bot/v1.4.8; http://mj12bot.com/)"
162.0.232.104 - - [01/May/2026:14:35:33 -0400] "POST /wp-cron.php?doing_wp_cron=1777660533.7445440292358398437500 HTTP/1.1" 200 0 "-" "WordPress/6.9.4; https://raydget.vip"
147.135.213.153 - - [01/May/2026:14:35:26 -0400] "GET /product-category/%D0%BC%D0%B8%D0%BD%D0%B8-%D0%BF%D0%BA/ HTTP/1.1" 404 17775 "-" "Mozilla/5.0 (compatible; MJ12bot/v1.4.8; http://mj12bot.com/)"
66.249.65.44 - - [01/May/2026:14:35:30 -0400] "GET /segment/possession/ed0xldoe1xom7a5.phtml HTTP/1.1" 404 0 "-" "Mozilla/5.0 (Linux; Android 6.0.1; Nexus 5X Build/MMB29P) AppleWebKit/537.36 (KHTML, like Gecko) Chrome/147.0.7727.137 Mobile Safari/537.36 (compatible; GoogleOther)"
147.135.213.153 - - [01/May/2026:14:35:37 -0400] "GET /product-category/%D0%BC%D0%B8%D0%BD%D0%B8-%D0%BF%D0%BA/feed/ HTTP/1.1" 404 1568 "-" "Mozilla/5.0 (compatible; MJ12bot/v1.4.8; http://mj12bot.com/)"
147.135.213.153 - - [01/May/2026:14:35:53 -0400] "GET /product-category/%D1%82%D0%B5%D0%BB%D0%B5%D0%BA%D0%BE%D0%BC%D0%BC%D1%83%D0%BD%D0%B8%D0%BA%D0%B0%D1%86%D0%B8%D1%8F/ HTTP/1.1" 404 17851 "-" "Mozilla/5.0 (compatible; MJ12bot/v1.4.8; http://mj12bot.com/)"
66.249.65.45 - - [01/May/2026:14:36:03 -0400] "GET /list/installment/ecpymqdi2adn2nu.phtml HTTP/1.1" 404 0 "-" "Mozilla/5.0 (Linux; Android 6.0.1; Nexus 5X Build/MMB29P) AppleWebKit/537.36 (KHTML, like Gecko) Chrome/147.0.7727.137 Mobile Safari/537.36 (compatible; GoogleOther)"
147.135.213.153 - - [01/May/2026:14:36:15 -0400] "GET /product-category/%D1%82%D0%B5%D0%BB%D0%B5%D0%BA%D0%BE%D0%BC%D0%BC%D1%83%D0%BD%D0%B8%D0%BA%D0%B0%D1%86%D0%B8%D1%8F/feed/ HTTP/1.1" 404 1451 "-" "Mozilla/5.0 (compatible; MJ12bot/v1.4.8; http://mj12bot.com/)"
66.249.65.44 - - [01/May/2026:14:36:41 -0400] "GET /format/asset/err7c4ffsofdv1w.phtml HTTP/1.1" 200 30372 "-" "Mozilla/5.0 (Linux; Android 6.0.1; Nexus 5X Build/MMB29P) AppleWebKit/537.36 (KHTML, like Gecko) Chrome/147.0.7727.137 Mobile Safari/537.36 (compatible; Googlebot/2.1; +http://www.google.com/bot.html)"
162.0.232.104 - - [01/May/2026:14:36:46 -0400] "POST /wp-cron.php?doing_wp_cron=1777660605.9462420940399169921875 HTTP/1.1" 200 0 "-" "WordPress/6.9.4; https://raydget.vip"
147.135.213.153 - - [01/May/2026:14:36:29 -0400] "GET /product-category/%D1%81%D0%B8%D1%81%D1%82%D0%B5%D0%BC%D1%8B-%D1%80%D0%B0%D0%B4%D0%B8%D0%BE%D1%81%D0%B2%D1%8F%D0%B7%D0%B8/ HTTP/1.1" 404 18237 "-" "Mozilla/5.0 (compatible; MJ12bot/v1.4.8; http://mj12bot.com/)"
66.249.65.44 - - [01/May/2026:14:36:51 -0400] "GET /demographic/trait/e782hxwexhwirud.phtml HTTP/1.1" 404 0 "-" "Mozilla/5.0 (Linux; Android 6.0.1; Nexus 5X Build/MMB29P) AppleWebKit/537.36 (KHTML, like Gecko) Chrome/147.0.7727.137 Mobile Safari/537.36 (compatible; GoogleOther)"
147.135.213.153 - - [01/May/2026:14:36:50 -0400] "GET /product-tag/%D0%B0%D1%83%D0%B4%D0%B8%D0%BE%D0%BA%D0%BE%D0%BD%D1%84%D0%B5%D1%80%D0%B5%D0%BD%D1%86%D0%B8%D1%8F/ HTTP/1.1" 404 17683 "-" "Mozilla/5.0 (compatible; MJ12bot/v1.4.8; http://mj12bot.com/)"
85.235.74.161 - - [01/May/2026:14:37:09 -0400] "GET /wp-login.php HTTP/1.1" 200 0 "-" "Mozilla/5.0 (Windows NT 6.3; Win64; x64; Trident/7.0; MDDCJS; rv:11.0) like Gecko"
162.0.232.104 - - [01/May/2026:14:37:41 -0400] "POST /wp-cron.php?doing_wp_cron=1777660661.8379790782928466796875 HTTP/1.1" 200 0 "-" "WordPress/6.9.4; https://raydget.vip"
66.249.65.44 - - [01/May/2026:14:37:21 -0400] "GET /ambit/outgrowth/elq2zfeifze0lcv.phtml HTTP/1.1" 404 0 "-" "Mozilla/5.0 (Linux; Android 6.0.1; Nexus 5X Build/MMB29P) AppleWebKit/537.36 (KHTML, like Gecko) Chrome/147.0.7727.137 Mobile Safari/537.36 (compatible; GoogleOther)"
147.135.213.153 - - [01/May/2026:14:37:26 -0400] "GET /product-tag/%D0%B0%D1%83%D0%B4%D0%B8%D0%BE%D0%BA%D0%BE%D0%BD%D1%84%D0%B5%D1%80%D0%B5%D0%BD%D1%86%D0%B8%D1%8F/feed/ HTTP/1.1" 404 1172 "-" "Mozilla/5.0 (compatible; MJ12bot/v1.4.8; http://mj12bot.com/)"
147.135.213.153 - - [01/May/2026:14:37:50 -0400] "GET /product-tag/%D0%B2%D0%B8%D0%B4%D0%B5%D0%BE%D0%BA%D0%BE%D0%BD%D1%84%D0%B5%D1%80%D0%B5%D0%BD%D1%86%D0%B8%D1%8F/ HTTP/1.1" 404 17731 "-" "Mozilla/5.0 (compatible; MJ12bot/v1.4.8; http://mj12bot.com/)"
192.0.91.228 - - [01/May/2026:14:38:09 -0400] "HEAD / HTTP/1.1" 200 0 "-" "jetmon/1.0 (Jetpack Site Uptime Monitor by WordPress.com)"
147.135.213.153 - - [01/May/2026:14:38:15 -0400] "GET /product-tag/%D0%B2%D0%B8%D0%B4%D0%B5%D0%BE%D0%BA%D0%BE%D0%BD%D1%84%D0%B5%D1%80%D0%B5%D0%BD%D1%86%D0%B8%D1%8F/feed/ HTTP/1.1" 404 1165 "-" "Mozilla/5.0 (compatible; MJ12bot/v1.4.8; http://mj12bot.com/)"
162.0.232.104 - - [01/May/2026:14:38:41 -0400] "POST /wp-cron.php?doing_wp_cron=1777660721.7284159660339355468750 HTTP/1.1" 200 0 "-" "WordPress/6.9.4; https://raydget.vip"
52.39.241.40 - - [01/May/2026:14:38:22 -0400] "POST /xmlrpc.php HTTP/1.1" 200 0 "-" "Mozilla/5.0 (Macintosh; Intel Mac OS X 10_13_5) AppleWebKit/537.36 (KHTML, like Gecko) Chrome/66.0.3359.181 Safari/537.36"
66.249.74.101 - - [01/May/2026:14:38:22 -0400] "GET /sort/case/fencwcbbc831qpk.phtml HTTP/1.1" 404 17210 "-" "Mozilla/5.0 (Linux; Android 6.0.1; Nexus 5X Build/MMB29P) AppleWebKit/537.36 (KHTML, like Gecko) Chrome/147.0.7727.137 Mobile Safari/537.36 (compatible; GoogleOther)"
147.135.213.153 - - [01/May/2026:14:38:34 -0400] "GET /product-tag/%D0%B2%D0%B8%D0%B4%D0%B5%D0%BE%D1%81%D0%B2%D1%8F%D0%B7%D1%8C/ HTTP/1.1" 404 17676 "-" "Mozilla/5.0 (compatible; MJ12bot/v1.4.8; http://mj12bot.com/)"
66.249.65.44 - - [01/May/2026:14:38:59 -0400] "GET /quality/offshoot/fv7048vbkczl0xg.phtml HTTP/1.1" 404 0 "-" "Mozilla/5.0 (Linux; Android 6.0.1; Nexus 5X Build/MMB29P) AppleWebKit/537.36 (KHTML, like Gecko) Chrome/147.0.7727.137 Mobile Safari/537.36 (compatible; GoogleOther)"
147.135.213.153 - - [01/May/2026:14:39:01 -0400] "GET /product-tag/%D0%B2%D0%B8%D0%B4%D0%B5%D0%BE%D1%81%D0%B2%D1%8F%D0%B7%D1%8C/feed/ HTTP/1.1" 404 1154 "-" "Mozilla/5.0 (compatible; MJ12bot/v1.4.8; http://mj12bot.com/)"
24.199.108.111 - - [01/May/2026:14:39:14 -0400] "GET /wp-login.php HTTP/1.1" 200 0 "-" "Mozilla/5.0 (Macintosh; Intel Mac OS X 10_12_6) AppleWebKit/603.3.8 (KHTML, like Gecko) Version/10.1.2 Safari/603.3.8"
162.0.232.104 - - [01/May/2026:14:39:37 -0400] "POST /wp-cron.php?doing_wp_cron=1777660777.8460950851440429687500 HTTP/1.1" 200 0 "-" "WordPress/6.9.4; https://raydget.vip"
66.249.65.44 - - [01/May/2026:14:39:19 -0400] "GET /format/derivative/efhkq65o6q5ru3m.phtml HTTP/1.1" 404 0 "-" "Mozilla/5.0 (Linux; Android 6.0.1; Nexus 5X Build/MMB29P) AppleWebKit/537.36 (KHTML, like Gecko) Chrome/147.0.7727.137 Mobile Safari/537.36 (compatible; GoogleOther)"
147.135.213.153 - - [01/May/2026:14:39:22 -0400] "GET /product-tag/%D0%B2%D0%B8%D0%B4%D0%B5%D0%BE%D1%82%D0%B5%D0%BB%D0%B5%D1%84%D0%BE%D0%BD/ HTTP/1.1" 404 17701 "-" "Mozilla/5.0 (compatible; MJ12bot/v1.4.8; http://mj12bot.com/)"
147.135.213.153 - - [01/May/2026:14:39:45 -0400] "GET /product-tag/%D0%B2%D0%B8%D0%B4%D0%B5%D0%BE%D1%82%D0%B5%D0%BB%D0%B5%D1%84%D0%BE%D0%BD/feed/ HTTP/1.1" 404 1154 "-" "Mozilla/5.0 (compatible; MJ12bot/v1.4.8; http://mj12bot.com/)"
147.135.213.153 - - [01/May/2026:14:39:58 -0400] "GET /product-tag/%D0%B4%D0%BE%D0%BC%D0%B0%D1%88%D0%BD%D0%B8%D0%B9-%D0%BA%D0%BE%D0%BC%D0%BF%D1%8C%D1%8E%D1%82%D0%B5%D1%80/ HTTP/1.1" 404 18132 "-" "Mozilla/5.0 (compatible; MJ12bot/v1.4.8; http://mj12bot.com/)"
147.135.213.153 - - [01/May/2026:14:40:06 -0400] "GET /product-tag/%D0%B4%D0%BE%D0%BC%D0%B0%D1%88%D0%BD%D0%B8%D0%B9-%D0%BA%D0%BE%D0%BC%D0%BF%D1%8C%D1%8E%D1%82%D0%B5%D1%80/feed/ HTTP/1.1" 404 1838 "-" "Mozilla/5.0 (compatible; MJ12bot/v1.4.8; http://mj12bot.com/)"
162.0.232.104 - - [01/May/2026:14:40:26 -0400] "POST /wp-cron.php?doing_wp_cron=1777660826.5401620864868164062500 HTTP/1.1" 200 0 "-" "WordPress/6.9.4; https://raydget.vip"
147.135.213.153 - - [01/May/2026:14:40:15 -0400] "GET /product-tag/%D0%BB%D0%B2%D1%81/ HTTP/1.1" 404 17603 "-" "Mozilla/5.0 (compatible; MJ12bot/v1.4.8; http://mj12bot.com/)"
147.135.213.153 - - [01/May/2026:14:40:30 -0400] "GET /product-tag/%D0%BB%D0%B2%D1%81/feed/ HTTP/1.1" 404 1139 "-" "Mozilla/5.0 (compatible; MJ12bot/v1.4.8; http://mj12bot.com/)"
162.0.232.104 - - [01/May/2026:14:40:55 -0400] "POST /wp-cron.php?doing_wp_cron=1777660855.6384620666503906250000 HTTP/1.1" 200 0 "-" "WordPress/6.9.4; https://raydget.vip"
147.135.213.153 - - [01/May/2026:14:40:40 -0400] "GET /product-tag/%D0%BC%D0%B5%D0%B6%D1%81%D0%B5%D1%82%D0%B5%D0%B2%D0%BE%D0%B9-%D1%8D%D0%BA%D1%80%D0%B0%D0%BD/ HTTP/1.1" 404 17688 "-" "Mozilla/5.0 (compatible; MJ12bot/v1.4.8; http://mj12bot.com/)"
173.249.7.118 - - [01/May/2026:14:40:48 -0400] "POST /xmlrpc.php HTTP/1.1" 200 286 "-" "Mozilla/5.0 (Macintosh; Intel Mac OS X 10_13_2) AppleWebKit/537.36 (KHTML, like Gecko) Chrome/65.0.3325.181 Safari/537.36"
147.135.213.153 - - [01/May/2026:14:40:59 -0400] "GET /product-tag/%D0%BC%D0%B5%D0%B6%D1%81%D0%B5%D1%82%D0%B5%D0%B2%D0%BE%D0%B9-%D1%8D%D0%BA%D1%80%D0%B0%D0%BD/feed/ HTTP/1.1" 404 1172 "-" "Mozilla/5.0 (compatible; MJ12bot/v1.4.8; http://mj12bot.com/)"
66.249.65.46 - - [01/May/2026:14:41:10 -0400] "GET /segment/mechanism/e90yldoi1xom7a5.phtml HTTP/1.1" 404 0 "-" "Mozilla/5.0 (Linux; Android 6.0.1; Nexus 5X Build/MMB29P) AppleWebKit/537.36 (KHTML, like Gecko) Chrome/147.0.7727.137 Mobile Safari/537.36 (compatible; GoogleOther)"
147.135.213.153 - - [01/May/2026:14:41:22 -0400] "GET /product-tag/%D0%BC%D0%B8%D0%BD%D0%B8-%D0%BF%D0%BA/ HTTP/1.1" 404 18168 "-" "Mozilla/5.0 (compatible; MJ12bot/v1.4.8; http://mj12bot.com/)"
162.0.232.104 - - [01/May/2026:14:41:41 -0400] "POST /wp-cron.php?doing_wp_cron=1777660901.6846120357513427734375 HTTP/1.1" 200 0 "-" "WordPress/6.9.4; https://raydget.vip"
147.135.213.153 - - [01/May/2026:14:41:35 -0400] "GET /product-tag/%D0%BC%D0%B8%D0%BD%D0%B8-%D0%BF%D0%BA/feed/ HTTP/1.1" 404 2165 "-" "Mozilla/5.0 (compatible; MJ12bot/v1.4.8; http://mj12bot.com/)"
66.249.65.44 - - [01/May/2026:14:41:43 -0400] "GET /framework/career/eenuwcbhcwbxv9s.phtml HTTP/1.1" 404 0 "-" "Mozilla/5.0 (Linux; Android 6.0.1; Nexus 5X Build/MMB29P) AppleWebKit/537.36 (KHTML, like Gecko) Chrome/147.0.7727.137 Mobile Safari/537.36 (compatible; GoogleOther)"
147.135.213.153 - - [01/May/2026:14:41:45 -0400] "GET /product-tag/%D1%81%D0%BB%D1%83%D0%B6%D0%B5%D0%B1%D0%BD%D0%B0%D1%8F-%D1%81%D0%B2%D1%8F%D0%B7%D1%8C/ HTTP/1.1" 404 17656 "-" "Mozilla/5.0 (compatible; MJ12bot/v1.4.8; http://mj12bot.com/)"
147.135.213.153 - - [01/May/2026:14:42:08 -0400] "GET /product-tag/%D1%81%D0%BB%D1%83%D0%B6%D0%B5%D0%B1%D0%BD%D0%B0%D1%8F-%D1%81%D0%B2%D1%8F%D0%B7%D1%8C/feed/ HTTP/1.1" 404 1350 "-" "Mozilla/5.0 (compatible; MJ12bot/v1.4.8; http://mj12bot.com/)"
147.135.213.153 - - [01/May/2026:14:42:22 -0400] "GET /product-tag/%D1%86%D0%B8%D1%82%D1%80%D0%B0%D0%BD/ HTTP/1.1" 404 17648 "-" "Mozilla/5.0 (compatible; MJ12bot/v1.4.8; http://mj12bot.com/)"
162.0.232.104 - - [01/May/2026:14:42:38 -0400] "POST /wp-cron.php?doing_wp_cron=1777660958.6470270156860351562500 HTTP/1.1" 200 0 "-" "WordPress/6.9.4; https://raydget.vip"
147.135.213.153 - - [01/May/2026:14:42:30 -0400] "GET /product-tag/%D1%86%D0%B8%D1%82%D1%80%D0%B0%D0%BD/feed/ HTTP/1.1" 404 1333 "-" "Mozilla/5.0 (compatible; MJ12bot/v1.4.8; http://mj12bot.com/)"
66.249.65.44 - - [01/May/2026:14:42:31 -0400] "GET /table/load/dov9swjg8gjt3t0.phtml HTTP/1.1" 404 0 "-" "Mozilla/5.0 (Linux; Android 6.0.1; Nexus 5X Build/MMB29P) AppleWebKit/537.36 (KHTML, like Gecko) Chrome/147.0.7727.137 Mobile Safari/537.36 (compatible; GoogleOther)"
147.135.213.153 - - [01/May/2026:14:42:42 -0400] "GET /product-tag/ip-%D0%B0%D1%82%D1%81/ HTTP/1.1" 404 17631 "-" "Mozilla/5.0 (compatible; MJ12bot/v1.4.8; http://mj12bot.com/)"
147.135.213.153 - - [01/May/2026:14:42:57 -0400] "GET /product-tag/ip-%D0%B0%D1%82%D1%81/feed/ HTTP/1.1" 404 1140 "-" "Mozilla/5.0 (compatible; MJ12bot/v1.4.8; http://mj12bot.com/)"
147.135.213.153 - - [01/May/2026:14:43:07 -0400] "GET /product-tag/ip-%D0%BC%D0%B0%D1%80%D1%88%D1%80%D1%83%D1%82%D0%B8%D0%B7%D0%B0%D1%82%D0%BE%D1%80/ HTTP/1.1" 404 17696 "-" "Mozilla/5.0 (compatible; MJ12bot/v1.4.8; http://mj12bot.com/)"
192.0.91.228 - - [01/May/2026:14:43:08 -0400] "HEAD / HTTP/1.1" 200 0 "-" "jetmon/1.0 (Jetpack Site Uptime Monitor by WordPress.com)"
147.135.213.153 - - [01/May/2026:14:43:18 -0400] "GET /product-tag/ip-%D0%BC%D0%B0%D1%80%D1%88%D1%80%D1%83%D1%82%D0%B8%D0%B7%D0%B0%D1%82%D0%BE%D1%80/feed/ HTTP/1.1" 404 1159 "-" "Mozilla/5.0 (compatible; MJ12bot/v1.4.8; http://mj12bot.com/)"
147.135.213.153 - - [01/May/2026:14:43:27 -0400] "GET /product-tag/ip-%D1%81%D0%B5%D1%82%D0%B8/ HTTP/1.1" 404 17596 "-" "Mozilla/5.0 (compatible; MJ12bot/v1.4.8; http://mj12bot.com/)"
162.0.232.104 - - [01/May/2026:14:43:38 -0400] "POST /wp-cron.php?doing_wp_cron=1777661018.4859929084777832031250 HTTP/1.1" 200 0 "-" "WordPress/6.9.4; https://raydget.vip"
147.135.213.153 - - [01/May/2026:14:43:34 -0400] "GET /product-tag/ip-%D1%81%D0%B5%D1%82%D0%B8/feed/ HTTP/1.1" 404 1140 "-" "Mozilla/5.0 (compatible; MJ12bot/v1.4.8; http://mj12bot.com/)"
147.135.213.153 - - [01/May/2026:14:43:42 -0400] "GET /product-tag/ip-%D1%88%D0%BB%D1%8E%D0%B7/ HTTP/1.1" 404 17564 "-" "Mozilla/5.0 (compatible; MJ12bot/v1.4.8; http://mj12bot.com/)"
162.0.232.104 - - [01/May/2026:14:44:08 -0400] "POST /wp-cron.php?doing_wp_cron=1777661047.9424018859863281250000 HTTP/1.1" 200 0 "-" "WordPress/6.9.4; https://raydget.vip"
147.135.213.153 - - [01/May/2026:14:43:52 -0400] "GET /product-tag/ip-%D1%88%D0%BB%D1%8E%D0%B7/feed/ HTTP/1.1" 404 1145 "-" "Mozilla/5.0 (compatible; MJ12bot/v1.4.8; http://mj12bot.com/)"
66.249.65.44 - - [01/May/2026:14:44:00 -0400] "GET /categorization/module/e4rgc4ffsofdh1w.phtml HTTP/1.1" 404 0 "-" "Mozilla/5.0 (Linux; Android 6.0.1; Nexus 5X Build/MMB29P) AppleWebKit/537.36 (KHTML, like Gecko) Chrome/147.0.7727.137 Mobile Safari/537.36 (compatible; GoogleOther)"
162.0.232.104 - - [01/May/2026:14:44:41 -0400] "POST /wp-cron.php?doing_wp_cron=1777661081.2439110279083251953125 HTTP/1.1" 200 0 "-" "WordPress/6.9.4; https://raydget.vip"
66.249.65.45 - - [01/May/2026:14:44:37 -0400] "GET /design/example/eqenn32d3n2ou0j.phtml HTTP/1.1" 404 0 "-" "Mozilla/5.0 (Linux; Android 6.0.1; Nexus 5X Build/MMB29P) AppleWebKit/537.36 (KHTML, like Gecko) Chrome/147.0.7727.137 Mobile Safari/537.36 (compatible; GoogleOther)"
66.249.65.44 - - [01/May/2026:14:45:19 -0400] "GET /design/career/fyyxvzmbbaqcfo7.phtml HTTP/1.1" 404 0 "-" "Mozilla/5.0 (Linux; Android 6.0.1; Nexus 5X Build/MMB29P) AppleWebKit/537.36 (KHTML, like Gecko) Chrome/147.0.7727.137 Mobile Safari/537.36 (compatible; GoogleOther)"
162.0.232.104 - - [01/May/2026:14:46:09 -0400] "POST /wp-cron.php?doing_wp_cron=1777661169.3276529312133789062500 HTTP/1.1" 200 0 "-" "WordPress/6.9.4; https://raydget.vip"
66.249.65.44 - - [01/May/2026:14:45:58 -0400] "GET /tier/particle/em4015slhps2o29.phtml HTTP/1.1" 404 0 "-" "Mozilla/5.0 (Linux; Android 6.0.1; Nexus 5X Build/MMB29P) AppleWebKit/537.36 (KHTML, like Gecko) Chrome/147.0.7727.137 Mobile Safari/537.36 (compatible; GoogleOther)"
162.0.232.104 - - [01/May/2026:14:46:57 -0400] "POST /wp-cron.php?doing_wp_cron=1777661217.7517659664154052734375 HTTP/1.1" 200 0 "-" "WordPress/6.9.4; https://raydget.vip"
66.249.65.44 - - [01/May/2026:14:46:49 -0400] "GET /aggregation/outcome/eyuif7ifvrig84z.phtml HTTP/1.1" 404 0 "-" "Mozilla/5.0 (Linux; Android 6.0.1; Nexus 5X Build/MMB29P) AppleWebKit/537.36 (KHTML, like Gecko) Chrome/147.0.7727.137 Mobile Safari/537.36 (compatible; GoogleOther)"
66.249.65.44 - - [01/May/2026:14:47:10 -0400] "GET /cluster/property/f4w05lkblkca7yt.phtml HTTP/1.1" 404 0 "-" "Mozilla/5.0 (Linux; Android 6.0.1; Nexus 5X Build/MMB29P) AppleWebKit/537.36 (KHTML, like Gecko) Chrome/147.0.7727.137 Mobile Safari/537.36 (compatible; GoogleOther)"
54.39.17.116 - - [01/May/2026:14:47:23 -0400] "GET /wp-login.php HTTP/1.1" 302 0 "-" "Mozilla/5.0 (Macintosh; Intel Mac OS X 10_11_6) AppleWebKit/537.36 (KHTML, like Gecko) Chrome/67.0.3396.62 Safari/537.36"
162.0.232.104 - - [01/May/2026:14:47:35 -0400] "POST /wp-cron.php?doing_wp_cron=1777661255.7787640094757080078125 HTTP/1.1" 200 0 "-" "WordPress/6.9.4; https://raydget.vip"
54.39.17.116 - - [01/May/2026:14:47:31 -0400] "GET /wp-login.php HTTP/1.1" 302 0 "https://raydget.vip/wp-login.php" "Mozilla/5.0 (Macintosh; Intel Mac OS X 10_11_6) AppleWebKit/537.36 (KHTML, like Gecko) Chrome/67.0.3396.62 Safari/537.36"
54.39.17.116 - - [01/May/2026:14:47:36 -0400] "GET /wp-login.php HTTP/1.1" 200 0 "https://raydget.vip/wp-login.php" "Mozilla/5.0 (Macintosh; Intel Mac OS X 10_11_6) AppleWebKit/537.36 (KHTML, like Gecko) Chrome/67.0.3396.62 Safari/537.36"
192.0.91.228 - - [01/May/2026:14:48:09 -0400] "HEAD / HTTP/1.1" 200 0 "-" "jetmon/1.0 (Jetpack Site Uptime Monitor by WordPress.com)"
66.249.65.44 - - [01/May/2026:14:48:19 -0400] "GET /segment/set/e52ibrqfrbqc2o7.phtml HTTP/1.1" 404 0 "-" "Mozilla/5.0 (Linux; Android 6.0.1; Nexus 5X Build/MMB29P) AppleWebKit/537.36 (KHTML, like Gecko) Chrome/147.0.7727.137 Mobile Safari/537.36 (compatible; GoogleOther)"
162.0.232.104 - - [01/May/2026:14:48:36 -0400] "POST /wp-cron.php?doing_wp_cron=1777661316.8835659027099609375000 HTTP/1.1" 200 0 "-" "WordPress/6.9.4; https://raydget.vip"
66.249.65.44 - - [01/May/2026:14:48:33 -0400] "GET /tier/article/eq2rbrqirbqczo7.phtml HTTP/1.1" 404 0 "-" "Mozilla/5.0 (Linux; Android 6.0.1; Nexus 5X Build/MMB29P) AppleWebKit/537.36 (KHTML, like Gecko) Chrome/147.0.7727.137 Mobile Safari/537.36 (compatible; GoogleOther)"
162.0.232.104 - - [01/May/2026:14:49:02 -0400] "POST /wp-cron.php?doing_wp_cron=1777661342.2100799083709716796875 HTTP/1.1" 200 0 "-" "WordPress/6.9.4; https://raydget.vip"
185.237.252.238 - - [01/May/2026:14:48:55 -0400] "POST /xmlrpc.php HTTP/1.1" 200 287 "-" "Mozilla/5.0 (Macintosh; Intel Mac OS X 10_11_6) AppleWebKit/537.36 (KHTML, like Gecko) Chrome/66.0.3359.181 Safari/537.36"
183.207.45.111 - - [01/May/2026:14:49:07 -0400] "GET / HTTP/1.1" 200 0 "-" "Mozilla/5.0 (Windows NT 10.0; Win64; x64) AppleWebKit/537.36 (KHTML, like Gecko) Chrome/107.0.0.0 Safari/537.36"
66.249.65.45 - - [01/May/2026:14:49:35 -0400] "GET /family/abhelp/e8cfxp0hd90y8mh.phtml HTTP/1.1" 200 30039 "-" "Mozilla/5.0 (Linux; Android 6.0.1; Nexus 5X Build/MMB29P) AppleWebKit/537.36 (KHTML, like Gecko) Chrome/147.0.7727.137 Mobile Safari/537.36 (compatible; Googlebot/2.1; +http://www.google.com/bot.html)"
162.0.232.104 - - [01/May/2026:14:49:42 -0400] "POST /wp-cron.php?doing_wp_cron=1777661382.8602890968322753906250 HTTP/1.1" 200 0 "-" "WordPress/6.9.4; https://raydget.vip"
66.249.65.46 - - [01/May/2026:14:49:39 -0400] "GET /unit/attribute/e10rldon1xom4a5.phtml HTTP/1.1" 404 0 "-" "Mozilla/5.0 (Linux; Android 6.0.1; Nexus 5X Build/MMB29P) AppleWebKit/537.36 (KHTML, like Gecko) Chrome/147.0.7727.137 Mobile Safari/537.36 (compatible; GoogleOther)"
66.249.65.44 - - [01/May/2026:14:49:54 -0400] "GET /faction/component/fdfy0s3bg0jtkt0.phtml HTTP/1.1" 404 0 "-" "Mozilla/5.0 (Linux; Android 6.0.1; Nexus 5X Build/MMB29P) AppleWebKit/537.36 (KHTML, like Gecko) Chrome/147.0.7727.137 Mobile Safari/537.36 (compatible; GoogleOther)"
34.101.217.251 - - [01/May/2026:14:50:12 -0400] "POST /xmlrpc.php HTTP/1.1" 200 323 "-" "Mozilla/5.0 (Windows NT 10.0; Win64; x64) AppleWebKit/537.36 (KHTML, like Gecko) Chrome/142.0.0.0 Safari/537.36"
162.0.232.104 - - [01/May/2026:14:50:41 -0400] "POST /wp-cron.php?doing_wp_cron=1777661441.8761041164398193359375 HTTP/1.1" 200 0 "-" "WordPress/6.9.4; https://raydget.vip"
66.249.65.44 - - [01/May/2026:14:50:38 -0400] "GET /facet/element/ftwz5lkblfcakyt.phtml HTTP/1.1" 404 0 "-" "Mozilla/5.0 (Linux; Android 6.0.1; Nexus 5X Build/MMB29P) AppleWebKit/537.36 (KHTML, like Gecko) Chrome/147.0.7727.137 Mobile Safari/537.36 (compatible; GoogleOther)"
66.249.65.46 - - [01/May/2026:14:51:19 -0400] "GET /edition/kit/fw9yumxbaudn6nu.phtml HTTP/1.1" 404 0 "-" "Mozilla/5.0 (Linux; Android 6.0.1; Nexus 5X Build/MMB29P) AppleWebKit/537.36 (KHTML, like Gecko) Chrome/147.0.7727.137 Mobile Safari/537.36 (compatible; GoogleOther)"
162.0.232.104 - - [01/May/2026:14:52:35 -0400] "POST /wp-cron.php?doing_wp_cron=1777661555.2608010768890380859375 HTTP/1.1" 200 0 "-" "WordPress/6.9.4; https://raydget.vip"
66.249.65.45 - - [01/May/2026:14:52:29 -0400] "GET /discipline/feature/ebscptgi5dgq7qx.phtml HTTP/1.1" 404 0 "-" "Mozilla/5.0 (Linux; Android 6.0.1; Nexus 5X Build/MMB29P) AppleWebKit/537.36 (KHTML, like Gecko) Chrome/147.0.7727.137 Mobile Safari/537.36 (compatible; GoogleOther)"
66.249.65.44 - - [01/May/2026:14:52:38 -0400] "GET /structure/attachment/e7oo91cfplcakyt.phtml HTTP/1.1" 404 0 "-" "Mozilla/5.0 (Linux; Android 6.0.1; Nexus 5X Build/MMB29P) AppleWebKit/537.36 (KHTML, like Gecko) Chrome/147.0.7727.137 Mobile Safari/537.36 (compatible; GoogleOther)"
192.0.91.228 - - [01/May/2026:14:53:08 -0400] "HEAD / HTTP/1.1" 200 0 "-" "jetmon/1.0 (Jetpack Site Uptime Monitor by WordPress.com)"
162.0.232.104 - - [01/May/2026:14:53:39 -0400] "POST /wp-cron.php?doing_wp_cron=1777661619.5868930816650390625000 HTTP/1.1" 200 0 "-" "WordPress/6.9.4; https://raydget.vip"
162.240.67.178 - - [01/May/2026:14:53:36 -0400] "GET /wp-login.php HTTP/1.1" 302 0 "-" "Mozilla/5.0 (Windows NT 10.0; Win64; x64) AppleWebKit/537.36 (KHTML, like Gecko) Chrome/52.0.2743.116 Safari/537.36 Edge/15.15063"
162.240.67.178 - - [01/May/2026:14:53:39 -0400] "GET /wp-login.php HTTP/1.1" 302 0 "https://raydget.vip/wp-login.php" "Mozilla/5.0 (Windows NT 10.0; Win64; x64) AppleWebKit/537.36 (KHTML, like Gecko) Chrome/52.0.2743.116 Safari/537.36 Edge/15.15063"
162.240.67.178 - - [01/May/2026:14:53:52 -0400] "GET /wp-login.php HTTP/1.1" 200 0 "https://raydget.vip/wp-login.php" "Mozilla/5.0 (Windows NT 10.0; Win64; x64) AppleWebKit/537.36 (KHTML, like Gecko) Chrome/52.0.2743.116 Safari/537.36 Edge/15.15063"
162.0.232.104 - - [01/May/2026:14:54:05 -0400] "POST /wp-cron.php?doing_wp_cron=1777661645.0318119525909423828125 HTTP/1.1" 200 0 "-" "WordPress/6.9.4; https://raydget.vip"
66.249.65.44 - - [01/May/2026:14:54:19 -0400] "GET /attribute/work/fiaz7bybne2oz0j.phtml HTTP/1.1" 404 0 "-" "Mozilla/5.0 (Linux; Android 6.0.1; Nexus 5X Build/MMB29P) AppleWebKit/537.36 (KHTML, like Gecko) Chrome/147.0.7727.137 Mobile Safari/537.36 (compatible; GoogleOther)"
162.0.232.104 - - [01/May/2026:14:55:23 -0400] "POST /wp-cron.php?doing_wp_cron=1777661723.0841948986053466796875 HTTP/1.1" 200 0 "-" "WordPress/6.9.4; https://raydget.vip"
66.249.65.46 - - [01/May/2026:14:55:19 -0400] "GET /spectrum/specification/flgxdh4bt08uh6p.phtml HTTP/1.1" 404 0 "-" "Mozilla/5.0 (Linux; Android 6.0.1; Nexus 5X Build/MMB29P) AppleWebKit/537.36 (KHTML, like Gecko) Chrome/147.0.7727.137 Mobile Safari/537.36 (compatible; GoogleOther)"
66.249.65.46 - - [01/May/2026:14:55:23 -0400] "GET /nomenclature/item/fva07bybn92oc0j.phtml HTTP/1.1" 404 0 "-" "Mozilla/5.0 (Linux; Android 6.0.1; Nexus 5X Build/MMB29P) AppleWebKit/537.36 (KHTML, like Gecko) Chrome/147.0.7727.137 Mobile Safari/537.36 (compatible; GoogleOther)"
162.0.232.104 - - [01/May/2026:14:56:13 -0400] "POST /wp-cron.php?doing_wp_cron=1777661773.4345459938049316406250 HTTP/1.1" 200 0 "-" "WordPress/6.9.4; https://raydget.vip"
66.249.65.46 - - [01/May/2026:14:56:06 -0400] "GET /division/fraction/f1gydh4btj8uo6p.phtml HTTP/1.1" 404 0 "-" "Mozilla/5.0 (Linux; Android 6.0.1; Nexus 5X Build/MMB29P) AppleWebKit/537.36 (KHTML, like Gecko) Chrome/147.0.7727.137 Mobile Safari/537.36 (compatible; GoogleOther)"
162.0.232.104 - - [01/May/2026:14:57:28 -0400] "POST /wp-cron.php?doing_wp_cron=1777661848.9302399158477783203125 HTTP/1.1" 200 0 "-" "WordPress/6.9.4; https://raydget.vip"
66.249.65.45 - - [01/May/2026:14:57:19 -0400] "GET /aggregation/entity/eu68rjue73usfgb.phtml HTTP/1.1" 404 0 "-" "Mozilla/5.0 (Linux; Android 6.0.1; Nexus 5X Build/MMB29P) AppleWebKit/537.36 (KHTML, like Gecko) Chrome/147.0.7727.137 Mobile Safari/537.36 (compatible; GoogleOther)"
192.0.91.228 - - [01/May/2026:14:58:08 -0400] "HEAD / HTTP/1.1" 200 0 "-" "jetmon/1.0 (Jetpack Site Uptime Monitor by WordPress.com)"
66.249.65.46 - - [01/May/2026:14:58:08 -0400] "GET /structure/scrap/e7rbc4fmsofdi1w.phtml HTTP/1.1" 404 0 "-" "Mozilla/5.0 (Linux; Android 6.0.1; Nexus 5X Build/MMB29P) AppleWebKit/537.36 (KHTML, like Gecko) Chrome/147.0.7727.137 Mobile Safari/537.36 (compatible; GoogleOther)"
162.0.232.104 - - [01/May/2026:14:58:53 -0400] "POST /wp-cron.php?doing_wp_cron=1777661933.2703390121459960937500 HTTP/1.1" 200 0 "-" "WordPress/6.9.4; https://raydget.vip"
67.205.18.1 - - [01/May/2026:14:58:46 -0400] "GET /wp-login.php HTTP/1.1" 302 0 "-" "Mozilla/5.0 (Macintosh; Intel Mac OS X 10_12_5) AppleWebKit/537.36 (KHTML, like Gecko) Chrome/65.0.3325.181 Safari/537.36"
67.205.18.1 - - [01/May/2026:14:58:54 -0400] "GET /wp-login.php HTTP/1.1" 200 0 "https://raydget.vip/wp-login.php" "Mozilla/5.0 (Macintosh; Intel Mac OS X 10_12_5) AppleWebKit/537.36 (KHTML, like Gecko) Chrome/65.0.3325.181 Safari/537.36"
66.249.65.45 - - [01/May/2026:14:59:56 -0400] "GET /chapter/fabrication/exbqk0zl0kzllxg.phtml HTTP/1.1" 200 29514 "-" "Mozilla/5.0 (Linux; Android 6.0.1; Nexus 5X Build/MMB29P) AppleWebKit/537.36 (KHTML, like Gecko) Chrome/147.0.7727.137 Mobile Safari/537.36 (compatible; Googlebot/2.1; +http://www.google.com/bot.html)"
66.249.65.45 - - [01/May/2026:14:59:57 -0400] "GET /institution/unit/eesxptgc5dgqvqx.phtml HTTP/1.1" 200 31301 "-" "Mozilla/5.0 (Linux; Android 6.0.1; Nexus 5X Build/MMB29P) AppleWebKit/537.36 (KHTML, like Gecko) Chrome/147.0.7727.137 Mobile Safari/537.36 (compatible; Googlebot/2.1; +http://www.google.com/bot.html)"
162.0.232.104 - - [01/May/2026:15:00:29 -0400] "POST /wp-cron.php?doing_wp_cron=1777662029.0434050559997558593750 HTTP/1.1" 200 0 "-" "WordPress/6.9.4; https://raydget.vip"
66.249.65.45 - - [01/May/2026:15:00:19 -0400] "GET /discipline/feature/f7d0ae1bqj5rl3m.phtml HTTP/1.1" 404 0 "-" "Mozilla/5.0 (Linux; Android 6.0.1; Nexus 5X Build/MMB29P) AppleWebKit/537.36 (KHTML, like Gecko) Chrome/147.0.7727.137 Mobile Safari/537.36 (compatible; GoogleOther)"
66.249.65.44 - - [01/May/2026:15:00:57 -0400] "GET /continuum/feature/ejw15lkml5k6zi1.phtml HTTP/1.1" 200 29513 "-" "Mozilla/5.0 (Linux; Android 6.0.1; Nexus 5X Build/MMB29P) AppleWebKit/537.36 (KHTML, like Gecko) Chrome/147.0.7727.137 Mobile Safari/537.36 (compatible; Googlebot/2.1; +http://www.google.com/bot.html)"
85.208.96.204 - - [01/May/2026:15:01:42 -0400] "GET /robots.txt HTTP/1.1" 200 91 "-" "Mozilla/5.0 (compatible; SemrushBot/7~bl; +http://www.semrush.com/bot.html)"
162.0.232.104 - - [01/May/2026:15:01:54 -0400] "POST /wp-cron.php?doing_wp_cron=1777662114.3278579711914062500000 HTTP/1.1" 200 0 "-" "WordPress/6.9.4; https://raydget.vip"
185.191.171.2 - - [01/May/2026:15:01:43 -0400] "GET /product/mfu-raydget-ip/ HTTP/1.1" 404 23898 "-" "Mozilla/5.0 (compatible; SemrushBot/7~bl; +http://www.semrush.com/bot.html)"
66.249.65.44 - - [01/May/2026:15:01:48 -0400] "GET /module/bundle/fsqzzfebfm647sn.phtml HTTP/1.1" 404 0 "-" "Mozilla/5.0 (Linux; Android 6.0.1; Nexus 5X Build/MMB29P) AppleWebKit/537.36 (KHTML, like Gecko) Chrome/147.0.7727.137 Mobile Safari/537.36 (compatible; GoogleOther)"
135.236.141.8 - - [01/May/2026:15:01:59 -0400] "GET /wp-login.php HTTP/1.1" 302 0 "-" "Mozilla/5.0 (compatible; MSIE 10.0; Windows NT 6.1; WOW64; Trident/7.0)"
135.236.141.8 - - [01/May/2026:15:02:15 -0400] "GET /wp-login.php HTTP/1.1" 200 0 "https://raydget.vip/wp-login.php" "Mozilla/5.0 (compatible; MSIE 10.0; Windows NT 6.1; WOW64; Trident/7.0)"
162.0.232.104 - - [01/May/2026:15:03:13 -0400] "POST /wp-cron.php?doing_wp_cron=1777662193.0543849468231201171875 HTTP/1.1" 200 0 "-" "WordPress/6.9.4; https://raydget.vip"
192.0.91.228 - - [01/May/2026:15:03:09 -0400] "HEAD / HTTP/1.1" 200 0 "-" "jetmon/1.0 (Jetpack Site Uptime Monitor by WordPress.com)"
162.0.232.104 - - [01/May/2026:15:04:08 -0400] "POST /wp-cron.php?doing_wp_cron=1777662248.8698449134826660156250 HTTP/1.1" 200 0 "-" "WordPress/6.9.4; https://raydget.vip"
66.249.65.44 - - [01/May/2026:15:04:04 -0400] "GET /herd/bundle/eig4dh4mt14exel.phtml HTTP/1.1" 404 0 "-" "Mozilla/5.0 (Linux; Android 6.0.1; Nexus 5X Build/MMB29P) AppleWebKit/537.36 (KHTML, like Gecko) Chrome/147.0.7727.137 Mobile Safari/537.36 (compatible; GoogleOther)"
162.0.232.104 - - [01/May/2026:15:04:59 -0400] "POST /wp-cron.php?doing_wp_cron=1777662299.8732800483703613281250 HTTP/1.1" 200 0 "-" "WordPress/6.9.4; https://raydget.vip"
51.222.71.146 - - [01/May/2026:15:04:55 -0400] "GET /wp-login.php HTTP/1.1" 302 0 "-" "Mozilla/5.0 (Windows NT 6.1; Win64; x64) AppleWebKit/537.36 (KHTML, like Gecko) Chrome/65.0.3325.146 Safari/537.36"
51.222.71.146 - - [01/May/2026:15:05:00 -0400] "GET /wp-login.php HTTP/1.1" 200 0 "https://raydget.vip/wp-login.php" "Mozilla/5.0 (Windows NT 6.1; Win64; x64) AppleWebKit/537.36 (KHTML, like Gecko) Chrome/65.0.3325.146 Safari/537.36"
162.0.232.104 - - [01/May/2026:15:05:41 -0400] "POST /wp-cron.php?doing_wp_cron=1777662341.3603250980377197265625 HTTP/1.1" 200 0 "-" "WordPress/6.9.4; https://raydget.vip"
66.249.65.46 - - [01/May/2026:15:05:28 -0400] "GET /table/load/erow91chplca6yt.phtml HTTP/1.1" 404 0 "-" "Mozilla/5.0 (Linux; Android 6.0.1; Nexus 5X Build/MMB29P) AppleWebKit/537.36 (KHTML, like Gecko) Chrome/147.0.7727.137 Mobile Safari/537.36 (compatible; GoogleOther)"
162.0.232.104 - - [01/May/2026:15:08:10 -0400] "POST /wp-cron.php?doing_wp_cron=1777662489.8506751060485839843750 HTTP/1.1" 200 0 "-" "WordPress/6.9.4; https://raydget.vip"
66.249.65.46 - - [01/May/2026:15:07:49 -0400] "GET /discipline/feature/efsrptgj5dgqoqx.phtml HTTP/1.1" 404 0 "-" "Mozilla/5.0 (Linux; Android 6.0.1; Nexus 5X Build/MMB29P) AppleWebKit/537.36 (KHTML, like Gecko) Chrome/147.0.7727.137 Mobile Safari/537.36 (compatible; GoogleOther)"
192.0.91.228 - - [01/May/2026:15:08:08 -0400] "HEAD / HTTP/1.1" 200 0 "-" "jetmon/1.0 (Jetpack Site Uptime Monitor by WordPress.com)"
66.249.74.102 - - [01/May/2026:15:09:01 -0400] "GET /robots.txt HTTP/1.1" 200 91 "-" "Mozilla/5.0 (compatible; Googlebot/2.1; +http://www.google.com/bot.html)"
66.249.74.103 - - [01/May/2026:15:09:01 -0400] "GET /catalog/stock/eecqxp07d90ymmh.phtml HTTP/1.1" 200 29836 "-" "Mozilla/5.0 (Linux; Android 6.0.1; Nexus 5X Build/MMB29P) AppleWebKit/537.36 (KHTML, like Gecko) Chrome/147.0.7727.137 Mobile Safari/537.36 (compatible; Googlebot/2.1; +http://www.google.com/bot.html)"
162.0.232.104 - - [01/May/2026:15:09:27 -0400] "POST /wp-cron.php?doing_wp_cron=1777662567.6465680599212646484375 HTTP/1.1" 200 0 "-" "WordPress/6.9.4; https://raydget.vip"
66.249.65.45 - - [01/May/2026:15:09:07 -0400] "GET /version/pattern/ehhnq65f6q5r53m.phtml HTTP/1.1" 404 0 "-" "Mozilla/5.0 (Linux; Android 6.0.1; Nexus 5X Build/MMB29P) AppleWebKit/537.36 (KHTML, like Gecko) Chrome/147.0.7727.137 Mobile Safari/537.36 (compatible; GoogleOther)"
52.232.35.131 - - [01/May/2026:15:10:07 -0400] "GET /wp-login.php HTTP/1.1" 302 0 "-" "Mozilla/5.0 (Windows NT 5.1; Win64; x64) AppleWebKit/537.36 (KHTML, like Gecko) Chrome/58.0.3029.110 Safari/537.36 Edge/16.16299"
162.0.232.104 - - [01/May/2026:15:10:22 -0400] "POST /wp-cron.php?doing_wp_cron=1777662622.6481750011444091796875 HTTP/1.1" 200 0 "-" "WordPress/6.9.4; https://raydget.vip"
52.232.35.131 - - [01/May/2026:15:10:15 -0400] "GET /wp-login.php HTTP/1.1" 302 0 "https://raydget.vip/wp-login.php" "Mozilla/5.0 (Windows NT 5.1; Win64; x64) AppleWebKit/537.36 (KHTML, like Gecko) Chrome/58.0.3029.110 Safari/537.36 Edge/16.16299"
52.232.35.131 - - [01/May/2026:15:10:23 -0400] "GET /wp-login.php HTTP/1.1" 200 0 "https://raydget.vip/wp-login.php" "Mozilla/5.0 (Windows NT 5.1; Win64; x64) AppleWebKit/537.36 (KHTML, like Gecko) Chrome/58.0.3029.110 Safari/537.36 Edge/16.16299"
162.0.232.104 - - [01/May/2026:15:11:42 -0400] "POST /wp-cron.php?doing_wp_cron=1777662702.5593121051788330078125 HTTP/1.1" 200 0 "-" "WordPress/6.9.4; https://raydget.vip"
66.249.65.46 - - [01/May/2026:15:11:35 -0400] "GET /feature/return/ekfc0s3kgc31qpk.phtml HTTP/1.1" 404 0 "-" "Mozilla/5.0 (Linux; Android 6.0.1; Nexus 5X Build/MMB29P) AppleWebKit/537.36 (KHTML, like Gecko) Chrome/147.0.7727.137 Mobile Safari/537.36 (compatible; GoogleOther)"
95.91.110.210 - - [01/May/2026:15:12:32 -0400] "GET /robots.txt HTTP/1.1" 200 91 "-" "Mozilla/5.0 (compatible; MJ12bot/v1.4.8; http://mj12bot.com/)"
162.0.232.104 - - [01/May/2026:15:12:47 -0400] "POST /wp-cron.php?doing_wp_cron=1777662767.4379229545593261718750 HTTP/1.1" 200 0 "-" "WordPress/6.9.4; https://raydget.vip"
95.91.110.210 - - [01/May/2026:15:12:36 -0400] "GET /product-category/%D0%BC%D0%B8%D0%BD%D0%B8-%D0%BF%D0%BA/ HTTP/1.1" 404 17774 "-" "Mozilla/5.0 (compatible; MJ12bot/v1.4.8; http://mj12bot.com/)"
66.249.65.45 - - [01/May/2026:15:12:46 -0400] "GET /version/info/e9x5ialgyulj272.phtml HTTP/1.1" 404 0 "-" "Mozilla/5.0 (Linux; Android 6.0.1; Nexus 5X Build/MMB29P) AppleWebKit/537.36 (KHTML, like Gecko) Chrome/147.0.7727.137 Mobile Safari/537.36 (compatible; GoogleOther)"
95.91.110.210 - - [01/May/2026:15:12:51 -0400] "GET /product-category/%D1%82%D0%B5%D0%BB%D0%B5%D0%BA%D0%BE%D0%BC%D0%BC%D1%83%D0%BD%D0%B8%D0%BA%D0%B0%D1%86%D0%B8%D1%8F/ HTTP/1.1" 404 17850 "-" "Mozilla/5.0 (compatible; MJ12bot/v1.4.8; http://mj12bot.com/)"
192.0.91.228 - - [01/May/2026:15:13:08 -0400] "HEAD / HTTP/1.1" 200 0 "-" "jetmon/1.0 (Jetpack Site Uptime Monitor by WordPress.com)"
95.91.110.210 - - [01/May/2026:15:13:19 -0400] "GET /product-tag/ip-%D0%B0%D1%82%D1%81/ HTTP/1.1" 404 17631 "-" "Mozilla/5.0 (compatible; MJ12bot/v1.4.8; http://mj12bot.com/)"
162.0.232.104 - - [01/May/2026:15:13:39 -0400] "POST /wp-cron.php?doing_wp_cron=1777662819.0332629680633544921875 HTTP/1.1" 200 0 "-" "WordPress/6.9.4; https://raydget.vip"
95.91.110.210 - - [01/May/2026:15:13:35 -0400] "GET /product-tag/ip-%D0%BC%D0%B0%D1%80%D1%88%D1%80%D1%83%D1%82%D0%B8%D0%B7%D0%B0%D1%82%D0%BE%D1%80/ HTTP/1.1" 404 17696 "-" "Mozilla/5.0 (compatible; MJ12bot/v1.4.8; http://mj12bot.com/)"
95.91.110.210 - - [01/May/2026:15:13:42 -0400] "GET /product-tag/ip-%D1%81%D0%B5%D1%82%D0%B8/ HTTP/1.1" 404 17596 "-" "Mozilla/5.0 (compatible; MJ12bot/v1.4.8; http://mj12bot.com/)"
162.0.232.104 - - [01/May/2026:15:14:09 -0400] "POST /wp-cron.php?doing_wp_cron=1777662849.1739780902862548828125 HTTP/1.1" 200 0 "-" "WordPress/6.9.4; https://raydget.vip"
95.91.110.210 - - [01/May/2026:15:13:57 -0400] "GET /product-tag/ip-%D1%88%D0%BB%D1%8E%D0%B7/ HTTP/1.1" 404 17564 "-" "Mozilla/5.0 (compatible; MJ12bot/v1.4.8; http://mj12bot.com/)"
95.91.110.210 - - [01/May/2026:15:14:13 -0400] "GET /product-tag/%D0%B0%D1%83%D0%B4%D0%B8%D0%BE%D0%BA%D0%BE%D0%BD%D1%84%D0%B5%D1%80%D0%B5%D0%BD%D1%86%D0%B8%D1%8F/ HTTP/1.1" 404 17684 "-" "Mozilla/5.0 (compatible; MJ12bot/v1.4.8; http://mj12bot.com/)"
95.91.110.210 - - [01/May/2026:15:14:25 -0400] "GET /product-tag/%D0%B2%D0%B8%D0%B4%D0%B5%D0%BE%D0%BA%D0%BE%D0%BD%D1%84%D0%B5%D1%80%D0%B5%D0%BD%D1%86%D0%B8%D1%8F/ HTTP/1.1" 404 17731 "-" "Mozilla/5.0 (compatible; MJ12bot/v1.4.8; http://mj12bot.com/)"
162.0.232.104 - - [01/May/2026:15:14:37 -0400] "POST /wp-cron.php?doing_wp_cron=1777662877.1731610298156738281250 HTTP/1.1" 200 0 "-" "WordPress/6.9.4; https://raydget.vip"
