95.91.110.210 - - [01/May/2026:15:14:33 -0400] "GET /product-tag/%D0%B2%D0%B8%D0%B4%D0%B5%D0%BE%D1%81%D0%B2%D1%8F%D0%B7%D1%8C/ HTTP/1.1" 404 17676 "-" "Mozilla/5.0 (compatible; MJ12bot/v1.4.8; http://mj12bot.com/)"
95.91.110.210 - - [01/May/2026:15:14:40 -0400] "GET /product-tag/%D0%B2%D0%B8%D0%B4%D0%B5%D0%BE%D1%82%D0%B5%D0%BB%D0%B5%D1%84%D0%BE%D0%BD/ HTTP/1.1" 404 17701 "-" "Mozilla/5.0 (compatible; MJ12bot/v1.4.8; http://mj12bot.com/)"
95.91.110.210 - - [01/May/2026:15:14:50 -0400] "GET /product-tag/%D0%B4%D0%BE%D0%BC%D0%B0%D1%88%D0%BD%D0%B8%D0%B9-%D0%BA%D0%BE%D0%BC%D0%BF%D1%8C%D1%8E%D1%82%D0%B5%D1%80/ HTTP/1.1" 404 18132 "-" "Mozilla/5.0 (compatible; MJ12bot/v1.4.8; http://mj12bot.com/)"
95.91.110.210 - - [01/May/2026:15:15:03 -0400] "GET /product-tag/%D0%BB%D0%B2%D1%81/ HTTP/1.1" 404 17603 "-" "Mozilla/5.0 (compatible; MJ12bot/v1.4.8; http://mj12bot.com/)"
95.91.110.210 - - [01/May/2026:15:15:16 -0400] "GET /product-tag/%D0%BC%D0%B5%D0%B6%D1%81%D0%B5%D1%82%D0%B5%D0%B2%D0%BE%D0%B9-%D1%8D%D0%BA%D1%80%D0%B0%D0%BD/ HTTP/1.1" 404 17688 "-" "Mozilla/5.0 (compatible; MJ12bot/v1.4.8; http://mj12bot.com/)"
162.0.232.104 - - [01/May/2026:15:15:33 -0400] "POST /wp-cron.php?doing_wp_cron=1777662933.7406439781188964843750 HTTP/1.1" 200 0 "-" "WordPress/6.9.4; https://raydget.vip"
66.249.65.46 - - [01/May/2026:15:15:19 -0400] "GET /ambit/artifact/etvlswjx8gjtpt0.phtml HTTP/1.1" 404 0 "-" "Mozilla/5.0 (Linux; Android 6.0.1; Nexus 5X Build/MMB29P) AppleWebKit/537.36 (KHTML, like Gecko) Chrome/147.0.7727.137 Mobile Safari/537.36 (compatible; GoogleOther)"
95.91.110.210 - - [01/May/2026:15:15:33 -0400] "GET /product-tag/%D0%BC%D0%B8%D0%BD%D0%B8-%D0%BF%D0%BA/ HTTP/1.1" 404 18168 "-" "Mozilla/5.0 (compatible; MJ12bot/v1.4.8; http://mj12bot.com/)"
66.249.65.44 - - [01/May/2026:15:16:27 -0400] "GET /attribute/work/eafq0s3vgc319pk.phtml HTTP/1.1" 404 0 "-" "Mozilla/5.0 (Linux; Android 6.0.1; Nexus 5X Build/MMB29P) AppleWebKit/537.36 (KHTML, like Gecko) Chrome/147.0.7727.137 Mobile Safari/537.36 (compatible; GoogleOther)"
162.0.232.104 - - [01/May/2026:15:16:40 -0400] "POST /wp-cron.php?doing_wp_cron=1777663000.0440979003906250000000 HTTP/1.1" 200 0 "-" "WordPress/6.9.4; https://raydget.vip"
66.249.65.44 - - [01/May/2026:15:16:34 -0400] "GET /chapter/category/edm6jnaxz7ak0kr.phtml HTTP/1.1" 404 0 "-" "Mozilla/5.0 (Linux; Android 6.0.1; Nexus 5X Build/MMB29P) AppleWebKit/537.36 (KHTML, like Gecko) Chrome/147.0.7727.137 Mobile Safari/537.36 (compatible; GoogleOther)"
162.0.232.104 - - [01/May/2026:15:17:41 -0400] "POST /wp-cron.php?doing_wp_cron=1777663061.3507668972015380859375 HTTP/1.1" 200 0 "-" "WordPress/6.9.4; https://raydget.vip"
165.51.113.42 - - [01/May/2026:15:17:34 -0400] "GET /products/inb156/ HTTP/1.1" 200 21926 "-" "Mozilla/5.0 (compatible; MSIE 6.0; Windows NT 6.0; Trident/4.0)"
14.173.233.149 - - [01/May/2026:15:17:57 -0400] "GET /monoblok-rejdzhet-mb/ HTTP/1.1" 200 0 "-" "Opera/9.70.(Windows NT 5.01; fur-IT) Presto/2.9.170 Version/11.00"
162.0.232.104 - - [01/May/2026:15:18:23 -0400] "POST /wp-cron.php?doing_wp_cron=1777663103.5531299114227294921875 HTTP/1.1" 200 0 "-" "WordPress/6.9.4; https://raydget.vip"
192.0.91.228 - - [01/May/2026:15:18:08 -0400] "HEAD / HTTP/1.1" 200 0 "-" "jetmon/1.0 (Jetpack Site Uptime Monitor by WordPress.com)"
113.164.51.119 - - [01/May/2026:15:18:14 -0400] "GET /monoblok-rejdzhet-mb/ HTTP/1.1" 200 0 "-" "Mozilla/5.0 (iPod; U; CPU iPhone OS 3_2 like Mac OS X; uz-UZ) AppleWebKit/532.6.2 (KHTML, like Gecko) Version/3.0.5 Mobile/8B114 Safari/6532.6.2"
196.187.60.57 - - [01/May/2026:15:18:35 -0400] "GET /monoblok-rejdzhet-mb/ HTTP/1.1" 200 19562 "-" "Mozilla/5.0 (Windows; U; Windows NT 6.0) AppleWebKit/533.9.1 (KHTML, like Gecko) Version/5.0.5 Safari/533.9.1"
66.249.65.46 - - [01/May/2026:15:18:51 -0400] "GET /tag/extra/eh99umxba6xvhje.phtml HTTP/1.1" 404 0 "-" "Mozilla/5.0 (Linux; Android 6.0.1; Nexus 5X Build/MMB29P) AppleWebKit/537.36 (KHTML, like Gecko) Chrome/147.0.7727.137 Mobile Safari/537.36 (compatible; GoogleOther)"
162.0.232.104 - - [01/May/2026:15:19:13 -0400] "POST /wp-cron.php?doing_wp_cron=1777663153.8511650562286376953125 HTTP/1.1" 200 0 "-" "WordPress/6.9.4; https://raydget.vip"
66.249.65.45 - - [01/May/2026:15:19:04 -0400] "GET /sort/craft/e0o991cvplcaeyt.phtml HTTP/1.1" 404 0 "-" "Mozilla/5.0 (Linux; Android 6.0.1; Nexus 5X Build/MMB29P) AppleWebKit/537.36 (KHTML, like Gecko) Chrome/147.0.7727.137 Mobile Safari/537.36 (compatible; GoogleOther)"
162.0.232.104 - - [01/May/2026:15:20:18 -0400] "POST /wp-cron.php?doing_wp_cron=1777663218.3691790103912353515625 HTTP/1.1" 200 0 "-" "WordPress/6.9.4; https://raydget.vip"
66.249.65.46 - - [01/May/2026:15:20:06 -0400] "GET /version/attribute/e1lq6y90mi97qvq.phtml HTTP/1.1" 404 0 "-" "Mozilla/5.0 (Linux; Android 6.0.1; Nexus 5X Build/MMB29P) AppleWebKit/537.36 (KHTML, like Gecko) Chrome/147.0.7727.137 Mobile Safari/537.36 (compatible; GoogleOther)"
66.249.65.44 - - [01/May/2026:15:20:42 -0400] "GET /categorization/offshoot/fx4z15sbhwwihud.phtml HTTP/1.1" 200 30185 "-" "Mozilla/5.0 (Linux; Android 6.0.1; Nexus 5X Build/MMB29P) AppleWebKit/537.36 (KHTML, like Gecko) Chrome/147.0.7727.137 Mobile Safari/537.36 (compatible; Googlebot/2.1; +http://www.google.com/bot.html)"
162.0.232.104 - - [01/May/2026:15:21:02 -0400] "POST /wp-cron.php?doing_wp_cron=1777663262.1346468925476074218750 HTTP/1.1" 200 0 "-" "WordPress/6.9.4; https://raydget.vip"
50.6.249.156 - - [01/May/2026:15:20:58 -0400] "POST /xmlrpc.php HTTP/1.1" 200 285 "-" "Mozilla/5.0 (Macintosh; Intel Mac OS X 10_12_6) AppleWebKit/537.36 (KHTML, like Gecko) Chrome/65.0.3325.181 Safari/537.36"
66.249.65.45 - - [01/May/2026:15:21:09 -0400] "GET /denomination/deliverable/ewkst98z9t8uy6p.phtml HTTP/1.1" 404 0 "-" "Mozilla/5.0 (Linux; Android 6.0.1; Nexus 5X Build/MMB29P) AppleWebKit/537.36 (KHTML, like Gecko) Chrome/147.0.7727.137 Mobile Safari/537.36 (compatible; GoogleOther)"
162.0.232.104 - - [01/May/2026:15:22:54 -0400] "POST /wp-cron.php?doing_wp_cron=1777663374.8556129932403564453125 HTTP/1.1" 200 0 "-" "WordPress/6.9.4; https://raydget.vip"
66.249.65.46 - - [01/May/2026:15:22:49 -0400] "GET /aggregation/characteristic/eu7k48vzksv5d5c.phtml HTTP/1.1" 404 0 "-" "Mozilla/5.0 (Linux; Android 6.0.1; Nexus 5X Build/MMB29P) AppleWebKit/537.36 (KHTML, like Gecko) Chrome/147.0.7727.137 Mobile Safari/537.36 (compatible; GoogleOther)"
103.78.97.230 - - [01/May/2026:15:22:51 -0400] "POST /xmlrpc.php HTTP/1.1" 200 286 "-" "Mozilla/5.0 (MSIE 8.0; Windows NT 6.0; Trident/7.0; rv:11.0) like Gecko"
192.0.91.228 - - [01/May/2026:15:23:07 -0400] "HEAD / HTTP/1.1" 200 0 "-" "jetmon/1.0 (Jetpack Site Uptime Monitor by WordPress.com)"
162.0.232.104 - - [01/May/2026:15:23:36 -0400] "POST /wp-cron.php?doing_wp_cron=1777663416.8607749938964843750000 HTTP/1.1" 200 0 "-" "WordPress/6.9.4; https://raydget.vip"
66.249.65.46 - - [01/May/2026:15:23:28 -0400] "GET /compilation/remnant/eoy4vzmybjmwfw3.phtml HTTP/1.1" 404 0 "-" "Mozilla/5.0 (Linux; Android 6.0.1; Nexus 5X Build/MMB29P) AppleWebKit/537.36 (KHTML, like Gecko) Chrome/147.0.7727.137 Mobile Safari/537.36 (compatible; GoogleOther)"
66.249.65.44 - - [01/May/2026:15:23:45 -0400] "GET /ambit/apparatus/e5wg5lkll5k6qi1.phtml HTTP/1.1" 404 0 "-" "Mozilla/5.0 (Linux; Android 6.0.1; Nexus 5X Build/MMB29P) AppleWebKit/537.36 (KHTML, like Gecko) Chrome/147.0.7727.137 Mobile Safari/537.36 (compatible; GoogleOther)"
74.7.228.7 - - [01/May/2026:15:24:57 -0400] "GET /robots.txt HTTP/1.1" 200 91 "http://raydget.vip/robots.txt" "Mozilla/5.0 (Macintosh; Intel Mac OS X 10_15_7) AppleWebKit/537.36 (KHTML, like Gecko) Chrome/131.0.0.0 Safari/537.36; compatible; OAI-SearchBot/1.3; robots.txt; +https://openai.com/searchbot"
162.0.232.104 - - [01/May/2026:15:25:45 -0400] "POST /wp-cron.php?doing_wp_cron=1777663545.4460949897766113281250 HTTP/1.1" 200 0 "-" "WordPress/6.9.4; https://raydget.vip"
43.156.29.155 - - [01/May/2026:15:25:40 -0400] "GET /products/inb156/ HTTP/1.1" 200 21934 "-" "Mozilla/5.0 (Windows NT 10.0; Win64; x64) AppleWebKit/537.36 (KHTML, like Gecko) Chrome/144.0.0.0 Safari/537.36"
43.156.29.155 - - [01/May/2026:15:25:45 -0400] "GET /wp-content/uploads/font-awesome/v5.15.4/css/svg-with-js.css HTTP/1.1" 200 1391 "https://raydget.vip/products/inb156/" "Mozilla/5.0 (Windows NT 10.0; Win64; x64) AppleWebKit/537.36 (KHTML, like Gecko) Chrome/144.0.0.0 Safari/537.36"
43.156.29.155 - - [01/May/2026:15:25:45 -0400] "GET /wp-content/plugins/aco-product-labels-for-woocommerce/assets/css/frontend.css?ver=1.5.13 HTTP/1.1" 200 1498 "https://raydget.vip/products/inb156/" "Mozilla/5.0 (Windows NT 10.0; Win64; x64) AppleWebKit/537.36 (KHTML, like Gecko) Chrome/144.0.0.0 Safari/537.36"
43.156.29.155 - - [01/May/2026:15:25:45 -0400] "GET /wp-content/uploads/useanyfont/uaf.css?ver=1770146824 HTTP/1.1" 200 0 "https://raydget.vip/products/inb156/" "Mozilla/5.0 (Windows NT 10.0; Win64; x64) AppleWebKit/537.36 (KHTML, like Gecko) Chrome/144.0.0.0 Safari/537.36"
43.156.29.155 - - [01/May/2026:15:25:45 -0400] "GET /wp-content/plugins/contact-form-7/includes/css/styles.css?ver=6.1.5 HTTP/1.1" 200 899 "https://raydget.vip/products/inb156/" "Mozilla/5.0 (Windows NT 10.0; Win64; x64) AppleWebKit/537.36 (KHTML, like Gecko) Chrome/144.0.0.0 Safari/537.36"
43.156.29.155 - - [01/May/2026:15:25:45 -0400] "GET /wp-content/plugins/sharai-khana-vc-addons/public/assets/css/owl.carousel.css?ver=1.2.3 HTTP/1.1" 200 823 "https://raydget.vip/products/inb156/" "Mozilla/5.0 (Windows NT 10.0; Win64; x64) AppleWebKit/537.36 (KHTML, like Gecko) Chrome/144.0.0.0 Safari/537.36"
43.156.29.155 - - [01/May/2026:15:25:45 -0400] "GET /wp-content/plugins/sharai-khana-vc-addons/public/assets/css/venobox.css?ver=1.2.3 HTTP/1.1" 200 1207 "https://raydget.vip/products/inb156/" "Mozilla/5.0 (Windows NT 10.0; Win64; x64) AppleWebKit/537.36 (KHTML, like Gecko) Chrome/144.0.0.0 Safari/537.36"
43.156.29.155 - - [01/May/2026:15:25:45 -0400] "GET /wp-content/plugins/sharai-khana-vc-addons/public/assets/css/owl.theme.css?ver=1.2.3 HTTP/1.1" 200 374 "https://raydget.vip/products/inb156/" "Mozilla/5.0 (Windows NT 10.0; Win64; x64) AppleWebKit/537.36 (KHTML, like Gecko) Chrome/144.0.0.0 Safari/537.36"
43.156.29.155 - - [01/May/2026:15:25:45 -0400] "GET /wp-content/plugins/sharai-khana-vc-addons/public/assets/css/animate.css?ver=1.2.3 HTTP/1.1" 200 4120 "https://raydget.vip/products/inb156/" "Mozilla/5.0 (Windows NT 10.0; Win64; x64) AppleWebKit/537.36 (KHTML, like Gecko) Chrome/144.0.0.0 Safari/537.36"
43.156.29.155 - - [01/May/2026:15:25:45 -0400] "GET /wp-content/themes/sharai-khana/css/bootstrap.min.css?ver=3.3.4 HTTP/1.1" 200 17818 "https://raydget.vip/products/inb156/" "Mozilla/5.0 (Windows NT 10.0; Win64; x64) AppleWebKit/537.36 (KHTML, like Gecko) Chrome/144.0.0.0 Safari/537.36"
43.156.29.155 - - [01/May/2026:15:25:45 -0400] "GET /wp-content/plugins/sharai-khana-vc-addons/public/assets/css/public.css?ver=1.2.3 HTTP/1.1" 200 16004 "https://raydget.vip/products/inb156/" "Mozilla/5.0 (Windows NT 10.0; Win64; x64) AppleWebKit/537.36 (KHTML, like Gecko) Chrome/144.0.0.0 Safari/537.36"
43.156.29.155 - - [01/May/2026:15:25:45 -0400] "GET /wp-content/themes/sharai-khana/css/v4-shims.min.css?ver=5.11.2 HTTP/1.1" 200 3950 "https://raydget.vip/products/inb156/" "Mozilla/5.0 (Windows NT 10.0; Win64; x64) AppleWebKit/537.36 (KHTML, like Gecko) Chrome/144.0.0.0 Safari/537.36"
43.156.29.155 - - [01/May/2026:15:25:45 -0400] "GET /wp-content/plugins/all-in-one-video-gallery/public/assets/css/public.min.css?ver=4.7.5 HTTP/1.1" 200 3744 "https://raydget.vip/products/inb156/" "Mozilla/5.0 (Windows NT 10.0; Win64; x64) AppleWebKit/537.36 (KHTML, like Gecko) Chrome/144.0.0.0 Safari/537.36"
43.156.29.155 - - [01/May/2026:15:25:45 -0400] "GET /wp-content/plugins/js_composer/assets/lib/lightbox2/dist/css/lightbox.min.css?ver=6.8.0 HTTP/1.1" 200 673 "https://raydget.vip/products/inb156/" "Mozilla/5.0 (Windows NT 10.0; Win64; x64) AppleWebKit/537.36 (KHTML, like Gecko) Chrome/144.0.0.0 Safari/537.36"
43.156.29.155 - - [01/May/2026:15:25:45 -0400] "GET /wp-content/plugins/js_composer/assets/lib/vc_carousel/css/vc_carousel.min.css?ver=6.8.0 HTTP/1.1" 200 1252 "https://raydget.vip/products/inb156/" "Mozilla/5.0 (Windows NT 10.0; Win64; x64) AppleWebKit/537.36 (KHTML, like Gecko) Chrome/144.0.0.0 Safari/537.36"
43.156.29.155 - - [01/May/2026:15:25:45 -0400] "GET /wp-content/plugins/video-embed-thumbnail-generator/video-js/kg-video-js-skin.css?ver=4.10.5 HTTP/1.1" 200 1398 "https://raydget.vip/products/inb156/" "Mozilla/5.0 (Windows NT 10.0; Win64; x64) AppleWebKit/537.36 (KHTML, like Gecko) Chrome/144.0.0.0 Safari/537.36"
43.156.29.155 - - [01/May/2026:15:25:45 -0400] "GET /wp-content/plugins/all-in-one-video-gallery/public/assets/css/icons.min.css?ver=4.7.5 HTTP/1.1" 200 359 "https://raydget.vip/products/inb156/" "Mozilla/5.0 (Windows NT 10.0; Win64; x64) AppleWebKit/537.36 (KHTML, like Gecko) Chrome/144.0.0.0 Safari/537.36"
43.156.29.155 - - [01/May/2026:15:25:46 -0400] "GET /wp-content/plugins/video-embed-thumbnail-generator/src/public/css/videopack-styles.css?ver=4.10.5 HTTP/1.1" 200 3811 "https://raydget.vip/products/inb156/" "Mozilla/5.0 (Windows NT 10.0; Win64; x64) AppleWebKit/537.36 (KHTML, like Gecko) Chrome/144.0.0.0 Safari/537.36"
43.156.29.155 - - [01/May/2026:15:25:46 -0400] "GET /wp-content/plugins/aco-product-labels-for-woocommerce/assets/js/frontend.js?ver=1.5.13 HTTP/1.1" 200 1113 "https://raydget.vip/products/inb156/" "Mozilla/5.0 (Windows NT 10.0; Win64; x64) AppleWebKit/537.36 (KHTML, like Gecko) Chrome/144.0.0.0 Safari/537.36"
43.156.29.155 - - [01/May/2026:15:25:46 -0400] "GET /wp-content/plugins/contact-form-7/includes/swv/js/index.js?ver=6.1.5 HTTP/1.1" 200 3369 "https://raydget.vip/products/inb156/" "Mozilla/5.0 (Windows NT 10.0; Win64; x64) AppleWebKit/537.36 (KHTML, like Gecko) Chrome/144.0.0.0 Safari/537.36"
43.156.29.155 - - [01/May/2026:15:25:46 -0400] "GET /wp-content/plugins/contact-form-7/includes/js/index.js?ver=6.1.5 HTTP/1.1" 200 4008 "https://raydget.vip/products/inb156/" "Mozilla/5.0 (Windows NT 10.0; Win64; x64) AppleWebKit/537.36 (KHTML, like Gecko) Chrome/144.0.0.0 Safari/537.36"
43.156.29.155 - - [01/May/2026:15:25:46 -0400] "GET /wp-content/plugins/youtube-embed-plus/styles/ytprefs.min.css?ver=14.2.5 HTTP/1.1" 200 1575 "https://raydget.vip/products/inb156/" "Mozilla/5.0 (Windows NT 10.0; Win64; x64) AppleWebKit/537.36 (KHTML, like Gecko) Chrome/144.0.0.0 Safari/537.36"
43.156.29.155 - - [01/May/2026:15:25:46 -0400] "GET /wp-content/plugins/sharai-khana-vc-addons/public/assets/js/jquery.backTop.min.js?ver=1.2.3 HTTP/1.1" 200 492 "https://raydget.vip/products/inb156/" "Mozilla/5.0 (Windows NT 10.0; Win64; x64) AppleWebKit/537.36 (KHTML, like Gecko) Chrome/144.0.0.0 Safari/537.36"
43.156.29.155 - - [01/May/2026:15:25:46 -0400] "GET /wp-content/plugins/sharai-khana-vc-addons/public/assets/js/waypoints.min.js?ver=1.2.3 HTTP/1.1" 200 2461 "https://raydget.vip/products/inb156/" "Mozilla/5.0 (Windows NT 10.0; Win64; x64) AppleWebKit/537.36 (KHTML, like Gecko) Chrome/144.0.0.0 Safari/537.36"
43.156.29.155 - - [01/May/2026:15:25:46 -0400] "GET /wp-content/plugins/sharai-khana-vc-addons/public/assets/js/jquery.counterup.min.js?ver=1.2.3 HTTP/1.1" 200 496 "https://raydget.vip/products/inb156/" "Mozilla/5.0 (Windows NT 10.0; Win64; x64) AppleWebKit/537.36 (KHTML, like Gecko) Chrome/144.0.0.0 Safari/537.36"
43.156.29.155 - - [01/May/2026:15:25:45 -0400] "GET /wp-content/plugins/js_composer/assets/css/js_composer.min.css?ver=6.8.0 HTTP/1.1" 200 42039 "https://raydget.vip/products/inb156/" "Mozilla/5.0 (Windows NT 10.0; Win64; x64) AppleWebKit/537.36 (KHTML, like Gecko) Chrome/144.0.0.0 Safari/537.36"
43.156.29.155 - - [01/May/2026:15:25:45 -0400] "GET /wp-content/themes/sharai-khana/css/font-awesome.min.css?ver=5.11.2 HTTP/1.1" 200 11868 "https://raydget.vip/products/inb156/" "Mozilla/5.0 (Windows NT 10.0; Win64; x64) AppleWebKit/537.36 (KHTML, like Gecko) Chrome/144.0.0.0 Safari/537.36"
43.156.29.155 - - [01/May/2026:15:25:45 -0400] "GET /wp-content/plugins/video-embed-thumbnail-generator/video-js/video-js.min.css?ver=7.21.1 HTTP/1.1" 200 11709 "https://raydget.vip/products/inb156/" "Mozilla/5.0 (Windows NT 10.0; Win64; x64) AppleWebKit/537.36 (KHTML, like Gecko) Chrome/144.0.0.0 Safari/537.36"
43.156.29.155 - - [01/May/2026:15:25:45 -0400] "GET /wp-content/themes/sharai-khana/style.css?ver=6.9.4 HTTP/1.1" 200 13594 "https://raydget.vip/products/inb156/" "Mozilla/5.0 (Windows NT 10.0; Win64; x64) AppleWebKit/537.36 (KHTML, like Gecko) Chrome/144.0.0.0 Safari/537.36"
43.156.29.155 - - [01/May/2026:15:25:46 -0400] "GET /wp-content/plugins/youtube-embed-plus/scripts/ytprefs.min.js?ver=14.2.5 HTTP/1.1" 200 4932 "https://raydget.vip/products/inb156/" "Mozilla/5.0 (Windows NT 10.0; Win64; x64) AppleWebKit/537.36 (KHTML, like Gecko) Chrome/144.0.0.0 Safari/537.36"
43.156.29.155 - - [01/May/2026:15:25:46 -0400] "GET /wp-content/plugins/sharai-khana-vc-addons/public/assets/js/public.js?ver=1.2.3 HTTP/1.1" 200 4917 "https://raydget.vip/products/inb156/" "Mozilla/5.0 (Windows NT 10.0; Win64; x64) AppleWebKit/537.36 (KHTML, like Gecko) Chrome/144.0.0.0 Safari/537.36"
43.156.29.155 - - [01/May/2026:15:25:46 -0400] "GET /wp-content/plugins/js_composer/assets/lib/vc_carousel/js/vc_carousel.min.js?ver=6.8.0 HTTP/1.1" 200 2764 "https://raydget.vip/products/inb156/" "Mozilla/5.0 (Windows NT 10.0; Win64; x64) AppleWebKit/537.36 (KHTML, like Gecko) Chrome/144.0.0.0 Safari/537.36"
43.156.29.155 - - [01/May/2026:15:25:46 -0400] "GET /wp-content/themes/sharai-khana/js/custom-scripts.js?ver=20220101-1.2.8 HTTP/1.1" 200 1672 "https://raydget.vip/products/inb156/" "Mozilla/5.0 (Windows NT 10.0; Win64; x64) AppleWebKit/537.36 (KHTML, like Gecko) Chrome/144.0.0.0 Safari/537.36"
43.156.29.155 - - [01/May/2026:15:25:46 -0400] "GET /wp-content/plugins/youtube-embed-plus/scripts/fitvids.min.js?ver=14.2.5 HTTP/1.1" 200 881 "https://raydget.vip/products/inb156/" "Mozilla/5.0 (Windows NT 10.0; Win64; x64) AppleWebKit/537.36 (KHTML, like Gecko) Chrome/144.0.0.0 Safari/537.36"
43.156.29.155 - - [01/May/2026:15:25:46 -0400] "GET /wp-content/plugins/contact-form-7/modules/recaptcha/index.js?ver=6.1.5 HTTP/1.1" 200 417 "https://raydget.vip/products/inb156/" "Mozilla/5.0 (Windows NT 10.0; Win64; x64) AppleWebKit/537.36 (KHTML, like Gecko) Chrome/144.0.0.0 Safari/537.36"
43.156.29.155 - - [01/May/2026:15:25:46 -0400] "GET /wp-content/plugins/js_composer/assets/lib/vc_carousel/js/transition.min.js?ver=6.8.0 HTTP/1.1" 200 403 "https://raydget.vip/products/inb156/" "Mozilla/5.0 (Windows NT 10.0; Win64; x64) AppleWebKit/537.36 (KHTML, like Gecko) Chrome/144.0.0.0 Safari/537.36"
43.156.29.155 - - [01/May/2026:15:25:46 -0400] "GET /wp-content/plugins/sharai-khana-vc-addons/public/assets/js/venobox.min.js?ver=1.2.3 HTTP/1.1" 200 3252 "https://raydget.vip/products/inb156/" "Mozilla/5.0 (Windows NT 10.0; Win64; x64) AppleWebKit/537.36 (KHTML, like Gecko) Chrome/144.0.0.0 Safari/537.36"
43.156.29.155 - - [01/May/2026:15:25:46 -0400] "GET /wp-content/themes/sharai-khana/js/superfish.min.js?ver=20220101-1.2.8 HTTP/1.1" 200 1649 "https://raydget.vip/products/inb156/" "Mozilla/5.0 (Windows NT 10.0; Win64; x64) AppleWebKit/537.36 (KHTML, like Gecko) Chrome/144.0.0.0 Safari/537.36"
43.156.29.155 - - [01/May/2026:15:25:46 -0400] "GET /wp-content/plugins/sharai-khana-vc-addons/public/assets/js/owl.carousel.min.js?ver=1.2.3 HTTP/1.1" 200 10691 "https://raydget.vip/products/inb156/" "Mozilla/5.0 (Windows NT 10.0; Win64; x64) AppleWebKit/537.36 (KHTML, like Gecko) Chrome/144.0.0.0 Safari/537.36"
43.156.29.155 - - [01/May/2026:15:25:46 -0400] "GET /wp-content/plugins/js_composer/assets/js/dist/js_composer_front.min.js?ver=6.8.0 HTTP/1.1" 200 5392 "https://raydget.vip/products/inb156/" "Mozilla/5.0 (Windows NT 10.0; Win64; x64) AppleWebKit/537.36 (KHTML, like Gecko) Chrome/144.0.0.0 Safari/537.36"
43.156.29.155 - - [01/May/2026:15:25:46 -0400] "GET /wp-content/themes/sharai-khana/js/bootstrap.min.js?ver=3.3.4 HTTP/1.1" 200 9211 "https://raydget.vip/products/inb156/" "Mozilla/5.0 (Windows NT 10.0; Win64; x64) AppleWebKit/537.36 (KHTML, like Gecko) Chrome/144.0.0.0 Safari/537.36"
43.156.29.155 - - [01/May/2026:15:25:46 -0400] "GET /wp-content/plugins/js_composer/assets/lib/lightbox2/dist/js/lightbox.min.js?ver=6.8.0 HTTP/1.1" 200 2862 "https://raydget.vip/products/inb156/" "Mozilla/5.0 (Windows NT 10.0; Win64; x64) AppleWebKit/537.36 (KHTML, like Gecko) Chrome/144.0.0.0 Safari/537.36"
43.156.29.155 - - [01/May/2026:15:25:46 -0400] "GET /wp-content/plugins/jetpack/jetpack_vendor/automattic/woocommerce-analytics/build/woocommerce-analytics-client.js?minify=false&ver=80112f9db03e5698f4a6 HTTP/1.1" 200 4140 "https://raydget.vip/products/inb156/" "Mozilla/5.0 (Windows NT 10.0; Win64; x64) AppleWebKit/537.36 (KHTML, like Gecko) Chrome/144.0.0.0 Safari/537.36"
43.156.29.155 - - [01/May/2026:15:25:47 -0400] "GET /wp-content/plugins/jetpack/jetpack_vendor/automattic/woocommerce-analytics/build/193.js?minify=false&ver=5b5cf55edcce081b4ad1 HTTP/1.1" 200 2861 "https://raydget.vip/products/inb156/" "Mozilla/5.0 (Windows NT 10.0; Win64; x64) AppleWebKit/537.36 (KHTML, like Gecko) Chrome/144.0.0.0 Safari/537.36"
192.0.113.210 - - [01/May/2026:15:25:48 -0400] "GET /wp-content/uploads/derzhatel-min.png HTTP/1.1" 200 303188 "-" "Photon/1.0"
192.0.118.180 - - [01/May/2026:15:25:48 -0400] "GET /wp-content/uploads/little-screen-1.jpg HTTP/1.1" 200 80270 "-" "Photon/1.0"
66.249.65.46 - - [01/May/2026:15:25:46 -0400] "GET /pod/inventory/efycvzmwbjmwjw3.phtml HTTP/1.1" 404 0 "-" "Mozilla/5.0 (Linux; Android 6.0.1; Nexus 5X Build/MMB29P) AppleWebKit/537.36 (KHTML, like Gecko) Chrome/147.0.7727.137 Mobile Safari/537.36 (compatible; GoogleOther)"
162.0.232.104 - - [01/May/2026:15:26:40 -0400] "POST /wp-cron.php?doing_wp_cron=1777663600.4528000354766845703125 HTTP/1.1" 200 0 "-" "WordPress/6.9.4; https://raydget.vip"
66.249.65.44 - - [01/May/2026:15:26:34 -0400] "GET /taxonomy/bundle/eyu9f7ibvrigs4z.phtml HTTP/1.1" 404 0 "-" "Mozilla/5.0 (Linux; Android 6.0.1; Nexus 5X Build/MMB29P) AppleWebKit/537.36 (KHTML, like Gecko) Chrome/147.0.7727.137 Mobile Safari/537.36 (compatible; GoogleOther)"
66.249.65.44 - - [01/May/2026:15:26:45 -0400] "GET /shoal/extra/exnkwcbgcwbx49s.phtml HTTP/1.1" 200 30281 "-" "Mozilla/5.0 (Linux; Android 6.0.1; Nexus 5X Build/MMB29P) AppleWebKit/537.36 (KHTML, like Gecko) Chrome/147.0.7727.137 Mobile Safari/537.36 (compatible; Googlebot/2.1; +http://www.google.com/bot.html)"
66.249.65.46 - - [01/May/2026:15:27:25 -0400] "GET /pattern/fruit/e3wj5lkwl5k65i1.phtml HTTP/1.1" 404 0 "-" "Mozilla/5.0 (Linux; Android 6.0.1; Nexus 5X Build/MMB29P) AppleWebKit/537.36 (KHTML, like Gecko) Chrome/147.0.7727.137 Mobile Safari/537.36 (compatible; GoogleOther)"
66.249.65.44 - - [01/May/2026:15:27:46 -0400] "GET /variety/ware/efk4t98l9t8u66p.phtml HTTP/1.1" 200 30667 "-" "Mozilla/5.0 (Linux; Android 6.0.1; Nexus 5X Build/MMB29P) AppleWebKit/537.36 (KHTML, like Gecko) Chrome/147.0.7727.137 Mobile Safari/537.36 (compatible; Googlebot/2.1; +http://www.google.com/bot.html)"
162.0.232.104 - - [01/May/2026:15:28:14 -0400] "POST /wp-cron.php?doing_wp_cron=1777663694.8448390960693359375000 HTTP/1.1" 200 0 "-" "WordPress/6.9.4; https://raydget.vip"
66.249.65.45 - - [01/May/2026:15:28:05 -0400] "GET /union/stock/em5ueutuuetfara.phtml HTTP/1.1" 404 0 "-" "Mozilla/5.0 (Linux; Android 6.0.1; Nexus 5X Build/MMB29P) AppleWebKit/537.36 (KHTML, like Gecko) Chrome/147.0.7727.137 Mobile Safari/537.36 (compatible; GoogleOther)"
192.0.91.228 - - [01/May/2026:15:28:08 -0400] "HEAD / HTTP/1.1" 200 0 "-" "jetmon/1.0 (Jetpack Site Uptime Monitor by WordPress.com)"
162.0.232.104 - - [01/May/2026:15:30:24 -0400] "POST /wp-cron.php?doing_wp_cron=1777663824.5666699409484863281250 HTTP/1.1" 200 0 "-" "WordPress/6.9.4; https://raydget.vip"
66.249.65.45 - - [01/May/2026:15:30:19 -0400] "GET /attribute/outcome/eqf40s3lgc31fpk.phtml HTTP/1.1" 404 0 "-" "Mozilla/5.0 (Linux; Android 6.0.1; Nexus 5X Build/MMB29P) AppleWebKit/537.36 (KHTML, like Gecko) Chrome/147.0.7727.137 Mobile Safari/537.36 (compatible; GoogleOther)"
66.249.65.45 - - [01/May/2026:15:30:24 -0400] "GET /field/option/eqxsialyyuljm72.phtml HTTP/1.1" 404 0 "-" "Mozilla/5.0 (Linux; Android 6.0.1; Nexus 5X Build/MMB29P) AppleWebKit/537.36 (KHTML, like Gecko) Chrome/147.0.7727.137 Mobile Safari/537.36 (compatible; GoogleOther)"
66.249.65.44 - - [01/May/2026:15:30:47 -0400] "GET /element/achievement/e06crjuk73usxgb.phtml HTTP/1.1" 200 30156 "-" "Mozilla/5.0 (Linux; Android 6.0.1; Nexus 5X Build/MMB29P) AppleWebKit/537.36 (KHTML, like Gecko) Chrome/147.0.7727.137 Mobile Safari/537.36 (compatible; Googlebot/2.1; +http://www.google.com/bot.html)"
54.39.6.214 - - [01/May/2026:15:31:02 -0400] "GET /robots.txt HTTP/1.1" 200 91 "-" "Mozilla/5.0 (compatible; AhrefsBot/7.0; +http://ahrefs.com/robot/)"
66.249.65.44 - - [01/May/2026:15:31:04 -0400] "GET /hierarchy/edition/e1ypvzmebjmwtw3.phtml HTTP/1.1" 404 0 "-" "Mozilla/5.0 (Linux; Android 6.0.1; Nexus 5X Build/MMB29P) AppleWebKit/537.36 (KHTML, like Gecko) Chrome/147.0.7727.137 Mobile Safari/537.36 (compatible; GoogleOther)"
54.39.210.86 - - [01/May/2026:15:31:05 -0400] "GET /product/rejdzhet-st/ HTTP/1.1" 404 22096 "-" "Mozilla/5.0 (compatible; AhrefsBot/7.0; +http://ahrefs.com/robot/)"
66.249.65.44 - - [01/May/2026:15:31:47 -0400] "GET /factor/thing/edbbk0zd0kzl5xg.phtml HTTP/1.1" 200 30272 "-" "Mozilla/5.0 (Linux; Android 6.0.1; Nexus 5X Build/MMB29P) AppleWebKit/537.36 (KHTML, like Gecko) Chrome/147.0.7727.137 Mobile Safari/537.36 (compatible; Googlebot/2.1; +http://www.google.com/bot.html)"
162.0.232.104 - - [01/May/2026:15:32:30 -0400] "POST /wp-cron.php?doing_wp_cron=1777663950.5516879558563232421875 HTTP/1.1" 200 0 "-" "WordPress/6.9.4; https://raydget.vip"
203.128.24.180 - - [01/May/2026:15:32:25 -0400] "POST /xmlrpc.php HTTP/1.1" 200 287 "-" "Mozilla/5.0 (Windows NT 10.0; Win64; x64) AppleWebKit/537.36 (KHTML, like Gecko) Chrome/66.0.3359.181 Safari/537.36"
94.152.206.146 - - [01/May/2026:15:32:42 -0400] "GET /wp-login.php HTTP/1.1" 302 0 "-" "Mozilla/5.0 (Windows NT 6.1; Trident/7.0; BOIE9;ENUS; rv:11.0) like Gecko"
94.152.206.146 - - [01/May/2026:15:32:45 -0400] "GET /wp-login.php HTTP/1.1" 302 0 "https://raydget.vip/wp-login.php" "Mozilla/5.0 (Windows NT 6.1; Trident/7.0; BOIE9;ENUS; rv:11.0) like Gecko"
94.152.206.146 - - [01/May/2026:15:32:49 -0400] "GET /wp-login.php HTTP/1.1" 302 0 "https://raydget.vip/wp-login.php" "Mozilla/5.0 (Windows NT 6.1; Trident/7.0; BOIE9;ENUS; rv:11.0) like Gecko"
94.152.206.146 - - [01/May/2026:15:32:56 -0400] "GET /wp-login.php HTTP/1.1" 200 0 "https://raydget.vip/wp-login.php" "Mozilla/5.0 (Windows NT 6.1; Trident/7.0; BOIE9;ENUS; rv:11.0) like Gecko"
192.0.91.228 - - [01/May/2026:15:33:08 -0400] "HEAD / HTTP/1.1" 200 0 "-" "jetmon/1.0 (Jetpack Site Uptime Monitor by WordPress.com)"
85.198.107.131 - - [01/May/2026:15:33:12 -0400] "GET / HTTP/1.1" 200 24802 "-" "Mozilla/5.0 (compatible; vkShare; +http://vk.com/dev/Share)"
85.198.107.132 - - [01/May/2026:15:33:18 -0400] "GET /favicon.ico HTTP/1.1" 404 1251 "-" "Mozilla/5.0 (compatible; vkShare; +http://vk.com/dev/Share)"
95.142.199.180 - - [01/May/2026:15:33:21 -0400] "GET / HTTP/1.1" 200 0 "-" "Mozilla/5.0 (compatible; vkShare; +http://vk.com/dev/Share)"
162.0.232.104 - - [01/May/2026:15:33:37 -0400] "POST /wp-cron.php?doing_wp_cron=1777664017.0272529125213623046875 HTTP/1.1" 200 0 "-" "WordPress/6.9.4; https://raydget.vip"
85.198.107.131 - - [01/May/2026:15:33:18 -0400] "GET /apple-touch-icon-precomposed.png HTTP/1.1" 404 19508 "-" "Mozilla/5.0 (compatible; vkShare; +http://vk.com/dev/Share)"
85.198.107.131 - - [01/May/2026:15:33:18 -0400] "GET /apple-touch-icon.png HTTP/1.1" 404 19492 "-" "Mozilla/5.0 (compatible; vkShare; +http://vk.com/dev/Share)"
195.234.109.122 - - [01/May/2026:15:33:39 -0400] "GET /wp-content/uploads/19.jpg HTTP/1.1" 200 56856 "-" "Photon/1.0"
195.234.109.212 - - [01/May/2026:15:33:39 -0400] "GET /wp-content/uploads/20.jpg HTTP/1.1" 200 80370 "-" "Photon/1.0"
195.234.109.14 - - [01/May/2026:15:33:39 -0400] "GET /wp-content/uploads/18.jpg HTTP/1.1" 200 92307 "-" "Photon/1.0"
195.234.109.48 - - [01/May/2026:15:33:39 -0400] "GET /wp-content/uploads/14.jpg HTTP/1.1" 200 84119 "-" "Photon/1.0"
162.0.232.104 - - [01/May/2026:15:34:08 -0400] "POST /wp-cron.php?doing_wp_cron=1777664048.7425670623779296875000 HTTP/1.1" 200 0 "-" "WordPress/6.9.4; https://raydget.vip"
66.249.65.45 - - [01/May/2026:15:34:04 -0400] "GET /format/load/ezcqxp0kd90y5mh.phtml HTTP/1.1" 404 0 "-" "Mozilla/5.0 (Linux; Android 6.0.1; Nexus 5X Build/MMB29P) AppleWebKit/537.36 (KHTML, like Gecko) Chrome/147.0.7727.137 Mobile Safari/537.36 (compatible; GoogleOther)"
198.23.49.170 - - [01/May/2026:15:34:10 -0400] "POST /xmlrpc.php HTTP/1.1" 200 286 "-" "Mozilla/5.0 (Windows NT 6.1; WOW64; Trident/7.0; EIE10;ENUSMSN; rv:11.0) like Gecko"
162.0.232.104 - - [01/May/2026:15:34:47 -0400] "POST /wp-cron.php?doing_wp_cron=1777664087.7646090984344482421875 HTTP/1.1" 200 0 "-" "WordPress/6.9.4; https://raydget.vip"
66.249.65.44 - - [01/May/2026:15:34:44 -0400] "GET /class/artifact/ethdq65i6q5rw3m.phtml HTTP/1.1" 404 0 "-" "Mozilla/5.0 (Linux; Android 6.0.1; Nexus 5X Build/MMB29P) AppleWebKit/537.36 (KHTML, like Gecko) Chrome/147.0.7727.137 Mobile Safari/537.36 (compatible; GoogleOther)"
162.0.232.104 - - [01/May/2026:15:35:35 -0400] "POST /wp-cron.php?doing_wp_cron=1777664135.0457561016082763671875 HTTP/1.1" 200 0 "-" "WordPress/6.9.4; https://raydget.vip"
80.77.146.194 - - [01/May/2026:15:35:28 -0400] "POST /xmlrpc.php HTTP/1.1" 200 289 "-" "Mozilla/5.0 (Windows NT 6.3; WOW64; Trident/7.0; ASJB; rv:11.0) like Gecko"
66.249.65.46 - - [01/May/2026:15:35:50 -0400] "GET /pattern/scrap/ef80hxwexhwinud.phtml HTTP/1.1" 200 30656 "-" "Mozilla/5.0 (Linux; Android 6.0.1; Nexus 5X Build/MMB29P) AppleWebKit/537.36 (KHTML, like Gecko) Chrome/147.0.7727.137 Mobile Safari/537.36 (compatible; Googlebot/2.1; +http://www.google.com/bot.html)"
162.0.232.104 - - [01/May/2026:15:37:56 -0400] "POST /wp-cron.php?doing_wp_cron=1777664276.4435639381408691406250 HTTP/1.1" 200 0 "-" "WordPress/6.9.4; https://raydget.vip"
66.249.65.45 - - [01/May/2026:15:37:49 -0400] "GET /characteristic/attribute/ex37ogrh40rpld8.phtml HTTP/1.1" 404 0 "-" "Mozilla/5.0 (Linux; Android 6.0.1; Nexus 5X Build/MMB29P) AppleWebKit/537.36 (KHTML, like Gecko) Chrome/147.0.7727.137 Mobile Safari/537.36 (compatible; GoogleOther)"
159.89.193.35 - - [01/May/2026:15:37:58 -0400] "GET /wp-login.php HTTP/1.1" 200 0 "-" "Mozilla/5.0 (Macintosh; Intel Mac OS X 10_12_6) AppleWebKit/537.36 (KHTML, like Gecko) Chrome/65.0.3325.181 Safari/537.36"
45.227.253.15 - - [01/May/2026:15:38:04 -0400] "GET /?ARRAY=7o2230223n313737373636383337302p2231223n22687474703n5p2s5p2s6877623136307630392r6772616r646s2r686169725p2s3s6p633q78696164616r5s72616r645s7061746826743q313737373636343737302q6134306436363839346134303934633839366639643838626133643266303730222p2232223n223032326238316630373436613933373937613262346334333733663434353737222p2233223n226630633834306462643437326464376133373338326237636638383235333233222p2262696r675s70617373223n2232312q33382q35392q36362q37312q39302q3232227q HTTP/1.1" 200 0 "-" "Mozilla/5.0 (iPhone; CPU iPhone OS 13_4 like Mac OS X) AppleWebKit/605.1.15 (KHTML, like Gecko) Version/13.4.4 Mobile/15E148 Safari/604.1"
192.0.91.228 - - [01/May/2026:15:38:08 -0400] "HEAD / HTTP/1.1" 200 0 "-" "jetmon/1.0 (Jetpack Site Uptime Monitor by WordPress.com)"
162.0.232.104 - - [01/May/2026:15:38:40 -0400] "POST /wp-cron.php?doing_wp_cron=1777664319.9369840621948242187500 HTTP/1.1" 200 0 "-" "WordPress/6.9.4; https://raydget.vip"
66.249.65.44 - - [01/May/2026:15:38:23 -0400] "GET /attribute/output/emiq3v6zjf644sn.phtml HTTP/1.1" 404 0 "-" "Mozilla/5.0 (Linux; Android 6.0.1; Nexus 5X Build/MMB29P) AppleWebKit/537.36 (KHTML, like Gecko) Chrome/147.0.7727.137 Mobile Safari/537.36 (compatible; GoogleOther)"
162.0.232.104 - - [01/May/2026:15:41:39 -0400] "POST /wp-cron.php?doing_wp_cron=1777664499.7484080791473388671875 HTTP/1.1" 200 0 "-" "WordPress/6.9.4; https://raydget.vip"
66.249.65.44 - - [01/May/2026:15:41:35 -0400] "GET /grade/entity/fko091cbp6s2l29.phtml HTTP/1.1" 404 0 "-" "Mozilla/5.0 (Linux; Android 6.0.1; Nexus 5X Build/MMB29P) AppleWebKit/537.36 (KHTML, like Gecko) Chrome/147.0.7727.137 Mobile Safari/537.36 (compatible; GoogleOther)"
66.249.65.46 - - [01/May/2026:15:42:03 -0400] "GET /matrix/output/e2veswjm8gjtkt0.phtml HTTP/1.1" 404 0 "-" "Mozilla/5.0 (Linux; Android 6.0.1; Nexus 5X Build/MMB29P) AppleWebKit/537.36 (KHTML, like Gecko) Chrome/147.0.7727.137 Mobile Safari/537.36 (compatible; GoogleOther)"
66.249.65.44 - - [01/May/2026:15:42:52 -0400] "GET /club/assembly/e5bjk0zi0kzl2xg.phtml HTTP/1.1" 200 30069 "-" "Mozilla/5.0 (Linux; Android 6.0.1; Nexus 5X Build/MMB29P) AppleWebKit/537.36 (KHTML, like Gecko) Chrome/147.0.7727.137 Mobile Safari/537.36 (compatible; Googlebot/2.1; +http://www.google.com/bot.html)"
77.189.79.118 - - [01/May/2026:15:43:05 -0400] "GET /sposoby-dostavki/ HTTP/1.1" 200 0 "-" "Mozilla/5.0 (Windows CE) AppleWebKit/532.2 (KHTML, like Gecko) Chrome/32.0.849.0 Safari/532.2"
162.0.232.104 - - [01/May/2026:15:43:18 -0400] "POST /wp-cron.php?doing_wp_cron=1777664598.1382050514221191406250 HTTP/1.1" 200 0 "-" "WordPress/6.9.4; https://raydget.vip"
192.0.91.228 - - [01/May/2026:15:43:07 -0400] "HEAD / HTTP/1.1" 200 0 "-" "jetmon/1.0 (Jetpack Site Uptime Monitor by WordPress.com)"
170.83.52.253 - - [01/May/2026:15:43:18 -0400] "GET /sposoby-dostavki/ HTTP/1.1" 200 19490 "-" "Opera/8.60.(Windows CE; an-ES) Presto/2.9.168 Version/12.00"
162.0.232.104 - - [01/May/2026:15:43:54 -0400] "POST /wp-cron.php?doing_wp_cron=1777664634.0523810386657714843750 HTTP/1.1" 200 0 "-" "WordPress/6.9.4; https://raydget.vip"
123.30.233.12 - - [01/May/2026:15:43:46 -0400] "POST /xmlrpc.php HTTP/1.1" 200 285 "-" "Mozilla/5.0 (Macintosh; Intel Mac OS X 10_12_6) AppleWebKit/537.36 (KHTML, like Gecko) Chrome/67.0.3396.79 Safari/537.36"
47.163.39.246 - - [01/May/2026:15:44:07 -0400] "GET /wp-login.php HTTP/1.1" 302 0 "-" "Mozilla/5.0 (Windows NT 10.0; Win64; x64; Trident/7.0; Touch; rv:11.0) like Gecko"
162.0.232.104 - - [01/May/2026:15:44:41 -0400] "POST /wp-cron.php?doing_wp_cron=1777664681.1759700775146484375000 HTTP/1.1" 200 0 "-" "WordPress/6.9.4; https://raydget.vip"
66.249.65.44 - - [01/May/2026:15:44:37 -0400] "GET /establishment/load/fo10y2pbebtfbra.phtml HTTP/1.1" 404 0 "-" "Mozilla/5.0 (Linux; Android 6.0.1; Nexus 5X Build/MMB29P) AppleWebKit/537.36 (KHTML, like Gecko) Chrome/147.0.7727.137 Mobile Safari/537.36 (compatible; GoogleOther)"
66.249.65.46 - - [01/May/2026:15:44:41 -0400] "GET /stratum/piece/f43xogrb4n7hhho.phtml HTTP/1.1" 404 0 "-" "Mozilla/5.0 (Linux; Android 6.0.1; Nexus 5X Build/MMB29P) AppleWebKit/537.36 (KHTML, like Gecko) Chrome/147.0.7727.137 Mobile Safari/537.36 (compatible; GoogleOther)"
54.193.237.60 - - [01/May/2026:15:45:06 -0400] "GET / HTTP/1.1" 200 24838 "-" "Mozilla/5.0 (X11; Linux x86_64) AppleWebKit/537.36 (KHTML, like Gecko) Chrome/137.0.0.0 Safari/537.36"
66.249.65.44 - - [01/May/2026:15:45:19 -0400] "GET /chart/deliverable/f32ybrqbroig34z.phtml HTTP/1.1" 404 0 "-" "Mozilla/5.0 (Linux; Android 6.0.1; Nexus 5X Build/MMB29P) AppleWebKit/537.36 (KHTML, like Gecko) Chrome/147.0.7727.137 Mobile Safari/537.36 (compatible; GoogleOther)"
162.0.232.104 - - [01/May/2026:15:45:35 -0400] "POST /wp-cron.php?doing_wp_cron=1777664735.9399399757385253906250 HTTP/1.1" 200 0 "-" "WordPress/6.9.4; https://raydget.vip"
152.32.209.93 - - [01/May/2026:15:45:31 -0400] "POST /xmlrpc.php HTTP/1.1" 200 286 "-" "Mozilla/5.0 (Windows NT 6.1; WOW64; Trident/7.0; FunWebProducts; rv:11.0) like Gecko"
66.249.65.44 - - [01/May/2026:15:45:40 -0400] "GET /group/property/fz10y2pbeotfyra.phtml HTTP/1.1" 200 28985 "-" "Mozilla/5.0 (Linux; Android 6.0.1; Nexus 5X Build/MMB29P) AppleWebKit/537.36 (KHTML, like Gecko) Chrome/147.0.7727.137 Mobile Safari/537.36 (compatible; Googlebot/2.1; +http://www.google.com/bot.html)"
66.249.65.44 - - [01/May/2026:15:45:42 -0400] "GET /array/contraption/f8mujnabz4e0dcv.phtml HTTP/1.1" 404 0 "-" "Mozilla/5.0 (Linux; Android 6.0.1; Nexus 5X Build/MMB29P) AppleWebKit/537.36 (KHTML, like Gecko) Chrome/147.0.7727.137 Mobile Safari/537.36 (compatible; GoogleOther)"
20.119.213.163 - - [01/May/2026:15:45:54 -0400] "GET /wp-login.php HTTP/1.1" 302 0 "-" "Mozilla/5.0 (Windows NT 6.1) AppleWebKit/537.36 (KHTML, like Gecko) Chrome/65.0.3325.181 Safari/537.36"
20.119.213.163 - - [01/May/2026:15:45:59 -0400] "GET /wp-login.php HTTP/1.1" 302 0 "https://raydget.vip/wp-login.php" "Mozilla/5.0 (Windows NT 6.1) AppleWebKit/537.36 (KHTML, like Gecko) Chrome/65.0.3325.181 Safari/537.36"
20.119.213.163 - - [01/May/2026:15:46:08 -0400] "GET /wp-login.php HTTP/1.1" 302 0 "https://raydget.vip/wp-login.php" "Mozilla/5.0 (Windows NT 6.1) AppleWebKit/537.36 (KHTML, like Gecko) Chrome/65.0.3325.181 Safari/537.36"
20.119.213.163 - - [01/May/2026:15:46:12 -0400] "GET /wp-login.php HTTP/1.1" 200 0 "https://raydget.vip/wp-login.php" "Mozilla/5.0 (Windows NT 6.1) AppleWebKit/537.36 (KHTML, like Gecko) Chrome/65.0.3325.181 Safari/537.36"
162.0.232.104 - - [01/May/2026:15:46:36 -0400] "POST /wp-cron.php?doing_wp_cron=1777664796.6690011024475097656250 HTTP/1.1" 200 0 "-" "WordPress/6.9.4; https://raydget.vip"
66.249.65.45 - - [01/May/2026:15:46:33 -0400] "GET /tier/article/ea10y2phempztz6.phtml HTTP/1.1" 404 0 "-" "Mozilla/5.0 (Linux; Android 6.0.1; Nexus 5X Build/MMB29P) AppleWebKit/537.36 (KHTML, like Gecko) Chrome/147.0.7727.137 Mobile Safari/537.36 (compatible; GoogleOther)"
66.249.65.45 - - [01/May/2026:15:47:03 -0400] "GET /version/assembly/epwj5lkwl5k69i1.phtml HTTP/1.1" 404 0 "-" "Mozilla/5.0 (Linux; Android 6.0.1; Nexus 5X Build/MMB29P) AppleWebKit/537.36 (KHTML, like Gecko) Chrome/147.0.7727.137 Mobile Safari/537.36 (compatible; GoogleOther)"
162.0.232.104 - - [01/May/2026:15:48:18 -0400] "POST /wp-cron.php?doing_wp_cron=1777664898.1481640338897705078125 HTTP/1.1" 200 0 "-" "WordPress/6.9.4; https://raydget.vip"
192.0.91.228 - - [01/May/2026:15:48:09 -0400] "HEAD / HTTP/1.1" 200 0 "-" "jetmon/1.0 (Jetpack Site Uptime Monitor by WordPress.com)"
162.0.232.104 - - [01/May/2026:15:49:03 -0400] "POST /wp-cron.php?doing_wp_cron=1777664942.9347019195556640625000 HTTP/1.1" 200 0 "-" "WordPress/6.9.4; https://raydget.vip"
66.249.65.44 - - [01/May/2026:15:48:51 -0400] "GET /section/property/f3lx6y9bmcpzaz6.phtml HTTP/1.1" 404 0 "-" "Mozilla/5.0 (Linux; Android 6.0.1; Nexus 5X Build/MMB29P) AppleWebKit/537.36 (KHTML, like Gecko) Chrome/147.0.7727.137 Mobile Safari/537.36 (compatible; GoogleOther)"
66.249.65.46 - - [01/May/2026:15:49:03 -0400] "GET /make/range/epv6swjk8gjtwt0.phtml HTTP/1.1" 404 0 "-" "Mozilla/5.0 (Linux; Android 6.0.1; Nexus 5X Build/MMB29P) AppleWebKit/537.36 (KHTML, like Gecko) Chrome/147.0.7727.137 Mobile Safari/537.36 (compatible; GoogleOther)"
66.249.65.44 - - [01/May/2026:15:49:26 -0400] "GET /pattern/feature/efryc4fbsofd31w.phtml HTTP/1.1" 404 0 "-" "Mozilla/5.0 (Linux; Android 6.0.1; Nexus 5X Build/MMB29P) AppleWebKit/537.36 (KHTML, like Gecko) Chrome/147.0.7727.137 Mobile Safari/537.36 (compatible; GoogleOther)"
162.0.232.104 - - [01/May/2026:15:49:44 -0400] "POST /wp-cron.php?doing_wp_cron=1777664984.9442040920257568359375 HTTP/1.1" 200 0 "-" "WordPress/6.9.4; https://raydget.vip"
66.249.65.44 - - [01/May/2026:15:49:39 -0400] "GET /facet/tool/f1iy3v6bjvmwew3.phtml HTTP/1.1" 404 0 "-" "Mozilla/5.0 (Linux; Android 6.0.1; Nexus 5X Build/MMB29P) AppleWebKit/537.36 (KHTML, like Gecko) Chrome/147.0.7727.137 Mobile Safari/537.36 (compatible; GoogleOther)"
162.0.232.104 - - [01/May/2026:15:51:16 -0400] "POST /wp-cron.php?doing_wp_cron=1777665076.9413518905639648437500 HTTP/1.1" 200 0 "-" "WordPress/6.9.4; https://raydget.vip"
66.249.65.45 - - [01/May/2026:15:51:09 -0400] "GET /chapter/extra/e9rgc4fosofd41w.phtml HTTP/1.1" 404 0 "-" "Mozilla/5.0 (Linux; Android 6.0.1; Nexus 5X Build/MMB29P) AppleWebKit/537.36 (KHTML, like Gecko) Chrome/147.0.7727.137 Mobile Safari/537.36 (compatible; GoogleOther)"
66.249.65.45 - - [01/May/2026:15:52:42 -0400] "GET /characteristic/attribute/ex37ogrh40rpld8.phtml HTTP/1.1" 200 29900 "-" "Mozilla/5.0 (Linux; Android 6.0.1; Nexus 5X Build/MMB29P) AppleWebKit/537.36 (KHTML, like Gecko) Chrome/147.0.7727.137 Mobile Safari/537.36 (compatible; Googlebot/2.1; +http://www.google.com/bot.html)"
162.0.232.104 - - [01/May/2026:15:52:57 -0400] "POST /wp-cron.php?doing_wp_cron=1777665177.8445630073547363281250 HTTP/1.1" 200 0 "-" "WordPress/6.9.4; https://raydget.vip"
66.249.65.44 - - [01/May/2026:15:52:49 -0400] "GET /phylum/prototype/f3pzmqdb2eh38fy.phtml HTTP/1.1" 404 0 "-" "Mozilla/5.0 (Linux; Android 6.0.1; Nexus 5X Build/MMB29P) AppleWebKit/537.36 (KHTML, like Gecko) Chrome/147.0.7727.137 Mobile Safari/537.36 (compatible; GoogleOther)"
66.249.65.45 - - [01/May/2026:15:53:01 -0400] "GET /heading/entity/fagydh4btu8ul6p.phtml HTTP/1.1" 404 0 "-" "Mozilla/5.0 (Linux; Android 6.0.1; Nexus 5X Build/MMB29P) AppleWebKit/537.36 (KHTML, like Gecko) Chrome/147.0.7727.137 Mobile Safari/537.36 (compatible; GoogleOther)"
192.0.91.228 - - [01/May/2026:15:53:08 -0400] "HEAD / HTTP/1.1" 200 0 "-" "jetmon/1.0 (Jetpack Site Uptime Monitor by WordPress.com)"
162.0.232.104 - - [01/May/2026:15:55:35 -0400] "POST /wp-cron.php?doing_wp_cron=1777665335.8549070358276367187500 HTTP/1.1" 200 0 "-" "WordPress/6.9.4; https://raydget.vip"
208.109.188.137 - - [01/May/2026:15:55:18 -0400] "POST /xmlrpc.php HTTP/1.1" 200 291 "-" "Mozilla/5.0 (Windows NT 6.0; WOW64; Trident/7.0; rv:11.0) like Gecko"
66.249.65.46 - - [01/May/2026:15:57:45 -0400] "GET /echelon/attribute/ep4d15sehps2n29.phtml HTTP/1.1" 200 30594 "-" "Mozilla/5.0 (Linux; Android 6.0.1; Nexus 5X Build/MMB29P) AppleWebKit/537.36 (KHTML, like Gecko) Chrome/147.0.7727.137 Mobile Safari/537.36 (compatible; Googlebot/2.1; +http://www.google.com/bot.html)"
162.0.232.104 - - [01/May/2026:15:58:18 -0400] "POST /wp-cron.php?doing_wp_cron=1777665498.6480228900909423828125 HTTP/1.1" 200 0 "-" "WordPress/6.9.4; https://raydget.vip"
192.0.91.228 - - [01/May/2026:15:58:08 -0400] "HEAD / HTTP/1.1" 200 0 "-" "jetmon/1.0 (Jetpack Site Uptime Monitor by WordPress.com)"
162.0.232.104 - - [01/May/2026:15:58:59 -0400] "POST /wp-cron.php?doing_wp_cron=1777665539.8567221164703369140625 HTTP/1.1" 200 0 "-" "WordPress/6.9.4; https://raydget.vip"
51.222.71.146 - - [01/May/2026:15:58:45 -0400] "GET /wp-login.php HTTP/1.1" 302 0 "-" "Mozilla/5.0 (Windows NT 10.0; WOW64) AppleWebKit/537.36 (KHTML, like Gecko) Chrome/66.0.3359.170 Safari/537.36"
51.222.71.146 - - [01/May/2026:15:59:00 -0400] "GET /wp-login.php HTTP/1.1" 200 0 "https://raydget.vip/wp-login.php" "Mozilla/5.0 (Windows NT 10.0; WOW64) AppleWebKit/537.36 (KHTML, like Gecko) Chrome/66.0.3359.170 Safari/537.36"
66.249.65.44 - - [01/May/2026:16:00:47 -0400] "GET /spectrum/line/e8gddh4it14epel.phtml HTTP/1.1" 200 28446 "-" "Mozilla/5.0 (Linux; Android 6.0.1; Nexus 5X Build/MMB29P) AppleWebKit/537.36 (KHTML, like Gecko) Chrome/147.0.7727.137 Mobile Safari/537.36 (compatible; Googlebot/2.1; +http://www.google.com/bot.html)"
66.249.65.44 - - [01/May/2026:16:00:47 -0400] "GET /catalog/class/eio191ciplcadyt.phtml HTTP/1.1" 200 30336 "-" "Mozilla/5.0 (Linux; Android 6.0.1; Nexus 5X Build/MMB29P) AppleWebKit/537.36 (KHTML, like Gecko) Chrome/147.0.7727.137 Mobile Safari/537.36 (compatible; Googlebot/2.1; +http://www.google.com/bot.html)"
66.249.65.44 - - [01/May/2026:16:01:48 -0400] "GET /aggregation/equipment/fwzx8onboqfdk1w.phtml HTTP/1.1" 200 28699 "-" "Mozilla/5.0 (Linux; Android 6.0.1; Nexus 5X Build/MMB29P) AppleWebKit/537.36 (KHTML, like Gecko) Chrome/147.0.7727.137 Mobile Safari/537.36 (compatible; Googlebot/2.1; +http://www.google.com/bot.html)"
162.0.232.104 - - [01/May/2026:16:03:15 -0400] "POST /wp-cron.php?doing_wp_cron=1777665795.1365239620208740234375 HTTP/1.1" 200 0 "-" "WordPress/6.9.4; https://raydget.vip"
192.0.91.228 - - [01/May/2026:16:03:07 -0400] "HEAD / HTTP/1.1" 200 0 "-" "jetmon/1.0 (Jetpack Site Uptime Monitor by WordPress.com)"
162.0.232.104 - - [01/May/2026:16:04:36 -0400] "POST /wp-cron.php?doing_wp_cron=1777665876.2267339229583740234375 HTTP/1.1" 200 0 "-" "WordPress/6.9.4; https://raydget.vip"
98.130.43.189 - - [01/May/2026:16:04:32 -0400] "POST /xmlrpc.php HTTP/1.1" 200 289 "-" "Mozilla/5.0 (Windows NT 10.0; Win64; x64) AppleWebKit/537.36 (KHTML, like Gecko) Chrome/65.0.3325.181 Safari/537.36"
66.249.65.45 - - [01/May/2026:16:04:49 -0400] "GET /community/substance/e9dfae1oqy1bebi.phtml HTTP/1.1" 200 29723 "-" "Mozilla/5.0 (Linux; Android 6.0.1; Nexus 5X Build/MMB29P) AppleWebKit/537.36 (KHTML, like Gecko) Chrome/147.0.7727.137 Mobile Safari/537.36 (compatible; Googlebot/2.1; +http://www.google.com/bot.html)"
66.249.65.45 - - [01/May/2026:16:04:49 -0400] "GET /taxon/example/fjhyq65b66xvgje.phtml HTTP/1.1" 200 28383 "-" "Mozilla/5.0 (Linux; Android 6.0.1; Nexus 5X Build/MMB29P) AppleWebKit/537.36 (KHTML, like Gecko) Chrome/147.0.7727.137 Mobile Safari/537.36 (compatible; Googlebot/2.1; +http://www.google.com/bot.html)"
66.249.65.45 - - [01/May/2026:16:04:49 -0400] "GET /cultivar/bit/ehewn32j3n2oi0j.phtml HTTP/1.1" 200 30122 "-" "Mozilla/5.0 (Linux; Android 6.0.1; Nexus 5X Build/MMB29P) AppleWebKit/537.36 (KHTML, like Gecko) Chrome/147.0.7727.137 Mobile Safari/537.36 (compatible; Googlebot/2.1; +http://www.google.com/bot.html)"
162.0.232.104 - - [01/May/2026:16:06:12 -0400] "POST /wp-cron.php?doing_wp_cron=1777665972.7131180763244628906250 HTTP/1.1" 200 0 "-" "WordPress/6.9.4; https://raydget.vip"
46.224.103.69 - - [01/May/2026:16:06:08 -0400] "POST /xmlrpc.php HTTP/1.1" 200 286 "-" "Mozilla/5.0 (Windows NT 6.2; Win64; x64) AppleWebKit/537.36 (KHTML, like Gecko) Chrome/66.0.3359.117 Safari/537.36"
66.249.65.45 - - [01/May/2026:16:06:22 -0400] "GET /gamut/implement/faezn32b3wuspgb.phtml HTTP/1.1" 404 0 "-" "Mozilla/5.0 (Linux; Android 6.0.1; Nexus 5X Build/MMB29P) AppleWebKit/537.36 (KHTML, like Gecko) Chrome/147.0.7727.137 Mobile Safari/537.36 (compatible; GoogleOther)"
162.0.232.104 - - [01/May/2026:16:06:36 -0400] "POST /wp-cron.php?doing_wp_cron=1777665996.8854990005493164062500 HTTP/1.1" 200 0 "-" "WordPress/6.9.4; https://raydget.vip"
66.249.65.44 - - [01/May/2026:16:06:33 -0400] "GET /cohort/thing/e1zq8onko8n90l4.phtml HTTP/1.1" 404 0 "-" "Mozilla/5.0 (Linux; Android 6.0.1; Nexus 5X Build/MMB29P) AppleWebKit/537.36 (KHTML, like Gecko) Chrome/147.0.7727.137 Mobile Safari/537.36 (compatible; GoogleOther)"
162.0.232.104 - - [01/May/2026:16:07:36 -0400] "POST /wp-cron.php?doing_wp_cron=1777666056.7790451049804687500000 HTTP/1.1" 200 0 "-" "WordPress/6.9.4; https://raydget.vip"
14.228.45.145 - - [01/May/2026:16:07:32 -0400] "GET /wp-json/ HTTP/1.1" 200 3147853 "-" "Opera/9.29.(X11; Linux i686; gd-GB) Presto/2.9.171 Version/11.00"
144.124.199.215 - - [01/May/2026:16:07:50 -0400] "GET /wp-json/ HTTP/1.1" 200 3147853 "-" "Mozilla/5.0 (compatible; MSIE 9.0; Windows NT 5.1; Trident/3.0)"
179.6.6.214 - - [01/May/2026:16:08:04 -0400] "GET /wp-json/ HTTP/1.1" 200 3147853 "-" "Opera/9.73.(Windows 98; Win 9x 4.90; sa-IN) Presto/2.9.181 Version/12.00"
192.0.91.228 - - [01/May/2026:16:08:07 -0400] "HEAD / HTTP/1.1" 200 0 "-" "jetmon/1.0 (Jetpack Site Uptime Monitor by WordPress.com)"
66.249.65.44 - - [01/May/2026:16:08:50 -0400] "GET /classification/offering/eyzu8onjo8n9hl4.phtml HTTP/1.1" 200 29287 "-" "Mozilla/5.0 (Linux; Android 6.0.1; Nexus 5X Build/MMB29P) AppleWebKit/537.36 (KHTML, like Gecko) Chrome/147.0.7727.137 Mobile Safari/537.36 (compatible; Googlebot/2.1; +http://www.google.com/bot.html)"
162.0.232.104 - - [01/May/2026:16:09:27 -0400] "POST /wp-cron.php?doing_wp_cron=1777666167.4628930091857910156250 HTTP/1.1" 200 0 "-" "WordPress/6.9.4; https://raydget.vip"
66.249.65.44 - - [01/May/2026:16:09:22 -0400] "GET /hierarchy/attribute/fhg2dh4btl8uy6p.phtml HTTP/1.1" 404 0 "-" "Mozilla/5.0 (Linux; Android 6.0.1; Nexus 5X Build/MMB29P) AppleWebKit/537.36 (KHTML, like Gecko) Chrome/147.0.7727.137 Mobile Safari/537.36 (compatible; GoogleOther)"
66.249.65.45 - - [01/May/2026:16:09:28 -0400] "GET /family/deliverable/esryc4fgsofdi1w.phtml HTTP/1.1" 404 0 "-" "Mozilla/5.0 (Linux; Android 6.0.1; Nexus 5X Build/MMB29P) AppleWebKit/537.36 (KHTML, like Gecko) Chrome/147.0.7727.137 Mobile Safari/537.36 (compatible; GoogleOther)"
66.249.65.44 - - [01/May/2026:16:09:39 -0400] "GET /schema/edition/fu20brqbrhigu4z.phtml HTTP/1.1" 404 0 "-" "Mozilla/5.0 (Linux; Android 6.0.1; Nexus 5X Build/MMB29P) AppleWebKit/537.36 (KHTML, like Gecko) Chrome/147.0.7727.137 Mobile Safari/537.36 (compatible; GoogleOther)"
5.255.231.79 - - [01/May/2026:16:11:32 -0400] "GET /robots.txt HTTP/1.1" 200 91 "-" "Mozilla/5.0 (compatible; YandexBot/3.0; +http://yandex.com/bots)"
162.0.232.104 - - [01/May/2026:16:11:44 -0400] "POST /wp-cron.php?doing_wp_cron=1777666304.7757110595703125000000 HTTP/1.1" 200 0 "-" "WordPress/6.9.4; https://raydget.vip"
87.250.224.114 - - [01/May/2026:16:11:33 -0400] "GET /product/mini-pk-rejdzhet-el/ HTTP/1.1" 404 25278 "-" "Mozilla/5.0 (compatible; YandexBot/3.0; +http://yandex.com/bots)"
66.249.65.46 - - [01/May/2026:16:11:53 -0400] "GET /grouping/handicraft/fqpxmqdb29h3dfy.phtml HTTP/1.1" 404 0 "-" "Mozilla/5.0 (Linux; Android 6.0.1; Nexus 5X Build/MMB29P) AppleWebKit/537.36 (KHTML, like Gecko) Chrome/147.0.7727.137 Mobile Safari/537.36 (compatible; GoogleOther)"
66.249.65.44 - - [01/May/2026:16:12:22 -0400] "GET /discipline/system/foexn32b3fuscgb.phtml HTTP/1.1" 404 0 "-" "Mozilla/5.0 (Linux; Android 6.0.1; Nexus 5X Build/MMB29P) AppleWebKit/537.36 (KHTML, like Gecko) Chrome/147.0.7727.137 Mobile Safari/537.36 (compatible; GoogleOther)"
162.0.232.104 - - [01/May/2026:16:12:44 -0400] "POST /wp-cron.php?doing_wp_cron=1777666364.2511088848114013671875 HTTP/1.1" 200 0 "-" "WordPress/6.9.4; https://raydget.vip"
