66.249.65.44 - - [02/May/2026:01:04:28 -0400] "GET /collection/particle/eumqjnadz7akukr.phtml HTTP/1.1" 200 30061 "-" "Mozilla/5.0 (Linux; Android 6.0.1; Nexus 5X Build/MMB29P) AppleWebKit/537.36 (KHTML, like Gecko) Chrome/147.0.7727.137 Mobile Safari/537.36 (compatible; Googlebot/2.1; +http://www.google.com/bot.html)"
66.249.65.44 - - [02/May/2026:01:04:28 -0400] "GET /structure/ware/f67z48vbkrzl5xg.phtml HTTP/1.1" 200 28721 "-" "Mozilla/5.0 (Linux; Android 6.0.1; Nexus 5X Build/MMB29P) AppleWebKit/537.36 (KHTML, like Gecko) Chrome/147.0.7727.137 Mobile Safari/537.36 (compatible; Googlebot/2.1; +http://www.google.com/bot.html)"
216.73.216.110 - - [02/May/2026:01:04:47 -0400] "GET /robots.txt HTTP/1.1" 200 91 "-" "Mozilla/5.0 AppleWebKit/537.36 (KHTML, like Gecko; compatible; ClaudeBot/1.0; +claudebot@anthropic.com)"
162.0.232.104 - - [02/May/2026:01:04:51 -0400] "POST /wp-cron.php?doing_wp_cron=1777698291.2776160240173339843750 HTTP/1.1" 200 0 "-" "WordPress/6.9.4; https://raydget.vip"
216.73.216.110 - - [02/May/2026:01:04:47 -0400] "GET /index.php/sitemap.xml HTTP/1.1" 404 502 "-" "Mozilla/5.0 AppleWebKit/537.36 (KHTML, like Gecko; compatible; ClaudeBot/1.0; +claudebot@anthropic.com)"
162.0.232.104 - - [02/May/2026:01:06:02 -0400] "POST /wp-cron.php?doing_wp_cron=1777698362.0578699111938476562500 HTTP/1.1" 200 0 "-" "WordPress/6.9.4; https://raydget.vip"
69.49.112.75 - - [02/May/2026:01:05:52 -0400] "POST /xmlrpc.php HTTP/1.1" 200 285 "-" "Mozilla/5.0 (Windows NT 6.3; Win64; x64) AppleWebKit/537.36 (KHTML, like Gecko) Chrome/65.0.3325.181 Safari/537.36 OPR/52.0.2871.99"
162.0.232.104 - - [02/May/2026:01:08:13 -0400] "POST /wp-cron.php?doing_wp_cron=1777698493.9663219451904296875000 HTTP/1.1" 200 0 "-" "WordPress/6.9.4; https://raydget.vip"
192.0.91.228 - - [02/May/2026:01:08:07 -0400] "HEAD / HTTP/1.1" 200 0 "-" "jetmon/1.0 (Jetpack Site Uptime Monitor by WordPress.com)"
66.249.65.46 - - [02/May/2026:01:09:20 -0400] "GET /continuum/effect/ergpdh4gt14e9el.phtml HTTP/1.1" 200 29777 "-" "Mozilla/5.0 (Linux; Android 6.0.1; Nexus 5X Build/MMB29P) AppleWebKit/537.36 (KHTML, like Gecko) Chrome/147.0.7727.137 Mobile Safari/537.36 (compatible; Googlebot/2.1; +http://www.google.com/bot.html)"
66.249.65.46 - - [02/May/2026:01:12:54 -0400] "GET /spectrum/object/e0xwialnyulj372.phtml HTTP/1.1" 200 29589 "-" "Mozilla/5.0 (Linux; Android 6.0.1; Nexus 5X Build/MMB29P) AppleWebKit/537.36 (KHTML, like Gecko) Chrome/147.0.7727.137 Mobile Safari/537.36 (compatible; Googlebot/2.1; +http://www.google.com/bot.html)"
66.249.65.44 - - [02/May/2026:01:12:54 -0400] "GET /tag/artifact/e5q7zfemfze0xcv.phtml HTTP/1.1" 200 30756 "-" "Mozilla/5.0 (Linux; Android 6.0.1; Nexus 5X Build/MMB29P) AppleWebKit/537.36 (KHTML, like Gecko) Chrome/147.0.7727.137 Mobile Safari/537.36 (compatible; Googlebot/2.1; +http://www.google.com/bot.html)"
162.0.232.104 - - [02/May/2026:01:13:10 -0400] "POST /wp-cron.php?doing_wp_cron=1777698790.5817160606384277343750 HTTP/1.1" 200 0 "-" "WordPress/6.9.4; https://raydget.vip"
192.0.91.228 - - [02/May/2026:01:13:06 -0400] "HEAD / HTTP/1.1" 200 0 "-" "jetmon/1.0 (Jetpack Site Uptime Monitor by WordPress.com)"
66.249.65.45 - - [02/May/2026:01:13:48 -0400] "GET /herd/batch/emld6y9gmi97ovq.phtml HTTP/1.1" 200 29626 "-" "Mozilla/5.0 (Linux; Android 6.0.1; Nexus 5X Build/MMB29P) AppleWebKit/537.36 (KHTML, like Gecko) Chrome/147.0.7727.137 Mobile Safari/537.36 (compatible; Googlebot/2.1; +http://www.google.com/bot.html)"
66.249.65.45 - - [02/May/2026:01:13:49 -0400] "GET /framework/output/emr4c4fjsofdx1w.phtml HTTP/1.1" 200 29675 "-" "Mozilla/5.0 (Linux; Android 6.0.1; Nexus 5X Build/MMB29P) AppleWebKit/537.36 (KHTML, like Gecko) Chrome/147.0.7727.137 Mobile Safari/537.36 (compatible; Googlebot/2.1; +http://www.google.com/bot.html)"
66.249.65.44 - - [02/May/2026:01:13:49 -0400] "GET /genre/component/e47048vuksv505c.phtml HTTP/1.1" 200 32073 "-" "Mozilla/5.0 (Linux; Android 6.0.1; Nexus 5X Build/MMB29P) AppleWebKit/537.36 (KHTML, like Gecko) Chrome/147.0.7727.137 Mobile Safari/537.36 (compatible; Googlebot/2.1; +http://www.google.com/bot.html)"
162.0.232.104 - - [02/May/2026:01:14:04 -0400] "POST /wp-cron.php?doing_wp_cron=1777698844.1856279373168945312500 HTTP/1.1" 200 0 "-" "WordPress/6.9.4; https://raydget.vip"
66.249.65.44 - - [02/May/2026:01:13:56 -0400] "GET /cdn-cgi/scripts/5c5dd728/cloudflare-static/email-decode.min.js HTTP/1.1" 301 0 "https://www.raydget.vip/genre/component/e47048vuksv505c.phtml" "Mozilla/5.0 (Linux; Android 6.0.1; Nexus 5X Build/MMB29P) AppleWebKit/537.36 (KHTML, like Gecko) Chrome/147.0.7727.137 Mobile Safari/537.36 (compatible; Googlebot/2.1; +http://www.google.com/bot.html)"
66.249.74.102 - - [02/May/2026:01:14:04 -0400] "GET /cdn-cgi/scripts/5c5dd728/cloudflare-static/email-decode.min.js HTTP/1.1" 404 17320 "https://www.raydget.vip/" "Mozilla/5.0 (Linux; Android 6.0.1; Nexus 5X Build/MMB29P) AppleWebKit/537.36 (KHTML, like Gecko) Chrome/147.0.7727.137 Mobile Safari/537.36 (compatible; Googlebot/2.1; +http://www.google.com/bot.html)"
66.249.65.45 - - [02/May/2026:01:14:39 -0400] "GET /collection/accessory/eex0ialgyulj472.phtml HTTP/1.1" 200 30177 "-" "Mozilla/5.0 (Linux; Android 6.0.1; Nexus 5X Build/MMB29P) AppleWebKit/537.36 (KHTML, like Gecko) Chrome/147.0.7727.137 Mobile Safari/537.36 (compatible; Googlebot/2.1; +http://www.google.com/bot.html)"
162.0.232.104 - - [02/May/2026:01:15:25 -0400] "POST /wp-cron.php?doing_wp_cron=1777698925.1481719017028808593750 HTTP/1.1" 200 0 "-" "WordPress/6.9.4; https://raydget.vip"
66.249.65.44 - - [02/May/2026:01:15:21 -0400] "GET /factor/bit/ffv0swjb89n9hl4.phtml HTTP/1.1" 404 0 "-" "Mozilla/5.0 (Linux; Android 6.0.1; Nexus 5X Build/MMB29P) AppleWebKit/537.36 (KHTML, like Gecko) Chrome/147.0.7727.137 Mobile Safari/537.36 (compatible; GoogleOther)"
162.0.232.104 - - [02/May/2026:01:16:55 -0400] "POST /wp-cron.php?doing_wp_cron=1777699015.1278030872344970703125 HTTP/1.1" 200 0 "-" "WordPress/6.9.4; https://raydget.vip"
66.249.65.46 - - [02/May/2026:01:16:43 -0400] "GET /province/attribute/ehaz7bygnvy8z8f.phtml HTTP/1.1" 404 0 "-" "Mozilla/5.0 (Linux; Android 6.0.1; Nexus 5X Build/MMB29P) AppleWebKit/537.36 (KHTML, like Gecko) Chrome/147.0.7727.137 Mobile Safari/537.36 (compatible; GoogleOther)"
66.249.65.44 - - [02/May/2026:01:17:22 -0400] "GET /system/object/e4q2zfehfze0icv.phtml HTTP/1.1" 200 29396 "-" "Mozilla/5.0 (Linux; Android 6.0.1; Nexus 5X Build/MMB29P) AppleWebKit/537.36 (KHTML, like Gecko) Chrome/147.0.7727.137 Mobile Safari/537.36 (compatible; Googlebot/2.1; +http://www.google.com/bot.html)"
66.249.65.46 - - [02/May/2026:01:17:22 -0400] "GET /heading/characteristic/fx90umxba6dnsnu.phtml HTTP/1.1" 200 29716 "-" "Mozilla/5.0 (Linux; Android 6.0.1; Nexus 5X Build/MMB29P) AppleWebKit/537.36 (KHTML, like Gecko) Chrome/147.0.7727.137 Mobile Safari/537.36 (compatible; Googlebot/2.1; +http://www.google.com/bot.html)"
162.0.232.104 - - [02/May/2026:01:18:11 -0400] "POST /wp-cron.php?doing_wp_cron=1777699091.5703771114349365234375 HTTP/1.1" 200 0 "-" "WordPress/6.9.4; https://raydget.vip"
192.0.91.228 - - [02/May/2026:01:18:07 -0400] "HEAD / HTTP/1.1" 200 0 "-" "jetmon/1.0 (Jetpack Site Uptime Monitor by WordPress.com)"
66.249.65.45 - - [02/May/2026:01:18:16 -0400] "GET /establishment/feature/ej7948veksv5e5c.phtml HTTP/1.1" 200 29658 "-" "Mozilla/5.0 (Linux; Android 6.0.1; Nexus 5X Build/MMB29P) AppleWebKit/537.36 (KHTML, like Gecko) Chrome/147.0.7727.137 Mobile Safari/537.36 (compatible; Googlebot/2.1; +http://www.google.com/bot.html)"
162.0.232.104 - - [02/May/2026:01:21:30 -0400] "POST /wp-cron.php?doing_wp_cron=1777699290.0159969329833984375000 HTTP/1.1" 200 0 "-" "WordPress/6.9.4; https://raydget.vip"
62.146.233.9 - - [02/May/2026:01:21:26 -0400] "POST /xmlrpc.php HTTP/1.1" 200 285 "-" "Mozilla/5.0 (Windows NT 10.0) AppleWebKit/537.36 (KHTML, like Gecko) Chrome/67.0.3396.87 Safari/537.36"
162.0.232.104 - - [02/May/2026:01:22:58 -0400] "POST /wp-cron.php?doing_wp_cron=1777699378.8492119312286376953125 HTTP/1.1" 200 0 "-" "WordPress/6.9.4; https://raydget.vip"
138.199.146.196 - - [02/May/2026:01:22:51 -0400] "POST /xmlrpc.php HTTP/1.1" 200 324 "-" "Mozilla/5.0 (Windows NT 10.0; Win64; x64; rv:145.0) Gecko/20100101 Firefox/145.0"
192.0.91.228 - - [02/May/2026:01:23:07 -0400] "HEAD / HTTP/1.1" 200 0 "-" "jetmon/1.0 (Jetpack Site Uptime Monitor by WordPress.com)"
142.93.215.41 - - [02/May/2026:01:23:09 -0400] "GET /wp-login.php HTTP/1.1" 302 0 "-" "Mozilla/5.0 (Windows NT 10.0; WOW64; Trident/7.0; MANM; rv:11.0) like Gecko"
142.93.215.41 - - [02/May/2026:01:23:27 -0400] "GET /wp-login.php HTTP/1.1" 200 0 "https://raydget.vip/wp-login.php" "Mozilla/5.0 (Windows NT 10.0; WOW64; Trident/7.0; MANM; rv:11.0) like Gecko"
162.0.232.104 - - [02/May/2026:01:23:39 -0400] "POST /wp-cron.php?doing_wp_cron=1777699418.9464631080627441406250 HTTP/1.1" 200 0 "-" "WordPress/6.9.4; https://raydget.vip"
216.244.66.227 - - [02/May/2026:01:23:43 -0400] "GET /robots.txt HTTP/1.1" 200 91 "-" "Mozilla/5.0 (compatible; DotBot/1.2; +https://opensiteexplorer.org/dotbot; help@moz.com)"
66.249.65.45 - - [02/May/2026:01:24:31 -0400] "GET /spectrum/fragment/eswd5lkol5k67i1.phtml HTTP/1.1" 200 31179 "-" "Mozilla/5.0 (Linux; Android 6.0.1; Nexus 5X Build/MMB29P) AppleWebKit/537.36 (KHTML, like Gecko) Chrome/147.0.7727.137 Mobile Safari/537.36 (compatible; Googlebot/2.1; +http://www.google.com/bot.html)"
66.249.65.45 - - [02/May/2026:01:25:27 -0400] "GET /system/deliverable/fmax7bybno2ol0j.phtml HTTP/1.1" 200 29617 "-" "Mozilla/5.0 (Linux; Android 6.0.1; Nexus 5X Build/MMB29P) AppleWebKit/537.36 (KHTML, like Gecko) Chrome/147.0.7727.137 Mobile Safari/537.36 (compatible; Googlebot/2.1; +http://www.google.com/bot.html)"
216.244.66.227 - - [02/May/2026:01:25:32 -0400] "GET /product-tag/%D0%B4%D0%BE%D0%BC%D0%B0%D1%88%D0%BD%D0%B8%D0%B9-%D0%BA%D0%BE%D0%BC%D0%BF%D1%8C%D1%8E%D1%82%D0%B5%D1%80/feed/ HTTP/1.1" 404 7745 "-" "Mozilla/5.0 (compatible; DotBot/1.2; +https://opensiteexplorer.org/dotbot; help@moz.com)"
162.0.232.104 - - [02/May/2026:01:25:47 -0400] "POST /wp-cron.php?doing_wp_cron=1777699547.0426290035247802734375 HTTP/1.1" 200 0 "-" "WordPress/6.9.4; https://raydget.vip"
107.6.141.106 - - [02/May/2026:01:25:36 -0400] "GET /wp-login.php HTTP/1.1" 302 0 "-" "Mozilla/5.0 (Windows NT 10.0; WOW64) AppleWebKit/537.36 (KHTML, like Gecko) Chrome/64.0.3282.186 Safari/537.36 OPR/51.0.2830.55"
107.6.141.106 - - [02/May/2026:01:25:47 -0400] "GET /wp-login.php HTTP/1.1" 200 0 "https://raydget.vip/wp-login.php" "Mozilla/5.0 (Windows NT 10.0; WOW64) AppleWebKit/537.36 (KHTML, like Gecko) Chrome/64.0.3282.186 Safari/537.36 OPR/51.0.2830.55"
66.249.65.44 - - [02/May/2026:01:26:24 -0400] "GET /tag/pattern/e9daae1mqy1bcbi.phtml HTTP/1.1" 200 29909 "-" "Mozilla/5.0 (Linux; Android 6.0.1; Nexus 5X Build/MMB29P) AppleWebKit/537.36 (KHTML, like Gecko) Chrome/147.0.7727.137 Mobile Safari/537.36 (compatible; Googlebot/2.1; +http://www.google.com/bot.html)"
66.249.65.44 - - [02/May/2026:01:26:25 -0400] "GET /flock/apparatus/ex2gbrqirbqclo7.phtml HTTP/1.1" 200 30061 "-" "Mozilla/5.0 (Linux; Android 6.0.1; Nexus 5X Build/MMB29P) AppleWebKit/537.36 (KHTML, like Gecko) Chrome/147.0.7727.137 Mobile Safari/537.36 (compatible; Googlebot/2.1; +http://www.google.com/bot.html)"
162.0.232.104 - - [02/May/2026:01:28:13 -0400] "POST /wp-cron.php?doing_wp_cron=1777699693.1807389259338378906250 HTTP/1.1" 200 0 "-" "WordPress/6.9.4; https://raydget.vip"
192.0.91.228 - - [02/May/2026:01:28:08 -0400] "HEAD / HTTP/1.1" 200 0 "-" "jetmon/1.0 (Jetpack Site Uptime Monitor by WordPress.com)"
66.249.65.44 - - [02/May/2026:01:28:14 -0400] "GET /cohort/possession/exzf8onbo8n9bl4.phtml HTTP/1.1" 200 30626 "-" "Mozilla/5.0 (Linux; Android 6.0.1; Nexus 5X Build/MMB29P) AppleWebKit/537.36 (KHTML, like Gecko) Chrome/147.0.7727.137 Mobile Safari/537.36 (compatible; Googlebot/2.1; +http://www.google.com/bot.html)"
66.249.65.45 - - [02/May/2026:01:28:14 -0400] "GET /hierarchy/division/exgqdh4ht14eyel.phtml HTTP/1.1" 200 29043 "-" "Mozilla/5.0 (Linux; Android 6.0.1; Nexus 5X Build/MMB29P) AppleWebKit/537.36 (KHTML, like Gecko) Chrome/147.0.7727.137 Mobile Safari/537.36 (compatible; Googlebot/2.1; +http://www.google.com/bot.html)"
66.249.65.46 - - [02/May/2026:01:28:15 -0400] "GET /brand/deliverable/fnzz8onbosfdk1w.phtml HTTP/1.1" 200 29778 "-" "Mozilla/5.0 (Linux; Android 6.0.1; Nexus 5X Build/MMB29P) AppleWebKit/537.36 (KHTML, like Gecko) Chrome/147.0.7727.137 Mobile Safari/537.36 (compatible; Googlebot/2.1; +http://www.google.com/bot.html)"
162.0.232.104 - - [02/May/2026:01:29:23 -0400] "POST /wp-cron.php?doing_wp_cron=1777699763.2418251037597656250000 HTTP/1.1" 200 0 "-" "WordPress/6.9.4; https://raydget.vip"
66.249.65.45 - - [02/May/2026:01:29:13 -0400] "GET /system/component/e8c2xp0md90ydmh.phtml HTTP/1.1" 404 0 "-" "Mozilla/5.0 (Linux; Android 6.0.1; Nexus 5X Build/MMB29P) AppleWebKit/537.36 (KHTML, like Gecko) Chrome/147.0.7727.137 Mobile Safari/537.36 (compatible; GoogleOther)"
74.125.217.102 - - [02/May/2026:01:29:23 -0400] "GET /product/cts-citran/ HTTP/1.1" 200 22441 "-" "Mozilla/5.0 (X11; Linux x86_64) AppleWebKit/537.36 (KHTML, like Gecko) Chrome/147.0.7727.116 Safari/537.36"
74.125.217.101 - - [02/May/2026:01:29:37 -0400] "GET /wp-content/plugins/sharai-khana-vc-addons/public/assets/css/animate.css?ver=1.2.3 HTTP/1.1" 200 4120 "https://raydget.vip/product/cts-citran/" "Mozilla/5.0 (X11; Linux x86_64) AppleWebKit/537.36 (KHTML, like Gecko) Chrome/147.0.7727.116 Safari/537.36"
74.125.217.101 - - [02/May/2026:01:29:37 -0400] "GET /wp-content/uploads/useanyfont/uaf.css?ver=1770146824 HTTP/1.1" 200 0 "https://raydget.vip/product/cts-citran/" "Mozilla/5.0 (X11; Linux x86_64) AppleWebKit/537.36 (KHTML, like Gecko) Chrome/147.0.7727.116 Safari/537.36"
74.125.217.101 - - [02/May/2026:01:29:37 -0400] "GET /wp-content/plugins/aco-product-labels-for-woocommerce/assets/css/frontend.css?ver=1.5.13 HTTP/1.1" 200 1498 "https://raydget.vip/product/cts-citran/" "Mozilla/5.0 (X11; Linux x86_64) AppleWebKit/537.36 (KHTML, like Gecko) Chrome/147.0.7727.116 Safari/537.36"
74.125.217.101 - - [02/May/2026:01:29:37 -0400] "GET /wp-content/themes/sharai-khana/css/bootstrap.min.css?ver=3.3.4 HTTP/1.1" 200 17818 "https://raydget.vip/product/cts-citran/" "Mozilla/5.0 (X11; Linux x86_64) AppleWebKit/537.36 (KHTML, like Gecko) Chrome/147.0.7727.116 Safari/537.36"
74.125.217.101 - - [02/May/2026:01:29:37 -0400] "GET /wp-content/plugins/all-in-one-video-gallery/public/assets/css/icons.min.css?ver=4.7.5 HTTP/1.1" 200 359 "https://raydget.vip/product/cts-citran/" "Mozilla/5.0 (X11; Linux x86_64) AppleWebKit/537.36 (KHTML, like Gecko) Chrome/147.0.7727.116 Safari/537.36"
74.125.217.101 - - [02/May/2026:01:29:38 -0400] "GET /wp-content/plugins/youtube-embed-plus/styles/ytprefs.min.css?ver=14.2.5 HTTP/1.1" 200 1575 "https://raydget.vip/product/cts-citran/" "Mozilla/5.0 (X11; Linux x86_64) AppleWebKit/537.36 (KHTML, like Gecko) Chrome/147.0.7727.116 Safari/537.36"
74.125.217.101 - - [02/May/2026:01:29:38 -0400] "GET /wp-content/plugins/video-embed-thumbnail-generator/video-js/video-js.min.css?ver=7.21.1 HTTP/1.1" 200 11709 "https://raydget.vip/product/cts-citran/" "Mozilla/5.0 (X11; Linux x86_64) AppleWebKit/537.36 (KHTML, like Gecko) Chrome/147.0.7727.116 Safari/537.36"
74.125.217.101 - - [02/May/2026:01:29:38 -0400] "GET /wp-content/plugins/all-in-one-video-gallery/public/assets/css/public.min.css?ver=4.7.5 HTTP/1.1" 200 3744 "https://raydget.vip/product/cts-citran/" "Mozilla/5.0 (X11; Linux x86_64) AppleWebKit/537.36 (KHTML, like Gecko) Chrome/147.0.7727.116 Safari/537.36"
74.125.217.101 - - [02/May/2026:01:29:38 -0400] "GET /wp-content/plugins/sharai-khana-vc-addons/public/assets/css/owl.theme.css?ver=1.2.3 HTTP/1.1" 200 374 "https://raydget.vip/product/cts-citran/" "Mozilla/5.0 (X11; Linux x86_64) AppleWebKit/537.36 (KHTML, like Gecko) Chrome/147.0.7727.116 Safari/537.36"
74.125.217.101 - - [02/May/2026:01:29:38 -0400] "GET /wp-content/plugins/sharai-khana-vc-addons/public/assets/js/public.js?ver=1.2.3 HTTP/1.1" 200 4917 "https://raydget.vip/product/cts-citran/" "Mozilla/5.0 (X11; Linux x86_64) AppleWebKit/537.36 (KHTML, like Gecko) Chrome/147.0.7727.116 Safari/537.36"
74.125.217.101 - - [02/May/2026:01:29:38 -0400] "GET /wp-content/plugins/youtube-embed-plus/scripts/ytprefs.min.js?ver=14.2.5 HTTP/1.1" 200 4932 "https://raydget.vip/product/cts-citran/" "Mozilla/5.0 (X11; Linux x86_64) AppleWebKit/537.36 (KHTML, like Gecko) Chrome/147.0.7727.116 Safari/537.36"
74.125.217.101 - - [02/May/2026:01:29:39 -0400] "GET /wp-content/uploads/rejdzhet-i-luch-2.png HTTP/1.1" 200 25568 "https://raydget.vip/product/cts-citran/" "Mozilla/5.0 (X11; Linux x86_64) AppleWebKit/537.36 (KHTML, like Gecko) Chrome/147.0.7727.116 Safari/537.36"
74.125.217.101 - - [02/May/2026:01:29:39 -0400] "GET /wp-content/plugins/contact-form-7/includes/js/index.js?ver=6.1.5 HTTP/1.1" 200 4008 "https://raydget.vip/product/cts-citran/" "Mozilla/5.0 (X11; Linux x86_64) AppleWebKit/537.36 (KHTML, like Gecko) Chrome/147.0.7727.116 Safari/537.36"
74.125.217.101 - - [02/May/2026:01:29:39 -0400] "GET /wp-content/plugins/sharai-khana-vc-addons/public/assets/js/venobox.min.js?ver=1.2.3 HTTP/1.1" 200 3252 "https://raydget.vip/product/cts-citran/" "Mozilla/5.0 (X11; Linux x86_64) AppleWebKit/537.36 (KHTML, like Gecko) Chrome/147.0.7727.116 Safari/537.36"
74.125.217.101 - - [02/May/2026:01:29:39 -0400] "GET /wp-content/plugins/sharai-khana-vc-addons/public/assets/js/waypoints.min.js?ver=1.2.3 HTTP/1.1" 200 2461 "https://raydget.vip/product/cts-citran/" "Mozilla/5.0 (X11; Linux x86_64) AppleWebKit/537.36 (KHTML, like Gecko) Chrome/147.0.7727.116 Safari/537.36"
74.125.217.101 - - [02/May/2026:01:29:39 -0400] "GET /wp-content/plugins/sharai-khana-vc-addons/public/assets/js/jquery.backTop.min.js?ver=1.2.3 HTTP/1.1" 200 492 "https://raydget.vip/product/cts-citran/" "Mozilla/5.0 (X11; Linux x86_64) AppleWebKit/537.36 (KHTML, like Gecko) Chrome/147.0.7727.116 Safari/537.36"
74.125.217.101 - - [02/May/2026:01:29:39 -0400] "GET /wp-content/plugins/sharai-khana-vc-addons/public/assets/js/jquery.counterup.min.js?ver=1.2.3 HTTP/1.1" 200 496 "https://raydget.vip/product/cts-citran/" "Mozilla/5.0 (X11; Linux x86_64) AppleWebKit/537.36 (KHTML, like Gecko) Chrome/147.0.7727.116 Safari/537.36"
74.125.217.101 - - [02/May/2026:01:29:39 -0400] "GET /wp-content/plugins/sharai-khana-vc-addons/public/assets/js/owl.carousel.min.js?ver=1.2.3 HTTP/1.1" 200 10691 "https://raydget.vip/product/cts-citran/" "Mozilla/5.0 (X11; Linux x86_64) AppleWebKit/537.36 (KHTML, like Gecko) Chrome/147.0.7727.116 Safari/537.36"
74.125.217.101 - - [02/May/2026:01:29:40 -0400] "GET /wp-content/themes/sharai-khana/js/bootstrap.min.js?ver=3.3.4 HTTP/1.1" 200 9211 "https://raydget.vip/product/cts-citran/" "Mozilla/5.0 (X11; Linux x86_64) AppleWebKit/537.36 (KHTML, like Gecko) Chrome/147.0.7727.116 Safari/537.36"
74.125.217.101 - - [02/May/2026:01:29:40 -0400] "GET /wp-content/themes/sharai-khana/js/superfish.min.js?ver=20220101-1.2.8 HTTP/1.1" 200 1649 "https://raydget.vip/product/cts-citran/" "Mozilla/5.0 (X11; Linux x86_64) AppleWebKit/537.36 (KHTML, like Gecko) Chrome/147.0.7727.116 Safari/537.36"
74.125.217.101 - - [02/May/2026:01:29:40 -0400] "GET /wp-content/themes/sharai-khana/js/custom-scripts.js?ver=20220101-1.2.8 HTTP/1.1" 200 1672 "https://raydget.vip/product/cts-citran/" "Mozilla/5.0 (X11; Linux x86_64) AppleWebKit/537.36 (KHTML, like Gecko) Chrome/147.0.7727.116 Safari/537.36"
74.125.217.101 - - [02/May/2026:01:29:40 -0400] "GET /wp-content/plugins/contact-form-7/modules/recaptcha/index.js?ver=6.1.5 HTTP/1.1" 200 417 "https://raydget.vip/product/cts-citran/" "Mozilla/5.0 (X11; Linux x86_64) AppleWebKit/537.36 (KHTML, like Gecko) Chrome/147.0.7727.116 Safari/537.36"
74.125.217.101 - - [02/May/2026:01:29:40 -0400] "GET /wp-content/plugins/youtube-embed-plus/scripts/fitvids.min.js?ver=14.2.5 HTTP/1.1" 200 881 "https://raydget.vip/product/cts-citran/" "Mozilla/5.0 (X11; Linux x86_64) AppleWebKit/537.36 (KHTML, like Gecko) Chrome/147.0.7727.116 Safari/537.36"
74.125.217.101 - - [02/May/2026:01:29:41 -0400] "GET /wp-content/plugins/jetpack/jetpack_vendor/automattic/woocommerce-analytics/build/woocommerce-analytics-client.js?minify=false&ver=80112f9db03e5698f4a6 HTTP/1.1" 200 4140 "https://raydget.vip/product/cts-citran/" "Mozilla/5.0 (X11; Linux x86_64) AppleWebKit/537.36 (KHTML, like Gecko) Chrome/147.0.7727.116 Safari/537.36"
74.125.217.101 - - [02/May/2026:01:29:41 -0400] "GET /wp-content/themes/sharai-khana/webfonts/fa-solid-900.woff2 HTTP/1.1" 200 75728 "https://raydget.vip/wp-content/themes/sharai-khana/css/font-awesome.min.css?ver=5.11.2" "Mozilla/5.0 (X11; Linux x86_64) AppleWebKit/537.36 (KHTML, like Gecko) Chrome/147.0.7727.116 Safari/537.36"
74.125.217.101 - - [02/May/2026:01:29:41 -0400] "GET /wp-content/themes/sharai-khana/images/header-bg.jpg HTTP/1.1" 200 259810 "https://raydget.vip/wp-content/themes/sharai-khana/style.css?ver=6.9.4" "Mozilla/5.0 (X11; Linux x86_64) AppleWebKit/537.36 (KHTML, like Gecko) Chrome/147.0.7727.116 Safari/537.36"
74.125.217.101 - - [02/May/2026:01:29:42 -0400] "GET /wp-content/themes/sharai-khana/webfonts/fa-regular-400.woff2 HTTP/1.1" 200 13584 "https://raydget.vip/wp-content/themes/sharai-khana/css/font-awesome.min.css?ver=5.11.2" "Mozilla/5.0 (X11; Linux x86_64) AppleWebKit/537.36 (KHTML, like Gecko) Chrome/147.0.7727.116 Safari/537.36"
74.125.217.101 - - [02/May/2026:01:29:42 -0400] "GET /wp-content/uploads/section_custom_bg.jpg HTTP/1.1" 200 222331 "https://raydget.vip/product/cts-citran/" "Mozilla/5.0 (X11; Linux x86_64) AppleWebKit/537.36 (KHTML, like Gecko) Chrome/147.0.7727.116 Safari/537.36"
216.244.66.227 - - [02/May/2026:01:29:28 -0400] "GET /product-tag/%D0%B2%D0%B8%D0%B4%D0%B5%D0%BE%D1%82%D0%B5%D0%BB%D0%B5%D1%84%D0%BE%D0%BD/ HTTP/1.1" 404 77768 "-" "Mozilla/5.0 (compatible; DotBot/1.2; +https://opensiteexplorer.org/dotbot; help@moz.com)"
74.125.217.101 - - [02/May/2026:01:29:43 -0400] "GET /wp-content/plugins/jetpack/jetpack_vendor/automattic/woocommerce-analytics/build/193.js?minify=false&ver=5b5cf55edcce081b4ad1 HTTP/1.1" 200 2861 "https://raydget.vip/product/cts-citran/" "Mozilla/5.0 (X11; Linux x86_64) AppleWebKit/537.36 (KHTML, like Gecko) Chrome/147.0.7727.116 Safari/537.36"
157.66.27.56 - - [02/May/2026:01:29:48 -0400] "GET /wp-login.php HTTP/1.1" 302 0 "-" "Mozilla/5.0 (compatible; MSIE 10.0; Windows NT 6.2; Win64; x64; Trident/7.0)"
157.66.27.56 - - [02/May/2026:01:29:57 -0400] "GET /wp-login.php HTTP/1.1" 302 0 "https://raydget.vip/wp-login.php" "Mozilla/5.0 (compatible; MSIE 10.0; Windows NT 6.2; Win64; x64; Trident/7.0)"
66.249.65.44 - - [02/May/2026:01:30:02 -0400] "GET /tag/artifact/e1bwk0zi0kzlmxg.phtml HTTP/1.1" 200 29595 "-" "Mozilla/5.0 (Linux; Android 6.0.1; Nexus 5X Build/MMB29P) AppleWebKit/537.36 (KHTML, like Gecko) Chrome/147.0.7727.137 Mobile Safari/537.36 (compatible; Googlebot/2.1; +http://www.google.com/bot.html)"
157.66.27.56 - - [02/May/2026:01:30:01 -0400] "GET /wp-login.php HTTP/1.1" 200 0 "https://raydget.vip/wp-login.php" "Mozilla/5.0 (compatible; MSIE 10.0; Windows NT 6.2; Win64; x64; Trident/7.0)"
66.249.65.44 - - [02/May/2026:01:30:57 -0400] "GET /chapter/package/epywvzmebjmw5w3.phtml HTTP/1.1" 200 30401 "-" "Mozilla/5.0 (Linux; Android 6.0.1; Nexus 5X Build/MMB29P) AppleWebKit/537.36 (KHTML, like Gecko) Chrome/147.0.7727.137 Mobile Safari/537.36 (compatible; Googlebot/2.1; +http://www.google.com/bot.html)"
66.249.65.44 - - [02/May/2026:01:30:57 -0400] "GET /spectrum/line/dcjkgk75w47h4ho.phtml HTTP/1.1" 200 29916 "-" "Mozilla/5.0 (Linux; Android 6.0.1; Nexus 5X Build/MMB29P) AppleWebKit/537.36 (KHTML, like Gecko) Chrome/147.0.7727.137 Mobile Safari/537.36 (compatible; Googlebot/2.1; +http://www.google.com/bot.html)"
162.0.232.104 - - [02/May/2026:01:31:16 -0400] "POST /wp-cron.php?doing_wp_cron=1777699876.8632709980010986328125 HTTP/1.1" 200 0 "-" "WordPress/6.9.4; https://raydget.vip"
216.194.174.116 - - [02/May/2026:01:31:12 -0400] "POST /xmlrpc.php HTTP/1.1" 200 291 "-" "Mozilla/5.0 (compatible; MSIE 10.0; Windows NT 6.2; WOW64; Trident/7.0)"
66.249.65.44 - - [02/May/2026:01:32:44 -0400] "GET /chart/object/ecket98l9t8u06p.phtml HTTP/1.1" 200 30168 "-" "Mozilla/5.0 (Linux; Android 6.0.1; Nexus 5X Build/MMB29P) AppleWebKit/537.36 (KHTML, like Gecko) Chrome/147.0.7727.137 Mobile Safari/537.36 (compatible; Googlebot/2.1; +http://www.google.com/bot.html)"
162.0.232.104 - - [02/May/2026:01:33:17 -0400] "POST /wp-cron.php?doing_wp_cron=1777699997.3572599887847900390625 HTTP/1.1" 200 0 "-" "WordPress/6.9.4; https://raydget.vip"
192.0.91.228 - - [02/May/2026:01:33:06 -0400] "HEAD / HTTP/1.1" 200 0 "-" "jetmon/1.0 (Jetpack Site Uptime Monitor by WordPress.com)"
162.0.232.104 - - [02/May/2026:01:34:37 -0400] "POST /wp-cron.php?doing_wp_cron=1777700077.0471498966217041015625 HTTP/1.1" 200 0 "-" "WordPress/6.9.4; https://raydget.vip"
66.249.65.45 - - [02/May/2026:01:34:30 -0400] "GET /set/edition/etghdh4dt14eeel.phtml HTTP/1.1" 404 0 "-" "Mozilla/5.0 (Linux; Android 6.0.1; Nexus 5X Build/MMB29P) AppleWebKit/537.36 (KHTML, like Gecko) Chrome/147.0.7727.137 Mobile Safari/537.36 (compatible; GoogleOther)"
66.249.65.46 - - [02/May/2026:01:35:19 -0400] "GET /population/product/fibxk0zb0urpcd8.phtml HTTP/1.1" 404 0 "-" "Mozilla/5.0 (Linux; Android 6.0.1; Nexus 5X Build/MMB29P) AppleWebKit/537.36 (KHTML, like Gecko) Chrome/147.0.7727.137 Mobile Safari/537.36 (compatible; GoogleOther)"
185.151.196.205 - - [02/May/2026:01:37:15 -0400] "POST /xmlrpc.php HTTP/1.1" 200 0 "-" "Mozilla/5.0 (Windows NT 6.3; Win64; x64) AppleWebKit/537.36 (KHTML, like Gecko) Chrome/66.0.3359.139 Safari/537.36"
162.0.232.104 - - [02/May/2026:01:37:23 -0400] "POST /wp-cron.php?doing_wp_cron=1777700243.6490540504455566406250 HTTP/1.1" 200 0 "-" "WordPress/6.9.4; https://raydget.vip"
162.0.232.104 - - [02/May/2026:01:38:15 -0400] "POST /wp-cron.php?doing_wp_cron=1777700295.8695180416107177734375 HTTP/1.1" 200 0 "-" "WordPress/6.9.4; https://raydget.vip"
192.0.91.228 - - [02/May/2026:01:38:08 -0400] "HEAD / HTTP/1.1" 200 0 "-" "jetmon/1.0 (Jetpack Site Uptime Monitor by WordPress.com)"
66.249.65.45 - - [02/May/2026:01:39:52 -0400] "GET /echelon/cargo/ex34ogrh40rpld8.phtml HTTP/1.1" 200 29931 "-" "Mozilla/5.0 (Linux; Android 6.0.1; Nexus 5X Build/MMB29P) AppleWebKit/537.36 (KHTML, like Gecko) Chrome/147.0.7727.137 Mobile Safari/537.36 (compatible; Googlebot/2.1; +http://www.google.com/bot.html)"
66.249.65.46 - - [02/May/2026:01:39:53 -0400] "GET /structure/ware/e7zq8onco8n9sl4.phtml HTTP/1.1" 200 29903 "-" "Mozilla/5.0 (Linux; Android 6.0.1; Nexus 5X Build/MMB29P) AppleWebKit/537.36 (KHTML, like Gecko) Chrome/147.0.7727.137 Mobile Safari/537.36 (compatible; Googlebot/2.1; +http://www.google.com/bot.html)"
66.249.65.45 - - [02/May/2026:01:39:53 -0400] "GET /demographic/fort-rules/eb0jldoc1xomla5.phtml HTTP/1.1" 200 29937 "-" "Mozilla/5.0 (Linux; Android 6.0.1; Nexus 5X Build/MMB29P) AppleWebKit/537.36 (KHTML, like Gecko) Chrome/147.0.7727.137 Mobile Safari/537.36 (compatible; Googlebot/2.1; +http://www.google.com/bot.html)"
66.249.65.45 - - [02/May/2026:01:39:53 -0400] "GET /attribute/offering/em8ahxwnxhwiiud.phtml HTTP/1.1" 200 29047 "-" "Mozilla/5.0 (Linux; Android 6.0.1; Nexus 5X Build/MMB29P) AppleWebKit/537.36 (KHTML, like Gecko) Chrome/147.0.7727.137 Mobile Safari/537.36 (compatible; Googlebot/2.1; +http://www.google.com/bot.html)"
66.249.65.44 - - [02/May/2026:01:39:54 -0400] "GET /trait/set/e1qszfekfze03cv.phtml HTTP/1.1" 200 29837 "-" "Mozilla/5.0 (Linux; Android 6.0.1; Nexus 5X Build/MMB29P) AppleWebKit/537.36 (KHTML, like Gecko) Chrome/147.0.7727.137 Mobile Safari/537.36 (compatible; Googlebot/2.1; +http://www.google.com/bot.html)"
66.249.65.44 - - [02/May/2026:01:39:54 -0400] "GET /institution/example/e6n3wcbmcwbxg9s.phtml HTTP/1.1" 200 30166 "-" "Mozilla/5.0 (Linux; Android 6.0.1; Nexus 5X Build/MMB29P) AppleWebKit/537.36 (KHTML, like Gecko) Chrome/147.0.7727.137 Mobile Safari/537.36 (compatible; Googlebot/2.1; +http://www.google.com/bot.html)"
66.249.65.45 - - [02/May/2026:01:39:54 -0400] "GET /grade/belonging/ey6brjud73us6gb.phtml HTTP/1.1" 200 29659 "-" "Mozilla/5.0 (Linux; Android 6.0.1; Nexus 5X Build/MMB29P) AppleWebKit/537.36 (KHTML, like Gecko) Chrome/147.0.7727.137 Mobile Safari/537.36 (compatible; Googlebot/2.1; +http://www.google.com/bot.html)"
66.249.65.46 - - [02/May/2026:01:39:54 -0400] "GET /union/output/eiygvzmgbjmw9w3.phtml HTTP/1.1" 200 30731 "-" "Mozilla/5.0 (Linux; Android 6.0.1; Nexus 5X Build/MMB29P) AppleWebKit/537.36 (KHTML, like Gecko) Chrome/147.0.7727.137 Mobile Safari/537.36 (compatible; Googlebot/2.1; +http://www.google.com/bot.html)"
66.249.65.44 - - [02/May/2026:01:40:48 -0400] "GET /community/project/e1i13v6ljf64ksn.phtml HTTP/1.1" 200 30161 "-" "Mozilla/5.0 (Linux; Android 6.0.1; Nexus 5X Build/MMB29P) AppleWebKit/537.36 (KHTML, like Gecko) Chrome/147.0.7727.137 Mobile Safari/537.36 (compatible; Googlebot/2.1; +http://www.google.com/bot.html)"
66.249.65.44 - - [02/May/2026:01:40:49 -0400] "GET /echelon/issue/ehprmqdb2adn9nu.phtml HTTP/1.1" 200 29963 "-" "Mozilla/5.0 (Linux; Android 6.0.1; Nexus 5X Build/MMB29P) AppleWebKit/537.36 (KHTML, like Gecko) Chrome/147.0.7727.137 Mobile Safari/537.36 (compatible; Googlebot/2.1; +http://www.google.com/bot.html)"
162.0.232.104 - - [02/May/2026:01:41:50 -0400] "POST /wp-cron.php?doing_wp_cron=1777700510.2994720935821533203125 HTTP/1.1" 200 0 "-" "WordPress/6.9.4; https://raydget.vip"
66.249.74.102 - - [02/May/2026:01:41:45 -0400] "GET /chart/case/ecg4dh45t14e4el.phtml HTTP/1.1" 404 17234 "-" "Mozilla/5.0 (Linux; Android 6.0.1; Nexus 5X Build/MMB29P) AppleWebKit/537.36 (KHTML, like Gecko) Chrome/147.0.7727.137 Mobile Safari/537.36 (compatible; GoogleOther)"
43.129.54.214 - - [02/May/2026:01:42:20 -0400] "POST /xmlrpc.php HTTP/1.1" 200 0 "-" "Mozilla/5.0 (X11; Linux x86_64) AppleWebKit/537.36 (KHTML, like Gecko) Chrome/66.0.3359.139 Safari/537.36"
162.0.232.104 - - [02/May/2026:01:42:37 -0400] "POST /wp-cron.php?doing_wp_cron=1777700557.2288069725036621093750 HTTP/1.1" 200 0 "-" "WordPress/6.9.4; https://raydget.vip"
192.0.91.228 - - [02/May/2026:01:43:07 -0400] "HEAD / HTTP/1.1" 200 0 "-" "jetmon/1.0 (Jetpack Site Uptime Monitor by WordPress.com)"
66.249.65.45 - - [02/May/2026:01:43:29 -0400] "GET /grade/career/eek1t98g9t8u36p.phtml HTTP/1.1" 200 29839 "-" "Mozilla/5.0 (Linux; Android 6.0.1; Nexus 5X Build/MMB29P) AppleWebKit/537.36 (KHTML, like Gecko) Chrome/147.0.7727.137 Mobile Safari/537.36 (compatible; Googlebot/2.1; +http://www.google.com/bot.html)"
66.249.65.46 - - [02/May/2026:01:43:30 -0400] "GET /pattern/effect/ebpymqdg2adn2nu.phtml HTTP/1.1" 200 30324 "-" "Mozilla/5.0 (Linux; Android 6.0.1; Nexus 5X Build/MMB29P) AppleWebKit/537.36 (KHTML, like Gecko) Chrome/147.0.7727.137 Mobile Safari/537.36 (compatible; Googlebot/2.1; +http://www.google.com/bot.html)"
66.249.65.44 - - [02/May/2026:01:44:25 -0400] "GET /area/sort/f04z15sbh8wibud.phtml HTTP/1.1" 200 28448 "-" "Mozilla/5.0 (Linux; Android 6.0.1; Nexus 5X Build/MMB29P) AppleWebKit/537.36 (KHTML, like Gecko) Chrome/147.0.7727.137 Mobile Safari/537.36 (compatible; Googlebot/2.1; +http://www.google.com/bot.html)"
66.249.65.44 - - [02/May/2026:01:45:00 -0400] "GET /status/unit/ee96umxka6xvwje.phtml HTTP/1.1" 200 30154 "-" "Mozilla/5.0 (Linux; Android 6.0.1; Nexus 5X Build/MMB29P) AppleWebKit/537.36 (KHTML, like Gecko) Chrome/147.0.7727.137 Mobile Safari/537.36 (compatible; Googlebot/2.1; +http://www.google.com/bot.html)"
66.249.65.44 - - [02/May/2026:01:46:48 -0400] "GET /level/collection/fs0aldob184ezel.phtml HTTP/1.1" 200 29420 "-" "Mozilla/5.0 (Linux; Android 6.0.1; Nexus 5X Build/MMB29P) AppleWebKit/537.36 (KHTML, like Gecko) Chrome/147.0.7727.137 Mobile Safari/537.36 (compatible; Googlebot/2.1; +http://www.google.com/bot.html)"
162.0.232.104 - - [02/May/2026:01:48:16 -0400] "POST /wp-cron.php?doing_wp_cron=1777700896.4489269256591796875000 HTTP/1.1" 200 0 "-" "WordPress/6.9.4; https://raydget.vip"
192.0.91.228 - - [02/May/2026:01:48:07 -0400] "HEAD / HTTP/1.1" 200 0 "-" "jetmon/1.0 (Jetpack Site Uptime Monitor by WordPress.com)"
66.249.65.44 - - [02/May/2026:01:51:15 -0400] "GET /classification/prototype/f6gxdh4btu8ut6p.phtml HTTP/1.1" 200 29109 "-" "Mozilla/5.0 (Linux; Android 6.0.1; Nexus 5X Build/MMB29P) AppleWebKit/537.36 (KHTML, like Gecko) Chrome/147.0.7727.137 Mobile Safari/537.36 (compatible; Googlebot/2.1; +http://www.google.com/bot.html)"
51.68.236.91 - - [02/May/2026:01:52:37 -0400] "GET /robots.txt HTTP/1.1" 200 91 "-" "Mozilla/5.0 (compatible; MJ12bot/v2.0.5; http://mj12bot.com/)"
162.0.232.104 - - [02/May/2026:01:52:46 -0400] "POST /wp-cron.php?doing_wp_cron=1777701166.9410510063171386718750 HTTP/1.1" 200 0 "-" "WordPress/6.9.4; https://raydget.vip"
51.68.236.91 - - [02/May/2026:01:52:37 -0400] "GET / HTTP/1.1" 404 21574 "-" "Mozilla/5.0 (compatible; MJ12bot/v2.0.5; http://mj12bot.com/)"
192.0.91.228 - - [02/May/2026:01:53:07 -0400] "HEAD / HTTP/1.1" 200 0 "-" "jetmon/1.0 (Jetpack Site Uptime Monitor by WordPress.com)"
162.0.232.104 - - [02/May/2026:01:53:57 -0400] "POST /wp-cron.php?doing_wp_cron=1777701236.9360098838806152343750 HTTP/1.1" 200 0 "-" "WordPress/6.9.4; https://raydget.vip"
66.249.65.45 - - [02/May/2026:01:53:38 -0400] "GET /spectrum/consignment/es9bumxba6xvvje.phtml HTTP/1.1" 404 0 "-" "Mozilla/5.0 (Linux; Android 6.0.1; Nexus 5X Build/MMB29P) AppleWebKit/537.36 (KHTML, like Gecko) Chrome/147.0.7727.137 Mobile Safari/537.36 (compatible; GoogleOther)"
168.187.5.210 - - [02/May/2026:01:53:58 -0400] "POST /xmlrpc.php HTTP/1.1" 200 0 "-" "Mozilla/5.0 (Windows NT 6.1; WOW64; Trident/7.0; MANM; rv:11.0) like Gecko"
66.249.65.44 - - [02/May/2026:01:54:13 -0400] "GET /union/characteristic/eehkq65i6q5re3m.phtml HTTP/1.1" 404 0 "-" "Mozilla/5.0 (Linux; Android 6.0.1; Nexus 5X Build/MMB29P) AppleWebKit/537.36 (KHTML, like Gecko) Chrome/147.0.7727.137 Mobile Safari/537.36 (compatible; GoogleOther)"
66.249.65.44 - - [02/May/2026:01:54:49 -0400] "GET /batch/set/edoh91cmplca3yt.phtml HTTP/1.1" 200 29801 "-" "Mozilla/5.0 (Linux; Android 6.0.1; Nexus 5X Build/MMB29P) AppleWebKit/537.36 (KHTML, like Gecko) Chrome/147.0.7727.137 Mobile Safari/537.36 (compatible; Googlebot/2.1; +http://www.google.com/bot.html)"
212.104.27.251 - - [02/May/2026:01:54:39 -0400] "POST /xmlrpc.php HTTP/1.1" 200 0 "-" "Mozilla/5.0 (Windows NT 10.0; WOW64) AppleWebKit/537.43 (KHTML, like Gecko) Chrome/140.0.0.0 Safari/537.36 OPR/124.0.0.0"
162.0.232.104 - - [02/May/2026:01:54:59 -0400] "POST /wp-cron.php?doing_wp_cron=1777701299.6478850841522216796875 HTTP/1.1" 200 0 "-" "WordPress/6.9.4; https://raydget.vip"
162.0.232.104 - - [02/May/2026:01:56:36 -0400] "POST /wp-cron.php?doing_wp_cron=1777701396.0415749549865722656250 HTTP/1.1" 200 0 "-" "WordPress/6.9.4; https://raydget.vip"
66.42.92.194 - - [02/May/2026:01:56:20 -0400] "POST /xmlrpc.php HTTP/1.1" 200 285 "-" "Mozilla/5.0 (Windows NT 10.0; WOW64; Trident/7.0; MDDSJS; rv:11.0) like Gecko"
66.249.65.45 - - [02/May/2026:01:56:37 -0400] "GET /area/module/ec4x15sbhps2a29.phtml HTTP/1.1" 200 30506 "-" "Mozilla/5.0 (Linux; Android 6.0.1; Nexus 5X Build/MMB29P) AppleWebKit/537.36 (KHTML, like Gecko) Chrome/147.0.7727.137 Mobile Safari/537.36 (compatible; Googlebot/2.1; +http://www.google.com/bot.html)"
66.249.65.45 - - [02/May/2026:01:56:37 -0400] "GET /classification/construction/eqhdq65d6q5r93m.phtml HTTP/1.1" 200 30328 "-" "Mozilla/5.0 (Linux; Android 6.0.1; Nexus 5X Build/MMB29P) AppleWebKit/537.36 (KHTML, like Gecko) Chrome/147.0.7727.137 Mobile Safari/537.36 (compatible; Googlebot/2.1; +http://www.google.com/bot.html)"
66.249.65.44 - - [02/May/2026:01:56:38 -0400] "GET /facet/scrap/ebf70s3egc31qpk.phtml HTTP/1.1" 200 30025 "-" "Mozilla/5.0 (Linux; Android 6.0.1; Nexus 5X Build/MMB29P) AppleWebKit/537.36 (KHTML, like Gecko) Chrome/147.0.7727.137 Mobile Safari/537.36 (compatible; Googlebot/2.1; +http://www.google.com/bot.html)"
66.249.65.45 - - [02/May/2026:01:56:38 -0400] "GET /phylum/class/eec9xp0gd90yjmh.phtml HTTP/1.1" 200 30117 "-" "Mozilla/5.0 (Linux; Android 6.0.1; Nexus 5X Build/MMB29P) AppleWebKit/537.36 (KHTML, like Gecko) Chrome/147.0.7727.137 Mobile Safari/537.36 (compatible; Googlebot/2.1; +http://www.google.com/bot.html)"
162.0.232.104 - - [02/May/2026:01:58:18 -0400] "POST /wp-cron.php?doing_wp_cron=1777701498.6670539379119873046875 HTTP/1.1" 200 0 "-" "WordPress/6.9.4; https://raydget.vip"
192.0.91.228 - - [02/May/2026:01:58:07 -0400] "HEAD / HTTP/1.1" 200 0 "-" "jetmon/1.0 (Jetpack Site Uptime Monitor by WordPress.com)"
66.249.65.44 - - [02/May/2026:01:59:20 -0400] "GET /cohort/abtameru/edzq8onio8n9ml4.phtml HTTP/1.1" 200 30131 "-" "Mozilla/5.0 (Linux; Android 6.0.1; Nexus 5X Build/MMB29P) AppleWebKit/537.36 (KHTML, like Gecko) Chrome/147.0.7727.137 Mobile Safari/537.36 (compatible; Googlebot/2.1; +http://www.google.com/bot.html)"
52.167.144.57 - - [02/May/2026:01:59:38 -0400] "GET /robots.txt HTTP/1.1" 200 91 "-" "Mozilla/5.0 AppleWebKit/537.36 (KHTML, like Gecko; compatible; bingbot/2.0; +http://www.bing.com/bingbot.htm) Chrome/116.0.1938.76 Safari/537.36"
162.0.232.104 - - [02/May/2026:01:59:45 -0400] "POST /wp-cron.php?doing_wp_cron=1777701585.5123360157012939453125 HTTP/1.1" 200 0 "-" "WordPress/6.9.4; https://raydget.vip"
52.167.144.216 - - [02/May/2026:01:59:40 -0400] "GET /index.php/sitemap.xml HTTP/1.1" 404 502 "-" "Mozilla/5.0 AppleWebKit/537.36 (KHTML, like Gecko; compatible; bingbot/2.0; +http://www.bing.com/bingbot.htm) Chrome/116.0.1938.76 Safari/537.36"
66.249.65.46 - - [02/May/2026:02:00:13 -0400] "GET /component/segment/ej4s15sghps2p29.phtml HTTP/1.1" 200 29909 "-" "Mozilla/5.0 (Linux; Android 6.0.1; Nexus 5X Build/MMB29P) AppleWebKit/537.36 (KHTML, like Gecko) Chrome/147.0.7727.137 Mobile Safari/537.36 (compatible; Googlebot/2.1; +http://www.google.com/bot.html)"
158.69.128.56 - - [02/May/2026:02:00:12 -0400] "POST /xmlrpc.php HTTP/1.1" 200 0 "-" "Mozilla/5.0 (Windows NT 10.0; WOW64) AppleWebKit/537.36 (KHTML, like Gecko) Chrome/66.0.3359.117 Safari/537.36"
66.249.65.45 - - [02/May/2026:02:01:08 -0400] "GET /grade/prototype/em4q15s6hps2l29.phtml HTTP/1.1" 200 29921 "-" "Mozilla/5.0 (Linux; Android 6.0.1; Nexus 5X Build/MMB29P) AppleWebKit/537.36 (KHTML, like Gecko) Chrome/147.0.7727.137 Mobile Safari/537.36 (compatible; Googlebot/2.1; +http://www.google.com/bot.html)"
66.249.65.44 - - [02/May/2026:02:01:09 -0400] "GET /hierarchy/substance/e5b1k0zi0kzl2xg.phtml HTTP/1.1" 200 29945 "-" "Mozilla/5.0 (Linux; Android 6.0.1; Nexus 5X Build/MMB29P) AppleWebKit/537.36 (KHTML, like Gecko) Chrome/147.0.7727.137 Mobile Safari/537.36 (compatible; Googlebot/2.1; +http://www.google.com/bot.html)"
172.232.7.86 - - [02/May/2026:02:01:32 -0400] "HEAD / HTTP/1.1" 200 0 "-" "Mozilla/5.0 (compatible; SSL-Checker/1.0)"
192.0.91.228 - - [02/May/2026:02:03:07 -0400] "HEAD / HTTP/1.1" 200 0 "-" "jetmon/1.0 (Jetpack Site Uptime Monitor by WordPress.com)"
66.249.65.45 - - [02/May/2026:02:02:35 -0400] "GET /array/supplement/fpxyialbys1bqbi.phtml HTTP/1.1" 503 854 "-" "Mozilla/5.0 (Linux; Android 6.0.1; Nexus 5X Build/MMB29P) AppleWebKit/537.36 (KHTML, like Gecko) Chrome/147.0.7727.137 Mobile Safari/537.36 (compatible; GoogleOther)"
160.250.204.105 - - [02/May/2026:02:04:27 -0400] "GET /wp-login.php HTTP/1.1" 200 0 "-" "Mozilla/5.0 (Windows NT 6.3; WOW64; Trident/7.0; TNJB; rv:11.0) like Gecko"
192.0.91.228 - - [02/May/2026:02:04:34 -0400] "HEAD / HTTP/1.1" 200 0 "-" "jetmon/1.0 (Jetpack Site Uptime Monitor by WordPress.com)"
122.248.245.244 - - [02/May/2026:02:05:00 -0400] "HEAD / HTTP/1.1" 200 0 "-" "jetmon/1.0 (Jetpack Site Uptime Monitor by WordPress.com)"
54.232.116.4 - - [02/May/2026:02:05:00 -0400] "HEAD / HTTP/1.1" 200 0 "-" "jetmon/1.0 (Jetpack Site Uptime Monitor by WordPress.com)"
54.217.201.243 - - [02/May/2026:02:05:00 -0400] "HEAD / HTTP/1.1" 200 0 "-" "jetmon/1.0 (Jetpack Site Uptime Monitor by WordPress.com)"
47.163.39.246 - - [02/May/2026:02:05:56 -0400] "POST /xmlrpc.php HTTP/1.1" 200 0 "-" "Mozilla/5.0 (Macintosh; Intel Mac OS X 10_12_6) AppleWebKit/537.36 (KHTML, like Gecko) Chrome/67.0.3396.62 Safari/537.36"
162.0.232.104 - - [02/May/2026:02:06:16 -0400] "POST /wp-cron.php?doing_wp_cron=1777701975.9316248893737792968750 HTTP/1.1" 200 0 "-" "WordPress/6.9.4; https://raydget.vip"
66.249.65.44 - - [02/May/2026:02:06:32 -0400] "GET /factor/bit/ffv0swjb89n9hl4.phtml HTTP/1.1" 200 28818 "-" "Mozilla/5.0 (Linux; Android 6.0.1; Nexus 5X Build/MMB29P) AppleWebKit/537.36 (KHTML, like Gecko) Chrome/147.0.7727.137 Mobile Safari/537.36 (compatible; Googlebot/2.1; +http://www.google.com/bot.html)"
162.0.232.104 - - [02/May/2026:02:07:16 -0400] "POST /wp-cron.php?doing_wp_cron=1777702036.6300780773162841796875 HTTP/1.1" 200 0 "-" "WordPress/6.9.4; https://raydget.vip"
162.0.232.104 - - [02/May/2026:02:08:04 -0400] "POST /wp-cron.php?doing_wp_cron=1777702084.1332330703735351562500 HTTP/1.1" 200 0 "-" "WordPress/6.9.4; https://raydget.vip"
66.249.65.45 - - [02/May/2026:02:07:04 -0400] "GET /array/goods/es81hxwsxhwizud.phtml HTTP/1.1" 404 0 "-" "Mozilla/5.0 (Linux; Android 6.0.1; Nexus 5X Build/MMB29P) AppleWebKit/537.36 (KHTML, like Gecko) Chrome/147.0.7727.137 Mobile Safari/537.36 (compatible; GoogleOther)"
192.0.91.228 - - [02/May/2026:02:08:07 -0400] "HEAD / HTTP/1.1" 200 0 "-" "jetmon/1.0 (Jetpack Site Uptime Monitor by WordPress.com)"
162.0.232.104 - - [02/May/2026:02:09:10 -0400] "POST /wp-cron.php?doing_wp_cron=1777702150.3527190685272216796875 HTTP/1.1" 200 0 "-" "WordPress/6.9.4; https://raydget.vip"
38.95.35.85 - - [02/May/2026:02:09:03 -0400] "GET /wp-login.php HTTP/1.1" 302 0 "-" "Mozilla/5.0 (Windows NT 10.0) AppleWebKit/537.36 (KHTML, like Gecko) Chrome/67.0.3396.79 Safari/537.36"
38.95.35.85 - - [02/May/2026:02:09:12 -0400] "GET /wp-login.php HTTP/1.1" 200 0 "https://raydget.vip/wp-login.php" "Mozilla/5.0 (Windows NT 10.0) AppleWebKit/537.36 (KHTML, like Gecko) Chrome/67.0.3396.79 Safari/537.36"
162.0.232.104 - - [02/May/2026:02:12:33 -0400] "POST /wp-cron.php?doing_wp_cron=1777702353.6470150947570800781250 HTTP/1.1" 200 0 "-" "WordPress/6.9.4; https://raydget.vip"
66.249.65.46 - - [02/May/2026:02:12:23 -0400] "GET /clade/case/esrgc4fbsofdp1w.phtml HTTP/1.1" 404 0 "-" "Mozilla/5.0 (Linux; Android 6.0.1; Nexus 5X Build/MMB29P) AppleWebKit/537.36 (KHTML, like Gecko) Chrome/147.0.7727.137 Mobile Safari/537.36 (compatible; GoogleOther)"
66.249.65.45 - - [02/May/2026:02:13:08 -0400] "GET /genre/object/egexn32l3n2om0j.phtml HTTP/1.1" 200 30308 "-" "Mozilla/5.0 (Linux; Android 6.0.1; Nexus 5X Build/MMB29P) AppleWebKit/537.36 (KHTML, like Gecko) Chrome/147.0.7727.137 Mobile Safari/537.36 (compatible; Googlebot/2.1; +http://www.google.com/bot.html)"
66.249.65.45 - - [02/May/2026:02:13:08 -0400] "GET /structure/build/ef8ohxwixhwi3ud.phtml HTTP/1.1" 200 29711 "-" "Mozilla/5.0 (Linux; Android 6.0.1; Nexus 5X Build/MMB29P) AppleWebKit/537.36 (KHTML, like Gecko) Chrome/147.0.7727.137 Mobile Safari/537.36 (compatible; Googlebot/2.1; +http://www.google.com/bot.html)"
192.0.91.228 - - [02/May/2026:02:13:06 -0400] "HEAD / HTTP/1.1" 200 0 "-" "jetmon/1.0 (Jetpack Site Uptime Monitor by WordPress.com)"
162.0.232.104 - - [02/May/2026:02:13:49 -0400] "POST /wp-cron.php?doing_wp_cron=1777702429.1415030956268310546875 HTTP/1.1" 200 0 "-" "WordPress/6.9.4; https://raydget.vip"
66.249.65.44 - - [02/May/2026:02:13:42 -0400] "GET /continuum/kind/en5jeutguetf6ra.phtml HTTP/1.1" 404 0 "-" "Mozilla/5.0 (Linux; Android 6.0.1; Nexus 5X Build/MMB29P) AppleWebKit/537.36 (KHTML, like Gecko) Chrome/147.0.7727.137 Mobile Safari/537.36 (compatible; GoogleOther)"
43.157.181.189 - - [02/May/2026:02:13:47 -0400] "GET / HTTP/1.1" 301 0 "http://www.raydget.vip" "Mozilla/5.0 (iPhone; CPU iPhone OS 13_2_3 like Mac OS X) AppleWebKit/605.1.15 (KHTML, like Gecko) Version/13.0.3 Mobile/15E148 Safari/604.1"
43.157.181.189 - - [02/May/2026:02:14:12 -0400] "GET / HTTP/1.1" 200 24878 "https://www.raydget.vip/" "Mozilla/5.0 (iPhone; CPU iPhone OS 13_2_3 like Mac OS X) AppleWebKit/605.1.15 (KHTML, like Gecko) Version/13.0.3 Mobile/15E148 Safari/604.1"
66.249.65.44 - - [02/May/2026:02:15:48 -0400] "GET /matrix/consequence/f7uxf7ibviy858f.phtml HTTP/1.1" 200 28409 "-" "Mozilla/5.0 (Linux; Android 6.0.1; Nexus 5X Build/MMB29P) AppleWebKit/537.36 (KHTML, like Gecko) Chrome/147.0.7727.137 Mobile Safari/537.36 (compatible; Googlebot/2.1; +http://www.google.com/bot.html)"
66.249.65.44 - - [02/May/2026:02:17:44 -0400] "GET /list/abhelp/e8os91cnplcaeyt.phtml HTTP/1.1" 200 29193 "-" "Mozilla/5.0 (Linux; Android 6.0.1; Nexus 5X Build/MMB29P) AppleWebKit/537.36 (KHTML, like Gecko) Chrome/147.0.7727.137 Mobile Safari/537.36 (compatible; Googlebot/2.1; +http://www.google.com/bot.html)"
66.249.65.45 - - [02/May/2026:02:17:45 -0400] "GET /order/fraction/ejkht98j9t8u86p.phtml HTTP/1.1" 200 30789 "-" "Mozilla/5.0 (Linux; Android 6.0.1; Nexus 5X Build/MMB29P) AppleWebKit/537.36 (KHTML, like Gecko) Chrome/147.0.7727.137 Mobile Safari/537.36 (compatible; Googlebot/2.1; +http://www.google.com/bot.html)"
162.0.232.104 - - [02/May/2026:02:18:13 -0400] "POST /wp-cron.php?doing_wp_cron=1777702693.2633349895477294921875 HTTP/1.1" 200 0 "-" "WordPress/6.9.4; https://raydget.vip"
192.0.91.228 - - [02/May/2026:02:18:07 -0400] "HEAD / HTTP/1.1" 200 0 "-" "jetmon/1.0 (Jetpack Site Uptime Monitor by WordPress.com)"
162.0.232.104 - - [02/May/2026:02:18:42 -0400] "POST /wp-cron.php?doing_wp_cron=1777702722.0625920295715332031250 HTTP/1.1" 200 0 "-" "WordPress/6.9.4; https://raydget.vip"
66.249.65.46 - - [02/May/2026:02:18:38 -0400] "GET /batch/sample/elnywcbdcwbx19s.phtml HTTP/1.1" 404 0 "-" "Mozilla/5.0 (Linux; Android 6.0.1; Nexus 5X Build/MMB29P) AppleWebKit/537.36 (KHTML, like Gecko) Chrome/147.0.7727.137 Mobile Safari/537.36 (compatible; GoogleOther)"
162.0.232.104 - - [02/May/2026:02:22:37 -0400] "POST /wp-cron.php?doing_wp_cron=1777702957.8851189613342285156250 HTTP/1.1" 200 0 "-" "WordPress/6.9.4; https://raydget.vip"
66.249.65.44 - - [02/May/2026:02:22:33 -0400] "GET /taxon/example/eestptgl5dgqgqx.phtml HTTP/1.1" 404 0 "-" "Mozilla/5.0 (Linux; Android 6.0.1; Nexus 5X Build/MMB29P) AppleWebKit/537.36 (KHTML, like Gecko) Chrome/147.0.7727.137 Mobile Safari/537.36 (compatible; GoogleOther)"
159.100.13.237 - - [02/May/2026:02:23:01 -0400] "POST /xmlrpc.php HTTP/1.1" 200 290 "-" "Mozilla/5.0 (Windows NT 6.1) AppleWebKit/537.36 (KHTML, like Gecko) Chrome/66.0.3359.139 Safari/537.36"
192.0.91.228 - - [02/May/2026:02:23:06 -0400] "HEAD / HTTP/1.1" 200 0 "-" "jetmon/1.0 (Jetpack Site Uptime Monitor by WordPress.com)"
66.249.65.46 - - [02/May/2026:02:24:32 -0400] "GET /class/info/e58jhxwoxhwi5ud.phtml HTTP/1.1" 200 30387 "-" "Mozilla/5.0 (Linux; Android 6.0.1; Nexus 5X Build/MMB29P) AppleWebKit/537.36 (KHTML, like Gecko) Chrome/147.0.7727.137 Mobile Safari/537.36 (compatible; Googlebot/2.1; +http://www.google.com/bot.html)"
162.0.232.104 - - [02/May/2026:02:27:02 -0400] "POST /wp-cron.php?doing_wp_cron=1777703222.6830019950866699218750 HTTP/1.1" 200 0 "-" "WordPress/6.9.4; https://raydget.vip"
66.249.65.44 - - [02/May/2026:02:26:58 -0400] "GET /make/sample/e15seutjuetf5ra.phtml HTTP/1.1" 404 0 "-" "Mozilla/5.0 (Linux; Android 6.0.1; Nexus 5X Build/MMB29P) AppleWebKit/537.36 (KHTML, like Gecko) Chrome/147.0.7727.137 Mobile Safari/537.36 (compatible; GoogleOther)"
162.0.232.104 - - [02/May/2026:02:28:12 -0400] "POST /wp-cron.php?doing_wp_cron=1777703292.3433849811553955078125 HTTP/1.1" 200 0 "-" "WordPress/6.9.4; https://raydget.vip"
192.0.91.228 - - [02/May/2026:02:28:07 -0400] "HEAD / HTTP/1.1" 200 0 "-" "jetmon/1.0 (Jetpack Site Uptime Monitor by WordPress.com)"
162.0.232.104 - - [02/May/2026:02:28:21 -0400] "GET /?wp_scrape_key=0d368fbb630e8848364a83cf38d04bc7&wp_scrape_nonce=1777703299 HTTP/1.1" 200 24926 "-" "WordPress/6.9.4; https://raydget.vip"
162.0.232.104 - - [02/May/2026:02:28:32 -0400] "GET /wp-json/jetpack/v4/sync/spawn-sync?time=1777703312&request_lock_id=c5619c80-8ec5-4a82-a59e-e121d27f419a HTTP/1.1" 200 0 "-" "WordPress/6.9.4; https://raydget.vip"
192.0.86.85 - - [02/May/2026:02:28:28 -0400] "POST /xmlrpc.php?for=jetpack&token=%28k%40UsNW2%28%29HEbJ0ppRZvSX%23g%23W%24%26dJv%2A%3A1%3A1&timestamp=1777703308&nonce=2VWQ0zvK5B&body-hash=4dE69nmAANzsAT9pdn1mu%2BGA8ZY%3D&signature=G3pVsDDnueLYWt1nMzhu6Aloyww%3D HTTP/1.1" 200 367 "https://raydget.vip/xmlrpc.php?for=jetpack&token=%28k%40UsNW2%28%29HEbJ0ppRZvSX%23g%23W%24%26dJv%2A%3A1%3A1&timestamp=1777703308&nonce=2VWQ0zvK5B&body-hash=4dE69nmAANzsAT9pdn1mu%2BGA8ZY%3D&signature=G3pVsDDnueLYWt1nMzhu6Aloyww%3D" "Jetpack by WordPress.com"
162.0.232.104 - - [02/May/2026:02:28:40 -0400] "POST /wp-cron.php?doing_wp_cron=1777703320.2372488975524902343750 HTTP/1.1" 200 0 "-" "WordPress/6.9.4; https://raydget.vip"
162.0.232.104 - - [02/May/2026:02:32:00 -0400] "POST /wp-cron.php?doing_wp_cron=1777703520.7655839920043945312500 HTTP/1.1" 200 0 "-" "WordPress/6.9.4; https://raydget.vip"
188.241.62.83 - - [02/May/2026:02:31:56 -0400] "GET /wp-login.php HTTP/1.1" 302 0 "-" "Mozilla/5.0 (Macintosh; Intel Mac OS X 10_13_1) AppleWebKit/537.36 (KHTML, like Gecko) Chrome/66.0.3359.139 Safari/537.36"
66.249.65.44 - - [02/May/2026:02:32:00 -0400] "GET /tier/construction/dlsxptge5dgqaqx.phtml HTTP/1.1" 404 0 "-" "Mozilla/5.0 (Linux; Android 6.0.1; Nexus 5X Build/MMB29P) AppleWebKit/537.36 (KHTML, like Gecko) Chrome/147.0.7727.137 Mobile Safari/537.36 (compatible; GoogleOther)"
188.241.62.83 - - [02/May/2026:02:32:01 -0400] "GET /wp-login.php HTTP/1.1" 302 0 "https://raydget.vip/wp-login.php" "Mozilla/5.0 (Macintosh; Intel Mac OS X 10_13_1) AppleWebKit/537.36 (KHTML, like Gecko) Chrome/66.0.3359.139 Safari/537.36"
188.241.62.83 - - [02/May/2026:02:32:14 -0400] "GET /wp-login.php HTTP/1.1" 200 0 "https://raydget.vip/wp-login.php" "Mozilla/5.0 (Macintosh; Intel Mac OS X 10_13_1) AppleWebKit/537.36 (KHTML, like Gecko) Chrome/66.0.3359.139 Safari/537.36"
