66.249.65.45 - - [01/May/2026:17:31:57 -0400] "GET /society/shop/e0a47byenvy8v8f.phtml HTTP/1.1" 200 29817 "-" "Mozilla/5.0 (Linux; Android 6.0.1; Nexus 5X Build/MMB29P) AppleWebKit/537.36 (KHTML, like Gecko) Chrome/147.0.7727.137 Mobile Safari/537.36 (compatible; Googlebot/2.1; +http://www.google.com/bot.html)"
162.0.232.104 - - [01/May/2026:17:32:21 -0400] "POST /wp-cron.php?doing_wp_cron=1777671141.3333098888397216796875 HTTP/1.1" 200 0 "-" "WordPress/6.9.4; https://raydget.vip"
66.249.65.44 - - [01/May/2026:17:30:58 -0400] "GET /schema/artifact/f9gzdh4bt98uq6p.phtml HTTP/1.1" 404 0 "-" "Mozilla/5.0 (Linux; Android 6.0.1; Nexus 5X Build/MMB29P) AppleWebKit/537.36 (KHTML, like Gecko) Chrome/147.0.7727.137 Mobile Safari/537.36 (compatible; GoogleOther)"
162.0.232.104 - - [01/May/2026:17:32:22 -0400] "POST /wp-cron.php?doing_wp_cron=1777671142.0351459980010986328125 HTTP/1.1" 200 0 "-" "WordPress/6.9.4; https://raydget.vip"
192.0.91.228 - - [01/May/2026:17:33:08 -0400] "HEAD / HTTP/1.1" 200 0 "-" "jetmon/1.0 (Jetpack Site Uptime Monitor by WordPress.com)"
162.0.232.104 - - [01/May/2026:17:34:06 -0400] "POST /wp-cron.php?doing_wp_cron=1777671245.3404300212860107421875 HTTP/1.1" 200 0 "-" "WordPress/6.9.4; https://raydget.vip"
66.249.65.44 - - [01/May/2026:17:32:59 -0400] "GET /format/system/evuzf7ibvriga4z.phtml HTTP/1.1" 404 0 "-" "Mozilla/5.0 (Linux; Android 6.0.1; Nexus 5X Build/MMB29P) AppleWebKit/537.36 (KHTML, like Gecko) Chrome/147.0.7727.137 Mobile Safari/537.36 (compatible; GoogleOther)"
162.0.232.104 - - [01/May/2026:17:34:23 -0400] "POST /wp-cron.php?doing_wp_cron=1777671263.1365640163421630859375 HTTP/1.1" 200 0 "-" "WordPress/6.9.4; https://raydget.vip"
162.0.232.104 - - [01/May/2026:17:35:45 -0400] "POST /wp-cron.php?doing_wp_cron=1777671345.5378699302673339843750 HTTP/1.1" 200 0 "-" "WordPress/6.9.4; https://raydget.vip"
66.249.65.44 - - [01/May/2026:17:35:13 -0400] "GET /sphere/segment/ejh5q65g6q5r23m.phtml HTTP/1.1" 404 0 "-" "Mozilla/5.0 (Linux; Android 6.0.1; Nexus 5X Build/MMB29P) AppleWebKit/537.36 (KHTML, like Gecko) Chrome/147.0.7727.137 Mobile Safari/537.36 (compatible; GoogleOther)"
64.227.152.124 - - [01/May/2026:17:35:36 -0400] "GET /wp-login.php HTTP/1.1" 200 0 "-" "Mozilla/5.0 (Macintosh; Intel Mac OS X 10_10_5) AppleWebKit/537.36 (KHTML, like Gecko) Chrome/65.0.3325.181 Safari/537.36"
66.249.65.46 - - [01/May/2026:17:36:13 -0400] "GET /chart/specification/fkl16y9bm8pzcz6.phtml HTTP/1.1" 404 0 "-" "Mozilla/5.0 (Linux; Android 6.0.1; Nexus 5X Build/MMB29P) AppleWebKit/537.36 (KHTML, like Gecko) Chrome/147.0.7727.137 Mobile Safari/537.36 (compatible; GoogleOther)"
162.0.232.104 - - [01/May/2026:17:36:49 -0400] "POST /wp-cron.php?doing_wp_cron=1777671409.3374290466308593750000 HTTP/1.1" 200 0 "-" "WordPress/6.9.4; https://raydget.vip"
66.249.65.44 - - [01/May/2026:17:36:38 -0400] "GET /table/system/ezpbmqde2adnonu.phtml HTTP/1.1" 404 0 "-" "Mozilla/5.0 (Linux; Android 6.0.1; Nexus 5X Build/MMB29P) AppleWebKit/537.36 (KHTML, like Gecko) Chrome/147.0.7727.137 Mobile Safari/537.36 (compatible; GoogleOther)"
66.249.65.45 - - [01/May/2026:17:37:21 -0400] "GET /classification/class/f3ay7bybn62oh0j.phtml HTTP/1.1" 404 0 "-" "Mozilla/5.0 (Linux; Android 6.0.1; Nexus 5X Build/MMB29P) AppleWebKit/537.36 (KHTML, like Gecko) Chrome/147.0.7727.137 Mobile Safari/537.36 (compatible; GoogleOther)"
162.0.232.104 - - [01/May/2026:17:37:48 -0400] "POST /wp-cron.php?doing_wp_cron=1777671468.6433649063110351562500 HTTP/1.1" 200 0 "-" "WordPress/6.9.4; https://raydget.vip"
66.249.65.44 - - [01/May/2026:17:37:38 -0400] "GET /aggregation/model/f9zx8onboefd61w.phtml HTTP/1.1" 404 0 "-" "Mozilla/5.0 (Linux; Android 6.0.1; Nexus 5X Build/MMB29P) AppleWebKit/537.36 (KHTML, like Gecko) Chrome/147.0.7727.137 Mobile Safari/537.36 (compatible; GoogleOther)"
66.249.65.45 - - [01/May/2026:17:38:09 -0400] "GET /discipline/derivative/e7soptgk5dgqtqx.phtml HTTP/1.1" 404 0 "-" "Mozilla/5.0 (Linux; Android 6.0.1; Nexus 5X Build/MMB29P) AppleWebKit/537.36 (KHTML, like Gecko) Chrome/147.0.7727.137 Mobile Safari/537.36 (compatible; GoogleOther)"
192.0.91.228 - - [01/May/2026:17:38:10 -0400] "HEAD / HTTP/1.1" 200 0 "-" "jetmon/1.0 (Jetpack Site Uptime Monitor by WordPress.com)"
162.0.232.104 - - [01/May/2026:17:38:37 -0400] "POST /wp-cron.php?doing_wp_cron=1777671517.4352419376373291015625 HTTP/1.1" 200 0 "-" "WordPress/6.9.4; https://raydget.vip"
89.25.230.156 - - [01/May/2026:17:38:21 -0400] "GET /wp-login.php HTTP/1.1" 302 0 "-" "Mozilla/4.0 (compatible; MSIE 7.0; Windows NT 10.0; WOW64; Trident/7.0; .NET4.0C; .NET4.0E; .NET CLR 2.0.50727; .NET CLR 3.0.30729; .NET CLR 3.5.30729)"
66.249.65.45 - - [01/May/2026:17:38:23 -0400] "GET /version/assembly/eltp2ihci2h3ufy.phtml HTTP/1.1" 404 0 "-" "Mozilla/5.0 (Linux; Android 6.0.1; Nexus 5X Build/MMB29P) AppleWebKit/537.36 (KHTML, like Gecko) Chrome/147.0.7727.137 Mobile Safari/537.36 (compatible; GoogleOther)"
89.25.230.156 - - [01/May/2026:17:38:38 -0400] "GET /wp-login.php HTTP/1.1" 200 0 "https://raydget.vip/wp-login.php" "Mozilla/4.0 (compatible; MSIE 7.0; Windows NT 10.0; WOW64; Trident/7.0; .NET4.0C; .NET4.0E; .NET CLR 2.0.50727; .NET CLR 3.0.30729; .NET CLR 3.5.30729)"
161.132.40.97 - - [01/May/2026:17:38:44 -0400] "GET /wp-login.php HTTP/1.1" 200 0 "-" "Mozilla/5.0 (Windows NT 6.1; Win64; x64) AppleWebKit/537.36 (KHTML, like Gecko) Chrome/67.0.3396.62 Safari/537.36"
162.0.232.104 - - [01/May/2026:17:39:28 -0400] "POST /wp-cron.php?doing_wp_cron=1777671568.4466609954833984375000 HTTP/1.1" 200 0 "-" "WordPress/6.9.4; https://raydget.vip"
66.249.65.46 - - [01/May/2026:17:39:12 -0400] "GET /denomination/implement/e4n8wcbccwbxm9s.phtml HTTP/1.1" 404 0 "-" "Mozilla/5.0 (Linux; Android 6.0.1; Nexus 5X Build/MMB29P) AppleWebKit/537.36 (KHTML, like Gecko) Chrome/147.0.7727.137 Mobile Safari/537.36 (compatible; GoogleOther)"
162.0.232.104 - - [01/May/2026:17:39:48 -0400] "POST /wp-cron.php?doing_wp_cron=1777671588.2407939434051513671875 HTTP/1.1" 200 0 "-" "WordPress/6.9.4; https://raydget.vip"
43.161.251.162 - - [01/May/2026:17:39:27 -0400] "GET /sposoby-oplaty/ HTTP/1.1" 200 23714 "-" "Mozilla/5.0 (iPhone; CPU iPhone OS 13_2_3 like Mac OS X) AppleWebKit/605.1.15 (KHTML, like Gecko) Version/13.0.3 Mobile/15E148 Safari/604.1"
66.249.65.44 - - [01/May/2026:17:39:42 -0400] "GET /entity/parcel/fqf00s3bgkjt6t0.phtml HTTP/1.1" 404 0 "-" "Mozilla/5.0 (Linux; Android 6.0.1; Nexus 5X Build/MMB29P) AppleWebKit/537.36 (KHTML, like Gecko) Chrome/147.0.7727.137 Mobile Safari/537.36 (compatible; GoogleOther)"
66.249.65.46 - - [01/May/2026:17:40:20 -0400] "GET /cohort/artifact/e5fh0s33gc31rpk.phtml HTTP/1.1" 404 0 "-" "Mozilla/5.0 (Linux; Android 6.0.1; Nexus 5X Build/MMB29P) AppleWebKit/537.36 (KHTML, like Gecko) Chrome/147.0.7727.137 Mobile Safari/537.36 (compatible; GoogleOther)"
162.0.232.104 - - [01/May/2026:17:41:11 -0400] "POST /wp-cron.php?doing_wp_cron=1777671671.2501308917999267578125 HTTP/1.1" 200 0 "-" "WordPress/6.9.4; https://raydget.vip"
66.249.65.44 - - [01/May/2026:17:40:56 -0400] "GET /aggregation/kit/fhewn32b3eus5gb.phtml HTTP/1.1" 404 0 "-" "Mozilla/5.0 (Linux; Android 6.0.1; Nexus 5X Build/MMB29P) AppleWebKit/537.36 (KHTML, like Gecko) Chrome/147.0.7727.137 Mobile Safari/537.36 (compatible; GoogleOther)"
162.0.232.104 - - [01/May/2026:17:41:56 -0400] "POST /wp-cron.php?doing_wp_cron=1777671716.5373680591583251953125 HTTP/1.1" 200 0 "-" "WordPress/6.9.4; https://raydget.vip"
66.249.65.44 - - [01/May/2026:17:41:52 -0400] "GET /module/batch/fmuxf7ibvey8z8f.phtml HTTP/1.1" 404 0 "-" "Mozilla/5.0 (Linux; Android 6.0.1; Nexus 5X Build/MMB29P) AppleWebKit/537.36 (KHTML, like Gecko) Chrome/147.0.7727.137 Mobile Safari/537.36 (compatible; GoogleOther)"
66.249.65.45 - - [01/May/2026:17:42:02 -0400] "GET /categorization/case/eoroc4flsofdj1w.phtml HTTP/1.1" 404 0 "-" "Mozilla/5.0 (Linux; Android 6.0.1; Nexus 5X Build/MMB29P) AppleWebKit/537.36 (KHTML, like Gecko) Chrome/147.0.7727.137 Mobile Safari/537.36 (compatible; GoogleOther)"
66.249.65.44 - - [01/May/2026:17:43:02 -0400] "GET /phylum/example/fafz0s3bgijtwt0.phtml HTTP/1.1" 200 30028 "-" "Mozilla/5.0 (Linux; Android 6.0.1; Nexus 5X Build/MMB29P) AppleWebKit/537.36 (KHTML, like Gecko) Chrome/147.0.7727.137 Mobile Safari/537.36 (compatible; Googlebot/2.1; +http://www.google.com/bot.html)"
192.0.91.228 - - [01/May/2026:17:43:08 -0400] "HEAD / HTTP/1.1" 200 0 "-" "jetmon/1.0 (Jetpack Site Uptime Monitor by WordPress.com)"
162.0.232.104 - - [01/May/2026:17:43:29 -0400] "POST /wp-cron.php?doing_wp_cron=1777671809.5417609214782714843750 HTTP/1.1" 200 0 "-" "WordPress/6.9.4; https://raydget.vip"
66.249.65.44 - - [01/May/2026:17:43:03 -0400] "GET /sort/make/esxtialoyulj872.phtml HTTP/1.1" 404 0 "-" "Mozilla/5.0 (Linux; Android 6.0.1; Nexus 5X Build/MMB29P) AppleWebKit/537.36 (KHTML, like Gecko) Chrome/147.0.7727.137 Mobile Safari/537.36 (compatible; GoogleOther)"
66.249.65.44 - - [01/May/2026:17:44:03 -0400] "GET /matrix/prototype/eq16y2plempzpz6.phtml HTTP/1.1" 200 28872 "-" "Mozilla/5.0 (Linux; Android 6.0.1; Nexus 5X Build/MMB29P) AppleWebKit/537.36 (KHTML, like Gecko) Chrome/147.0.7727.137 Mobile Safari/537.36 (compatible; Googlebot/2.1; +http://www.google.com/bot.html)"
66.249.65.44 - - [01/May/2026:17:44:04 -0400] "GET /index/asset/er3eogrd40rp5d8.phtml HTTP/1.1" 200 30907 "-" "Mozilla/5.0 (Linux; Android 6.0.1; Nexus 5X Build/MMB29P) AppleWebKit/537.36 (KHTML, like Gecko) Chrome/147.0.7727.137 Mobile Safari/537.36 (compatible; Googlebot/2.1; +http://www.google.com/bot.html)"
162.0.232.104 - - [01/May/2026:17:44:18 -0400] "POST /wp-cron.php?doing_wp_cron=1777671858.7336580753326416015625 HTTP/1.1" 200 0 "-" "WordPress/6.9.4; https://raydget.vip"
66.249.65.44 - - [01/May/2026:17:44:14 -0400] "GET /attribute/characteristic/ee84hxw9xhwi8ud.phtml HTTP/1.1" 404 0 "-" "Mozilla/5.0 (Linux; Android 6.0.1; Nexus 5X Build/MMB29P) AppleWebKit/537.36 (KHTML, like Gecko) Chrome/147.0.7727.137 Mobile Safari/537.36 (compatible; GoogleOther)"
66.249.65.44 - - [01/May/2026:17:44:33 -0400] "GET /status/class/eyd4ae1dqy1b1bi.phtml HTTP/1.1" 200 30219 "-" "Mozilla/5.0 (Linux; Android 6.0.1; Nexus 5X Build/MMB29P) AppleWebKit/537.36 (KHTML, like Gecko) Chrome/147.0.7727.137 Mobile Safari/537.36 (compatible; Googlebot/2.1; +http://www.google.com/bot.html)"
162.0.232.104 - - [01/May/2026:17:44:38 -0400] "POST /wp-cron.php?doing_wp_cron=1777671878.2383449077606201171875 HTTP/1.1" 200 0 "-" "WordPress/6.9.4; https://raydget.vip"
192.0.91.228 - - [01/May/2026:17:44:31 -0400] "HEAD / HTTP/1.1" 200 0 "-" "jetmon/1.0 (Jetpack Site Uptime Monitor by WordPress.com)"
66.249.65.44 - - [01/May/2026:17:44:38 -0400] "GET /nomenclature/artifact/eh5peutcuetf2ra.phtml HTTP/1.1" 200 29728 "-" "Mozilla/5.0 (Linux; Android 6.0.1; Nexus 5X Build/MMB29P) AppleWebKit/537.36 (KHTML, like Gecko) Chrome/147.0.7727.137 Mobile Safari/537.36 (compatible; Googlebot/2.1; +http://www.google.com/bot.html)"
66.249.65.44 - - [01/May/2026:17:44:39 -0400] "GET /field/release/eqx4ialkyuljk72.phtml HTTP/1.1" 200 29369 "-" "Mozilla/5.0 (Linux; Android 6.0.1; Nexus 5X Build/MMB29P) AppleWebKit/537.36 (KHTML, like Gecko) Chrome/147.0.7727.137 Mobile Safari/537.36 (compatible; Googlebot/2.1; +http://www.google.com/bot.html)"
14.232.57.159 - - [01/May/2026:17:44:47 -0400] "GET /products/citran/ HTTP/1.1" 200 0 "-" "Mozilla/5.0 (Macintosh; U; Intel Mac OS X 10_11_5; rv:1.9.6.20) Gecko/9713-03-05 00:57:12.444550 Firefox/4.0"
14.251.132.20 - - [01/May/2026:17:45:03 -0400] "GET /products/citran/ HTTP/1.1" 200 0 "-" "Mozilla/5.0 (Android 5.0.2; Mobile; rv:29.0) Gecko/29.0 Firefox/29.0"
66.249.65.46 - - [01/May/2026:17:45:20 -0400] "GET /pattern/handiwork/er4e15sjhps2o29.phtml HTTP/1.1" 200 29837 "-" "Mozilla/5.0 (Linux; Android 6.0.1; Nexus 5X Build/MMB29P) AppleWebKit/537.36 (KHTML, like Gecko) Chrome/147.0.7727.137 Mobile Safari/537.36 (compatible; Googlebot/2.1; +http://www.google.com/bot.html)"
66.249.65.45 - - [01/May/2026:17:45:22 -0400] "GET /ambit/artifact/etvlswjx8gjtpt0.phtml HTTP/1.1" 200 30842 "-" "Mozilla/5.0 (Linux; Android 6.0.1; Nexus 5X Build/MMB29P) AppleWebKit/537.36 (KHTML, like Gecko) Chrome/147.0.7727.137 Mobile Safari/537.36 (compatible; Googlebot/2.1; +http://www.google.com/bot.html)"
66.249.65.45 - - [01/May/2026:17:45:21 -0400] "GET /realm/craft/f1ix3v6bjkmwbw3.phtml HTTP/1.1" 200 28691 "-" "Mozilla/5.0 (Linux; Android 6.0.1; Nexus 5X Build/MMB29P) AppleWebKit/537.36 (KHTML, like Gecko) Chrome/147.0.7727.137 Mobile Safari/537.36 (compatible; Googlebot/2.1; +http://www.google.com/bot.html)"
66.249.65.44 - - [01/May/2026:17:45:22 -0400] "GET /bunch/variant/er9wumxma6xvkje.phtml HTTP/1.1" 200 28743 "-" "Mozilla/5.0 (Linux; Android 6.0.1; Nexus 5X Build/MMB29P) AppleWebKit/537.36 (KHTML, like Gecko) Chrome/147.0.7727.137 Mobile Safari/537.36 (compatible; Googlebot/2.1; +http://www.google.com/bot.html)"
104.218.199.27 - - [01/May/2026:17:45:18 -0400] "GET /products/citran/ HTTP/1.1" 200 0 "-" "Opera/8.49.(X11; Linux i686; km-KH) Presto/2.9.180 Version/12.00"
162.0.232.104 - - [01/May/2026:17:45:35 -0400] "POST /wp-cron.php?doing_wp_cron=1777671934.9367280006408691406250 HTTP/1.1" 200 0 "-" "WordPress/6.9.4; https://raydget.vip"
66.249.65.46 - - [01/May/2026:17:45:17 -0400] "GET /rubric/fraction/ensyptgh5dgquqx.phtml HTTP/1.1" 404 0 "-" "Mozilla/5.0 (Linux; Android 6.0.1; Nexus 5X Build/MMB29P) AppleWebKit/537.36 (KHTML, like Gecko) Chrome/147.0.7727.137 Mobile Safari/537.36 (compatible; GoogleOther)"
112.196.0.228 - - [01/May/2026:17:45:52 -0400] "GET /wp-login.php HTTP/1.1" 302 0 "-" "Mozilla/5.0 (Windows NT 6.3; Win64; x64; Trident/7.0; MALNJS; rv:11.0) like Gecko"
112.196.0.228 - - [01/May/2026:17:46:01 -0400] "GET /wp-login.php HTTP/1.1" 302 0 "https://raydget.vip/wp-login.php" "Mozilla/5.0 (Windows NT 6.3; Win64; x64; Trident/7.0; MALNJS; rv:11.0) like Gecko"
112.196.0.228 - - [01/May/2026:17:46:07 -0400] "GET /wp-login.php HTTP/1.1" 302 0 "https://raydget.vip/wp-login.php" "Mozilla/5.0 (Windows NT 6.3; Win64; x64; Trident/7.0; MALNJS; rv:11.0) like Gecko"
162.0.232.104 - - [01/May/2026:17:46:41 -0400] "POST /wp-cron.php?doing_wp_cron=1777672001.6608009338378906250000 HTTP/1.1" 200 0 "-" "WordPress/6.9.4; https://raydget.vip"
66.249.65.46 - - [01/May/2026:17:46:33 -0400] "GET /form/kind/dnix3v6xjf64vsn.phtml HTTP/1.1" 404 0 "-" "Mozilla/5.0 (Linux; Android 6.0.1; Nexus 5X Build/MMB29P) AppleWebKit/537.36 (KHTML, like Gecko) Chrome/147.0.7727.137 Mobile Safari/537.36 (compatible; GoogleOther)"
162.0.232.104 - - [01/May/2026:17:48:14 -0400] "POST /wp-cron.php?doing_wp_cron=1777672094.9773719310760498046875 HTTP/1.1" 200 0 "-" "WordPress/6.9.4; https://raydget.vip"
192.0.91.228 - - [01/May/2026:17:48:09 -0400] "HEAD / HTTP/1.1" 200 0 "-" "jetmon/1.0 (Jetpack Site Uptime Monitor by WordPress.com)"
162.0.232.104 - - [01/May/2026:17:49:45 -0400] "POST /wp-cron.php?doing_wp_cron=1777672185.2422049045562744140625 HTTP/1.1" 200 0 "-" "WordPress/6.9.4; https://raydget.vip"
103.216.117.42 - - [01/May/2026:17:49:36 -0400] "GET /wp-login.php HTTP/1.1" 302 0 "-" "Mozilla/5.0 (Windows NT 6.1; Win64; x64) AppleWebKit/537.36 (KHTML, like Gecko) Chrome/63.0.3239.132 Safari/537.36 OPR/50.0.2762.67"
103.216.117.42 - - [01/May/2026:17:49:46 -0400] "GET /wp-login.php HTTP/1.1" 200 0 "https://raydget.vip/wp-login.php" "Mozilla/5.0 (Windows NT 6.1; Win64; x64) AppleWebKit/537.36 (KHTML, like Gecko) Chrome/63.0.3239.132 Safari/537.36 OPR/50.0.2762.67"
66.249.65.46 - - [01/May/2026:17:49:42 -0400] "GET /version/attribute/e5wq5lkil5k6bi1.phtml HTTP/1.1" 404 0 "-" "Mozilla/5.0 (Linux; Android 6.0.1; Nexus 5X Build/MMB29P) AppleWebKit/537.36 (KHTML, like Gecko) Chrome/147.0.7727.137 Mobile Safari/537.36 (compatible; GoogleOther)"
51.210.146.129 - - [01/May/2026:17:50:01 -0400] "GET /wp-login.php HTTP/1.1" 200 0 "-" "Mozilla/5.0 (Macintosh; Intel Mac OS X 10_9_5) AppleWebKit/537.36 (KHTML, like Gecko) Chrome/67.0.3396.87 Safari/537.36"
162.0.232.104 - - [01/May/2026:17:50:56 -0400] "POST /wp-cron.php?doing_wp_cron=1777672256.7401890754699707031250 HTTP/1.1" 200 0 "-" "WordPress/6.9.4; https://raydget.vip"
66.249.65.44 - - [01/May/2026:17:50:48 -0400] "GET /aggregation/option/eambjnadz7akakr.phtml HTTP/1.1" 404 0 "-" "Mozilla/5.0 (Linux; Android 6.0.1; Nexus 5X Build/MMB29P) AppleWebKit/537.36 (KHTML, like Gecko) Chrome/147.0.7727.137 Mobile Safari/537.36 (compatible; GoogleOther)"
66.249.65.44 - - [01/May/2026:17:51:21 -0400] "GET /division/fraction/en2wbrqbrbqcyo7.phtml HTTP/1.1" 404 0 "-" "Mozilla/5.0 (Linux; Android 6.0.1; Nexus 5X Build/MMB29P) AppleWebKit/537.36 (KHTML, like Gecko) Chrome/147.0.7727.137 Mobile Safari/537.36 (compatible; GoogleOther)"
162.0.232.104 - - [01/May/2026:17:53:17 -0400] "POST /wp-cron.php?doing_wp_cron=1777672397.6366889476776123046875 HTTP/1.1" 200 0 "-" "WordPress/6.9.4; https://raydget.vip"
192.0.91.228 - - [01/May/2026:17:53:09 -0400] "HEAD / HTTP/1.1" 200 0 "-" "jetmon/1.0 (Jetpack Site Uptime Monitor by WordPress.com)"
66.249.65.45 - - [01/May/2026:17:53:36 -0400] "GET /strain/class/eai03v6fjf648sn.phtml HTTP/1.1" 200 31190 "-" "Mozilla/5.0 (Linux; Android 6.0.1; Nexus 5X Build/MMB29P) AppleWebKit/537.36 (KHTML, like Gecko) Chrome/147.0.7727.137 Mobile Safari/537.36 (compatible; Googlebot/2.1; +http://www.google.com/bot.html)"
66.249.65.45 - - [01/May/2026:17:53:36 -0400] "GET /division/assortment/erc2xp0id90y7mh.phtml HTTP/1.1" 200 30185 "-" "Mozilla/5.0 (Linux; Android 6.0.1; Nexus 5X Build/MMB29P) AppleWebKit/537.36 (KHTML, like Gecko) Chrome/147.0.7727.137 Mobile Safari/537.36 (compatible; Googlebot/2.1; +http://www.google.com/bot.html)"
66.249.65.46 - - [01/May/2026:17:53:36 -0400] "GET /facet/inventory/f4kyt98b9r0ymmh.phtml HTTP/1.1" 200 28923 "-" "Mozilla/5.0 (Linux; Android 6.0.1; Nexus 5X Build/MMB29P) AppleWebKit/537.36 (KHTML, like Gecko) Chrome/147.0.7727.137 Mobile Safari/537.36 (compatible; Googlebot/2.1; +http://www.google.com/bot.html)"
66.249.65.46 - - [01/May/2026:17:53:37 -0400] "GET /group/parcel/ekaw7byjnvy8w8f.phtml HTTP/1.1" 200 29611 "-" "Mozilla/5.0 (Linux; Android 6.0.1; Nexus 5X Build/MMB29P) AppleWebKit/537.36 (KHTML, like Gecko) Chrome/147.0.7727.137 Mobile Safari/537.36 (compatible; Googlebot/2.1; +http://www.google.com/bot.html)"
162.0.232.104 - - [01/May/2026:17:54:11 -0400] "POST /wp-cron.php?doing_wp_cron=1777672451.1581699848175048828125 HTTP/1.1" 200 0 "-" "WordPress/6.9.4; https://raydget.vip"
66.249.65.46 - - [01/May/2026:17:54:07 -0400] "GET /ambit/produce/expumqdc2adn2nu.phtml HTTP/1.1" 404 0 "-" "Mozilla/5.0 (Linux; Android 6.0.1; Nexus 5X Build/MMB29P) AppleWebKit/537.36 (KHTML, like Gecko) Chrome/147.0.7727.137 Mobile Safari/537.36 (compatible; GoogleOther)"
115.45.42.123 - - [01/May/2026:17:54:22 -0400] "GET /robots.txt HTTP/1.1" 200 91 "-" "Mozilla/5.0 (Windows NT 10.0; WOW64) AppleWebKit/537.36 (KHTML, like Gecko) Chrome/92.0.3197.137 Safari/537.36 QIHU 360SE"
162.0.232.104 - - [01/May/2026:17:55:11 -0400] "POST /wp-cron.php?doing_wp_cron=1777672511.3943319320678710937500 HTTP/1.1" 200 0 "-" "WordPress/6.9.4; https://raydget.vip"
66.249.65.44 - - [01/May/2026:17:55:05 -0400] "GET /framework/entity/earoc4fcsofde1w.phtml HTTP/1.1" 404 0 "-" "Mozilla/5.0 (Linux; Android 6.0.1; Nexus 5X Build/MMB29P) AppleWebKit/537.36 (KHTML, like Gecko) Chrome/147.0.7727.137 Mobile Safari/537.36 (compatible; GoogleOther)"
66.249.65.44 - - [01/May/2026:17:55:32 -0400] "GET /typology/inventory/f0zx8onbobfdx1w.phtml HTTP/1.1" 200 29315 "-" "Mozilla/5.0 (Linux; Android 6.0.1; Nexus 5X Build/MMB29P) AppleWebKit/537.36 (KHTML, like Gecko) Chrome/147.0.7727.137 Mobile Safari/537.36 (compatible; Googlebot/2.1; +http://www.google.com/bot.html)"
162.0.232.104 - - [01/May/2026:17:56:40 -0400] "POST /wp-cron.php?doing_wp_cron=1777672600.3998150825500488281250 HTTP/1.1" 200 0 "-" "WordPress/6.9.4; https://raydget.vip"
144.76.72.43 - - [01/May/2026:17:56:34 -0400] "GET /wp-login.php HTTP/1.1" 302 0 "-" "Mozilla/5.0 (Windows NT 10.0; WOW64; Trident/7.0; EIE10;ENUSMSN; rv:11.0) like Gecko"
52.91.65.238 - - [01/May/2026:17:56:41 -0400] "GET /.git/config HTTP/1.1" 403 1242 "-" "Mozilla/5.0 (Macintosh; Intel Mac OS X 10_15_0) AppleWebKit/537.36 (KHTML, like Gecko) Chrome/77.0.3844.0 Safari/537.36"
144.76.72.43 - - [01/May/2026:17:56:41 -0400] "GET /wp-login.php HTTP/1.1" 200 0 "https://raydget.vip/wp-login.php" "Mozilla/5.0 (Windows NT 10.0; WOW64; Trident/7.0; EIE10;ENUSMSN; rv:11.0) like Gecko"
66.249.65.46 - - [01/May/2026:17:57:31 -0400] "GET /variety/inventory/evib3v6fjf64esn.phtml HTTP/1.1" 200 29469 "-" "Mozilla/5.0 (Linux; Android 6.0.1; Nexus 5X Build/MMB29P) AppleWebKit/537.36 (KHTML, like Gecko) Chrome/147.0.7727.137 Mobile Safari/537.36 (compatible; Googlebot/2.1; +http://www.google.com/bot.html)"
66.249.65.46 - - [01/May/2026:17:57:31 -0400] "GET /trait/fabrication/exupf7invrigi4z.phtml HTTP/1.1" 200 28977 "-" "Mozilla/5.0 (Linux; Android 6.0.1; Nexus 5X Build/MMB29P) AppleWebKit/537.36 (KHTML, like Gecko) Chrome/147.0.7727.137 Mobile Safari/537.36 (compatible; Googlebot/2.1; +http://www.google.com/bot.html)"
162.0.232.104 - - [01/May/2026:17:58:19 -0400] "POST /wp-cron.php?doing_wp_cron=1777672699.2447359561920166015625 HTTP/1.1" 200 0 "-" "WordPress/6.9.4; https://raydget.vip"
192.0.91.228 - - [01/May/2026:17:58:09 -0400] "HEAD / HTTP/1.1" 200 0 "-" "jetmon/1.0 (Jetpack Site Uptime Monitor by WordPress.com)"
162.0.232.104 - - [01/May/2026:17:58:38 -0400] "POST /wp-cron.php?doing_wp_cron=1777672718.2778489589691162109375 HTTP/1.1" 200 0 "-" "WordPress/6.9.4; https://raydget.vip"
66.249.65.44 - - [01/May/2026:17:58:32 -0400] "GET /phylum/entity/emkdt98g9t8ub6p.phtml HTTP/1.1" 404 0 "-" "Mozilla/5.0 (Linux; Android 6.0.1; Nexus 5X Build/MMB29P) AppleWebKit/537.36 (KHTML, like Gecko) Chrome/147.0.7727.137 Mobile Safari/537.36 (compatible; GoogleOther)"
66.249.65.45 - - [01/May/2026:17:58:48 -0400] "GET /breed/residue/elxeialnyuljx72.phtml HTTP/1.1" 200 29917 "-" "Mozilla/5.0 (Linux; Android 6.0.1; Nexus 5X Build/MMB29P) AppleWebKit/537.36 (KHTML, like Gecko) Chrome/147.0.7727.137 Mobile Safari/537.36 (compatible; Googlebot/2.1; +http://www.google.com/bot.html)"
162.0.232.104 - - [01/May/2026:17:59:15 -0400] "POST /wp-cron.php?doing_wp_cron=1777672755.3635559082031250000000 HTTP/1.1" 200 0 "-" "WordPress/6.9.4; https://raydget.vip"
74.125.217.103 - - [01/May/2026:17:59:11 -0400] "GET /product/cts-citran/ HTTP/1.1" 200 22441 "-" "Mozilla/5.0 (X11; Linux x86_64) AppleWebKit/537.36 (KHTML, like Gecko) Chrome/147.0.7727.116 Safari/537.36"
74.125.217.101 - - [01/May/2026:17:59:15 -0400] "GET /wp-content/uploads/font-awesome/v5.15.4/css/svg-with-js.css HTTP/1.1" 200 1391 "https://raydget.vip/product/cts-citran/" "Mozilla/5.0 (X11; Linux x86_64) AppleWebKit/537.36 (KHTML, like Gecko) Chrome/147.0.7727.116 Safari/537.36"
74.125.217.101 - - [01/May/2026:17:59:15 -0400] "GET /wp-content/plugins/aco-product-labels-for-woocommerce/assets/css/frontend.css?ver=1.5.13 HTTP/1.1" 200 1498 "https://raydget.vip/product/cts-citran/" "Mozilla/5.0 (X11; Linux x86_64) AppleWebKit/537.36 (KHTML, like Gecko) Chrome/147.0.7727.116 Safari/537.36"
74.125.217.102 - - [01/May/2026:17:59:15 -0400] "GET /wp-content/plugins/contact-form-7/includes/css/styles.css?ver=6.1.5 HTTP/1.1" 200 899 "https://raydget.vip/product/cts-citran/" "Mozilla/5.0 (X11; Linux x86_64) AppleWebKit/537.36 (KHTML, like Gecko) Chrome/147.0.7727.116 Safari/537.36"
74.125.217.101 - - [01/May/2026:17:59:15 -0400] "GET /wp-content/uploads/useanyfont/uaf.css?ver=1770146824 HTTP/1.1" 200 0 "https://raydget.vip/product/cts-citran/" "Mozilla/5.0 (X11; Linux x86_64) AppleWebKit/537.36 (KHTML, like Gecko) Chrome/147.0.7727.116 Safari/537.36"
74.125.217.102 - - [01/May/2026:17:59:15 -0400] "GET /wp-content/plugins/sharai-khana-vc-addons/public/assets/css/owl.carousel.css?ver=1.2.3 HTTP/1.1" 200 823 "https://raydget.vip/product/cts-citran/" "Mozilla/5.0 (X11; Linux x86_64) AppleWebKit/537.36 (KHTML, like Gecko) Chrome/147.0.7727.116 Safari/537.36"
74.125.217.102 - - [01/May/2026:17:59:16 -0400] "GET /wp-content/themes/sharai-khana/style.css?ver=6.9.4 HTTP/1.1" 200 13594 "https://raydget.vip/product/cts-citran/" "Mozilla/5.0 (X11; Linux x86_64) AppleWebKit/537.36 (KHTML, like Gecko) Chrome/147.0.7727.116 Safari/537.36"
74.125.217.102 - - [01/May/2026:17:59:16 -0400] "GET /wp-content/plugins/sharai-khana-vc-addons/public/assets/css/public.css?ver=1.2.3 HTTP/1.1" 200 16004 "https://raydget.vip/product/cts-citran/" "Mozilla/5.0 (X11; Linux x86_64) AppleWebKit/537.36 (KHTML, like Gecko) Chrome/147.0.7727.116 Safari/537.36"
74.125.217.101 - - [01/May/2026:17:59:17 -0400] "GET /wp-content/plugins/sharai-khana-vc-addons/public/assets/css/venobox.css?ver=1.2.3 HTTP/1.1" 200 1207 "https://raydget.vip/product/cts-citran/" "Mozilla/5.0 (X11; Linux x86_64) AppleWebKit/537.36 (KHTML, like Gecko) Chrome/147.0.7727.116 Safari/537.36"
74.125.217.101 - - [01/May/2026:17:59:17 -0400] "GET /wp-content/themes/sharai-khana/css/bootstrap.min.css?ver=3.3.4 HTTP/1.1" 200 17818 "https://raydget.vip/product/cts-citran/" "Mozilla/5.0 (X11; Linux x86_64) AppleWebKit/537.36 (KHTML, like Gecko) Chrome/147.0.7727.116 Safari/537.36"
74.125.217.101 - - [01/May/2026:17:59:18 -0400] "GET /wp-content/plugins/sharai-khana-vc-addons/public/assets/css/animate.css?ver=1.2.3 HTTP/1.1" 200 4120 "https://raydget.vip/product/cts-citran/" "Mozilla/5.0 (X11; Linux x86_64) AppleWebKit/537.36 (KHTML, like Gecko) Chrome/147.0.7727.116 Safari/537.36"
74.125.217.102 - - [01/May/2026:17:59:18 -0400] "GET /wp-content/plugins/video-embed-thumbnail-generator/video-js/kg-video-js-skin.css?ver=4.10.5 HTTP/1.1" 200 1398 "https://raydget.vip/product/cts-citran/" "Mozilla/5.0 (X11; Linux x86_64) AppleWebKit/537.36 (KHTML, like Gecko) Chrome/147.0.7727.116 Safari/537.36"
74.125.217.101 - - [01/May/2026:17:59:19 -0400] "GET /wp-content/themes/sharai-khana/css/font-awesome.min.css?ver=5.11.2 HTTP/1.1" 200 11868 "https://raydget.vip/product/cts-citran/" "Mozilla/5.0 (X11; Linux x86_64) AppleWebKit/537.36 (KHTML, like Gecko) Chrome/147.0.7727.116 Safari/537.36"
74.125.217.101 - - [01/May/2026:17:59:19 -0400] "GET /wp-content/plugins/all-in-one-video-gallery/public/assets/css/public.min.css?ver=4.7.5 HTTP/1.1" 200 3744 "https://raydget.vip/product/cts-citran/" "Mozilla/5.0 (X11; Linux x86_64) AppleWebKit/537.36 (KHTML, like Gecko) Chrome/147.0.7727.116 Safari/537.36"
74.125.217.101 - - [01/May/2026:17:59:20 -0400] "GET /wp-content/plugins/sharai-khana-vc-addons/public/assets/css/owl.theme.css?ver=1.2.3 HTTP/1.1" 200 374 "https://raydget.vip/product/cts-citran/" "Mozilla/5.0 (X11; Linux x86_64) AppleWebKit/537.36 (KHTML, like Gecko) Chrome/147.0.7727.116 Safari/537.36"
74.125.217.101 - - [01/May/2026:17:59:21 -0400] "GET /wp-content/plugins/video-embed-thumbnail-generator/video-js/video-js.min.css?ver=7.21.1 HTTP/1.1" 200 11709 "https://raydget.vip/product/cts-citran/" "Mozilla/5.0 (X11; Linux x86_64) AppleWebKit/537.36 (KHTML, like Gecko) Chrome/147.0.7727.116 Safari/537.36"
74.125.217.101 - - [01/May/2026:17:59:21 -0400] "GET /wp-content/plugins/all-in-one-video-gallery/public/assets/css/icons.min.css?ver=4.7.5 HTTP/1.1" 200 359 "https://raydget.vip/product/cts-citran/" "Mozilla/5.0 (X11; Linux x86_64) AppleWebKit/537.36 (KHTML, like Gecko) Chrome/147.0.7727.116 Safari/537.36"
74.125.217.101 - - [01/May/2026:17:59:22 -0400] "GET /wp-content/plugins/youtube-embed-plus/styles/ytprefs.min.css?ver=14.2.5 HTTP/1.1" 200 1575 "https://raydget.vip/product/cts-citran/" "Mozilla/5.0 (X11; Linux x86_64) AppleWebKit/537.36 (KHTML, like Gecko) Chrome/147.0.7727.116 Safari/537.36"
74.125.217.101 - - [01/May/2026:17:59:22 -0400] "GET /wp-content/themes/sharai-khana/css/v4-shims.min.css?ver=5.11.2 HTTP/1.1" 200 3950 "https://raydget.vip/product/cts-citran/" "Mozilla/5.0 (X11; Linux x86_64) AppleWebKit/537.36 (KHTML, like Gecko) Chrome/147.0.7727.116 Safari/537.36"
74.125.217.101 - - [01/May/2026:17:59:23 -0400] "GET /wp-content/plugins/aco-product-labels-for-woocommerce/assets/js/frontend.js?ver=1.5.13 HTTP/1.1" 200 1113 "https://raydget.vip/product/cts-citran/" "Mozilla/5.0 (X11; Linux x86_64) AppleWebKit/537.36 (KHTML, like Gecko) Chrome/147.0.7727.116 Safari/537.36"
74.125.217.101 - - [01/May/2026:17:59:23 -0400] "GET /wp-content/plugins/sharai-khana-vc-addons/public/assets/js/public.js?ver=1.2.3 HTTP/1.1" 200 4917 "https://raydget.vip/product/cts-citran/" "Mozilla/5.0 (X11; Linux x86_64) AppleWebKit/537.36 (KHTML, like Gecko) Chrome/147.0.7727.116 Safari/537.36"
74.125.217.101 - - [01/May/2026:17:59:24 -0400] "GET /wp-content/uploads/rejdzhet-i-luch-2.png HTTP/1.1" 200 25568 "https://raydget.vip/product/cts-citran/" "Mozilla/5.0 (X11; Linux x86_64) AppleWebKit/537.36 (KHTML, like Gecko) Chrome/147.0.7727.116 Safari/537.36"
74.125.217.101 - - [01/May/2026:17:59:24 -0400] "GET /wp-content/plugins/youtube-embed-plus/scripts/ytprefs.min.js?ver=14.2.5 HTTP/1.1" 200 4932 "https://raydget.vip/product/cts-citran/" "Mozilla/5.0 (X11; Linux x86_64) AppleWebKit/537.36 (KHTML, like Gecko) Chrome/147.0.7727.116 Safari/537.36"
74.125.217.101 - - [01/May/2026:17:59:25 -0400] "GET /wp-content/plugins/video-embed-thumbnail-generator/src/public/css/videopack-styles.css?ver=4.10.5 HTTP/1.1" 200 3811 "https://raydget.vip/product/cts-citran/" "Mozilla/5.0 (X11; Linux x86_64) AppleWebKit/537.36 (KHTML, like Gecko) Chrome/147.0.7727.116 Safari/537.36"
74.125.217.101 - - [01/May/2026:17:59:25 -0400] "GET /wp-content/plugins/contact-form-7/includes/swv/js/index.js?ver=6.1.5 HTTP/1.1" 200 3369 "https://raydget.vip/product/cts-citran/" "Mozilla/5.0 (X11; Linux x86_64) AppleWebKit/537.36 (KHTML, like Gecko) Chrome/147.0.7727.116 Safari/537.36"
74.125.217.101 - - [01/May/2026:17:59:26 -0400] "GET /wp-content/plugins/contact-form-7/includes/js/index.js?ver=6.1.5 HTTP/1.1" 200 4008 "https://raydget.vip/product/cts-citran/" "Mozilla/5.0 (X11; Linux x86_64) AppleWebKit/537.36 (KHTML, like Gecko) Chrome/147.0.7727.116 Safari/537.36"
74.125.217.101 - - [01/May/2026:17:59:26 -0400] "GET /wp-content/plugins/sharai-khana-vc-addons/public/assets/js/venobox.min.js?ver=1.2.3 HTTP/1.1" 200 3252 "https://raydget.vip/product/cts-citran/" "Mozilla/5.0 (X11; Linux x86_64) AppleWebKit/537.36 (KHTML, like Gecko) Chrome/147.0.7727.116 Safari/537.36"
74.125.217.101 - - [01/May/2026:17:59:27 -0400] "GET /wp-content/plugins/sharai-khana-vc-addons/public/assets/js/waypoints.min.js?ver=1.2.3 HTTP/1.1" 200 2461 "https://raydget.vip/product/cts-citran/" "Mozilla/5.0 (X11; Linux x86_64) AppleWebKit/537.36 (KHTML, like Gecko) Chrome/147.0.7727.116 Safari/537.36"
66.249.65.45 - - [01/May/2026:17:59:28 -0400] "GET /structure/handiwork/f4cxxp0bdjgqeqx.phtml HTTP/1.1" 200 29646 "-" "Mozilla/5.0 (Linux; Android 6.0.1; Nexus 5X Build/MMB29P) AppleWebKit/537.36 (KHTML, like Gecko) Chrome/147.0.7727.137 Mobile Safari/537.36 (compatible; Googlebot/2.1; +http://www.google.com/bot.html)"
74.125.217.101 - - [01/May/2026:17:59:28 -0400] "GET /wp-content/plugins/sharai-khana-vc-addons/public/assets/js/jquery.backTop.min.js?ver=1.2.3 HTTP/1.1" 200 492 "https://raydget.vip/product/cts-citran/" "Mozilla/5.0 (X11; Linux x86_64) AppleWebKit/537.36 (KHTML, like Gecko) Chrome/147.0.7727.116 Safari/537.36"
66.249.65.44 - - [01/May/2026:17:59:29 -0400] "GET /assemblage/package/epqazfejfze0ecv.phtml HTTP/1.1" 200 30362 "-" "Mozilla/5.0 (Linux; Android 6.0.1; Nexus 5X Build/MMB29P) AppleWebKit/537.36 (KHTML, like Gecko) Chrome/147.0.7727.137 Mobile Safari/537.36 (compatible; Googlebot/2.1; +http://www.google.com/bot.html)"
74.125.217.101 - - [01/May/2026:17:59:29 -0400] "GET /wp-content/themes/sharai-khana/js/superfish.min.js?ver=20220101-1.2.8 HTTP/1.1" 200 1649 "https://raydget.vip/product/cts-citran/" "Mozilla/5.0 (X11; Linux x86_64) AppleWebKit/537.36 (KHTML, like Gecko) Chrome/147.0.7727.116 Safari/537.36"
74.125.217.101 - - [01/May/2026:17:59:30 -0400] "GET /wp-content/plugins/sharai-khana-vc-addons/public/assets/js/jquery.counterup.min.js?ver=1.2.3 HTTP/1.1" 200 496 "https://raydget.vip/product/cts-citran/" "Mozilla/5.0 (X11; Linux x86_64) AppleWebKit/537.36 (KHTML, like Gecko) Chrome/147.0.7727.116 Safari/537.36"
74.125.217.101 - - [01/May/2026:17:59:31 -0400] "GET /wp-content/plugins/youtube-embed-plus/scripts/fitvids.min.js?ver=14.2.5 HTTP/1.1" 200 881 "https://raydget.vip/product/cts-citran/" "Mozilla/5.0 (X11; Linux x86_64) AppleWebKit/537.36 (KHTML, like Gecko) Chrome/147.0.7727.116 Safari/537.36"
74.125.217.101 - - [01/May/2026:17:59:31 -0400] "GET /wp-content/plugins/sharai-khana-vc-addons/public/assets/js/owl.carousel.min.js?ver=1.2.3 HTTP/1.1" 200 10691 "https://raydget.vip/product/cts-citran/" "Mozilla/5.0 (X11; Linux x86_64) AppleWebKit/537.36 (KHTML, like Gecko) Chrome/147.0.7727.116 Safari/537.36"
74.125.217.101 - - [01/May/2026:17:59:32 -0400] "GET /wp-content/plugins/contact-form-7/modules/recaptcha/index.js?ver=6.1.5 HTTP/1.1" 200 417 "https://raydget.vip/product/cts-citran/" "Mozilla/5.0 (X11; Linux x86_64) AppleWebKit/537.36 (KHTML, like Gecko) Chrome/147.0.7727.116 Safari/537.36"
74.125.217.101 - - [01/May/2026:17:59:32 -0400] "GET /wp-content/themes/sharai-khana/js/custom-scripts.js?ver=20220101-1.2.8 HTTP/1.1" 200 1672 "https://raydget.vip/product/cts-citran/" "Mozilla/5.0 (X11; Linux x86_64) AppleWebKit/537.36 (KHTML, like Gecko) Chrome/147.0.7727.116 Safari/537.36"
74.125.217.101 - - [01/May/2026:17:59:32 -0400] "GET /wp-content/plugins/jetpack/jetpack_vendor/automattic/woocommerce-analytics/build/woocommerce-analytics-client.js?minify=false&ver=80112f9db03e5698f4a6 HTTP/1.1" 200 4140 "https://raydget.vip/product/cts-citran/" "Mozilla/5.0 (X11; Linux x86_64) AppleWebKit/537.36 (KHTML, like Gecko) Chrome/147.0.7727.116 Safari/537.36"
74.125.217.101 - - [01/May/2026:17:59:33 -0400] "GET /wp-content/themes/sharai-khana/js/bootstrap.min.js?ver=3.3.4 HTTP/1.1" 200 9211 "https://raydget.vip/product/cts-citran/" "Mozilla/5.0 (X11; Linux x86_64) AppleWebKit/537.36 (KHTML, like Gecko) Chrome/147.0.7727.116 Safari/537.36"
74.125.217.101 - - [01/May/2026:17:59:33 -0400] "GET /wp-content/themes/sharai-khana/images/header-bg.jpg HTTP/1.1" 200 259810 "https://raydget.vip/wp-content/themes/sharai-khana/style.css?ver=6.9.4" "Mozilla/5.0 (X11; Linux x86_64) AppleWebKit/537.36 (KHTML, like Gecko) Chrome/147.0.7727.116 Safari/537.36"
74.125.217.101 - - [01/May/2026:17:59:34 -0400] "GET /wp-content/uploads/section_custom_bg.jpg HTTP/1.1" 200 222331 "https://raydget.vip/product/cts-citran/" "Mozilla/5.0 (X11; Linux x86_64) AppleWebKit/537.36 (KHTML, like Gecko) Chrome/147.0.7727.116 Safari/537.36"
74.125.217.101 - - [01/May/2026:17:59:34 -0400] "GET /wp-content/themes/sharai-khana/webfonts/fa-regular-400.woff2 HTTP/1.1" 200 13584 "https://raydget.vip/wp-content/themes/sharai-khana/css/font-awesome.min.css?ver=5.11.2" "Mozilla/5.0 (X11; Linux x86_64) AppleWebKit/537.36 (KHTML, like Gecko) Chrome/147.0.7727.116 Safari/537.36"
74.125.217.101 - - [01/May/2026:17:59:35 -0400] "GET /wp-content/themes/sharai-khana/webfonts/fa-solid-900.woff2 HTTP/1.1" 200 75728 "https://raydget.vip/wp-content/themes/sharai-khana/css/font-awesome.min.css?ver=5.11.2" "Mozilla/5.0 (X11; Linux x86_64) AppleWebKit/537.36 (KHTML, like Gecko) Chrome/147.0.7727.116 Safari/537.36"
74.125.217.101 - - [01/May/2026:17:59:40 -0400] "GET /wp-content/plugins/jetpack/jetpack_vendor/automattic/woocommerce-analytics/build/193.js?minify=false&ver=5b5cf55edcce081b4ad1 HTTP/1.1" 200 2861 "https://raydget.vip/product/cts-citran/" "Mozilla/5.0 (X11; Linux x86_64) AppleWebKit/537.36 (KHTML, like Gecko) Chrome/147.0.7727.116 Safari/537.36"
66.249.65.44 - - [01/May/2026:18:00:46 -0400] "GET /chapter/attribute/fw6zrjub71akukr.phtml HTTP/1.1" 200 28877 "-" "Mozilla/5.0 (Linux; Android 6.0.1; Nexus 5X Build/MMB29P) AppleWebKit/537.36 (KHTML, like Gecko) Chrome/147.0.7727.137 Mobile Safari/537.36 (compatible; Googlebot/2.1; +http://www.google.com/bot.html)"
66.249.65.46 - - [01/May/2026:18:00:48 -0400] "GET /chart/sort/ekoe91cbplca2yt.phtml HTTP/1.1" 200 29503 "-" "Mozilla/5.0 (Linux; Android 6.0.1; Nexus 5X Build/MMB29P) AppleWebKit/537.36 (KHTML, like Gecko) Chrome/147.0.7727.137 Mobile Safari/537.36 (compatible; Googlebot/2.1; +http://www.google.com/bot.html)"
162.0.232.104 - - [01/May/2026:18:00:53 -0400] "POST /wp-cron.php?doing_wp_cron=1777672853.1463799476623535156250 HTTP/1.1" 200 0 "-" "WordPress/6.9.4; https://raydget.vip"
173.214.162.167 - - [01/May/2026:18:00:44 -0400] "GET /wp-login.php HTTP/1.1" 302 0 "-" "Mozilla/5.0 (Macintosh; Intel Mac OS X 10_12_6) AppleWebKit/604.3.5 (KHTML, like Gecko) Version/11.0.1 Safari/604.3.5"
173.214.162.167 - - [01/May/2026:18:00:53 -0400] "GET /wp-login.php HTTP/1.1" 200 0 "https://raydget.vip/wp-login.php" "Mozilla/5.0 (Macintosh; Intel Mac OS X 10_12_6) AppleWebKit/604.3.5 (KHTML, like Gecko) Version/11.0.1 Safari/604.3.5"
144.76.72.43 - - [01/May/2026:18:01:05 -0400] "GET /wp-login.php HTTP/1.1" 302 0 "-" "Mozilla/5.0 (Macintosh; Intel Mac OS X 10_13_4) AppleWebKit/537.36 (KHTML, like Gecko) Chrome/67.0.3396.79 Safari/537.36"
144.76.72.43 - - [01/May/2026:18:01:22 -0400] "GET /wp-login.php HTTP/1.1" 200 0 "https://raydget.vip/wp-login.php" "Mozilla/5.0 (Macintosh; Intel Mac OS X 10_13_4) AppleWebKit/537.36 (KHTML, like Gecko) Chrome/67.0.3396.79 Safari/537.36"
162.0.232.104 - - [01/May/2026:18:01:35 -0400] "POST /wp-cron.php?doing_wp_cron=1777672895.5817520618438720703125 HTTP/1.1" 200 0 "-" "WordPress/6.9.4; https://raydget.vip"
66.249.65.45 - - [01/May/2026:18:01:32 -0400] "GET /feature/module/e0h0q65c6q5r03m.phtml HTTP/1.1" 404 0 "-" "Mozilla/5.0 (Linux; Android 6.0.1; Nexus 5X Build/MMB29P) AppleWebKit/537.36 (KHTML, like Gecko) Chrome/147.0.7727.137 Mobile Safari/537.36 (compatible; GoogleOther)"
66.249.65.44 - - [01/May/2026:18:01:39 -0400] "GET /feature/make/e0qdzfedfze0acv.phtml HTTP/1.1" 404 0 "-" "Mozilla/5.0 (Linux; Android 6.0.1; Nexus 5X Build/MMB29P) AppleWebKit/537.36 (KHTML, like Gecko) Chrome/147.0.7727.137 Mobile Safari/537.36 (compatible; GoogleOther)"
66.249.65.45 - - [01/May/2026:18:02:43 -0400] "GET /assemblage/proceeds/edwn5lkol5k6pi1.phtml HTTP/1.1" 200 30263 "-" "Mozilla/5.0 (Linux; Android 6.0.1; Nexus 5X Build/MMB29P) AppleWebKit/537.36 (KHTML, like Gecko) Chrome/147.0.7727.137 Mobile Safari/537.36 (compatible; Googlebot/2.1; +http://www.google.com/bot.html)"
162.0.232.104 - - [01/May/2026:18:03:11 -0400] "POST /wp-cron.php?doing_wp_cron=1777672991.8578469753265380859375 HTTP/1.1" 200 0 "-" "WordPress/6.9.4; https://raydget.vip"
192.0.91.228 - - [01/May/2026:18:03:08 -0400] "HEAD / HTTP/1.1" 200 0 "-" "jetmon/1.0 (Jetpack Site Uptime Monitor by WordPress.com)"
66.249.65.45 - - [01/May/2026:18:03:22 -0400] "GET /style/instrument/eu88hxwuxhwixud.phtml HTTP/1.1" 200 29520 "-" "Mozilla/5.0 (Linux; Android 6.0.1; Nexus 5X Build/MMB29P) AppleWebKit/537.36 (KHTML, like Gecko) Chrome/147.0.7727.137 Mobile Safari/537.36 (compatible; Googlebot/2.1; +http://www.google.com/bot.html)"
66.249.65.45 - - [01/May/2026:18:03:23 -0400] "GET /establishment/segment/ereon32l3n2oo0j.phtml HTTP/1.1" 200 30292 "-" "Mozilla/5.0 (Linux; Android 6.0.1; Nexus 5X Build/MMB29P) AppleWebKit/537.36 (KHTML, like Gecko) Chrome/147.0.7727.137 Mobile Safari/537.36 (compatible; Googlebot/2.1; +http://www.google.com/bot.html)"
162.0.232.104 - - [01/May/2026:18:03:43 -0400] "POST /wp-cron.php?doing_wp_cron=1777673023.0500700473785400390625 HTTP/1.1" 200 0 "-" "WordPress/6.9.4; https://raydget.vip"
66.249.65.44 - - [01/May/2026:18:03:39 -0400] "GET /module/work/eqvbswjf8gjtpt0.phtml HTTP/1.1" 404 0 "-" "Mozilla/5.0 (Linux; Android 6.0.1; Nexus 5X Build/MMB29P) AppleWebKit/537.36 (KHTML, like Gecko) Chrome/147.0.7727.137 Mobile Safari/537.36 (compatible; GoogleOther)"
66.249.65.44 - - [01/May/2026:18:03:48 -0400] "GET /segment/package/ettl2ihbi2h31fy.phtml HTTP/1.1" 404 0 "-" "Mozilla/5.0 (Linux; Android 6.0.1; Nexus 5X Build/MMB29P) AppleWebKit/537.36 (KHTML, like Gecko) Chrome/147.0.7727.137 Mobile Safari/537.36 (compatible; GoogleOther)"
66.249.65.44 - - [01/May/2026:18:05:20 -0400] "GET /factor/utensil/e15peutduetfzra.phtml HTTP/1.1" 200 28966 "-" "Mozilla/5.0 (Linux; Android 6.0.1; Nexus 5X Build/MMB29P) AppleWebKit/537.36 (KHTML, like Gecko) Chrome/147.0.7727.137 Mobile Safari/537.36 (compatible; Googlebot/2.1; +http://www.google.com/bot.html)"
162.0.232.104 - - [01/May/2026:18:07:25 -0400] "POST /wp-cron.php?doing_wp_cron=1777673245.1892890930175781250000 HTTP/1.1" 200 0 "-" "WordPress/6.9.4; https://raydget.vip"
66.249.65.46 - - [01/May/2026:18:07:21 -0400] "GET /sort/make/eo0kldoi1xom1a5.phtml HTTP/1.1" 404 0 "-" "Mozilla/5.0 (Linux; Android 6.0.1; Nexus 5X Build/MMB29P) AppleWebKit/537.36 (KHTML, like Gecko) Chrome/147.0.7727.137 Mobile Safari/537.36 (compatible; GoogleOther)"
162.0.232.104 - - [01/May/2026:18:07:55 -0400] "POST /wp-cron.php?doing_wp_cron=1777673275.7726581096649169921875 HTTP/1.1" 200 0 "-" "WordPress/6.9.4; https://raydget.vip"
144.76.72.43 - - [01/May/2026:18:07:51 -0400] "GET /wp-login.php HTTP/1.1" 302 0 "-" "Mozilla/5.0 (Windows NT 6.1; WOW64; Trident/7.0; ASJB; ASJB; MAAU; rv:11.0) like Gecko"
144.76.72.43 - - [01/May/2026:18:07:56 -0400] "GET /wp-login.php HTTP/1.1" 302 0 "https://raydget.vip/wp-login.php" "Mozilla/5.0 (Windows NT 6.1; WOW64; Trident/7.0; ASJB; ASJB; MAAU; rv:11.0) like Gecko"
66.249.65.44 - - [01/May/2026:18:07:56 -0400] "GET /format/element/e72pbrqkrbqc3o7.phtml HTTP/1.1" 404 0 "-" "Mozilla/5.0 (Linux; Android 6.0.1; Nexus 5X Build/MMB29P) AppleWebKit/537.36 (KHTML, like Gecko) Chrome/147.0.7727.137 Mobile Safari/537.36 (compatible; GoogleOther)"
192.0.91.228 - - [01/May/2026:18:08:08 -0400] "HEAD / HTTP/1.1" 200 0 "-" "jetmon/1.0 (Jetpack Site Uptime Monitor by WordPress.com)"
66.249.74.103 - - [01/May/2026:18:09:52 -0400] "GET /robots.txt HTTP/1.1" 200 91 "-" "Mozilla/5.0 (compatible; Googlebot/2.1; +http://www.google.com/bot.html)"
66.249.65.46 - - [01/May/2026:18:09:51 -0400] "GET /assortment/inventory/ensxptgl5dgqmqx.phtml HTTP/1.1" 200 29635 "-" "Mozilla/5.0 (Linux; Android 6.0.1; Nexus 5X Build/MMB29P) AppleWebKit/537.36 (KHTML, like Gecko) Chrome/147.0.7727.137 Mobile Safari/537.36 (compatible; Googlebot/2.1; +http://www.google.com/bot.html)"
66.249.74.103 - - [01/May/2026:18:09:52 -0400] "GET / HTTP/1.1" 200 29597 "-" "Mozilla/5.0 (Linux; Android 6.0.1; Nexus 5X Build/MMB29P) AppleWebKit/537.36 (KHTML, like Gecko) Chrome/147.0.7727.137 Mobile Safari/537.36 (compatible; Googlebot/2.1; +http://www.google.com/bot.html)"
66.249.65.45 - - [01/May/2026:18:09:53 -0400] "GET /chapter/fixture/fxxzialbyh1b7bi.phtml HTTP/1.1" 200 28714 "-" "Mozilla/5.0 (Linux; Android 6.0.1; Nexus 5X Build/MMB29P) AppleWebKit/537.36 (KHTML, like Gecko) Chrome/147.0.7727.137 Mobile Safari/537.36 (compatible; Googlebot/2.1; +http://www.google.com/bot.html)"
66.249.74.103 - - [01/May/2026:18:10:28 -0400] "GET / HTTP/1.1" 200 29841 "-" "Mozilla/5.0 (Linux; Android 6.0.1; Nexus 5X Build/MMB29P) AppleWebKit/537.36 (KHTML, like Gecko) Chrome/99.0.4844.84 Mobile Safari/537.36 (compatible; Googlebot/2.1; +http://www.google.com/bot.html)"
66.249.74.101 - - [01/May/2026:18:10:28 -0400] "GET / HTTP/1.1" 200 29747 "-" "Mozilla/5.0 (compatible; Googlebot/2.1; +http://www.google.com/bot.html)"
66.249.65.44 - - [01/May/2026:18:11:48 -0400] "GET /pod/load/entg2ihvi2h39fy.phtml HTTP/1.1" 200 31509 "-" "Mozilla/5.0 (Linux; Android 6.0.1; Nexus 5X Build/MMB29P) AppleWebKit/537.36 (KHTML, like Gecko) Chrome/147.0.7727.137 Mobile Safari/537.36 (compatible; Googlebot/2.1; +http://www.google.com/bot.html)"
162.0.232.104 - - [01/May/2026:18:11:49 -0400] "POST /wp-cron.php?doing_wp_cron=1777673509.4513649940490722656250 HTTP/1.1" 200 0 "-" "WordPress/6.9.4; https://raydget.vip"
66.249.65.45 - - [01/May/2026:18:11:45 -0400] "GET /herd/batch/emld6y9gmi97ovq.phtml HTTP/1.1" 404 0 "-" "Mozilla/5.0 (Linux; Android 6.0.1; Nexus 5X Build/MMB29P) AppleWebKit/537.36 (KHTML, like Gecko) Chrome/147.0.7727.137 Mobile Safari/537.36 (compatible; GoogleOther)"
66.249.65.45 - - [01/May/2026:18:12:13 -0400] "GET /genre/specification/eoh1q65c6q5rc3m.phtml HTTP/1.1" 404 0 "-" "Mozilla/5.0 (Linux; Android 6.0.1; Nexus 5X Build/MMB29P) AppleWebKit/537.36 (KHTML, like Gecko) Chrome/147.0.7727.137 Mobile Safari/537.36 (compatible; GoogleOther)"
66.249.65.44 - - [01/May/2026:18:12:33 -0400] "GET /sort/case/egygvzmkbjmw5w3.phtml HTTP/1.1" 200 30157 "-" "Mozilla/5.0 (Linux; Android 6.0.1; Nexus 5X Build/MMB29P) AppleWebKit/537.36 (KHTML, like Gecko) Chrome/147.0.7727.137 Mobile Safari/537.36 (compatible; Googlebot/2.1; +http://www.google.com/bot.html)"
45.227.253.15 - - [01/May/2026:18:12:49 -0400] "GET /index.php/jk HTTP/1.1" 200 63 "-" "Mozilla/5.0 (Windows NT 10.0; Win64; x64) AppleWebKit/537.36 (KHTML, like Gecko) Chrome/75.0.3780 Safari/537.36 Edg/75.0.139"
162.0.232.104 - - [01/May/2026:18:13:13 -0400] "POST /wp-cron.php?doing_wp_cron=1777673593.7733380794525146484375 HTTP/1.1" 200 0 "-" "WordPress/6.9.4; https://raydget.vip"
192.0.91.228 - - [01/May/2026:18:13:08 -0400] "HEAD / HTTP/1.1" 200 0 "-" "jetmon/1.0 (Jetpack Site Uptime Monitor by WordPress.com)"
66.249.65.45 - - [01/May/2026:18:15:55 -0400] "GET /taxon/article/fumxjnabzee0bcv.phtml HTTP/1.1" 200 29300 "-" "Mozilla/5.0 (Linux; Android 6.0.1; Nexus 5X Build/MMB29P) AppleWebKit/537.36 (KHTML, like Gecko) Chrome/147.0.7727.137 Mobile Safari/537.36 (compatible; Googlebot/2.1; +http://www.google.com/bot.html)"
162.0.232.104 - - [01/May/2026:18:16:15 -0400] "POST /wp-cron.php?doing_wp_cron=1777673775.5528330802917480468750 HTTP/1.1" 200 0 "-" "WordPress/6.9.4; https://raydget.vip"
66.249.65.44 - - [01/May/2026:18:16:10 -0400] "GET /phylum/article/fxezn32b3mus9gb.phtml HTTP/1.1" 404 0 "-" "Mozilla/5.0 (Linux; Android 6.0.1; Nexus 5X Build/MMB29P) AppleWebKit/537.36 (KHTML, like Gecko) Chrome/147.0.7727.137 Mobile Safari/537.36 (compatible; GoogleOther)"
162.0.232.104 - - [01/May/2026:18:16:34 -0400] "POST /wp-cron.php?doing_wp_cron=1777673794.7786779403686523437500 HTTP/1.1" 200 0 "-" "WordPress/6.9.4; https://raydget.vip"
66.249.65.44 - - [01/May/2026:18:16:31 -0400] "GET /tier/article/d3aj7bywnvy8y8f.phtml HTTP/1.1" 404 0 "-" "Mozilla/5.0 (Linux; Android 6.0.1; Nexus 5X Build/MMB29P) AppleWebKit/537.36 (KHTML, like Gecko) Chrome/147.0.7727.137 Mobile Safari/537.36 (compatible; GoogleOther)"
66.249.65.46 - - [01/May/2026:18:17:50 -0400] "GET /entity/line/e84b15shhps2o29.phtml HTTP/1.1" 200 29212 "-" "Mozilla/5.0 (Linux; Android 6.0.1; Nexus 5X Build/MMB29P) AppleWebKit/537.36 (KHTML, like Gecko) Chrome/147.0.7727.137 Mobile Safari/537.36 (compatible; Googlebot/2.1; +http://www.google.com/bot.html)"
66.249.65.44 - - [01/May/2026:18:17:50 -0400] "GET /entity/case/e86jrju573usegb.phtml HTTP/1.1" 200 31547 "-" "Mozilla/5.0 (Linux; Android 6.0.1; Nexus 5X Build/MMB29P) AppleWebKit/537.36 (KHTML, like Gecko) Chrome/147.0.7727.137 Mobile Safari/537.36 (compatible; Googlebot/2.1; +http://www.google.com/bot.html)"
162.0.232.104 - - [01/May/2026:18:18:13 -0400] "POST /wp-cron.php?doing_wp_cron=1777673893.4372000694274902343750 HTTP/1.1" 200 0 "-" "WordPress/6.9.4; https://raydget.vip"
192.0.91.228 - - [01/May/2026:18:18:08 -0400] "HEAD / HTTP/1.1" 200 0 "-" "jetmon/1.0 (Jetpack Site Uptime Monitor by WordPress.com)"
66.249.65.44 - - [01/May/2026:18:18:29 -0400] "GET /field/model/dfmojnaoz7akqkr.phtml HTTP/1.1" 200 30065 "-" "Mozilla/5.0 (Linux; Android 6.0.1; Nexus 5X Build/MMB29P) AppleWebKit/537.36 (KHTML, like Gecko) Chrome/147.0.7727.137 Mobile Safari/537.36 (compatible; Googlebot/2.1; +http://www.google.com/bot.html)"
66.249.65.45 - - [01/May/2026:18:18:29 -0400] "GET /variety/variant/e37d48vwksv545c.phtml HTTP/1.1" 200 29795 "-" "Mozilla/5.0 (Linux; Android 6.0.1; Nexus 5X Build/MMB29P) AppleWebKit/537.36 (KHTML, like Gecko) Chrome/147.0.7727.137 Mobile Safari/537.36 (compatible; Googlebot/2.1; +http://www.google.com/bot.html)"
162.0.232.104 - - [01/May/2026:18:20:42 -0400] "POST /wp-cron.php?doing_wp_cron=1777674042.9333391189575195312500 HTTP/1.1" 200 0 "-" "WordPress/6.9.4; https://raydget.vip"
66.249.65.44 - - [01/May/2026:18:20:35 -0400] "GET /feature/make/e8tq2ihui2h3efy.phtml HTTP/1.1" 404 0 "-" "Mozilla/5.0 (Linux; Android 6.0.1; Nexus 5X Build/MMB29P) AppleWebKit/537.36 (KHTML, like Gecko) Chrome/147.0.7727.137 Mobile Safari/537.36 (compatible; GoogleOther)"
66.249.65.45 - - [01/May/2026:18:20:48 -0400] "GET /table/load/e3zr8onxo8n9xl4.phtml HTTP/1.1" 404 0 "-" "Mozilla/5.0 (Linux; Android 6.0.1; Nexus 5X Build/MMB29P) AppleWebKit/537.36 (KHTML, like Gecko) Chrome/147.0.7727.137 Mobile Safari/537.36 (compatible; GoogleOther)"
162.0.232.104 - - [01/May/2026:18:21:59 -0400] "POST /wp-cron.php?doing_wp_cron=1777674119.2493429183959960937500 HTTP/1.1" 200 0 "-" "WordPress/6.9.4; https://raydget.vip"
91.227.37.60 - - [01/May/2026:18:21:52 -0400] "GET /wp-login.php HTTP/1.1" 302 0 "-" "Mozilla/5.0 (Windows NT 6.3; Win64; x64) AppleWebKit/537.36 (KHTML, like Gecko) Chrome/65.0.3325.146 Safari/537.36"
91.227.37.60 - - [01/May/2026:18:21:59 -0400] "GET /wp-login.php HTTP/1.1" 200 0 "https://raydget.vip/wp-login.php" "Mozilla/5.0 (Windows NT 6.3; Win64; x64) AppleWebKit/537.36 (KHTML, like Gecko) Chrome/65.0.3325.146 Safari/537.36"
66.249.65.44 - - [01/May/2026:18:22:19 -0400] "GET /section/yield/ek52eutduetfxra.phtml HTTP/1.1" 200 29726 "-" "Mozilla/5.0 (Linux; Android 6.0.1; Nexus 5X Build/MMB29P) AppleWebKit/537.36 (KHTML, like Gecko) Chrome/147.0.7727.137 Mobile Safari/537.36 (compatible; Googlebot/2.1; +http://www.google.com/bot.html)"
66.249.65.44 - - [01/May/2026:18:22:19 -0400] "GET /collection/release/e6ypvzmibjmwnw3.phtml HTTP/1.1" 200 30110 "-" "Mozilla/5.0 (Linux; Android 6.0.1; Nexus 5X Build/MMB29P) AppleWebKit/537.36 (KHTML, like Gecko) Chrome/147.0.7727.137 Mobile Safari/537.36 (compatible; Googlebot/2.1; +http://www.google.com/bot.html)"
