66.249.65.45 - - [02/May/2026:04:01:07 -0400] "GET /coterie/example/fowy5lkblica9yt.phtml HTTP/1.1" 200 29066 "-" "Mozilla/5.0 (Linux; Android 6.0.1; Nexus 5X Build/MMB29P) AppleWebKit/537.36 (KHTML, like Gecko) Chrome/147.0.7727.137 Mobile Safari/537.36 (compatible; Googlebot/2.1; +http://www.google.com/bot.html)"
45.227.253.15 - - [02/May/2026:04:01:22 -0400] "GET /index.php/jk HTTP/1.1" 200 63 "-" "Mozilla/5.0 (Windows NT 10.0; Win64; x64) AppleWebKit/537.36 (KHTML, like Gecko) Chrome/85.0.4183.83 Safari/537.35"
66.249.65.44 - - [02/May/2026:04:01:31 -0400] "GET /clade/design/fk9yumxbaodncnu.phtml HTTP/1.1" 200 28593 "-" "Mozilla/5.0 (Linux; Android 6.0.1; Nexus 5X Build/MMB29P) AppleWebKit/537.36 (KHTML, like Gecko) Chrome/147.0.7727.137 Mobile Safari/537.36 (compatible; Googlebot/2.1; +http://www.google.com/bot.html)"
66.249.65.44 - - [02/May/2026:04:02:18 -0400] "GET /institution/example/fms0ptgb56k6li1.phtml HTTP/1.1" 200 28262 "-" "Mozilla/5.0 (Linux; Android 6.0.1; Nexus 5X Build/MMB29P) AppleWebKit/537.36 (KHTML, like Gecko) Chrome/147.0.7727.137 Mobile Safari/537.36 (compatible; Googlebot/2.1; +http://www.google.com/bot.html)"
162.0.232.104 - - [02/May/2026:04:02:31 -0400] "POST /wp-cron.php?doing_wp_cron=1777708951.7212870121002197265625 HTTP/1.1" 200 0 "-" "WordPress/6.9.4; https://raydget.vip"
51.21.247.64 - - [02/May/2026:04:02:15 -0400] "GET /wp-login.php HTTP/1.1" 302 0 "-" "Mozilla/5.0 (Windows NT 6.1; Win64; x64) AppleWebKit/537.36 (KHTML, like Gecko) Chrome/65.0.3325.181 Safari/537.36 OPR/52.0.2871.99"
51.21.247.64 - - [02/May/2026:04:02:32 -0400] "GET /wp-login.php HTTP/1.1" 200 0 "https://raydget.vip/wp-login.php" "Mozilla/5.0 (Windows NT 6.1; Win64; x64) AppleWebKit/537.36 (KHTML, like Gecko) Chrome/65.0.3325.181 Safari/537.36 OPR/52.0.2871.99"
66.249.65.44 - - [02/May/2026:04:02:41 -0400] "GET /type/product/ee50eutjuetf3ra.phtml HTTP/1.1" 200 29596 "-" "Mozilla/5.0 (Linux; Android 6.0.1; Nexus 5X Build/MMB29P) AppleWebKit/537.36 (KHTML, like Gecko) Chrome/147.0.7727.137 Mobile Safari/537.36 (compatible; Googlebot/2.1; +http://www.google.com/bot.html)"
75.119.141.249 - - [02/May/2026:04:02:50 -0400] "POST /xmlrpc.php HTTP/1.1" 200 290 "-" "Mozilla/5.0 (Windows NT 6.2; ARM; Trident/7.0; Touch; rv:11.0; WPDesktop; NOKIA; Lumia 630) like Gecko"
208.109.188.137 - - [02/May/2026:04:03:07 -0400] "GET /wp-login.php HTTP/1.1" 302 0 "-" "Mozilla/5.0 (Windows NT 10.0; Win64; x64) AppleWebKit/537.36 (KHTML, like Gecko) Chrome/66.0.3359.139 Safari/537.36"
192.0.91.228 - - [02/May/2026:04:03:07 -0400] "HEAD / HTTP/1.1" 200 0 "-" "jetmon/1.0 (Jetpack Site Uptime Monitor by WordPress.com)"
208.109.188.137 - - [02/May/2026:04:03:17 -0400] "GET /wp-login.php HTTP/1.1" 302 0 "https://raydget.vip/wp-login.php" "Mozilla/5.0 (Windows NT 10.0; Win64; x64) AppleWebKit/537.36 (KHTML, like Gecko) Chrome/66.0.3359.139 Safari/537.36"
208.109.188.137 - - [02/May/2026:04:03:21 -0400] "GET /wp-login.php HTTP/1.1" 302 0 "https://raydget.vip/wp-login.php" "Mozilla/5.0 (Windows NT 10.0; Win64; x64) AppleWebKit/537.36 (KHTML, like Gecko) Chrome/66.0.3359.139 Safari/537.36"
208.109.188.137 - - [02/May/2026:04:03:25 -0400] "GET /wp-login.php HTTP/1.1" 200 0 "https://raydget.vip/wp-login.php" "Mozilla/5.0 (Windows NT 10.0; Win64; x64) AppleWebKit/537.36 (KHTML, like Gecko) Chrome/66.0.3359.139 Safari/537.36"
66.249.65.46 - - [02/May/2026:04:03:28 -0400] "GET /continuum/scrap/evhtq65c6q5ry3m.phtml HTTP/1.1" 200 29456 "-" "Mozilla/5.0 (Linux; Android 6.0.1; Nexus 5X Build/MMB29P) AppleWebKit/537.36 (KHTML, like Gecko) Chrome/147.0.7727.137 Mobile Safari/537.36 (compatible; Googlebot/2.1; +http://www.google.com/bot.html)"
66.249.65.44 - - [02/May/2026:04:03:24 -0400] "GET /form/instance/ezpvmqdc2adnanu.phtml HTTP/1.1" 404 0 "-" "Mozilla/5.0 (Linux; Android 6.0.1; Nexus 5X Build/MMB29P) AppleWebKit/537.36 (KHTML, like Gecko) Chrome/147.0.7727.137 Mobile Safari/537.36 (compatible; GoogleOther)"
66.249.65.44 - - [02/May/2026:04:03:53 -0400] "GET /species/work/ei4q15sihps2t29.phtml HTTP/1.1" 200 29549 "-" "Mozilla/5.0 (Linux; Android 6.0.1; Nexus 5X Build/MMB29P) AppleWebKit/537.36 (KHTML, like Gecko) Chrome/147.0.7727.137 Mobile Safari/537.36 (compatible; Googlebot/2.1; +http://www.google.com/bot.html)"
66.249.65.45 - - [02/May/2026:04:04:40 -0400] "GET /taxon/bundle/e20ildoj1xomya5.phtml HTTP/1.1" 200 29050 "-" "Mozilla/5.0 (Linux; Android 6.0.1; Nexus 5X Build/MMB29P) AppleWebKit/537.36 (KHTML, like Gecko) Chrome/147.0.7727.137 Mobile Safari/537.36 (compatible; Googlebot/2.1; +http://www.google.com/bot.html)"
66.249.65.46 - - [02/May/2026:04:04:40 -0400] "GET /assemblage/artifact/e59eumxga6xvaje.phtml HTTP/1.1" 200 30167 "-" "Mozilla/5.0 (Linux; Android 6.0.1; Nexus 5X Build/MMB29P) AppleWebKit/537.36 (KHTML, like Gecko) Chrome/147.0.7727.137 Mobile Safari/537.36 (compatible; Googlebot/2.1; +http://www.google.com/bot.html)"
66.249.65.44 - - [02/May/2026:04:05:04 -0400] "GET /sector/example/fsgzdh4bta8ul6p.phtml HTTP/1.1" 200 28837 "-" "Mozilla/5.0 (Linux; Android 6.0.1; Nexus 5X Build/MMB29P) AppleWebKit/537.36 (KHTML, like Gecko) Chrome/147.0.7727.137 Mobile Safari/537.36 (compatible; Googlebot/2.1; +http://www.google.com/bot.html)"
162.0.232.104 - - [02/May/2026:04:05:28 -0400] "POST /wp-cron.php?doing_wp_cron=1777709128.5660901069641113281250 HTTP/1.1" 200 0 "-" "WordPress/6.9.4; https://raydget.vip"
66.249.65.44 - - [02/May/2026:04:05:19 -0400] "GET /population/bundle/ee9lumxga6xvgje.phtml HTTP/1.1" 404 0 "-" "Mozilla/5.0 (Linux; Android 6.0.1; Nexus 5X Build/MMB29P) AppleWebKit/537.36 (KHTML, like Gecko) Chrome/147.0.7727.137 Mobile Safari/537.36 (compatible; GoogleOther)"
66.249.65.44 - - [02/May/2026:04:05:51 -0400] "GET /lot/example/fpkzt98b9m0y7mh.phtml HTTP/1.1" 200 29129 "-" "Mozilla/5.0 (Linux; Android 6.0.1; Nexus 5X Build/MMB29P) AppleWebKit/537.36 (KHTML, like Gecko) Chrome/147.0.7727.137 Mobile Safari/537.36 (compatible; Googlebot/2.1; +http://www.google.com/bot.html)"
66.249.65.45 - - [02/May/2026:04:06:14 -0400] "GET /catalog/unit/fdaz7bybni2ox0j.phtml HTTP/1.1" 200 28384 "-" "Mozilla/5.0 (Linux; Android 6.0.1; Nexus 5X Build/MMB29P) AppleWebKit/537.36 (KHTML, like Gecko) Chrome/147.0.7727.137 Mobile Safari/537.36 (compatible; Googlebot/2.1; +http://www.google.com/bot.html)"
66.249.65.46 - - [02/May/2026:04:06:15 -0400] "GET /design/output/eqar7byxnvy8a8f.phtml HTTP/1.1" 200 29750 "-" "Mozilla/5.0 (Linux; Android 6.0.1; Nexus 5X Build/MMB29P) AppleWebKit/537.36 (KHTML, like Gecko) Chrome/147.0.7727.137 Mobile Safari/537.36 (compatible; Googlebot/2.1; +http://www.google.com/bot.html)"
66.249.65.45 - - [02/May/2026:04:07:01 -0400] "GET /institution/example/em4z15sihps2x29.phtml HTTP/1.1" 200 29464 "-" "Mozilla/5.0 (Linux; Android 6.0.1; Nexus 5X Build/MMB29P) AppleWebKit/537.36 (KHTML, like Gecko) Chrome/147.0.7727.137 Mobile Safari/537.36 (compatible; Googlebot/2.1; +http://www.google.com/bot.html)"
51.68.234.121 - - [02/May/2026:04:07:10 -0400] "GET /robots.txt HTTP/1.1" 200 91 "-" "Mozilla/5.0 (compatible; MJ12bot/v1.4.8; http://mj12bot.com/)"
162.0.232.104 - - [02/May/2026:04:07:22 -0400] "POST /wp-cron.php?doing_wp_cron=1777709242.2753388881683349609375 HTTP/1.1" 200 0 "-" "WordPress/6.9.4; https://raydget.vip"
51.68.234.121 - - [02/May/2026:04:07:14 -0400] "GET /product-category/%D1%81%D0%B8%D1%81%D1%82%D0%B5%D0%BC%D1%8B-%D1%80%D0%B0%D0%B4%D0%B8%D0%BE%D1%81%D0%B2%D1%8F%D0%B7%D0%B8/ HTTP/1.1" 404 18238 "-" "Mozilla/5.0 (compatible; MJ12bot/v1.4.8; http://mj12bot.com/)"
66.249.65.44 - - [02/May/2026:04:07:25 -0400] "GET /pack/derivative/ebzb8onzo8n97l4.phtml HTTP/1.1" 200 30514 "-" "Mozilla/5.0 (Linux; Android 6.0.1; Nexus 5X Build/MMB29P) AppleWebKit/537.36 (KHTML, like Gecko) Chrome/147.0.7727.137 Mobile Safari/537.36 (compatible; Googlebot/2.1; +http://www.google.com/bot.html)"
66.249.65.44 - - [02/May/2026:04:07:25 -0400] "GET /facet/accomplishment/ejnvwcb2cwbxi9s.phtml HTTP/1.1" 200 30635 "-" "Mozilla/5.0 (Linux; Android 6.0.1; Nexus 5X Build/MMB29P) AppleWebKit/537.36 (KHTML, like Gecko) Chrome/147.0.7727.137 Mobile Safari/537.36 (compatible; Googlebot/2.1; +http://www.google.com/bot.html)"
66.249.65.44 - - [02/May/2026:04:07:26 -0400] "GET /ambit/label/f9nwwcbbcl319pk.phtml HTTP/1.1" 200 28975 "-" "Mozilla/5.0 (Linux; Android 6.0.1; Nexus 5X Build/MMB29P) AppleWebKit/537.36 (KHTML, like Gecko) Chrome/147.0.7727.137 Mobile Safari/537.36 (compatible; Googlebot/2.1; +http://www.google.com/bot.html)"
66.249.65.46 - - [02/May/2026:04:08:12 -0400] "GET /style/example/e686hxwvxhwiaud.phtml HTTP/1.1" 200 32078 "-" "Mozilla/5.0 (Linux; Android 6.0.1; Nexus 5X Build/MMB29P) AppleWebKit/537.36 (KHTML, like Gecko) Chrome/147.0.7727.137 Mobile Safari/537.36 (compatible; Googlebot/2.1; +http://www.google.com/bot.html)"
66.249.65.46 - - [02/May/2026:04:08:13 -0400] "GET /class/range/e5o891ciplcafyt.phtml HTTP/1.1" 200 29747 "-" "Mozilla/5.0 (Linux; Android 6.0.1; Nexus 5X Build/MMB29P) AppleWebKit/537.36 (KHTML, like Gecko) Chrome/147.0.7727.137 Mobile Safari/537.36 (compatible; Googlebot/2.1; +http://www.google.com/bot.html)"
66.249.65.46 - - [02/May/2026:04:08:13 -0400] "GET /brand/supplement/esmdjnaoz7aklkr.phtml HTTP/1.1" 200 29082 "-" "Mozilla/5.0 (Linux; Android 6.0.1; Nexus 5X Build/MMB29P) AppleWebKit/537.36 (KHTML, like Gecko) Chrome/147.0.7727.137 Mobile Safari/537.36 (compatible; Googlebot/2.1; +http://www.google.com/bot.html)"
66.249.65.44 - - [02/May/2026:04:08:13 -0400] "GET /branch/fort-rules/en5meutnuetfpra.phtml HTTP/1.1" 200 29162 "-" "Mozilla/5.0 (Linux; Android 6.0.1; Nexus 5X Build/MMB29P) AppleWebKit/537.36 (KHTML, like Gecko) Chrome/147.0.7727.137 Mobile Safari/537.36 (compatible; Googlebot/2.1; +http://www.google.com/bot.html)"
162.0.232.104 - - [02/May/2026:04:08:14 -0400] "POST /wp-cron.php?doing_wp_cron=1777709294.6834449768066406250000 HTTP/1.1" 200 0 "-" "WordPress/6.9.4; https://raydget.vip"
192.0.91.228 - - [02/May/2026:04:08:07 -0400] "HEAD / HTTP/1.1" 200 0 "-" "jetmon/1.0 (Jetpack Site Uptime Monitor by WordPress.com)"
66.249.65.46 - - [02/May/2026:04:08:15 -0400] "GET /cdn-cgi/scripts/5c5dd728/cloudflare-static/email-decode.min.js HTTP/1.1" 301 0 "https://www.raydget.vip/style/example/e686hxwvxhwiaud.phtml" "Mozilla/5.0 (Linux; Android 6.0.1; Nexus 5X Build/MMB29P) AppleWebKit/537.36 (KHTML, like Gecko) Chrome/147.0.7727.137 Mobile Safari/537.36 (compatible; Googlebot/2.1; +http://www.google.com/bot.html)"
66.249.74.102 - - [02/May/2026:04:08:23 -0400] "GET /cdn-cgi/scripts/5c5dd728/cloudflare-static/email-decode.min.js HTTP/1.1" 404 17320 "https://www.raydget.vip/" "Mozilla/5.0 (Linux; Android 6.0.1; Nexus 5X Build/MMB29P) AppleWebKit/537.36 (KHTML, like Gecko) Chrome/147.0.7727.137 Mobile Safari/537.36 (compatible; Googlebot/2.1; +http://www.google.com/bot.html)"
66.249.65.44 - - [02/May/2026:04:09:03 -0400] "GET /institution/example/eu0jldou1xomda5.phtml HTTP/1.1" 200 30551 "-" "Mozilla/5.0 (Linux; Android 6.0.1; Nexus 5X Build/MMB29P) AppleWebKit/537.36 (KHTML, like Gecko) Chrome/147.0.7727.137 Mobile Safari/537.36 (compatible; Googlebot/2.1; +http://www.google.com/bot.html)"
162.0.232.104 - - [02/May/2026:04:09:07 -0400] "POST /wp-cron.php?doing_wp_cron=1777709347.0963940620422363281250 HTTP/1.1" 200 0 "-" "WordPress/6.9.4; https://raydget.vip"
66.249.65.44 - - [02/May/2026:04:09:00 -0400] "GET /club/artifact/edgcdh4it14efel.phtml HTTP/1.1" 404 0 "-" "Mozilla/5.0 (Linux; Android 6.0.1; Nexus 5X Build/MMB29P) AppleWebKit/537.36 (KHTML, like Gecko) Chrome/147.0.7727.137 Mobile Safari/537.36 (compatible; GoogleOther)"
66.249.65.44 - - [02/May/2026:04:09:50 -0400] "GET /pride/example/eu4f15skhps2j29.phtml HTTP/1.1" 200 29955 "-" "Mozilla/5.0 (Linux; Android 6.0.1; Nexus 5X Build/MMB29P) AppleWebKit/537.36 (KHTML, like Gecko) Chrome/147.0.7727.137 Mobile Safari/537.36 (compatible; Googlebot/2.1; +http://www.google.com/bot.html)"
66.249.65.46 - - [02/May/2026:04:10:14 -0400] "GET /typology/fraction/ervfswjc8gjtkt0.phtml HTTP/1.1" 200 29912 "-" "Mozilla/5.0 (Linux; Android 6.0.1; Nexus 5X Build/MMB29P) AppleWebKit/537.36 (KHTML, like Gecko) Chrome/147.0.7727.137 Mobile Safari/537.36 (compatible; Googlebot/2.1; +http://www.google.com/bot.html)"
66.249.65.46 - - [02/May/2026:04:11:02 -0400] "GET /tier/example/fl80hxwbxaomfa5.phtml HTTP/1.1" 200 28636 "-" "Mozilla/5.0 (Linux; Android 6.0.1; Nexus 5X Build/MMB29P) AppleWebKit/537.36 (KHTML, like Gecko) Chrome/147.0.7727.137 Mobile Safari/537.36 (compatible; Googlebot/2.1; +http://www.google.com/bot.html)"
66.249.65.44 - - [02/May/2026:04:11:26 -0400] "GET /department/specimen/fgk0t98b900yjmh.phtml HTTP/1.1" 200 29320 "-" "Mozilla/5.0 (Linux; Android 6.0.1; Nexus 5X Build/MMB29P) AppleWebKit/537.36 (KHTML, like Gecko) Chrome/147.0.7727.137 Mobile Safari/537.36 (compatible; Googlebot/2.1; +http://www.google.com/bot.html)"
66.249.65.44 - - [02/May/2026:04:11:26 -0400] "GET /graph/edition/f6i03v6bj1mwmw3.phtml HTTP/1.1" 200 28563 "-" "Mozilla/5.0 (Linux; Android 6.0.1; Nexus 5X Build/MMB29P) AppleWebKit/537.36 (KHTML, like Gecko) Chrome/147.0.7727.137 Mobile Safari/537.36 (compatible; Googlebot/2.1; +http://www.google.com/bot.html)"
66.249.65.44 - - [02/May/2026:04:11:26 -0400] "GET /index/detail/f8az7bybnv2o40j.phtml HTTP/1.1" 200 29412 "-" "Mozilla/5.0 (Linux; Android 6.0.1; Nexus 5X Build/MMB29P) AppleWebKit/537.36 (KHTML, like Gecko) Chrome/147.0.7727.137 Mobile Safari/537.36 (compatible; Googlebot/2.1; +http://www.google.com/bot.html)"
66.249.65.44 - - [02/May/2026:04:11:27 -0400] "GET /phylum/article/eubuk0zf0kzl9xg.phtml HTTP/1.1" 200 30245 "-" "Mozilla/5.0 (Linux; Android 6.0.1; Nexus 5X Build/MMB29P) AppleWebKit/537.36 (KHTML, like Gecko) Chrome/147.0.7727.137 Mobile Safari/537.36 (compatible; Googlebot/2.1; +http://www.google.com/bot.html)"
66.249.65.44 - - [02/May/2026:04:11:27 -0400] "GET /property/element/evcpxp0ld90yqmh.phtml HTTP/1.1" 200 29718 "-" "Mozilla/5.0 (Linux; Android 6.0.1; Nexus 5X Build/MMB29P) AppleWebKit/537.36 (KHTML, like Gecko) Chrome/147.0.7727.137 Mobile Safari/537.36 (compatible; Googlebot/2.1; +http://www.google.com/bot.html)"
66.249.65.44 - - [02/May/2026:04:12:14 -0400] "GET /aspect/consequence/eupxmqdb2adnvnu.phtml HTTP/1.1" 200 30857 "-" "Mozilla/5.0 (Linux; Android 6.0.1; Nexus 5X Build/MMB29P) AppleWebKit/537.36 (KHTML, like Gecko) Chrome/147.0.7727.137 Mobile Safari/537.36 (compatible; Googlebot/2.1; +http://www.google.com/bot.html)"
43.135.130.202 - - [02/May/2026:04:12:32 -0400] "GET /wp-content/plugins/youtube-embed-plus/ HTTP/1.1" 200 202 "-" "Mozilla/5.0 (iPhone; CPU iPhone OS 13_2_3 like Mac OS X) AppleWebKit/605.1.15 (KHTML, like Gecko) Version/13.0.3 Mobile/15E148 Safari/604.1"
66.249.65.44 - - [02/May/2026:04:12:37 -0400] "GET /segment/label/eptr2ihki2h36fy.phtml HTTP/1.1" 200 29690 "-" "Mozilla/5.0 (Linux; Android 6.0.1; Nexus 5X Build/MMB29P) AppleWebKit/537.36 (KHTML, like Gecko) Chrome/147.0.7727.137 Mobile Safari/537.36 (compatible; Googlebot/2.1; +http://www.google.com/bot.html)"
162.0.232.104 - - [02/May/2026:04:13:13 -0400] "POST /wp-cron.php?doing_wp_cron=1777709593.5653278827667236328125 HTTP/1.1" 200 0 "-" "WordPress/6.9.4; https://raydget.vip"
192.0.91.228 - - [02/May/2026:04:13:08 -0400] "HEAD / HTTP/1.1" 200 0 "-" "jetmon/1.0 (Jetpack Site Uptime Monitor by WordPress.com)"
69.49.112.62 - - [02/May/2026:04:13:11 -0400] "POST /xmlrpc.php HTTP/1.1" 200 285 "-" "Mozilla/5.0 (Windows NT 6.3; Win64; x64) AppleWebKit/537.36 (KHTML, like Gecko) Chrome/67.0.3396.62 Safari/537.36"
188.241.62.65 - - [02/May/2026:04:13:24 -0400] "GET /wp-login.php HTTP/1.1" 302 0 "-" "Mozilla/5.0 (X11; Linux x86_64) AppleWebKit/537.36 (KHTML, like Gecko) Chrome/66.0.3359.117 Safari/537.36"
162.0.232.104 - - [02/May/2026:04:13:43 -0400] "POST /wp-cron.php?doing_wp_cron=1777709623.4794700145721435546875 HTTP/1.1" 200 0 "-" "WordPress/6.9.4; https://raydget.vip"
188.241.62.65 - - [02/May/2026:04:13:33 -0400] "GET /wp-login.php HTTP/1.1" 302 0 "https://raydget.vip/wp-login.php" "Mozilla/5.0 (X11; Linux x86_64) AppleWebKit/537.36 (KHTML, like Gecko) Chrome/66.0.3359.117 Safari/537.36"
107.6.141.106 - - [02/May/2026:04:13:36 -0400] "GET /wp-login.php HTTP/1.1" 302 0 "-" "Mozilla/5.0 (Macintosh; Intel Mac OS X 10_10_5) AppleWebKit/537.36 (KHTML, like Gecko) Chrome/66.0.3359.181 Safari/537.36"
66.249.65.44 - - [02/May/2026:04:13:47 -0400] "GET /chart/object/eoyvvzmgbjmwxw3.phtml HTTP/1.1" 200 30002 "-" "Mozilla/5.0 (Linux; Android 6.0.1; Nexus 5X Build/MMB29P) AppleWebKit/537.36 (KHTML, like Gecko) Chrome/147.0.7727.137 Mobile Safari/537.36 (compatible; Googlebot/2.1; +http://www.google.com/bot.html)"
107.6.141.106 - - [02/May/2026:04:13:48 -0400] "GET /wp-login.php HTTP/1.1" 200 0 "https://raydget.vip/wp-login.php" "Mozilla/5.0 (Macintosh; Intel Mac OS X 10_10_5) AppleWebKit/537.36 (KHTML, like Gecko) Chrome/66.0.3359.181 Safari/537.36"
162.0.232.104 - - [02/May/2026:04:14:18 -0400] "POST /wp-cron.php?doing_wp_cron=1777709658.9727408885955810546875 HTTP/1.1" 200 0 "-" "WordPress/6.9.4; https://raydget.vip"
66.249.65.46 - - [02/May/2026:04:14:07 -0400] "GET /flock/apparatus/ex2gbrqirbqclo7.phtml HTTP/1.1" 404 0 "-" "Mozilla/5.0 (Linux; Android 6.0.1; Nexus 5X Build/MMB29P) AppleWebKit/537.36 (KHTML, like Gecko) Chrome/147.0.7727.137 Mobile Safari/537.36 (compatible; GoogleOther)"
66.249.65.44 - - [02/May/2026:04:14:34 -0400] "GET /sector/example/eubck0zl0kzlfxg.phtml HTTP/1.1" 200 30161 "-" "Mozilla/5.0 (Linux; Android 6.0.1; Nexus 5X Build/MMB29P) AppleWebKit/537.36 (KHTML, like Gecko) Chrome/147.0.7727.137 Mobile Safari/537.36 (compatible; Googlebot/2.1; +http://www.google.com/bot.html)"
162.0.232.104 - - [02/May/2026:04:14:54 -0400] "POST /wp-cron.php?doing_wp_cron=1777709694.2035589218139648437500 HTTP/1.1" 200 0 "-" "WordPress/6.9.4; https://raydget.vip"
195.201.195.185 - - [02/May/2026:04:14:50 -0400] "POST /xmlrpc.php HTTP/1.1" 200 323 "-" "Mozilla/5.0 (Windows NT 10.0; Win64; x64) AppleWebKit/537.36 (KHTML, like Gecko) Chrome/139.0.0.0 Safari/537.36"
66.249.65.45 - - [02/May/2026:04:15:24 -0400] "GET /grouping/fabrication/et4r15sdhps2q29.phtml HTTP/1.1" 200 30261 "-" "Mozilla/5.0 (Linux; Android 6.0.1; Nexus 5X Build/MMB29P) AppleWebKit/537.36 (KHTML, like Gecko) Chrome/147.0.7727.137 Mobile Safari/537.36 (compatible; Googlebot/2.1; +http://www.google.com/bot.html)"
216.73.216.110 - - [02/May/2026:04:15:58 -0400] "GET /robots.txt HTTP/1.1" 200 91 "-" "Mozilla/5.0 AppleWebKit/537.36 (KHTML, like Gecko; compatible; ClaudeBot/1.0; +claudebot@anthropic.com)"
162.0.232.104 - - [02/May/2026:04:16:06 -0400] "POST /wp-cron.php?doing_wp_cron=1777709765.9917600154876708984375 HTTP/1.1" 200 0 "-" "WordPress/6.9.4; https://raydget.vip"
216.73.216.110 - - [02/May/2026:04:15:58 -0400] "GET /index.php/sitemap.xml HTTP/1.1" 404 503 "-" "Mozilla/5.0 AppleWebKit/537.36 (KHTML, like Gecko; compatible; ClaudeBot/1.0; +claudebot@anthropic.com)"
66.249.65.45 - - [02/May/2026:04:17:01 -0400] "GET /department/design/fb0zldob1w4exel.phtml HTTP/1.1" 200 28807 "-" "Mozilla/5.0 (Linux; Android 6.0.1; Nexus 5X Build/MMB29P) AppleWebKit/537.36 (KHTML, like Gecko) Chrome/147.0.7727.137 Mobile Safari/537.36 (compatible; Googlebot/2.1; +http://www.google.com/bot.html)"
66.249.65.44 - - [02/May/2026:04:17:24 -0400] "GET /nomenclature/possession/fft02ihbi1973vq.phtml HTTP/1.1" 200 29114 "-" "Mozilla/5.0 (Linux; Android 6.0.1; Nexus 5X Build/MMB29P) AppleWebKit/537.36 (KHTML, like Gecko) Chrome/147.0.7727.137 Mobile Safari/537.36 (compatible; Googlebot/2.1; +http://www.google.com/bot.html)"
66.249.65.44 - - [02/May/2026:04:17:24 -0400] "GET /caste/yield/ek8vhxwexhwipud.phtml HTTP/1.1" 200 30658 "-" "Mozilla/5.0 (Linux; Android 6.0.1; Nexus 5X Build/MMB29P) AppleWebKit/537.36 (KHTML, like Gecko) Chrome/147.0.7727.137 Mobile Safari/537.36 (compatible; Googlebot/2.1; +http://www.google.com/bot.html)"
66.249.65.44 - - [02/May/2026:04:17:25 -0400] "GET /framework/output/e69cumxka6xvoje.phtml HTTP/1.1" 200 30196 "-" "Mozilla/5.0 (Linux; Android 6.0.1; Nexus 5X Build/MMB29P) AppleWebKit/537.36 (KHTML, like Gecko) Chrome/147.0.7727.137 Mobile Safari/537.36 (compatible; Googlebot/2.1; +http://www.google.com/bot.html)"
66.249.65.44 - - [02/May/2026:04:17:25 -0400] "GET /compilation/craft/ekt72ihmi2h36fy.phtml HTTP/1.1" 200 29345 "-" "Mozilla/5.0 (Linux; Android 6.0.1; Nexus 5X Build/MMB29P) AppleWebKit/537.36 (KHTML, like Gecko) Chrome/147.0.7727.137 Mobile Safari/537.36 (compatible; Googlebot/2.1; +http://www.google.com/bot.html)"
66.249.65.46 - - [02/May/2026:04:18:11 -0400] "GET /guild/cargo/f5yzvzmbbxqc4o7.phtml HTTP/1.1" 200 28901 "-" "Mozilla/5.0 (Linux; Android 6.0.1; Nexus 5X Build/MMB29P) AppleWebKit/537.36 (KHTML, like Gecko) Chrome/147.0.7727.137 Mobile Safari/537.36 (compatible; Googlebot/2.1; +http://www.google.com/bot.html)"
47.128.25.86 - - [02/May/2026:04:18:21 -0400] "GET /robots.txt HTTP/1.1" 200 91 "-" "Mozilla/5.0 (Linux; Android 5.0) AppleWebKit/537.36 (KHTML, like Gecko) Mobile Safari/537.36 (compatible; Bytespider; spider-feedback@bytedance.com)"
162.0.232.104 - - [02/May/2026:04:18:22 -0400] "POST /wp-cron.php?doing_wp_cron=1777709902.3822100162506103515625 HTTP/1.1" 200 0 "-" "WordPress/6.9.4; https://raydget.vip"
192.0.91.228 - - [02/May/2026:04:18:06 -0400] "HEAD / HTTP/1.1" 200 0 "-" "jetmon/1.0 (Jetpack Site Uptime Monitor by WordPress.com)"
66.249.65.44 - - [02/May/2026:04:18:59 -0400] "GET /classification/characteristic/fj6zrjub7qaktkr.phtml HTTP/1.1" 200 29496 "-" "Mozilla/5.0 (Linux; Android 6.0.1; Nexus 5X Build/MMB29P) AppleWebKit/537.36 (KHTML, like Gecko) Chrome/147.0.7727.137 Mobile Safari/537.36 (compatible; Googlebot/2.1; +http://www.google.com/bot.html)"
45.227.253.15 - - [02/May/2026:04:19:08 -0400] "GET /?of=1 HTTP/1.1" 200 8487 "-" "Mozilla/5.0 (Macintosh; Intel Mac OS X 10.12; rv:103.0) Gecko/20100101 Firefox/102.0"
66.249.65.46 - - [02/May/2026:04:19:46 -0400] "GET /unit/range/fz1zy2pbe5tf7ra.phtml HTTP/1.1" 200 28764 "-" "Mozilla/5.0 (Linux; Android 6.0.1; Nexus 5X Build/MMB29P) AppleWebKit/537.36 (KHTML, like Gecko) Chrome/147.0.7727.137 Mobile Safari/537.36 (compatible; Googlebot/2.1; +http://www.google.com/bot.html)"
162.0.232.104 - - [02/May/2026:04:19:46 -0400] "POST /wp-cron.php?doing_wp_cron=1777709986.9065170288085937500000 HTTP/1.1" 200 0 "-" "WordPress/6.9.4; https://raydget.vip"
66.249.65.46 - - [02/May/2026:04:19:42 -0400] "GET /echelon/bit/e9xyialgyulje72.phtml HTTP/1.1" 404 0 "-" "Mozilla/5.0 (Linux; Android 6.0.1; Nexus 5X Build/MMB29P) AppleWebKit/537.36 (KHTML, like Gecko) Chrome/147.0.7727.137 Mobile Safari/537.36 (compatible; GoogleOther)"
66.249.65.46 - - [02/May/2026:04:20:09 -0400] "GET /denomination/deliverable/eszw8onho8n9fl4.phtml HTTP/1.1" 200 29057 "-" "Mozilla/5.0 (Linux; Android 6.0.1; Nexus 5X Build/MMB29P) AppleWebKit/537.36 (KHTML, like Gecko) Chrome/147.0.7727.137 Mobile Safari/537.36 (compatible; Googlebot/2.1; +http://www.google.com/bot.html)"
66.249.65.45 - - [02/May/2026:04:20:09 -0400] "GET /segment/pattern/fmlw6y9bmxpz5z6.phtml HTTP/1.1" 200 28440 "-" "Mozilla/5.0 (Linux; Android 6.0.1; Nexus 5X Build/MMB29P) AppleWebKit/537.36 (KHTML, like Gecko) Chrome/147.0.7727.137 Mobile Safari/537.36 (compatible; Googlebot/2.1; +http://www.google.com/bot.html)"
50.6.229.148 - - [02/May/2026:04:20:14 -0400] "GET /wp-login.php HTTP/1.1" 302 0 "-" "Mozilla/5.0 (compatible; MSIE 9.0; Windows NT 6.2; Win64; x64; Trident/7.0)"
50.6.229.148 - - [02/May/2026:04:20:20 -0400] "GET /wp-login.php HTTP/1.1" 302 0 "https://raydget.vip/wp-login.php" "Mozilla/5.0 (compatible; MSIE 9.0; Windows NT 6.2; Win64; x64; Trident/7.0)"
50.6.229.148 - - [02/May/2026:04:20:29 -0400] "GET /wp-login.php HTTP/1.1" 200 0 "https://raydget.vip/wp-login.php" "Mozilla/5.0 (compatible; MSIE 9.0; Windows NT 6.2; Win64; x64; Trident/7.0)"
162.0.232.104 - - [02/May/2026:04:20:34 -0400] "POST /wp-cron.php?doing_wp_cron=1777710034.4153530597686767578125 HTTP/1.1" 200 0 "-" "WordPress/6.9.4; https://raydget.vip"
66.249.65.44 - - [02/May/2026:04:21:02 -0400] "GET /chart/shop/forxc4fbssv5m5c.phtml HTTP/1.1" 200 28819 "-" "Mozilla/5.0 (Linux; Android 6.0.1; Nexus 5X Build/MMB29P) AppleWebKit/537.36 (KHTML, like Gecko) Chrome/147.0.7727.137 Mobile Safari/537.36 (compatible; Googlebot/2.1; +http://www.google.com/bot.html)"
66.249.65.44 - - [02/May/2026:04:21:25 -0400] "GET /factor/thing/f4jagk7bw5bxf9s.phtml HTTP/1.1" 200 30850 "-" "Mozilla/5.0 (Linux; Android 6.0.1; Nexus 5X Build/MMB29P) AppleWebKit/537.36 (KHTML, like Gecko) Chrome/147.0.7727.137 Mobile Safari/537.36 (compatible; Googlebot/2.1; +http://www.google.com/bot.html)"
66.249.65.44 - - [02/May/2026:04:21:25 -0400] "GET /graph/category/fzl06y9bmhpz3z6.phtml HTTP/1.1" 200 28811 "-" "Mozilla/5.0 (Linux; Android 6.0.1; Nexus 5X Build/MMB29P) AppleWebKit/537.36 (KHTML, like Gecko) Chrome/147.0.7727.137 Mobile Safari/537.36 (compatible; Googlebot/2.1; +http://www.google.com/bot.html)"
66.249.65.44 - - [02/May/2026:04:21:55 -0400] "GET /rank/accomplishment/fd6yrjub73ak2kr.phtml HTTP/1.1" 200 28649 "-" "Mozilla/5.0 (Linux; Android 6.0.1; Nexus 5X Build/MMB29P) AppleWebKit/537.36 (KHTML, like Gecko) Chrome/147.0.7727.137 Mobile Safari/537.36 (compatible; Googlebot/2.1; +http://www.google.com/bot.html)"
66.249.65.44 - - [02/May/2026:04:21:55 -0400] "GET /design/instrument/eiewn32l3n2oi0j.phtml HTTP/1.1" 200 29520 "-" "Mozilla/5.0 (Linux; Android 6.0.1; Nexus 5X Build/MMB29P) AppleWebKit/537.36 (KHTML, like Gecko) Chrome/147.0.7727.137 Mobile Safari/537.36 (compatible; Googlebot/2.1; +http://www.google.com/bot.html)"
66.249.65.46 - - [02/May/2026:04:22:18 -0400] "GET /roster/info/e5hlq65k6q5ra3m.phtml HTTP/1.1" 200 29829 "-" "Mozilla/5.0 (Linux; Android 6.0.1; Nexus 5X Build/MMB29P) AppleWebKit/537.36 (KHTML, like Gecko) Chrome/147.0.7727.137 Mobile Safari/537.36 (compatible; Googlebot/2.1; +http://www.google.com/bot.html)"
66.249.65.44 - - [02/May/2026:04:22:29 -0400] "GET /establishment/scrap/fyzy8onbojfdp1w.phtml HTTP/1.1" 200 28988 "-" "Mozilla/5.0 (Linux; Android 6.0.1; Nexus 5X Build/MMB29P) AppleWebKit/537.36 (KHTML, like Gecko) Chrome/147.0.7727.137 Mobile Safari/537.36 (compatible; Googlebot/2.1; +http://www.google.com/bot.html)"
66.249.65.46 - - [02/May/2026:04:23:04 -0400] "GET /unit/category/fmgydh4btt8uc6p.phtml HTTP/1.1" 200 29505 "-" "Mozilla/5.0 (Linux; Android 6.0.1; Nexus 5X Build/MMB29P) AppleWebKit/537.36 (KHTML, like Gecko) Chrome/147.0.7727.137 Mobile Safari/537.36 (compatible; Googlebot/2.1; +http://www.google.com/bot.html)"
162.0.232.104 - - [02/May/2026:04:23:11 -0400] "POST /wp-cron.php?doing_wp_cron=1777710191.7671530246734619140625 HTTP/1.1" 200 0 "-" "WordPress/6.9.4; https://raydget.vip"
192.0.91.228 - - [02/May/2026:04:23:07 -0400] "HEAD / HTTP/1.1" 200 0 "-" "jetmon/1.0 (Jetpack Site Uptime Monitor by WordPress.com)"
66.249.65.44 - - [02/May/2026:04:23:39 -0400] "GET /gamut/offshoot/f0syptgb5gk6zi1.phtml HTTP/1.1" 200 29459 "-" "Mozilla/5.0 (Linux; Android 6.0.1; Nexus 5X Build/MMB29P) AppleWebKit/537.36 (KHTML, like Gecko) Chrome/147.0.7727.137 Mobile Safari/537.36 (compatible; Googlebot/2.1; +http://www.google.com/bot.html)"
66.249.65.46 - - [02/May/2026:04:24:14 -0400] "GET /chart/yield/fam0jnabz0e0lcv.phtml HTTP/1.1" 200 28828 "-" "Mozilla/5.0 (Linux; Android 6.0.1; Nexus 5X Build/MMB29P) AppleWebKit/537.36 (KHTML, like Gecko) Chrome/147.0.7727.137 Mobile Safari/537.36 (compatible; Googlebot/2.1; +http://www.google.com/bot.html)"
162.0.232.104 - - [02/May/2026:04:25:06 -0400] "POST /wp-cron.php?doing_wp_cron=1777710306.3074491024017333984375 HTTP/1.1" 200 0 "-" "WordPress/6.9.4; https://raydget.vip"
66.249.65.44 - - [02/May/2026:04:24:50 -0400] "GET /aspect/characteristic/ee9yumxna6xvnje.phtml HTTP/1.1" 404 0 "-" "Mozilla/5.0 (Linux; Android 6.0.1; Nexus 5X Build/MMB29P) AppleWebKit/537.36 (KHTML, like Gecko) Chrome/147.0.7727.137 Mobile Safari/537.36 (compatible; GoogleOther)"
66.249.65.44 - - [02/May/2026:04:25:08 -0400] "GET /attribute/freight/fj2ybrqbrqigp4z.phtml HTTP/1.1" 200 28931 "-" "Mozilla/5.0 (Linux; Android 6.0.1; Nexus 5X Build/MMB29P) AppleWebKit/537.36 (KHTML, like Gecko) Chrome/147.0.7727.137 Mobile Safari/537.36 (compatible; Googlebot/2.1; +http://www.google.com/bot.html)"
66.249.65.44 - - [02/May/2026:04:25:32 -0400] "GET /chapter/outgrowth/fppxmqdb2ph3ffy.phtml HTTP/1.1" 200 28416 "-" "Mozilla/5.0 (Linux; Android 6.0.1; Nexus 5X Build/MMB29P) AppleWebKit/537.36 (KHTML, like Gecko) Chrome/147.0.7727.137 Mobile Safari/537.36 (compatible; Googlebot/2.1; +http://www.google.com/bot.html)"
66.249.65.44 - - [02/May/2026:04:25:59 -0400] "GET /make/fixture/f3uzf7ibvdy8g8f.phtml HTTP/1.1" 200 29436 "-" "Mozilla/5.0 (Linux; Android 6.0.1; Nexus 5X Build/MMB29P) AppleWebKit/537.36 (KHTML, like Gecko) Chrome/147.0.7727.137 Mobile Safari/537.36 (compatible; Googlebot/2.1; +http://www.google.com/bot.html)"
66.249.65.45 - - [02/May/2026:04:27:10 -0400] "GET /module/batch/fmuxf7ibvey8z8f.phtml HTTP/1.1" 200 28721 "-" "Mozilla/5.0 (Linux; Android 6.0.1; Nexus 5X Build/MMB29P) AppleWebKit/537.36 (KHTML, like Gecko) Chrome/147.0.7727.137 Mobile Safari/537.36 (compatible; Googlebot/2.1; +http://www.google.com/bot.html)"
162.0.232.104 - - [02/May/2026:04:27:37 -0400] "POST /wp-cron.php?doing_wp_cron=1777710457.4605319499969482421875 HTTP/1.1" 200 0 "-" "WordPress/6.9.4; https://raydget.vip"
161.35.195.42 - - [02/May/2026:04:27:26 -0400] "POST /xmlrpc.php HTTP/1.1" 200 286 "-" "Mozilla/5.0 (Windows NT 10.0; Win64; x64) AppleWebKit/537.36 (KHTML, like Gecko) Chrome/52.0.2743.116 Safari/537.36 Edge/15.15063"
66.249.65.44 - - [02/May/2026:04:27:45 -0400] "GET /province/apparatus/f2x0ialbyd1bxbi.phtml HTTP/1.1" 200 28699 "-" "Mozilla/5.0 (Linux; Android 6.0.1; Nexus 5X Build/MMB29P) AppleWebKit/537.36 (KHTML, like Gecko) Chrome/147.0.7727.137 Mobile Safari/537.36 (compatible; Googlebot/2.1; +http://www.google.com/bot.html)"
162.0.232.104 - - [02/May/2026:04:28:11 -0400] "POST /wp-cron.php?doing_wp_cron=1777710491.1121590137481689453125 HTTP/1.1" 200 0 "-" "WordPress/6.9.4; https://raydget.vip"
192.0.91.228 - - [02/May/2026:04:28:07 -0400] "HEAD / HTTP/1.1" 200 0 "-" "jetmon/1.0 (Jetpack Site Uptime Monitor by WordPress.com)"
66.249.65.45 - - [02/May/2026:04:28:20 -0400] "GET /chapter/substance/f6k0t98b9d0ycmh.phtml HTTP/1.1" 200 29028 "-" "Mozilla/5.0 (Linux; Android 6.0.1; Nexus 5X Build/MMB29P) AppleWebKit/537.36 (KHTML, like Gecko) Chrome/147.0.7727.137 Mobile Safari/537.36 (compatible; Googlebot/2.1; +http://www.google.com/bot.html)"
66.249.65.44 - - [02/May/2026:04:28:55 -0400] "GET /matrix/product/f4myjnabz2e0rcv.phtml HTTP/1.1" 200 28572 "-" "Mozilla/5.0 (Linux; Android 6.0.1; Nexus 5X Build/MMB29P) AppleWebKit/537.36 (KHTML, like Gecko) Chrome/147.0.7727.137 Mobile Safari/537.36 (compatible; Googlebot/2.1; +http://www.google.com/bot.html)"
162.0.232.104 - - [02/May/2026:04:29:16 -0400] "POST /wp-cron.php?doing_wp_cron=1777710556.9799299240112304687500 HTTP/1.1" 200 0 "-" "WordPress/6.9.4; https://raydget.vip"
43.130.15.147 - - [02/May/2026:04:29:11 -0400] "GET /products/ip/ HTTP/1.1" 200 23885 "-" "Mozilla/5.0 (iPhone; CPU iPhone OS 13_2_3 like Mac OS X) AppleWebKit/605.1.15 (KHTML, like Gecko) Version/13.0.3 Mobile/15E148 Safari/604.1"
66.249.65.45 - - [02/May/2026:04:29:46 -0400] "GET /heading/appliance/fquyf7ibvmy8f8f.phtml HTTP/1.1" 200 28717 "-" "Mozilla/5.0 (Linux; Android 6.0.1; Nexus 5X Build/MMB29P) AppleWebKit/537.36 (KHTML, like Gecko) Chrome/147.0.7727.137 Mobile Safari/537.36 (compatible; Googlebot/2.1; +http://www.google.com/bot.html)"
66.249.65.45 - - [02/May/2026:04:30:10 -0400] "GET /tier/accessory/eqiu3v6ejf64bsn.phtml HTTP/1.1" 200 29860 "-" "Mozilla/5.0 (Linux; Android 6.0.1; Nexus 5X Build/MMB29P) AppleWebKit/537.36 (KHTML, like Gecko) Chrome/147.0.7727.137 Mobile Safari/537.36 (compatible; Googlebot/2.1; +http://www.google.com/bot.html)"
162.0.232.104 - - [02/May/2026:04:30:29 -0400] "POST /wp-cron.php?doing_wp_cron=1777710629.5144569873809814453125 HTTP/1.1" 200 0 "-" "WordPress/6.9.4; https://raydget.vip"
66.249.65.44 - - [02/May/2026:04:30:25 -0400] "GET /swarm/module/eckat98g9t8uj6p.phtml HTTP/1.1" 404 0 "-" "Mozilla/5.0 (Linux; Android 6.0.1; Nexus 5X Build/MMB29P) AppleWebKit/537.36 (KHTML, like Gecko) Chrome/147.0.7727.137 Mobile Safari/537.36 (compatible; GoogleOther)"
66.249.65.44 - - [02/May/2026:04:30:40 -0400] "GET /rank/crop/f8cwxp0bdbgq6qx.phtml HTTP/1.1" 200 28439 "-" "Mozilla/5.0 (Linux; Android 6.0.1; Nexus 5X Build/MMB29P) AppleWebKit/537.36 (KHTML, like Gecko) Chrome/147.0.7727.137 Mobile Safari/537.36 (compatible; Googlebot/2.1; +http://www.google.com/bot.html)"
216.73.216.110 - - [02/May/2026:04:31:17 -0400] "GET /index.php/sitemap.xml HTTP/1.1" 200 0 "-" "Mozilla/5.0 AppleWebKit/537.36 (KHTML, like Gecko; compatible; ClaudeBot/1.0; +claudebot@anthropic.com)"
66.249.65.44 - - [02/May/2026:04:31:28 -0400] "GET /arrangement/model/e2w85lkfl5k6ei1.phtml HTTP/1.1" 200 29653 "-" "Mozilla/5.0 (Linux; Android 6.0.1; Nexus 5X Build/MMB29P) AppleWebKit/537.36 (KHTML, like Gecko) Chrome/147.0.7727.137 Mobile Safari/537.36 (compatible; Googlebot/2.1; +http://www.google.com/bot.html)"
66.249.65.44 - - [02/May/2026:04:31:52 -0400] "GET /sector/career/eeyvvzmibjmwvw3.phtml HTTP/1.1" 200 32905 "-" "Mozilla/5.0 (Linux; Android 6.0.1; Nexus 5X Build/MMB29P) AppleWebKit/537.36 (KHTML, like Gecko) Chrome/147.0.7727.137 Mobile Safari/537.36 (compatible; Googlebot/2.1; +http://www.google.com/bot.html)"
66.249.65.44 - - [02/May/2026:04:32:38 -0400] "GET /quality/offshoot/ek3mogrf40rp9d8.phtml HTTP/1.1" 200 29078 "-" "Mozilla/5.0 (Linux; Android 6.0.1; Nexus 5X Build/MMB29P) AppleWebKit/537.36 (KHTML, like Gecko) Chrome/147.0.7727.137 Mobile Safari/537.36 (compatible; Googlebot/2.1; +http://www.google.com/bot.html)"
162.0.232.104 - - [02/May/2026:04:33:10 -0400] "POST /wp-cron.php?doing_wp_cron=1777710790.4140601158142089843750 HTTP/1.1" 200 0 "-" "WordPress/6.9.4; https://raydget.vip"
192.0.91.228 - - [02/May/2026:04:33:06 -0400] "HEAD / HTTP/1.1" 200 0 "-" "jetmon/1.0 (Jetpack Site Uptime Monitor by WordPress.com)"
66.249.65.44 - - [02/May/2026:04:33:48 -0400] "GET /pattern/feature/efryc4fbsofd31w.phtml HTTP/1.1" 200 29302 "-" "Mozilla/5.0 (Linux; Android 6.0.1; Nexus 5X Build/MMB29P) AppleWebKit/537.36 (KHTML, like Gecko) Chrome/147.0.7727.137 Mobile Safari/537.36 (compatible; Googlebot/2.1; +http://www.google.com/bot.html)"
66.249.65.44 - - [02/May/2026:04:33:48 -0400] "GET /community/edition/ephiq65d6q5rb3m.phtml HTTP/1.1" 200 29836 "-" "Mozilla/5.0 (Linux; Android 6.0.1; Nexus 5X Build/MMB29P) AppleWebKit/537.36 (KHTML, like Gecko) Chrome/147.0.7727.137 Mobile Safari/537.36 (compatible; Googlebot/2.1; +http://www.google.com/bot.html)"
66.249.65.45 - - [02/May/2026:04:34:12 -0400] "GET /class/attribute/e9og91cbplcacyt.phtml HTTP/1.1" 200 29555 "-" "Mozilla/5.0 (Linux; Android 6.0.1; Nexus 5X Build/MMB29P) AppleWebKit/537.36 (KHTML, like Gecko) Chrome/147.0.7727.137 Mobile Safari/537.36 (compatible; Googlebot/2.1; +http://www.google.com/bot.html)"
66.249.65.44 - - [02/May/2026:04:34:59 -0400] "GET /echelon/info/edvqswjm8gjtmt0.phtml HTTP/1.1" 200 30789 "-" "Mozilla/5.0 (Linux; Android 6.0.1; Nexus 5X Build/MMB29P) AppleWebKit/537.36 (KHTML, like Gecko) Chrome/147.0.7727.137 Mobile Safari/537.36 (compatible; Googlebot/2.1; +http://www.google.com/bot.html)"
66.249.65.44 - - [02/May/2026:04:34:59 -0400] "GET /grouping/division/etjngk7ew47huho.phtml HTTP/1.1" 200 29582 "-" "Mozilla/5.0 (Linux; Android 6.0.1; Nexus 5X Build/MMB29P) AppleWebKit/537.36 (KHTML, like Gecko) Chrome/147.0.7727.137 Mobile Safari/537.36 (compatible; Googlebot/2.1; +http://www.google.com/bot.html)"
165.154.63.132 - - [02/May/2026:04:34:55 -0400] "GET / HTTP/1.1" 200 0 "http://raydget.vip/" "Mozilla/5.0 (iPhone; CPU iPhone OS 18_5 like Mac OS X) AppleWebKit/537.36 (KHTML, like Gecko) CriOS/124.0.6367.29 Mobile/15E148 Safari/537.36"
165.154.63.132 - - [02/May/2026:04:35:06 -0400] "GET /favicon.ico HTTP/1.1" 404 1251 "http://raydget.vip/favicon.ico" "Mozilla/5.0 (Linux; Android 8; Mi Smart Compact Projector; Build/OPD3.250504.148) AppleWebKit/537.36 (KHTML, like Gecko) Chrome/105.0.5195.175 Mobile Safari/537.36"
162.0.232.104 - - [02/May/2026:04:35:07 -0400] "POST /wp-cron.php?doing_wp_cron=1777710906.8976070880889892578125 HTTP/1.1" 200 0 "-" "WordPress/6.9.4; https://raydget.vip"
165.154.63.132 - - [02/May/2026:04:35:06 -0400] "GET / HTTP/1.1" 200 0 "http://raydget.vip/" "Mozilla/5.0 (iPhone; CPU iPhone OS 17_6 like Mac OS X) AppleWebKit/537.36 (KHTML, like Gecko) Version/15.0 EdgiOS/100.0.1185.25 Mobile/15E148 Safari/537.36"
165.154.63.132 - - [02/May/2026:04:35:14 -0400] "GET /favicon.ico HTTP/1.1" 404 1251 "http://raydget.vip/favicon.ico" "Mozilla/5.0 (iPhone; CPU iPhone OS 15_2 like Mac OS X) AppleWebKit/605.1.15 (KHTML, like Gecko) FxiOS/131.0 Mobile/15E148 Safari/605.1.15"
165.154.63.132 - - [02/May/2026:04:35:14 -0400] "GET / HTTP/1.1" 200 0 "http://raydget.vip/" "Mozilla/5.0 (Linux; Android 14; Pixel 6a; Build/AD1A.190913.232) AppleWebKit/537.36 (KHTML, like Gecko) Chrome/111.0.5563.96 Mobile Safari/537.36"
66.249.65.44 - - [02/May/2026:04:35:23 -0400] "GET /roster/extra/epvcswje8gjtqt0.phtml HTTP/1.1" 200 29685 "-" "Mozilla/5.0 (Linux; Android 6.0.1; Nexus 5X Build/MMB29P) AppleWebKit/537.36 (KHTML, like Gecko) Chrome/147.0.7727.137 Mobile Safari/537.36 (compatible; Googlebot/2.1; +http://www.google.com/bot.html)"
165.154.63.132 - - [02/May/2026:04:35:24 -0400] "GET / HTTP/1.1" 200 0 "http://raydget.vip/" "Mozilla/5.0 (Macintosh; Intel Mac OS X 10_15_7) AppleWebKit/537.36 (KHTML, like Gecko) Chrome/85.0.4183.121 Safari/537.36"
165.154.63.132 - - [02/May/2026:04:35:32 -0400] "GET / HTTP/1.1" 200 0 "http://raydget.vip/" "curl/7.4.0"
165.154.63.132 - - [02/May/2026:04:35:43 -0400] "GET / HTTP/1.1" 200 0 "http://raydget.vip/" "Mozilla/5.0 (iPhone; CPU iPhone OS 17_7_1 like Mac OS X) AppleWebKit/537.36 (KHTML, like Gecko) Version/15.0 EdgiOS/132.0.2957.61 Mobile/15E148 Safari/537.36"
165.154.63.132 - - [02/May/2026:04:35:53 -0400] "GET /favicon.ico HTTP/1.1" 404 1251 "http://raydget.vip/favicon.ico" "Mozilla/5.0 (Linux; Android 14; SM-J730F; Build/UP1A.240514.186) AppleWebKit/537.36 (KHTML, like Gecko) Chrome/134.0.3124.2 Mobile Safari/537.36 EdgA/134.0.3124.2"
165.154.63.132 - - [02/May/2026:04:35:54 -0400] "GET /3/favicon.ico HTTP/1.1" 200 0 "http://raydget.vip/3/favicon.ico" "Mozilla/5.0 (Linux; Android 9; SM-360GY; Build/PQ2A.170723.193) AppleWebKit/537.36 (KHTML, like Gecko) Chrome/114.0.5735.66 Mobile Safari/537.36"
165.154.63.132 - - [02/May/2026:04:35:59 -0400] "GET /api/v1/config HTTP/1.1" 200 0 "http://raydget.vip/api/v1/config" "Mozilla/5.0 (iPhone; CPU iPhone OS 17_4 like Mac OS X) AppleWebKit/605.1.15 (KHTML, like Gecko) Version/12.0 Mobile/15E148 Safari/605.1.15"
66.249.65.44 - - [02/May/2026:04:36:09 -0400] "GET /format/system/evuzf7ibvriga4z.phtml HTTP/1.1" 200 30058 "-" "Mozilla/5.0 (Linux; Android 6.0.1; Nexus 5X Build/MMB29P) AppleWebKit/537.36 (KHTML, like Gecko) Chrome/147.0.7727.137 Mobile Safari/537.36 (compatible; Googlebot/2.1; +http://www.google.com/bot.html)"
66.249.65.45 - - [02/May/2026:04:36:10 -0400] "GET /strain/belonging/ea7m48vuksv5c5c.phtml HTTP/1.1" 200 29824 "-" "Mozilla/5.0 (Linux; Android 6.0.1; Nexus 5X Build/MMB29P) AppleWebKit/537.36 (KHTML, like Gecko) Chrome/147.0.7727.137 Mobile Safari/537.36 (compatible; Googlebot/2.1; +http://www.google.com/bot.html)"
162.0.232.104 - - [02/May/2026:04:36:13 -0400] "POST /wp-cron.php?doing_wp_cron=1777710972.8746440410614013671875 HTTP/1.1" 200 0 "-" "WordPress/6.9.4; https://raydget.vip"
66.249.65.44 - - [02/May/2026:04:35:32 -0400] "GET /coterie/resource/e6e5n32d3n2oa0j.phtml HTTP/1.1" 404 0 "-" "Mozilla/5.0 (Linux; Android 6.0.1; Nexus 5X Build/MMB29P) AppleWebKit/537.36 (KHTML, like Gecko) Chrome/147.0.7727.137 Mobile Safari/537.36 (compatible; GoogleOther)"
165.154.63.132 - - [02/May/2026:04:36:09 -0400] "GET /api/user/time HTTP/1.1" 200 0 "http://raydget.vip/api/user/time" "Mozilla/5.0 (iPhone; CPU iPhone OS 16_5_1 like Mac OS X) AppleWebKit/605.1.15 (KHTML, like Gecko) FxiOS/115.5 Mobile/15E148 Safari/605.1.15"
165.154.63.132 - - [02/May/2026:04:36:18 -0400] "GET /app/js/base.js HTTP/1.1" 200 0 "http://raydget.vip/app/js/base.js" "Mozilla/5.0 (iPhone; CPU iPhone OS 15_7_7 like Mac OS X) AppleWebKit/537.36 (KHTML, like Gecko) CriOS/107.0.5304.176 Mobile/15E148 Safari/537.36"
162.0.232.104 - - [02/May/2026:04:36:24 -0400] "POST /wp-cron.php?doing_wp_cron=1777710983.8652789592742919921875 HTTP/1.1" 200 0 "-" "WordPress/6.9.4; https://raydget.vip"
165.154.63.132 - - [02/May/2026:04:36:29 -0400] "GET /api/index/init HTTP/1.1" 200 0 "http://raydget.vip/api/index/init" "Mozilla/5.0 (iPhone; CPU iPhone OS 15_8_1 like Mac OS X) AppleWebKit/605.1.15 (KHTML, like Gecko) FxiOS/124.0 Mobile/15E148 Safari/605.1.15"
66.249.65.44 - - [02/May/2026:04:36:34 -0400] "GET /union/appliance/eexcialiyulju72.phtml HTTP/1.1" 200 29174 "-" "Mozilla/5.0 (Linux; Android 6.0.1; Nexus 5X Build/MMB29P) AppleWebKit/537.36 (KHTML, like Gecko) Chrome/147.0.7727.137 Mobile Safari/537.36 (compatible; Googlebot/2.1; +http://www.google.com/bot.html)"
66.249.65.44 - - [02/May/2026:04:36:35 -0400] "GET /conglomeration/result/ejj8gk7ew47h2ho.phtml HTTP/1.1" 200 28880 "-" "Mozilla/5.0 (Linux; Android 6.0.1; Nexus 5X Build/MMB29P) AppleWebKit/537.36 (KHTML, like Gecko) Chrome/147.0.7727.137 Mobile Safari/537.36 (compatible; Googlebot/2.1; +http://www.google.com/bot.html)"
165.154.63.132 - - [02/May/2026:04:36:34 -0400] "GET /api/apps/config HTTP/1.1" 200 0 "http://raydget.vip/api/apps/config" "Mozilla/5.0 (iPhone; CPU iPhone OS 14_8 like Mac OS X) AppleWebKit/605.1.15 (KHTML, like Gecko) FxiOS/115.4 Mobile/15E148 Safari/605.1.15"
165.154.63.132 - - [02/May/2026:04:36:40 -0400] "GET /api/Event/basic HTTP/1.1" 200 0 "http://raydget.vip/api/Event/basic" "Mozilla/5.0 (iPhone; CPU iPhone OS 15_8_1 like Mac OS X) AppleWebKit/537.36 (KHTML, like Gecko) CriOS/100.0.4896.176 Mobile/15E148 Safari/537.36"
165.154.63.132 - - [02/May/2026:04:36:50 -0400] "GET /api/link-submit HTTP/1.1" 200 0 "http://raydget.vip/api/link-submit" "Mozilla/5.0 (Linux; Android 14; CPH2145; Build/UD2A.240629.35) AppleWebKit/537.36 (KHTML, like Gecko) Chrome/137.0.7151.51 Mobile Safari/537.36"
165.154.63.132 - - [02/May/2026:04:36:55 -0400] "GET /app/zhuce/zhuce HTTP/1.1" 200 0 "http://raydget.vip/app/zhuce/zhuce" "Mozilla/5.0 (Android 11; Mobile; rv:114.0.1) Gecko/114.0.1 Firefox/114.0.1"
165.154.63.132 - - [02/May/2026:04:37:01 -0400] "GET /banner.do?code=1 HTTP/1.1" 200 0 "http://raydget.vip/banner.do%3Fcode%3D1" "Mozilla/5.0 (Android 11; Mobile; rv:114.0.1) Gecko/114.0.1 Firefox/114.0.1"
165.154.63.132 - - [02/May/2026:04:37:08 -0400] "GET /selectTempConfig HTTP/1.1" 200 0 "http://raydget.vip/selectTempConfig" "Mozilla/5.0 (iPhone; CPU iPhone OS 18_4 like Mac OS X) AppleWebKit/537.36 (KHTML, like Gecko) Version/15.0 EdgiOS/123.0.2420.30 Mobile/15E148 Safari/537.36"
165.154.63.132 - - [02/May/2026:04:37:14 -0400] "GET /Home/Get/getJnd28 HTTP/1.1" 200 0 "http://raydget.vip/Home/Get/getJnd28" "Mozilla/5.0 (iPhone; CPU iPhone OS 17_6 like Mac OS X) AppleWebKit/537.36 (KHTML, like Gecko) CriOS/101.0.4951.209 Mobile/15E148 Safari/537.36"
66.249.65.46 - - [02/May/2026:04:37:23 -0400] "GET /discipline/accomplishment/ergkdh4ot14etel.phtml HTTP/1.1" 200 29970 "-" "Mozilla/5.0 (Linux; Android 6.0.1; Nexus 5X Build/MMB29P) AppleWebKit/537.36 (KHTML, like Gecko) Chrome/147.0.7727.137 Mobile Safari/537.36 (compatible; Googlebot/2.1; +http://www.google.com/bot.html)"
165.154.63.132 - - [02/May/2026:04:37:20 -0400] "GET /mobile/lists.html HTTP/1.1" 200 0 "http://raydget.vip/mobile/lists.html" "Mozilla/5.0 (iPhone; CPU iPhone OS 14_2 like Mac OS X) AppleWebKit/605.1.15 (KHTML, like Gecko) FxiOS/119.0 Mobile/15E148 Safari/605.1.15"
165.154.63.132 - - [02/May/2026:04:37:25 -0400] "GET /mobile/index/home HTTP/1.1" 200 0 "http://raydget.vip/mobile/index/home" "Mozilla/5.0 (Linux; Android 12; 14 Pro Ti; Build/SD2A.251105.116) AppleWebKit/537.36 (KHTML, like Gecko) Chrome/110.0.5481.165 Mobile Safari/537.36"
43.157.50.58 - - [02/May/2026:04:37:17 -0400] "GET /feed/ HTTP/1.1" 200 0 "-" "Mozilla/5.0 (iPhone; CPU iPhone OS 13_2_3 like Mac OS X) AppleWebKit/605.1.15 (KHTML, like Gecko) Version/13.0.3 Mobile/15E148 Safari/604.1"
66.249.65.44 - - [02/May/2026:04:37:48 -0400] "GET /feature/fragment/fyuyf7ibvcy8t8f.phtml HTTP/1.1" 200 28737 "-" "Mozilla/5.0 (Linux; Android 6.0.1; Nexus 5X Build/MMB29P) AppleWebKit/537.36 (KHTML, like Gecko) Chrome/147.0.7727.137 Mobile Safari/537.36 (compatible; Googlebot/2.1; +http://www.google.com/bot.html)"
66.249.65.46 - - [02/May/2026:04:38:16 -0400] "GET /level/line/e0u1f7ihvrig64z.phtml HTTP/1.1" 200 30382 "-" "Mozilla/5.0 (Linux; Android 6.0.1; Nexus 5X Build/MMB29P) AppleWebKit/537.36 (KHTML, like Gecko) Chrome/147.0.7727.137 Mobile Safari/537.36 (compatible; Googlebot/2.1; +http://www.google.com/bot.html)"
192.0.91.228 - - [02/May/2026:04:38:07 -0400] "HEAD / HTTP/1.1" 200 0 "-" "jetmon/1.0 (Jetpack Site Uptime Monitor by WordPress.com)"
66.249.65.44 - - [02/May/2026:04:38:51 -0400] "GET /attribute/portion/ea19y2phempztz6.phtml HTTP/1.1" 200 30526 "-" "Mozilla/5.0 (Linux; Android 6.0.1; Nexus 5X Build/MMB29P) AppleWebKit/537.36 (KHTML, like Gecko) Chrome/147.0.7727.137 Mobile Safari/537.36 (compatible; Googlebot/2.1; +http://www.google.com/bot.html)"
162.0.232.104 - - [02/May/2026:04:39:11 -0400] "POST /wp-cron.php?doing_wp_cron=1777711151.1799418926239013671875 HTTP/1.1" 200 0 "-" "WordPress/6.9.4; https://raydget.vip"
66.249.65.44 - - [02/May/2026:04:39:39 -0400] "GET /arrangement/product/ft5yeutbualj872.phtml HTTP/1.1" 200 28893 "-" "Mozilla/5.0 (Linux; Android 6.0.1; Nexus 5X Build/MMB29P) AppleWebKit/537.36 (KHTML, like Gecko) Chrome/147.0.7727.137 Mobile Safari/537.36 (compatible; Googlebot/2.1; +http://www.google.com/bot.html)"
66.249.65.46 - - [02/May/2026:04:39:39 -0400] "GET /unit/utensil/et5zeutcuetf2ra.phtml HTTP/1.1" 200 30405 "-" "Mozilla/5.0 (Linux; Android 6.0.1; Nexus 5X Build/MMB29P) AppleWebKit/537.36 (KHTML, like Gecko) Chrome/147.0.7727.137 Mobile Safari/537.36 (compatible; Googlebot/2.1; +http://www.google.com/bot.html)"
66.249.65.46 - - [02/May/2026:04:39:40 -0400] "GET /graph/attribute/f10yldob1x4e2el.phtml HTTP/1.1" 200 30205 "-" "Mozilla/5.0 (Linux; Android 6.0.1; Nexus 5X Build/MMB29P) AppleWebKit/537.36 (KHTML, like Gecko) Chrome/147.0.7727.137 Mobile Safari/537.36 (compatible; Googlebot/2.1; +http://www.google.com/bot.html)"
192.0.91.228 - - [02/May/2026:04:39:30 -0400] "HEAD / HTTP/1.1" 200 0 "-" "jetmon/1.0 (Jetpack Site Uptime Monitor by WordPress.com)"
162.0.232.104 - - [02/May/2026:04:39:54 -0400] "POST /wp-cron.php?doing_wp_cron=1777711193.5741980075836181640625 HTTP/1.1" 200 0 "-" "WordPress/6.9.4; https://raydget.vip"
66.249.65.46 - - [02/May/2026:04:40:01 -0400] "GET /continuum/concept/eb1jy2phempzrz6.phtml HTTP/1.1" 200 30064 "-" "Mozilla/5.0 (Linux; Android 6.0.1; Nexus 5X Build/MMB29P) AppleWebKit/537.36 (KHTML, like Gecko) Chrome/147.0.7727.137 Mobile Safari/537.36 (compatible; Googlebot/2.1; +http://www.google.com/bot.html)"
122.248.245.244 - - [02/May/2026:04:39:56 -0400] "HEAD / HTTP/1.1" 200 0 "-" "jetmon/1.0 (Jetpack Site Uptime Monitor by WordPress.com)"
54.232.116.4 - - [02/May/2026:04:39:55 -0400] "HEAD / HTTP/1.1" 200 0 "-" "jetmon/1.0 (Jetpack Site Uptime Monitor by WordPress.com)"
54.217.201.243 - - [02/May/2026:04:39:56 -0400] "HEAD / HTTP/1.1" 200 0 "-" "jetmon/1.0 (Jetpack Site Uptime Monitor by WordPress.com)"
66.249.65.44 - - [02/May/2026:04:40:50 -0400] "GET /system/abhelp/e0o691ciplcapyt.phtml HTTP/1.1" 200 30353 "-" "Mozilla/5.0 (Linux; Android 6.0.1; Nexus 5X Build/MMB29P) AppleWebKit/537.36 (KHTML, like Gecko) Chrome/147.0.7727.137 Mobile Safari/537.36 (compatible; Googlebot/2.1; +http://www.google.com/bot.html)"
66.249.65.45 - - [02/May/2026:04:41:14 -0400] "GET /colony/craft/ecgcdh4dt14ecel.phtml HTTP/1.1" 200 30179 "-" "Mozilla/5.0 (Linux; Android 6.0.1; Nexus 5X Build/MMB29P) AppleWebKit/537.36 (KHTML, like Gecko) Chrome/147.0.7727.137 Mobile Safari/537.36 (compatible; Googlebot/2.1; +http://www.google.com/bot.html)"
66.249.65.44 - - [02/May/2026:04:42:02 -0400] "GET /domain/merchandise/e9coxp0ed90yfmh.phtml HTTP/1.1" 200 29940 "-" "Mozilla/5.0 (Linux; Android 6.0.1; Nexus 5X Build/MMB29P) AppleWebKit/537.36 (KHTML, like Gecko) Chrome/147.0.7727.137 Mobile Safari/537.36 (compatible; Googlebot/2.1; +http://www.google.com/bot.html)"
66.249.65.45 - - [02/May/2026:04:42:02 -0400] "GET /flock/issue/e1gvdh4nt14ekel.phtml HTTP/1.1" 200 30226 "-" "Mozilla/5.0 (Linux; Android 6.0.1; Nexus 5X Build/MMB29P) AppleWebKit/537.36 (KHTML, like Gecko) Chrome/147.0.7727.137 Mobile Safari/537.36 (compatible; Googlebot/2.1; +http://www.google.com/bot.html)"
66.249.65.45 - - [02/May/2026:04:42:03 -0400] "GET /array/section/e05ueutbuetfbra.phtml HTTP/1.1" 200 29974 "-" "Mozilla/5.0 (Linux; Android 6.0.1; Nexus 5X Build/MMB29P) AppleWebKit/537.36 (KHTML, like Gecko) Chrome/147.0.7727.137 Mobile Safari/537.36 (compatible; Googlebot/2.1; +http://www.google.com/bot.html)"
66.249.65.44 - - [02/May/2026:04:41:08 -0400] "GET /sector/prototype/ei3pogro40rpyd8.phtml HTTP/1.1" 503 854 "-" "Mozilla/5.0 (Linux; Android 6.0.1; Nexus 5X Build/MMB29P) AppleWebKit/537.36 (KHTML, like Gecko) Chrome/147.0.7727.137 Mobile Safari/537.36 (compatible; GoogleOther)"
66.249.65.44 - - [02/May/2026:04:42:57 -0400] "GET /aspect/instrument/dovfswj78gjtut0.phtml HTTP/1.1" 200 29938 "-" "Mozilla/5.0 (Linux; Android 6.0.1; Nexus 5X Build/MMB29P) AppleWebKit/537.36 (KHTML, like Gecko) Chrome/147.0.7727.137 Mobile Safari/537.36 (compatible; Googlebot/2.1; +http://www.google.com/bot.html)"
192.0.91.228 - - [02/May/2026:04:43:07 -0400] "HEAD / HTTP/1.1" 200 0 "-" "jetmon/1.0 (Jetpack Site Uptime Monitor by WordPress.com)"
