66.249.65.44 - - [01/May/2026:19:28:12 -0400] "GET /branch/handiwork/f660rjub7zak4kr.phtml HTTP/1.1" 200 28855 "-" "Mozilla/5.0 (Linux; Android 6.0.1; Nexus 5X Build/MMB29P) AppleWebKit/537.36 (KHTML, like Gecko) Chrome/147.0.7727.137 Mobile Safari/537.36 (compatible; Googlebot/2.1; +http://www.google.com/bot.html)"
162.0.232.104 - - [01/May/2026:19:28:13 -0400] "POST /wp-cron.php?doing_wp_cron=1777678093.6364979743957519531250 HTTP/1.1" 200 0 "-" "WordPress/6.9.4; https://raydget.vip"
192.0.91.228 - - [01/May/2026:19:28:09 -0400] "HEAD / HTTP/1.1" 200 0 "-" "jetmon/1.0 (Jetpack Site Uptime Monitor by WordPress.com)"
66.249.65.44 - - [01/May/2026:19:28:56 -0400] "GET /phylum/product/fl30ogrb4e7hyho.phtml HTTP/1.1" 200 29376 "-" "Mozilla/5.0 (Linux; Android 6.0.1; Nexus 5X Build/MMB29P) AppleWebKit/537.36 (KHTML, like Gecko) Chrome/147.0.7727.137 Mobile Safari/537.36 (compatible; Googlebot/2.1; +http://www.google.com/bot.html)"
66.249.65.44 - - [01/May/2026:19:28:56 -0400] "GET /denomination/material/fwjagk7bw4bxm9s.phtml HTTP/1.1" 200 30507 "-" "Mozilla/5.0 (Linux; Android 6.0.1; Nexus 5X Build/MMB29P) AppleWebKit/537.36 (KHTML, like Gecko) Chrome/147.0.7727.137 Mobile Safari/537.36 (compatible; Googlebot/2.1; +http://www.google.com/bot.html)"
66.249.65.44 - - [01/May/2026:19:28:56 -0400] "GET /herd/prototype/flvzswjb8qn9el4.phtml HTTP/1.1" 200 29223 "-" "Mozilla/5.0 (Linux; Android 6.0.1; Nexus 5X Build/MMB29P) AppleWebKit/537.36 (KHTML, like Gecko) Chrome/147.0.7727.137 Mobile Safari/537.36 (compatible; Googlebot/2.1; +http://www.google.com/bot.html)"
162.0.232.104 - - [01/May/2026:19:28:58 -0400] "POST /wp-cron.php?doing_wp_cron=1777678138.6508591175079345703125 HTTP/1.1" 200 0 "-" "WordPress/6.9.4; https://raydget.vip"
66.249.65.44 - - [01/May/2026:19:28:48 -0400] "GET /list/case/fple6y9bmwpzez6.phtml HTTP/1.1" 404 0 "-" "Mozilla/5.0 (Linux; Android 6.0.1; Nexus 5X Build/MMB29P) AppleWebKit/537.36 (KHTML, like Gecko) Chrome/147.0.7727.137 Mobile Safari/537.36 (compatible; GoogleOther)"
147.182.200.94 - - [01/May/2026:19:29:14 -0400] "GET / HTTP/1.1" 200 110747 "-" "Mozilla/5.0 (l9scan/2.0.430313e2233323e203e2236313; +https://leakix.net)"
147.182.200.94 - - [01/May/2026:19:29:19 -0400] "GET /console/ HTTP/1.1" 200 0 "-" "Mozilla/5.0 (l9scan/2.0.430313e2233323e203e2236313; +https://leakix.net)"
147.182.200.94 - - [01/May/2026:19:29:22 -0400] "GET /server HTTP/1.1" 200 0 "-" "Mozilla/5.0 (l9scan/2.0.430313e2233323e203e2236313; +https://leakix.net)"
147.182.200.94 - - [01/May/2026:19:29:26 -0400] "GET /about HTTP/1.1" 200 0 "-" "Mozilla/5.0 (l9scan/2.0.430313e2233323e203e2236313; +https://leakix.net)"
147.182.200.94 - - [01/May/2026:19:29:30 -0400] "GET /login.action HTTP/1.1" 200 0 "-" "Mozilla/5.0 (l9scan/2.0.430313e2233323e203e2236313; +https://leakix.net)"
147.182.200.94 - - [01/May/2026:19:29:33 -0400] "GET / HTTP/1.1" 200 0 "-" "Mozilla/5.0 (l9scan/2.0.430313e2233323e203e2236313; +https://leakix.net)"
147.182.200.94 - - [01/May/2026:19:29:36 -0400] "GET /___proxy_subdomain_whm/login HTTP/1.1" 200 0 "-" "Mozilla/5.0 (l9scan/2.0.430313e2233323e203e2236313; +https://leakix.net)"
147.182.200.94 - - [01/May/2026:19:29:38 -0400] "GET /___proxy_subdomain_cpanel HTTP/1.1" 200 0 "-" "Mozilla/5.0 (l9scan/2.0.430313e2233323e203e2236313; +https://leakix.net)"
147.182.200.94 - - [01/May/2026:19:29:41 -0400] "GET /v2/_catalog HTTP/1.1" 200 0 "-" "Mozilla/5.0 (l9scan/2.0.430313e2233323e203e2236313; +https://leakix.net)"
147.182.200.94 - - [01/May/2026:19:29:44 -0400] "GET /.DS_Store HTTP/1.1" 200 0 "-" "Mozilla/5.0 (l9scan/2.0.430313e2233323e203e2236313; +https://leakix.net)"
147.182.200.94 - - [01/May/2026:19:29:47 -0400] "GET /.env HTTP/1.1" 403 1242 "-" "Mozilla/5.0 (l9scan/2.0.430313e2233323e203e2236313; +https://leakix.net)"
162.0.232.104 - - [01/May/2026:19:29:49 -0400] "POST /wp-cron.php?doing_wp_cron=1777678189.2357718944549560546875 HTTP/1.1" 200 0 "-" "WordPress/6.9.4; https://raydget.vip"
147.182.200.94 - - [01/May/2026:19:29:49 -0400] "GET /ecp/Current/exporttool/microsoft.exchange.ediscovery.exporttool.application HTTP/1.1" 200 0 "-" "Mozilla/5.0 (l9scan/2.0.430313e2233323e203e2236313; +https://leakix.net)"
147.182.200.94 - - [01/May/2026:19:29:54 -0400] "GET /.git/config HTTP/1.1" 403 1242 "-" "Mozilla/5.0 (l9scan/2.0.430313e2233323e203e2236313; +https://leakix.net)"
147.182.200.94 - - [01/May/2026:19:29:54 -0400] "POST /graphql HTTP/1.1" 200 0 "-" "Mozilla/5.0 (l9scan/2.0.430313e2233323e203e2236313; +https://leakix.net)"
147.182.200.94 - - [01/May/2026:19:29:57 -0400] "POST /api HTTP/1.1" 200 0 "-" "Mozilla/5.0 (l9scan/2.0.430313e2233323e203e2236313; +https://leakix.net)"
147.182.200.94 - - [01/May/2026:19:30:00 -0400] "POST /api/graphql HTTP/1.1" 200 0 "-" "Mozilla/5.0 (l9scan/2.0.430313e2233323e203e2236313; +https://leakix.net)"
147.182.200.94 - - [01/May/2026:19:30:04 -0400] "POST /graphql/api HTTP/1.1" 200 0 "-" "Mozilla/5.0 (l9scan/2.0.430313e2233323e203e2236313; +https://leakix.net)"
147.182.200.94 - - [01/May/2026:19:30:07 -0400] "POST /api/gql HTTP/1.1" 200 0 "-" "Mozilla/5.0 (l9scan/2.0.430313e2233323e203e2236313; +https://leakix.net)"
147.182.200.94 - - [01/May/2026:19:30:10 -0400] "GET /s/430313e2233323e203e2236313/_/;/META-INF/maven/com.atlassian.jira/jira-webapp-dist/pom.properties HTTP/1.1" 200 0 "-" "Mozilla/5.0 (l9scan/2.0.430313e2233323e203e2236313; +https://leakix.net)"
147.182.200.94 - - [01/May/2026:19:30:13 -0400] "GET /config.json HTTP/1.1" 200 0 "-" "Mozilla/5.0 (l9scan/2.0.430313e2233323e203e2236313; +https://leakix.net)"
147.182.200.94 - - [01/May/2026:19:30:16 -0400] "GET /telescope/requests HTTP/1.1" 200 0 "-" "Mozilla/5.0 (l9scan/2.0.430313e2233323e203e2236313; +https://leakix.net)"
147.182.200.94 - - [01/May/2026:19:30:19 -0400] "GET /info.php HTTP/1.1" 200 0 "-" "Mozilla/5.0 (l9scan/2.0.430313e2233323e203e2236313; +https://leakix.net)"
147.182.200.94 - - [01/May/2026:19:30:22 -0400] "GET /.well-known/security.txt HTTP/1.1" 200 0 "-" "Mozilla/5.0 (l9scan/2.0.430313e2233323e203e2236313; +https://leakix.net)"
147.182.200.94 - - [01/May/2026:19:30:25 -0400] "GET /actuator/env HTTP/1.1" 200 0 "-" "Mozilla/5.0 (l9scan/2.0.430313e2233323e203e2236313; +https://leakix.net)"
147.182.200.94 - - [01/May/2026:19:30:29 -0400] "GET /swagger-ui.html HTTP/1.1" 200 0 "-" "Mozilla/5.0 (l9scan/2.0.430313e2233323e203e2236313; +https://leakix.net)"
147.182.200.94 - - [01/May/2026:19:30:32 -0400] "GET /swagger/index.html HTTP/1.1" 200 0 "-" "Mozilla/5.0 (l9scan/2.0.430313e2233323e203e2236313; +https://leakix.net)"
147.182.200.94 - - [01/May/2026:19:30:35 -0400] "GET /swagger/swagger-ui.html HTTP/1.1" 200 0 "-" "Mozilla/5.0 (l9scan/2.0.430313e2233323e203e2236313; +https://leakix.net)"
147.182.200.94 - - [01/May/2026:19:30:38 -0400] "GET /webjars/swagger-ui/index.html HTTP/1.1" 200 0 "-" "Mozilla/5.0 (l9scan/2.0.430313e2233323e203e2236313; +https://leakix.net)"
147.182.200.94 - - [01/May/2026:19:30:41 -0400] "GET /swagger.json HTTP/1.1" 200 0 "-" "Mozilla/5.0 (l9scan/2.0.430313e2233323e203e2236313; +https://leakix.net)"
147.182.200.94 - - [01/May/2026:19:30:44 -0400] "GET /swagger/v1/swagger.json HTTP/1.1" 200 0 "-" "Mozilla/5.0 (l9scan/2.0.430313e2233323e203e2236313; +https://leakix.net)"
147.182.200.94 - - [01/May/2026:19:30:48 -0400] "GET /v2/api-docs HTTP/1.1" 200 0 "-" "Mozilla/5.0 (l9scan/2.0.430313e2233323e203e2236313; +https://leakix.net)"
147.182.200.94 - - [01/May/2026:19:30:51 -0400] "GET /v3/api-docs HTTP/1.1" 200 0 "-" "Mozilla/5.0 (l9scan/2.0.430313e2233323e203e2236313; +https://leakix.net)"
147.182.200.94 - - [01/May/2026:19:30:54 -0400] "GET /api-docs/swagger.json HTTP/1.1" 200 0 "-" "Mozilla/5.0 (l9scan/2.0.430313e2233323e203e2236313; +https://leakix.net)"
147.182.200.94 - - [01/May/2026:19:30:57 -0400] "GET /api/swagger.json HTTP/1.1" 200 0 "-" "Mozilla/5.0 (l9scan/2.0.430313e2233323e203e2236313; +https://leakix.net)"
147.182.200.94 - - [01/May/2026:19:30:58 -0400] "GET /trace.axd HTTP/1.1" 200 0 "-" "Mozilla/5.0 (l9scan/2.0.430313e2233323e203e2236313; +https://leakix.net)"
147.182.200.94 - - [01/May/2026:19:31:01 -0400] "GET /@vite/env HTTP/1.1" 200 0 "-" "Mozilla/5.0 (l9scan/2.0.430313e2233323e203e2236313; +https://leakix.net)"
147.182.200.94 - - [01/May/2026:19:31:04 -0400] "GET /.vscode/sftp.json HTTP/1.1" 200 0 "-" "Mozilla/5.0 (l9scan/2.0.430313e2233323e203e2236313; +https://leakix.net)"
147.182.200.94 - - [01/May/2026:19:31:07 -0400] "OPTIONS / HTTP/1.1" 200 0 "-" "Mozilla/5.0 (l9scan/2.0.430313e2233323e203e2236313; +https://leakix.net)"
147.182.200.94 - - [01/May/2026:19:31:10 -0400] "GET /?rest_route=/wp/v2/users/ HTTP/1.1" 200 0 "-" "Mozilla/5.0 (l9scan/2.0.430313e2233323e203e2236313; +https://leakix.net)"
66.249.65.45 - - [01/May/2026:19:31:06 -0400] "GET /categorization/module/e07d48v0ksv5q5c.phtml HTTP/1.1" 503 854 "-" "Mozilla/5.0 (Linux; Android 6.0.1; Nexus 5X Build/MMB29P) AppleWebKit/537.36 (KHTML, like Gecko) Chrome/147.0.7727.137 Mobile Safari/537.36 (compatible; Googlebot/2.1; +http://www.google.com/bot.html)"
147.182.200.94 - - [01/May/2026:19:31:14 -0400] "GET /debug/default/view?panel=config HTTP/1.1" 200 0 "-" "Mozilla/5.0 (l9scan/2.0.430313e2233323e203e2236313; +https://leakix.net)"
43.157.156.190 - - [01/May/2026:19:31:16 -0400] "GET /products/minipcnuc11/ HTTP/1.1" 503 854 "-" "Mozilla/5.0 (iPhone; CPU iPhone OS 13_2_3 like Mac OS X) AppleWebKit/605.1.15 (KHTML, like Gecko) Version/13.0.3 Mobile/15E148 Safari/604.1"
66.249.65.46 - - [01/May/2026:19:32:42 -0400] "GET /sorority/object/f51xy2pbewtfara.phtml HTTP/1.1" 200 28643 "-" "Mozilla/5.0 (Linux; Android 6.0.1; Nexus 5X Build/MMB29P) AppleWebKit/537.36 (KHTML, like Gecko) Chrome/147.0.7727.137 Mobile Safari/537.36 (compatible; Googlebot/2.1; +http://www.google.com/bot.html)"
193.186.4.70 - - [01/May/2026:19:33:23 -0400] "GET /products/citran/ HTTP/1.1" 200 0 "https://www.google.com/" "Mozilla/5.0 (Windows NT 10.0; Win64; x64) AppleWebKit/537.36 (KHTML, like Gecko) Chrome/147.0.0.0 Safari/537.36"
66.249.65.46 - - [01/May/2026:19:33:27 -0400] "GET /index/asset/ef8rhxwnxhwiwud.phtml HTTP/1.1" 200 29962 "-" "Mozilla/5.0 (Linux; Android 6.0.1; Nexus 5X Build/MMB29P) AppleWebKit/537.36 (KHTML, like Gecko) Chrome/147.0.7727.137 Mobile Safari/537.36 (compatible; Googlebot/2.1; +http://www.google.com/bot.html)"
192.0.91.228 - - [01/May/2026:19:33:08 -0400] "HEAD / HTTP/1.1" 200 0 "-" "jetmon/1.0 (Jetpack Site Uptime Monitor by WordPress.com)"
66.102.9.230 - - [01/May/2026:19:33:23 -0400] "GET /.well-known/traffic-advice HTTP/1.1" 200 0 "-" "Chrome Privacy Preserving Prefetch Proxy"
66.249.65.44 - - [01/May/2026:19:31:51 -0400] "GET /model/consignment/ecurf7i9vrigy4z.phtml HTTP/1.1" 503 854 "-" "Mozilla/5.0 (Linux; Android 6.0.1; Nexus 5X Build/MMB29P) AppleWebKit/537.36 (KHTML, like Gecko) Chrome/147.0.7727.137 Mobile Safari/537.36 (compatible; GoogleOther)"
192.0.91.228 - - [01/May/2026:19:34:32 -0400] "HEAD / HTTP/1.1" 200 0 "-" "jetmon/1.0 (Jetpack Site Uptime Monitor by WordPress.com)"
66.249.65.46 - - [01/May/2026:19:34:56 -0400] "GET /compilation/craft/f9oa91cbpgs2129.phtml HTTP/1.1" 200 30589 "-" "Mozilla/5.0 (Linux; Android 6.0.1; Nexus 5X Build/MMB29P) AppleWebKit/537.36 (KHTML, like Gecko) Chrome/147.0.7727.137 Mobile Safari/537.36 (compatible; Googlebot/2.1; +http://www.google.com/bot.html)"
162.0.232.104 - - [01/May/2026:19:35:13 -0400] "POST /wp-cron.php?doing_wp_cron=1777678512.7330210208892822265625 HTTP/1.1" 200 0 "-" "WordPress/6.9.4; https://raydget.vip"
66.249.65.45 - - [01/May/2026:19:33:33 -0400] "GET /attribute/particle/em7s48vyksv545c.phtml HTTP/1.1" 404 0 "-" "Mozilla/5.0 (Linux; Android 6.0.1; Nexus 5X Build/MMB29P) AppleWebKit/537.36 (KHTML, like Gecko) Chrome/147.0.7727.137 Mobile Safari/537.36 (compatible; GoogleOther)"
122.248.245.244 - - [01/May/2026:19:34:58 -0400] "HEAD / HTTP/1.1" 200 0 "-" "jetmon/1.0 (Jetpack Site Uptime Monitor by WordPress.com)"
54.232.116.4 - - [01/May/2026:19:34:57 -0400] "HEAD / HTTP/1.1" 200 0 "-" "jetmon/1.0 (Jetpack Site Uptime Monitor by WordPress.com)"
54.217.201.243 - - [01/May/2026:19:34:57 -0400] "HEAD / HTTP/1.1" 200 0 "-" "jetmon/1.0 (Jetpack Site Uptime Monitor by WordPress.com)"
162.0.232.104 - - [01/May/2026:19:36:22 -0400] "POST /wp-cron.php?doing_wp_cron=1777678582.2316150665283203125000 HTTP/1.1" 200 0 "-" "WordPress/6.9.4; https://raydget.vip"
162.0.232.104 - - [01/May/2026:19:36:29 -0400] "POST /wp-cron.php?doing_wp_cron=1777678588.9306790828704833984375 HTTP/1.1" 200 0 "-" "WordPress/6.9.4; https://raydget.vip"
199.203.54.15 - - [01/May/2026:19:36:34 -0400] "GET /wp-login.php HTTP/1.1" 200 0 "-" "Mozilla/5.0 (Windows NT 10.0; WOW64) AppleWebKit/537.36 (KHTML, like Gecko) Chrome/65.0.3325.146 Safari/537.36"
162.0.232.104 - - [01/May/2026:19:37:36 -0400] "POST /wp-cron.php?doing_wp_cron=1777678655.7357881069183349609375 HTTP/1.1" 200 0 "-" "WordPress/6.9.4; https://raydget.vip"
162.0.232.104 - - [01/May/2026:19:37:41 -0400] "POST /wp-cron.php?doing_wp_cron=1777678661.0286159515380859375000 HTTP/1.1" 200 0 "-" "WordPress/6.9.4; https://raydget.vip"
66.249.65.46 - - [01/May/2026:19:36:37 -0400] "GET /sphere/handiwork/ermtjnabz7akakr.phtml HTTP/1.1" 404 0 "-" "Mozilla/5.0 (Linux; Android 6.0.1; Nexus 5X Build/MMB29P) AppleWebKit/537.36 (KHTML, like Gecko) Chrome/147.0.7727.137 Mobile Safari/537.36 (compatible; GoogleOther)"
66.249.65.44 - - [01/May/2026:19:37:52 -0400] "GET /sort/line/dcjtgk7lw47hwho.phtml HTTP/1.1" 200 30688 "-" "Mozilla/5.0 (Linux; Android 6.0.1; Nexus 5X Build/MMB29P) AppleWebKit/537.36 (KHTML, like Gecko) Chrome/147.0.7727.137 Mobile Safari/537.36 (compatible; Googlebot/2.1; +http://www.google.com/bot.html)"
192.0.91.228 - - [01/May/2026:19:38:07 -0400] "HEAD / HTTP/1.1" 200 0 "-" "jetmon/1.0 (Jetpack Site Uptime Monitor by WordPress.com)"
66.249.65.46 - - [01/May/2026:19:38:00 -0400] "GET /characteristic/thing/f69eumxba1dnpnu.phtml HTTP/1.1" 404 0 "-" "Mozilla/5.0 (Linux; Android 6.0.1; Nexus 5X Build/MMB29P) AppleWebKit/537.36 (KHTML, like Gecko) Chrome/147.0.7727.137 Mobile Safari/537.36 (compatible; GoogleOther)"
66.249.65.44 - - [01/May/2026:19:38:36 -0400] "GET /version/pattern/etmxjnahz7akokr.phtml HTTP/1.1" 200 30938 "-" "Mozilla/5.0 (Linux; Android 6.0.1; Nexus 5X Build/MMB29P) AppleWebKit/537.36 (KHTML, like Gecko) Chrome/147.0.7727.137 Mobile Safari/537.36 (compatible; Googlebot/2.1; +http://www.google.com/bot.html)"
66.249.65.46 - - [01/May/2026:19:39:20 -0400] "GET /framework/byproduct/fqpamqdb26h3afy.phtml HTTP/1.1" 200 30605 "-" "Mozilla/5.0 (Linux; Android 6.0.1; Nexus 5X Build/MMB29P) AppleWebKit/537.36 (KHTML, like Gecko) Chrome/147.0.7727.137 Mobile Safari/537.36 (compatible; Googlebot/2.1; +http://www.google.com/bot.html)"
66.249.65.46 - - [01/May/2026:19:40:04 -0400] "GET /aggregation/equipment/fh4y15sbh2wivud.phtml HTTP/1.1" 200 29098 "-" "Mozilla/5.0 (Linux; Android 6.0.1; Nexus 5X Build/MMB29P) AppleWebKit/537.36 (KHTML, like Gecko) Chrome/147.0.7727.137 Mobile Safari/537.36 (compatible; Googlebot/2.1; +http://www.google.com/bot.html)"
162.0.232.104 - - [01/May/2026:19:40:28 -0400] "POST /wp-cron.php?doing_wp_cron=1777678828.8411860466003417968750 HTTP/1.1" 200 0 "-" "WordPress/6.9.4; https://raydget.vip"
66.249.65.44 - - [01/May/2026:19:40:23 -0400] "GET /area/material/e83iogr640rp0d8.phtml HTTP/1.1" 404 0 "-" "Mozilla/5.0 (Linux; Android 6.0.1; Nexus 5X Build/MMB29P) AppleWebKit/537.36 (KHTML, like Gecko) Chrome/147.0.7727.137 Mobile Safari/537.36 (compatible; GoogleOther)"
162.0.232.104 - - [01/May/2026:19:41:23 -0400] "POST /wp-cron.php?doing_wp_cron=1777678883.7729790210723876953125 HTTP/1.1" 200 0 "-" "WordPress/6.9.4; https://raydget.vip"
66.249.65.45 - - [01/May/2026:19:41:20 -0400] "GET /facet/accomplishment/ejnvwcb2cwbxi9s.phtml HTTP/1.1" 404 0 "-" "Mozilla/5.0 (Linux; Android 6.0.1; Nexus 5X Build/MMB29P) AppleWebKit/537.36 (KHTML, like Gecko) Chrome/147.0.7727.137 Mobile Safari/537.36 (compatible; GoogleOther)"
66.249.65.44 - - [01/May/2026:19:41:32 -0400] "GET /rank/concept/evdbae1jqy1b1bi.phtml HTTP/1.1" 200 30333 "-" "Mozilla/5.0 (Linux; Android 6.0.1; Nexus 5X Build/MMB29P) AppleWebKit/537.36 (KHTML, like Gecko) Chrome/147.0.7727.137 Mobile Safari/537.36 (compatible; Googlebot/2.1; +http://www.google.com/bot.html)"
162.0.232.104 - - [01/May/2026:19:42:55 -0400] "POST /wp-cron.php?doing_wp_cron=1777678975.4535090923309326171875 HTTP/1.1" 200 0 "-" "WordPress/6.9.4; https://raydget.vip"
66.249.65.44 - - [01/May/2026:19:42:51 -0400] "GET /clique/assembly/ep4a15sbhps2k29.phtml HTTP/1.1" 404 0 "-" "Mozilla/5.0 (Linux; Android 6.0.1; Nexus 5X Build/MMB29P) AppleWebKit/537.36 (KHTML, like Gecko) Chrome/147.0.7727.137 Mobile Safari/537.36 (compatible; GoogleOther)"
66.249.65.45 - - [01/May/2026:19:42:59 -0400] "GET /type/accessory/eits2ihki2h3wfy.phtml HTTP/1.1" 200 30465 "-" "Mozilla/5.0 (Linux; Android 6.0.1; Nexus 5X Build/MMB29P) AppleWebKit/537.36 (KHTML, like Gecko) Chrome/147.0.7727.137 Mobile Safari/537.36 (compatible; Googlebot/2.1; +http://www.google.com/bot.html)"
192.0.91.228 - - [01/May/2026:19:43:08 -0400] "HEAD / HTTP/1.1" 200 0 "-" "jetmon/1.0 (Jetpack Site Uptime Monitor by WordPress.com)"
162.0.232.104 - - [01/May/2026:19:43:33 -0400] "POST /wp-cron.php?doing_wp_cron=1777679013.6526710987091064453125 HTTP/1.1" 200 0 "-" "WordPress/6.9.4; https://raydget.vip"
66.249.65.46 - - [01/May/2026:19:43:28 -0400] "GET /nomenclature/attribute/ffwb5lkbllca6yt.phtml HTTP/1.1" 404 0 "-" "Mozilla/5.0 (Linux; Android 6.0.1; Nexus 5X Build/MMB29P) AppleWebKit/537.36 (KHTML, like Gecko) Chrome/147.0.7727.137 Mobile Safari/537.36 (compatible; GoogleOther)"
37.162.32.91 - - [01/May/2026:19:43:30 -0400] "GET / HTTP/1.1" 200 21576 "-" "Mozilla/5.0 (compatible; MSIE 9.0; Windows NT 11.0; Trident/5.1)"
162.0.232.104 - - [01/May/2026:19:45:17 -0400] "POST /wp-cron.php?doing_wp_cron=1777679116.9522469043731689453125 HTTP/1.1" 200 0 "-" "WordPress/6.9.4; https://raydget.vip"
66.249.65.46 - - [01/May/2026:19:45:12 -0400] "GET /aggregation/kit/f8fx0s3bgyjtct0.phtml HTTP/1.1" 404 0 "-" "Mozilla/5.0 (Linux; Android 6.0.1; Nexus 5X Build/MMB29P) AppleWebKit/537.36 (KHTML, like Gecko) Chrome/147.0.7727.137 Mobile Safari/537.36 (compatible; GoogleOther)"
162.0.232.104 - - [01/May/2026:19:45:34 -0400] "POST /wp-cron.php?doing_wp_cron=1777679134.1845688819885253906250 HTTP/1.1" 200 0 "-" "WordPress/6.9.4; https://raydget.vip"
66.249.65.44 - - [01/May/2026:19:45:30 -0400] "GET /edition/class/emnrwcb2cwbxo9s.phtml HTTP/1.1" 404 0 "-" "Mozilla/5.0 (Linux; Android 6.0.1; Nexus 5X Build/MMB29P) AppleWebKit/537.36 (KHTML, like Gecko) Chrome/147.0.7727.137 Mobile Safari/537.36 (compatible; GoogleOther)"
142.93.215.41 - - [01/May/2026:19:46:01 -0400] "GET /wp-login.php HTTP/1.1" 302 0 "-" "Mozilla/5.0 (Windows NT 6.3; WOW64; Trident/7.0; Touch; SMJB; rv:11.0) like Gecko"
66.249.65.44 - - [01/May/2026:19:46:12 -0400] "GET /segment/attribute/e5vkswjy8gjtqt0.phtml HTTP/1.1" 404 0 "-" "Mozilla/5.0 (Linux; Android 6.0.1; Nexus 5X Build/MMB29P) AppleWebKit/537.36 (KHTML, like Gecko) Chrome/147.0.7727.137 Mobile Safari/537.36 (compatible; GoogleOther)"
66.249.65.45 - - [01/May/2026:19:46:17 -0400] "GET /unit/category/f3ax7bybnp2ow0j.phtml HTTP/1.1" 200 29401 "-" "Mozilla/5.0 (Linux; Android 6.0.1; Nexus 5X Build/MMB29P) AppleWebKit/537.36 (KHTML, like Gecko) Chrome/147.0.7727.137 Mobile Safari/537.36 (compatible; Googlebot/2.1; +http://www.google.com/bot.html)"
103.172.92.89 - - [01/May/2026:19:46:17 -0400] "GET /wp-login.php HTTP/1.1" 302 0 "-" "Mozilla/5.0 (Macintosh; Intel Mac OS X 10_10_5) AppleWebKit/537.36 (KHTML, like Gecko) Chrome/67.0.3396.87 Safari/537.36"
103.172.92.89 - - [01/May/2026:19:46:23 -0400] "GET /wp-login.php HTTP/1.1" 302 0 "https://raydget.vip/wp-login.php" "Mozilla/5.0 (Macintosh; Intel Mac OS X 10_10_5) AppleWebKit/537.36 (KHTML, like Gecko) Chrome/67.0.3396.87 Safari/537.36"
162.0.232.104 - - [01/May/2026:19:46:35 -0400] "POST /wp-cron.php?doing_wp_cron=1777679195.4418399333953857421875 HTTP/1.1" 200 0 "-" "WordPress/6.9.4; https://raydget.vip"
103.172.92.89 - - [01/May/2026:19:46:28 -0400] "GET /wp-login.php HTTP/1.1" 302 0 "https://raydget.vip/wp-login.php" "Mozilla/5.0 (Macintosh; Intel Mac OS X 10_10_5) AppleWebKit/537.36 (KHTML, like Gecko) Chrome/67.0.3396.87 Safari/537.36"
103.172.92.89 - - [01/May/2026:19:46:35 -0400] "GET /wp-login.php HTTP/1.1" 200 0 "https://raydget.vip/wp-login.php" "Mozilla/5.0 (Macintosh; Intel Mac OS X 10_10_5) AppleWebKit/537.36 (KHTML, like Gecko) Chrome/67.0.3396.87 Safari/537.36"
66.249.65.44 - - [01/May/2026:19:46:35 -0400] "GET /categorization/return/f77148vbkgzlcxg.phtml HTTP/1.1" 404 0 "-" "Mozilla/5.0 (Linux; Android 6.0.1; Nexus 5X Build/MMB29P) AppleWebKit/537.36 (KHTML, like Gecko) Chrome/147.0.7727.137 Mobile Safari/537.36 (compatible; GoogleOther)"
162.0.232.104 - - [01/May/2026:19:47:43 -0400] "POST /wp-cron.php?doing_wp_cron=1777679263.1555891036987304687500 HTTP/1.1" 200 0 "-" "WordPress/6.9.4; https://raydget.vip"
66.249.65.44 - - [01/May/2026:19:47:38 -0400] "GET /property/assortment/ev7d48vkksv5k5c.phtml HTTP/1.1" 404 0 "-" "Mozilla/5.0 (Linux; Android 6.0.1; Nexus 5X Build/MMB29P) AppleWebKit/537.36 (KHTML, like Gecko) Chrome/147.0.7727.137 Mobile Safari/537.36 (compatible; GoogleOther)"
66.249.65.44 - - [01/May/2026:19:47:45 -0400] "GET /discipline/feature/efsrptgj5dgqoqx.phtml HTTP/1.1" 200 29570 "-" "Mozilla/5.0 (Linux; Android 6.0.1; Nexus 5X Build/MMB29P) AppleWebKit/537.36 (KHTML, like Gecko) Chrome/147.0.7727.137 Mobile Safari/537.36 (compatible; Googlebot/2.1; +http://www.google.com/bot.html)"
66.249.65.45 - - [01/May/2026:19:48:00 -0400] "GET /factor/thing/f4jagk7bw5bxf9s.phtml HTTP/1.1" 404 0 "-" "Mozilla/5.0 (Linux; Android 6.0.1; Nexus 5X Build/MMB29P) AppleWebKit/537.36 (KHTML, like Gecko) Chrome/147.0.7727.137 Mobile Safari/537.36 (compatible; GoogleOther)"
192.0.91.228 - - [01/May/2026:19:48:08 -0400] "HEAD / HTTP/1.1" 200 0 "-" "jetmon/1.0 (Jetpack Site Uptime Monitor by WordPress.com)"
66.249.65.45 - - [01/May/2026:19:48:08 -0400] "GET /typology/fraction/db6orjuh73usrgb.phtml HTTP/1.1" 404 0 "-" "Mozilla/5.0 (Linux; Android 6.0.1; Nexus 5X Build/MMB29P) AppleWebKit/537.36 (KHTML, like Gecko) Chrome/147.0.7727.137 Mobile Safari/537.36 (compatible; GoogleOther)"
66.249.65.44 - - [01/May/2026:19:48:17 -0400] "GET /assemblage/attribute/e96brju073usjgb.phtml HTTP/1.1" 404 0 "-" "Mozilla/5.0 (Linux; Android 6.0.1; Nexus 5X Build/MMB29P) AppleWebKit/537.36 (KHTML, like Gecko) Chrome/147.0.7727.137 Mobile Safari/537.36 (compatible; GoogleOther)"
162.0.232.104 - - [01/May/2026:19:48:39 -0400] "POST /wp-cron.php?doing_wp_cron=1777679319.3549239635467529296875 HTTP/1.1" 200 0 "-" "WordPress/6.9.4; https://raydget.vip"
66.249.65.44 - - [01/May/2026:19:48:29 -0400] "GET /version/produce/eh63rjuk73usngb.phtml HTTP/1.1" 404 0 "-" "Mozilla/5.0 (Linux; Android 6.0.1; Nexus 5X Build/MMB29P) AppleWebKit/537.36 (KHTML, like Gecko) Chrome/147.0.7727.137 Mobile Safari/537.36 (compatible; GoogleOther)"
162.0.232.104 - - [01/May/2026:19:49:07 -0400] "POST /wp-cron.php?doing_wp_cron=1777679347.1320800781250000000000 HTTP/1.1" 200 0 "-" "WordPress/6.9.4; https://raydget.vip"
66.249.65.44 - - [01/May/2026:19:49:02 -0400] "GET /framework/kit/eumhjna0z7ak5kr.phtml HTTP/1.1" 404 0 "-" "Mozilla/5.0 (Linux; Android 6.0.1; Nexus 5X Build/MMB29P) AppleWebKit/537.36 (KHTML, like Gecko) Chrome/147.0.7727.137 Mobile Safari/537.36 (compatible; GoogleOther)"
66.249.65.44 - - [01/May/2026:19:49:13 -0400] "GET /framework/appliance/eatc2ihei2h3ufy.phtml HTTP/1.1" 200 29563 "-" "Mozilla/5.0 (Linux; Android 6.0.1; Nexus 5X Build/MMB29P) AppleWebKit/537.36 (KHTML, like Gecko) Chrome/147.0.7727.137 Mobile Safari/537.36 (compatible; Googlebot/2.1; +http://www.google.com/bot.html)"
66.249.65.44 - - [01/May/2026:19:49:13 -0400] "GET /aspect/type/ea6orjun73ussgb.phtml HTTP/1.1" 200 30447 "-" "Mozilla/5.0 (Linux; Android 6.0.1; Nexus 5X Build/MMB29P) AppleWebKit/537.36 (KHTML, like Gecko) Chrome/147.0.7727.137 Mobile Safari/537.36 (compatible; Googlebot/2.1; +http://www.google.com/bot.html)"
66.249.65.44 - - [01/May/2026:19:49:57 -0400] "GET /aspect/equipment/f3jwgk7bwebx29s.phtml HTTP/1.1" 200 28352 "-" "Mozilla/5.0 (Linux; Android 6.0.1; Nexus 5X Build/MMB29P) AppleWebKit/537.36 (KHTML, like Gecko) Chrome/147.0.7727.137 Mobile Safari/537.36 (compatible; Googlebot/2.1; +http://www.google.com/bot.html)"
162.0.232.104 - - [01/May/2026:19:51:12 -0400] "POST /wp-cron.php?doing_wp_cron=1777679472.4439659118652343750000 HTTP/1.1" 200 0 "-" "WordPress/6.9.4; https://raydget.vip"
66.249.65.44 - - [01/May/2026:19:51:07 -0400] "GET /assemblage/attribute/fhxbialbyd1bfbi.phtml HTTP/1.1" 404 0 "-" "Mozilla/5.0 (Linux; Android 6.0.1; Nexus 5X Build/MMB29P) AppleWebKit/537.36 (KHTML, like Gecko) Chrome/147.0.7727.137 Mobile Safari/537.36 (compatible; GoogleOther)"
103.28.36.205 - - [01/May/2026:19:51:20 -0400] "GET /wp-login.php HTTP/1.1" 302 0 "-" "Mozilla/5.0 (X11; Linux x86_64) AppleWebKit/537.36 (KHTML, like Gecko) Chrome/66.0.3359.181 Safari/537.36"
103.28.36.205 - - [01/May/2026:19:51:26 -0400] "GET /wp-login.php HTTP/1.1" 302 0 "https://raydget.vip/wp-login.php" "Mozilla/5.0 (X11; Linux x86_64) AppleWebKit/537.36 (KHTML, like Gecko) Chrome/66.0.3359.181 Safari/537.36"
103.28.36.205 - - [01/May/2026:19:51:32 -0400] "GET /wp-login.php HTTP/1.1" 200 0 "https://raydget.vip/wp-login.php" "Mozilla/5.0 (X11; Linux x86_64) AppleWebKit/537.36 (KHTML, like Gecko) Chrome/66.0.3359.181 Safari/537.36"
162.0.232.104 - - [01/May/2026:19:51:40 -0400] "POST /wp-cron.php?doing_wp_cron=1777679500.2549660205841064453125 HTTP/1.1" 200 0 "-" "WordPress/6.9.4; https://raydget.vip"
66.249.65.45 - - [01/May/2026:19:52:01 -0400] "GET /pattern/accomplishment/erfj0s3ogc31spk.phtml HTTP/1.1" 404 0 "-" "Mozilla/5.0 (Linux; Android 6.0.1; Nexus 5X Build/MMB29P) AppleWebKit/537.36 (KHTML, like Gecko) Chrome/147.0.7727.137 Mobile Safari/537.36 (compatible; GoogleOther)"
162.0.232.104 - - [01/May/2026:19:53:17 -0400] "POST /wp-cron.php?doing_wp_cron=1777679597.2339630126953125000000 HTTP/1.1" 200 0 "-" "WordPress/6.9.4; https://raydget.vip"
192.0.91.228 - - [01/May/2026:19:53:07 -0400] "HEAD / HTTP/1.1" 200 0 "-" "jetmon/1.0 (Jetpack Site Uptime Monitor by WordPress.com)"
66.249.65.44 - - [01/May/2026:19:53:33 -0400] "GET /unit/attribute/ed34ogrm40rpud8.phtml HTTP/1.1" 200 30457 "-" "Mozilla/5.0 (Linux; Android 6.0.1; Nexus 5X Build/MMB29P) AppleWebKit/537.36 (KHTML, like Gecko) Chrome/147.0.7727.137 Mobile Safari/537.36 (compatible; Googlebot/2.1; +http://www.google.com/bot.html)"
66.249.65.45 - - [01/May/2026:19:53:33 -0400] "GET /family/make/e4ae7byynvy8v8f.phtml HTTP/1.1" 200 31065 "-" "Mozilla/5.0 (Linux; Android 6.0.1; Nexus 5X Build/MMB29P) AppleWebKit/537.36 (KHTML, like Gecko) Chrome/147.0.7727.137 Mobile Safari/537.36 (compatible; Googlebot/2.1; +http://www.google.com/bot.html)"
162.0.232.104 - - [01/May/2026:19:54:08 -0400] "POST /wp-cron.php?doing_wp_cron=1777679648.3379759788513183593750 HTTP/1.1" 200 0 "-" "WordPress/6.9.4; https://raydget.vip"
66.249.65.44 - - [01/May/2026:19:53:58 -0400] "GET /aggregation/release/fv7x48vbkmzluxg.phtml HTTP/1.1" 404 0 "-" "Mozilla/5.0 (Linux; Android 6.0.1; Nexus 5X Build/MMB29P) AppleWebKit/537.36 (KHTML, like Gecko) Chrome/147.0.7727.137 Mobile Safari/537.36 (compatible; GoogleOther)"
66.249.65.44 - - [01/May/2026:19:54:55 -0400] "GET /order/trait/ebb8k0z40kzlcxg.phtml HTTP/1.1" 200 30884 "-" "Mozilla/5.0 (Linux; Android 6.0.1; Nexus 5X Build/MMB29P) AppleWebKit/537.36 (KHTML, like Gecko) Chrome/147.0.7727.137 Mobile Safari/537.36 (compatible; Googlebot/2.1; +http://www.google.com/bot.html)"
162.0.232.104 - - [01/May/2026:19:55:12 -0400] "POST /wp-cron.php?doing_wp_cron=1777679712.3434131145477294921875 HTTP/1.1" 200 0 "-" "WordPress/6.9.4; https://raydget.vip"
66.249.65.44 - - [01/May/2026:19:55:05 -0400] "GET /module/bundle/e65aeut7uetf7ra.phtml HTTP/1.1" 404 0 "-" "Mozilla/5.0 (Linux; Android 6.0.1; Nexus 5X Build/MMB29P) AppleWebKit/537.36 (KHTML, like Gecko) Chrome/147.0.7727.137 Mobile Safari/537.36 (compatible; GoogleOther)"
162.0.232.104 - - [01/May/2026:19:55:53 -0400] "POST /wp-cron.php?doing_wp_cron=1777679753.7502300739288330078125 HTTP/1.1" 200 0 "-" "WordPress/6.9.4; https://raydget.vip"
152.53.111.131 - - [01/May/2026:19:55:49 -0400] "GET /wp-login.php HTTP/1.1" 302 0 "-" "Mozilla/5.0 (Windows NT 6.1; Win64; x64) AppleWebKit/537.36 (KHTML, like Gecko) Chrome/65.0.3325.146 Safari/537.36"
152.53.111.131 - - [01/May/2026:19:55:54 -0400] "GET /wp-login.php HTTP/1.1" 302 0 "https://raydget.vip/wp-login.php" "Mozilla/5.0 (Windows NT 6.1; Win64; x64) AppleWebKit/537.36 (KHTML, like Gecko) Chrome/65.0.3325.146 Safari/537.36"
152.53.111.131 - - [01/May/2026:19:56:02 -0400] "GET /wp-login.php HTTP/1.1" 200 0 "https://raydget.vip/wp-login.php" "Mozilla/5.0 (Windows NT 6.1; Win64; x64) AppleWebKit/537.36 (KHTML, like Gecko) Chrome/65.0.3325.146 Safari/537.36"
162.0.232.104 - - [01/May/2026:19:57:17 -0400] "POST /wp-cron.php?doing_wp_cron=1777679836.9561390876770019531250 HTTP/1.1" 200 0 "-" "WordPress/6.9.4; https://raydget.vip"
66.249.65.45 - - [01/May/2026:19:57:09 -0400] "GET /schema/apparatus/ehskptgd5dgqeqx.phtml HTTP/1.1" 404 0 "-" "Mozilla/5.0 (Linux; Android 6.0.1; Nexus 5X Build/MMB29P) AppleWebKit/537.36 (KHTML, like Gecko) Chrome/147.0.7727.137 Mobile Safari/537.36 (compatible; GoogleOther)"
162.0.232.104 - - [01/May/2026:19:58:18 -0400] "POST /wp-cron.php?doing_wp_cron=1777679898.5557100772857666015625 HTTP/1.1" 200 0 "-" "WordPress/6.9.4; https://raydget.vip"
66.249.65.45 - - [01/May/2026:19:58:08 -0400] "GET /continuum/feature/eb0xldou1xomfa5.phtml HTTP/1.1" 404 0 "-" "Mozilla/5.0 (Linux; Android 6.0.1; Nexus 5X Build/MMB29P) AppleWebKit/537.36 (KHTML, like Gecko) Chrome/147.0.7727.137 Mobile Safari/537.36 (compatible; GoogleOther)"
192.0.91.228 - - [01/May/2026:19:58:09 -0400] "HEAD / HTTP/1.1" 200 0 "-" "jetmon/1.0 (Jetpack Site Uptime Monitor by WordPress.com)"
66.249.65.45 - - [01/May/2026:19:58:19 -0400] "GET /table/kind/eraz7bylnvy8k8f.phtml HTTP/1.1" 200 30044 "-" "Mozilla/5.0 (Linux; Android 6.0.1; Nexus 5X Build/MMB29P) AppleWebKit/537.36 (KHTML, like Gecko) Chrome/147.0.7727.137 Mobile Safari/537.36 (compatible; Googlebot/2.1; +http://www.google.com/bot.html)"
66.249.65.46 - - [01/May/2026:20:00:23 -0400] "GET /taxon/particle/eaxcialdyuljx72.phtml HTTP/1.1" 200 30085 "-" "Mozilla/5.0 (Linux; Android 6.0.1; Nexus 5X Build/MMB29P) AppleWebKit/537.36 (KHTML, like Gecko) Chrome/147.0.7727.137 Mobile Safari/537.36 (compatible; Googlebot/2.1; +http://www.google.com/bot.html)"
66.249.65.46 - - [01/May/2026:20:00:23 -0400] "GET /attribute/class/eqs5ptgi5dgqpqx.phtml HTTP/1.1" 200 29696 "-" "Mozilla/5.0 (Linux; Android 6.0.1; Nexus 5X Build/MMB29P) AppleWebKit/537.36 (KHTML, like Gecko) Chrome/147.0.7727.137 Mobile Safari/537.36 (compatible; Googlebot/2.1; +http://www.google.com/bot.html)"
162.0.232.104 - - [01/May/2026:20:00:34 -0400] "POST /wp-cron.php?doing_wp_cron=1777680034.6346919536590576171875 HTTP/1.1" 200 0 "-" "WordPress/6.9.4; https://raydget.vip"
66.249.65.46 - - [01/May/2026:20:00:21 -0400] "GET /attribute/model/euxeialcyuljg72.phtml HTTP/1.1" 404 0 "-" "Mozilla/5.0 (Linux; Android 6.0.1; Nexus 5X Build/MMB29P) AppleWebKit/537.36 (KHTML, like Gecko) Chrome/147.0.7727.137 Mobile Safari/537.36 (compatible; GoogleOther)"
192.176.172.166 - - [01/May/2026:20:00:26 -0400] "GET /wp-login.php HTTP/1.1" 302 0 "-" "Mozilla/5.0 (Windows NT 6.2; Win64; x64) AppleWebKit/537.36 (KHTML, like Gecko) Chrome/66.0.3359.139 Safari/537.36"
192.176.172.166 - - [01/May/2026:20:00:45 -0400] "GET /wp-login.php HTTP/1.1" 200 0 "https://raydget.vip/wp-login.php" "Mozilla/5.0 (Windows NT 6.2; Win64; x64) AppleWebKit/537.36 (KHTML, like Gecko) Chrome/66.0.3359.139 Safari/537.36"
66.249.65.44 - - [01/May/2026:20:01:13 -0400] "GET /design/entity/f4ae7bybny2or0j.phtml HTTP/1.1" 404 0 "-" "Mozilla/5.0 (Linux; Android 6.0.1; Nexus 5X Build/MMB29P) AppleWebKit/537.36 (KHTML, like Gecko) Chrome/147.0.7727.137 Mobile Safari/537.36 (compatible; GoogleOther)"
66.249.65.44 - - [01/May/2026:20:01:45 -0400] "GET /factor/thing/f4jagk7bw5bxf9s.phtml HTTP/1.1" 200 30921 "-" "Mozilla/5.0 (Linux; Android 6.0.1; Nexus 5X Build/MMB29P) AppleWebKit/537.36 (KHTML, like Gecko) Chrome/147.0.7727.137 Mobile Safari/537.36 (compatible; Googlebot/2.1; +http://www.google.com/bot.html)"
66.249.65.44 - - [01/May/2026:20:01:46 -0400] "GET /phylum/resource/eqp1mqdc2adnsnu.phtml HTTP/1.1" 200 28951 "-" "Mozilla/5.0 (Linux; Android 6.0.1; Nexus 5X Build/MMB29P) AppleWebKit/537.36 (KHTML, like Gecko) Chrome/147.0.7727.137 Mobile Safari/537.36 (compatible; Googlebot/2.1; +http://www.google.com/bot.html)"
66.249.65.44 - - [01/May/2026:20:01:46 -0400] "GET /make/range/fdmzjnabzde0ccv.phtml HTTP/1.1" 200 28533 "-" "Mozilla/5.0 (Linux; Android 6.0.1; Nexus 5X Build/MMB29P) AppleWebKit/537.36 (KHTML, like Gecko) Chrome/147.0.7727.137 Mobile Safari/537.36 (compatible; Googlebot/2.1; +http://www.google.com/bot.html)"
162.0.232.104 - - [01/May/2026:20:03:25 -0400] "POST /wp-cron.php?doing_wp_cron=1777680205.1437489986419677734375 HTTP/1.1" 200 0 "-" "WordPress/6.9.4; https://raydget.vip"
192.0.91.228 - - [01/May/2026:20:03:08 -0400] "HEAD / HTTP/1.1" 200 0 "-" "jetmon/1.0 (Jetpack Site Uptime Monitor by WordPress.com)"
114.119.128.37 - - [01/May/2026:20:03:32 -0400] "GET /robots.txt HTTP/1.1" 200 91 "-" "Mozilla/5.0 (compatible;PetalBot;+https://webmaster.petalsearch.com/site/petalbot)"
162.0.232.104 - - [01/May/2026:20:03:36 -0400] "POST /wp-cron.php?doing_wp_cron=1777680216.7535920143127441406250 HTTP/1.1" 200 0 "-" "WordPress/6.9.4; https://raydget.vip"
66.249.65.44 - - [01/May/2026:20:03:32 -0400] "GET /sort/material/ewj1gk7jw47htho.phtml HTTP/1.1" 404 0 "-" "Mozilla/5.0 (Linux; Android 6.0.1; Nexus 5X Build/MMB29P) AppleWebKit/537.36 (KHTML, like Gecko) Chrome/147.0.7727.137 Mobile Safari/537.36 (compatible; GoogleOther)"
162.0.232.104 - - [01/May/2026:20:04:27 -0400] "POST /wp-cron.php?doing_wp_cron=1777680267.5467820167541503906250 HTTP/1.1" 200 0 "-" "WordPress/6.9.4; https://raydget.vip"
66.249.65.45 - - [01/May/2026:20:04:16 -0400] "GET /classification/entity/f0td2ihbie976vq.phtml HTTP/1.1" 404 0 "-" "Mozilla/5.0 (Linux; Android 6.0.1; Nexus 5X Build/MMB29P) AppleWebKit/537.36 (KHTML, like Gecko) Chrome/147.0.7727.137 Mobile Safari/537.36 (compatible; GoogleOther)"
66.249.65.45 - - [01/May/2026:20:04:29 -0400] "GET /compilation/craft/ekt72ihmi2h36fy.phtml HTTP/1.1" 200 29391 "-" "Mozilla/5.0 (Linux; Android 6.0.1; Nexus 5X Build/MMB29P) AppleWebKit/537.36 (KHTML, like Gecko) Chrome/147.0.7727.137 Mobile Safari/537.36 (compatible; Googlebot/2.1; +http://www.google.com/bot.html)"
213.238.191.143 - - [01/May/2026:20:05:07 -0400] "GET /wp-login.php HTTP/1.1" 302 0 "-" "Mozilla/5.0 (Windows NT 6.1; Win64; x64) AppleWebKit/537.36 (KHTML, like Gecko) Chrome/58.0.3029.110 Safari/537.36 Edge/16.16299"
213.238.191.143 - - [01/May/2026:20:05:13 -0400] "GET /wp-login.php HTTP/1.1" 302 0 "https://raydget.vip/wp-login.php" "Mozilla/5.0 (Windows NT 6.1; Win64; x64) AppleWebKit/537.36 (KHTML, like Gecko) Chrome/58.0.3029.110 Safari/537.36 Edge/16.16299"
213.238.191.143 - - [01/May/2026:20:05:21 -0400] "GET /wp-login.php HTTP/1.1" 200 0 "https://raydget.vip/wp-login.php" "Mozilla/5.0 (Windows NT 6.1; Win64; x64) AppleWebKit/537.36 (KHTML, like Gecko) Chrome/58.0.3029.110 Safari/537.36 Edge/16.16299"
66.249.65.46 - - [01/May/2026:20:05:52 -0400] "GET /community/range/e1lk6y9wmi97avq.phtml HTTP/1.1" 200 29945 "-" "Mozilla/5.0 (Linux; Android 6.0.1; Nexus 5X Build/MMB29P) AppleWebKit/537.36 (KHTML, like Gecko) Chrome/147.0.7727.137 Mobile Safari/537.36 (compatible; Googlebot/2.1; +http://www.google.com/bot.html)"
162.0.232.104 - - [01/May/2026:20:06:48 -0400] "POST /wp-cron.php?doing_wp_cron=1777680408.8635809421539306640625 HTTP/1.1" 200 0 "-" "WordPress/6.9.4; https://raydget.vip"
66.249.65.46 - - [01/May/2026:20:06:44 -0400] "GET /sort/module/fyx0ialbyc1b8bi.phtml HTTP/1.1" 404 0 "-" "Mozilla/5.0 (Linux; Android 6.0.1; Nexus 5X Build/MMB29P) AppleWebKit/537.36 (KHTML, like Gecko) Chrome/147.0.7727.137 Mobile Safari/537.36 (compatible; GoogleOther)"
66.249.65.44 - - [01/May/2026:20:07:19 -0400] "GET /matrix/bundle/eek2t98j9t8uu6p.phtml HTTP/1.1" 404 0 "-" "Mozilla/5.0 (Linux; Android 6.0.1; Nexus 5X Build/MMB29P) AppleWebKit/537.36 (KHTML, like Gecko) Chrome/147.0.7727.137 Mobile Safari/537.36 (compatible; GoogleOther)"
162.0.232.104 - - [01/May/2026:20:08:13 -0400] "POST /wp-cron.php?doing_wp_cron=1777680493.6705710887908935546875 HTTP/1.1" 200 0 "-" "WordPress/6.9.4; https://raydget.vip"
192.0.91.228 - - [01/May/2026:20:08:07 -0400] "HEAD / HTTP/1.1" 200 0 "-" "jetmon/1.0 (Jetpack Site Uptime Monitor by WordPress.com)"
66.249.65.44 - - [01/May/2026:20:09:59 -0400] "GET /grouping/artifact/e96hrjuj73usegb.phtml HTTP/1.1" 200 29670 "-" "Mozilla/5.0 (Linux; Android 6.0.1; Nexus 5X Build/MMB29P) AppleWebKit/537.36 (KHTML, like Gecko) Chrome/147.0.7727.137 Mobile Safari/537.36 (compatible; Googlebot/2.1; +http://www.google.com/bot.html)"
162.0.232.104 - - [01/May/2026:20:10:09 -0400] "POST /wp-cron.php?doing_wp_cron=1777680609.0543949604034423828125 HTTP/1.1" 200 0 "-" "WordPress/6.9.4; https://raydget.vip"
66.249.65.45 - - [01/May/2026:20:09:55 -0400] "GET /status/career/f2y0vzmbb2qcvo7.phtml HTTP/1.1" 404 0 "-" "Mozilla/5.0 (Linux; Android 6.0.1; Nexus 5X Build/MMB29P) AppleWebKit/537.36 (KHTML, like Gecko) Chrome/147.0.7727.137 Mobile Safari/537.36 (compatible; GoogleOther)"
66.249.65.44 - - [01/May/2026:20:10:23 -0400] "GET /aggregation/harvest/eusbptge5dgqdqx.phtml HTTP/1.1" 404 0 "-" "Mozilla/5.0 (Linux; Android 6.0.1; Nexus 5X Build/MMB29P) AppleWebKit/537.36 (KHTML, like Gecko) Chrome/147.0.7727.137 Mobile Safari/537.36 (compatible; GoogleOther)"
162.0.232.104 - - [01/May/2026:20:11:06 -0400] "POST /wp-cron.php?doing_wp_cron=1777680666.3581769466400146484375 HTTP/1.1" 200 0 "-" "WordPress/6.9.4; https://raydget.vip"
177.11.54.244 - - [01/May/2026:20:10:58 -0400] "GET /wp-login.php HTTP/1.1" 302 0 "-" "Mozilla/5.0 (Windows NT 10.0) AppleWebKit/537.36 (KHTML, like Gecko) Chrome/65.0.3325.181 Safari/537.36"
66.249.65.45 - - [01/May/2026:20:11:21 -0400] "GET /province/project/exxbialjyuljt72.phtml HTTP/1.1" 200 30730 "-" "Mozilla/5.0 (Linux; Android 6.0.1; Nexus 5X Build/MMB29P) AppleWebKit/537.36 (KHTML, like Gecko) Chrome/147.0.7727.137 Mobile Safari/537.36 (compatible; Googlebot/2.1; +http://www.google.com/bot.html)"
66.249.65.44 - - [01/May/2026:20:12:43 -0400] "GET /gamut/parcel/ew2cbrqdrbqcuo7.phtml HTTP/1.1" 200 30243 "-" "Mozilla/5.0 (Linux; Android 6.0.1; Nexus 5X Build/MMB29P) AppleWebKit/537.36 (KHTML, like Gecko) Chrome/147.0.7727.137 Mobile Safari/537.36 (compatible; Googlebot/2.1; +http://www.google.com/bot.html)"
66.249.65.45 - - [01/May/2026:20:12:43 -0400] "GET /discipline/crop/ejf60s3dgc31xpk.phtml HTTP/1.1" 200 30033 "-" "Mozilla/5.0 (Linux; Android 6.0.1; Nexus 5X Build/MMB29P) AppleWebKit/537.36 (KHTML, like Gecko) Chrome/147.0.7727.137 Mobile Safari/537.36 (compatible; Googlebot/2.1; +http://www.google.com/bot.html)"
66.249.65.46 - - [01/May/2026:20:12:43 -0400] "GET /bracket/gear/e7oe91cmplcafyt.phtml HTTP/1.1" 200 29807 "-" "Mozilla/5.0 (Linux; Android 6.0.1; Nexus 5X Build/MMB29P) AppleWebKit/537.36 (KHTML, like Gecko) Chrome/147.0.7727.137 Mobile Safari/537.36 (compatible; Googlebot/2.1; +http://www.google.com/bot.html)"
162.0.232.104 - - [01/May/2026:20:13:13 -0400] "POST /wp-cron.php?doing_wp_cron=1777680792.9392910003662109375000 HTTP/1.1" 200 0 "-" "WordPress/6.9.4; https://raydget.vip"
66.249.65.44 - - [01/May/2026:20:13:07 -0400] "GET /table/effect/ejj1gk7ew47heho.phtml HTTP/1.1" 404 0 "-" "Mozilla/5.0 (Linux; Android 6.0.1; Nexus 5X Build/MMB29P) AppleWebKit/537.36 (KHTML, like Gecko) Chrome/147.0.7727.137 Mobile Safari/537.36 (compatible; GoogleOther)"
192.0.91.228 - - [01/May/2026:20:13:09 -0400] "HEAD / HTTP/1.1" 200 0 "-" "jetmon/1.0 (Jetpack Site Uptime Monitor by WordPress.com)"
162.0.232.104 - - [01/May/2026:20:13:33 -0400] "POST /wp-cron.php?doing_wp_cron=1777680813.8339290618896484375000 HTTP/1.1" 200 0 "-" "WordPress/6.9.4; https://raydget.vip"
66.249.65.44 - - [01/May/2026:20:13:27 -0400] "GET /phylum/resource/e2bdk0zd0kzlfxg.phtml HTTP/1.1" 404 0 "-" "Mozilla/5.0 (Linux; Android 6.0.1; Nexus 5X Build/MMB29P) AppleWebKit/537.36 (KHTML, like Gecko) Chrome/147.0.7727.137 Mobile Safari/537.36 (compatible; GoogleOther)"
66.249.65.44 - - [01/May/2026:20:14:05 -0400] "GET /cohort/merchandise/epqlzfeofze0jcv.phtml HTTP/1.1" 200 29727 "-" "Mozilla/5.0 (Linux; Android 6.0.1; Nexus 5X Build/MMB29P) AppleWebKit/537.36 (KHTML, like Gecko) Chrome/147.0.7727.137 Mobile Safari/537.36 (compatible; Googlebot/2.1; +http://www.google.com/bot.html)"
66.249.65.45 - - [01/May/2026:20:15:18 -0400] "GET /territory/resource/fuo091cbpes2129.phtml HTTP/1.1" 200 29166 "-" "Mozilla/5.0 (Linux; Android 6.0.1; Nexus 5X Build/MMB29P) AppleWebKit/537.36 (KHTML, like Gecko) Chrome/147.0.7727.137 Mobile Safari/537.36 (compatible; Googlebot/2.1; +http://www.google.com/bot.html)"
162.0.232.104 - - [01/May/2026:20:16:12 -0400] "POST /wp-cron.php?doing_wp_cron=1777680972.8513550758361816406250 HTTP/1.1" 200 0 "-" "WordPress/6.9.4; https://raydget.vip"
135.236.141.8 - - [01/May/2026:20:16:03 -0400] "GET /wp-login.php HTTP/1.1" 302 0 "-" "Mozilla/5.0 (Windows NT 10.0) AppleWebKit/537.36 (KHTML, like Gecko) Chrome/52.0.2743.116 Safari/537.36 Edge/15.15063"
135.236.141.8 - - [01/May/2026:20:16:14 -0400] "GET /wp-login.php HTTP/1.1" 200 0 "https://raydget.vip/wp-login.php" "Mozilla/5.0 (Windows NT 10.0) AppleWebKit/537.36 (KHTML, like Gecko) Chrome/52.0.2743.116 Safari/537.36 Edge/15.15063"
66.249.65.46 - - [01/May/2026:20:16:18 -0400] "GET /bracket/composition/e3ag7byxnvy8k8f.phtml HTTP/1.1" 404 0 "-" "Mozilla/5.0 (Linux; Android 6.0.1; Nexus 5X Build/MMB29P) AppleWebKit/537.36 (KHTML, like Gecko) Chrome/147.0.7727.137 Mobile Safari/537.36 (compatible; GoogleOther)"
162.0.232.104 - - [01/May/2026:20:16:42 -0400] "POST /wp-cron.php?doing_wp_cron=1777681002.9555919170379638671875 HTTP/1.1" 200 0 "-" "WordPress/6.9.4; https://raydget.vip"
66.249.65.46 - - [01/May/2026:20:16:34 -0400] "GET /area/design/e8hoq65e6q5ry3m.phtml HTTP/1.1" 404 0 "-" "Mozilla/5.0 (Linux; Android 6.0.1; Nexus 5X Build/MMB29P) AppleWebKit/537.36 (KHTML, like Gecko) Chrome/147.0.7727.137 Mobile Safari/537.36 (compatible; GoogleOther)"
162.0.232.104 - - [01/May/2026:20:18:23 -0400] "POST /wp-cron.php?doing_wp_cron=1777681103.2501239776611328125000 HTTP/1.1" 200 0 "-" "WordPress/6.9.4; https://raydget.vip"
192.0.91.228 - - [01/May/2026:20:18:09 -0400] "HEAD / HTTP/1.1" 200 0 "-" "jetmon/1.0 (Jetpack Site Uptime Monitor by WordPress.com)"
66.249.65.45 - - [01/May/2026:20:19:24 -0400] "GET /cultivar/package/fft02ihbid973vq.phtml HTTP/1.1" 200 28405 "-" "Mozilla/5.0 (Linux; Android 6.0.1; Nexus 5X Build/MMB29P) AppleWebKit/537.36 (KHTML, like Gecko) Chrome/147.0.7727.137 Mobile Safari/537.36 (compatible; Googlebot/2.1; +http://www.google.com/bot.html)"
66.249.65.44 - - [01/May/2026:20:19:24 -0400] "GET /grade/career/f5ezn32b3uus5gb.phtml HTTP/1.1" 200 28808 "-" "Mozilla/5.0 (Linux; Android 6.0.1; Nexus 5X Build/MMB29P) AppleWebKit/537.36 (KHTML, like Gecko) Chrome/147.0.7727.137 Mobile Safari/537.36 (compatible; Googlebot/2.1; +http://www.google.com/bot.html)"
162.0.232.104 - - [01/May/2026:20:19:35 -0400] "POST /wp-cron.php?doing_wp_cron=1777681175.4492349624633789062500 HTTP/1.1" 200 0 "-" "WordPress/6.9.4; https://raydget.vip"
66.249.65.45 - - [01/May/2026:20:19:30 -0400] "GET /aggregation/kit/eabik0z60kzlgxg.phtml HTTP/1.1" 404 0 "-" "Mozilla/5.0 (Linux; Android 6.0.1; Nexus 5X Build/MMB29P) AppleWebKit/537.36 (KHTML, like Gecko) Chrome/147.0.7727.137 Mobile Safari/537.36 (compatible; GoogleOther)"
66.249.65.44 - - [01/May/2026:20:19:35 -0400] "GET /phylum/publication/f2kdt98b9y0y5mh.phtml HTTP/1.1" 404 0 "-" "Mozilla/5.0 (Linux; Android 6.0.1; Nexus 5X Build/MMB29P) AppleWebKit/537.36 (KHTML, like Gecko) Chrome/147.0.7727.137 Mobile Safari/537.36 (compatible; GoogleOther)"
66.249.65.44 - - [01/May/2026:20:22:08 -0400] "GET /swarm/supply/farbc4fbsov5q5c.phtml HTTP/1.1" 200 30191 "-" "Mozilla/5.0 (Linux; Android 6.0.1; Nexus 5X Build/MMB29P) AppleWebKit/537.36 (KHTML, like Gecko) Chrome/147.0.7727.137 Mobile Safari/537.36 (compatible; Googlebot/2.1; +http://www.google.com/bot.html)"
162.0.232.104 - - [01/May/2026:20:22:48 -0400] "POST /wp-cron.php?doing_wp_cron=1777681368.2418239116668701171875 HTTP/1.1" 200 0 "-" "WordPress/6.9.4; https://raydget.vip"
66.249.65.44 - - [01/May/2026:20:22:38 -0400] "GET /taxonomy/prototype/fupdmqdb2qh32fy.phtml HTTP/1.1" 404 0 "-" "Mozilla/5.0 (Linux; Android 6.0.1; Nexus 5X Build/MMB29P) AppleWebKit/537.36 (KHTML, like Gecko) Chrome/147.0.7727.137 Mobile Safari/537.36 (compatible; GoogleOther)"
66.249.65.44 - - [01/May/2026:20:22:52 -0400] "GET /gamut/section/eka87by4nvy8h8f.phtml HTTP/1.1" 404 0 "-" "Mozilla/5.0 (Linux; Android 6.0.1; Nexus 5X Build/MMB29P) AppleWebKit/537.36 (KHTML, like Gecko) Chrome/147.0.7727.137 Mobile Safari/537.36 (compatible; GoogleOther)"
192.0.91.228 - - [01/May/2026:20:23:08 -0400] "HEAD / HTTP/1.1" 200 0 "-" "jetmon/1.0 (Jetpack Site Uptime Monitor by WordPress.com)"
66.249.65.44 - - [01/May/2026:20:23:30 -0400] "GET /sector/resource/ey7f48vgksv5a5c.phtml HTTP/1.1" 200 30031 "-" "Mozilla/5.0 (Linux; Android 6.0.1; Nexus 5X Build/MMB29P) AppleWebKit/537.36 (KHTML, like Gecko) Chrome/147.0.7727.137 Mobile Safari/537.36 (compatible; Googlebot/2.1; +http://www.google.com/bot.html)"
66.249.65.44 - - [01/May/2026:20:23:31 -0400] "GET /ilk/concept/f6rxc4fbszv5p5c.phtml HTTP/1.1" 200 28953 "-" "Mozilla/5.0 (Linux; Android 6.0.1; Nexus 5X Build/MMB29P) AppleWebKit/537.36 (KHTML, like Gecko) Chrome/147.0.7727.137 Mobile Safari/537.36 (compatible; Googlebot/2.1; +http://www.google.com/bot.html)"
66.249.65.44 - - [01/May/2026:20:23:31 -0400] "GET /entity/supply/ecphmqdk2adngnu.phtml HTTP/1.1" 200 29077 "-" "Mozilla/5.0 (Linux; Android 6.0.1; Nexus 5X Build/MMB29P) AppleWebKit/537.36 (KHTML, like Gecko) Chrome/147.0.7727.137 Mobile Safari/537.36 (compatible; Googlebot/2.1; +http://www.google.com/bot.html)"
162.0.232.104 - - [01/May/2026:20:23:33 -0400] "POST /wp-cron.php?doing_wp_cron=1777681413.9524369239807128906250 HTTP/1.1" 200 0 "-" "WordPress/6.9.4; https://raydget.vip"
157.245.109.51 - - [01/May/2026:20:23:30 -0400] "GET /wp-login.php HTTP/1.1" 302 0 "-" "Mozilla/5.0 (Macintosh; Intel Mac OS X 10_12_6) AppleWebKit/603.3.8 (KHTML, like Gecko) Version/10.1.2 Safari/603.3.8"
157.245.109.51 - - [01/May/2026:20:23:34 -0400] "GET /wp-login.php HTTP/1.1" 302 0 "https://raydget.vip/wp-login.php" "Mozilla/5.0 (Macintosh; Intel Mac OS X 10_12_6) AppleWebKit/603.3.8 (KHTML, like Gecko) Version/10.1.2 Safari/603.3.8"
157.245.109.51 - - [01/May/2026:20:23:46 -0400] "GET /wp-login.php HTTP/1.1" 200 0 "https://raydget.vip/wp-login.php" "Mozilla/5.0 (Macintosh; Intel Mac OS X 10_12_6) AppleWebKit/603.3.8 (KHTML, like Gecko) Version/10.1.2 Safari/603.3.8"
162.0.232.104 - - [01/May/2026:20:24:00 -0400] "POST /wp-cron.php?doing_wp_cron=1777681440.2400679588317871093750 HTTP/1.1" 200 0 "-" "WordPress/6.9.4; https://raydget.vip"
66.249.65.46 - - [01/May/2026:20:24:54 -0400] "GET /department/craft/fe1by2pbektf4ra.phtml HTTP/1.1" 200 30970 "-" "Mozilla/5.0 (Linux; Android 6.0.1; Nexus 5X Build/MMB29P) AppleWebKit/537.36 (KHTML, like Gecko) Chrome/147.0.7727.137 Mobile Safari/537.36 (compatible; Googlebot/2.1; +http://www.google.com/bot.html)"
66.249.65.46 - - [01/May/2026:20:24:54 -0400] "GET /level/object/e8edn32n3n2os0j.phtml HTTP/1.1" 200 30252 "-" "Mozilla/5.0 (Linux; Android 6.0.1; Nexus 5X Build/MMB29P) AppleWebKit/537.36 (KHTML, like Gecko) Chrome/147.0.7727.137 Mobile Safari/537.36 (compatible; Googlebot/2.1; +http://www.google.com/bot.html)"
162.0.232.104 - - [01/May/2026:20:25:43 -0400] "POST /wp-cron.php?doing_wp_cron=1777681543.9106299877166748046875 HTTP/1.1" 200 0 "-" "WordPress/6.9.4; https://raydget.vip"
66.249.65.44 - - [01/May/2026:20:25:42 -0400] "GET /list/module/e46prjuu73usbgb.phtml HTTP/1.1" 404 0 "-" "Mozilla/5.0 (Linux; Android 6.0.1; Nexus 5X Build/MMB29P) AppleWebKit/537.36 (KHTML, like Gecko) Chrome/147.0.7727.137 Mobile Safari/537.36 (compatible; GoogleOther)"
66.249.65.45 - - [01/May/2026:20:25:53 -0400] "GET /sort/design/eot12ihxi2h39fy.phtml HTTP/1.1" 404 0 "-" "Mozilla/5.0 (Linux; Android 6.0.1; Nexus 5X Build/MMB29P) AppleWebKit/537.36 (KHTML, like Gecko) Chrome/147.0.7727.137 Mobile Safari/537.36 (compatible; GoogleOther)"
66.249.65.45 - - [01/May/2026:20:27:35 -0400] "GET /area/design/e8hoq65e6q5ry3m.phtml HTTP/1.1" 200 29393 "-" "Mozilla/5.0 (Linux; Android 6.0.1; Nexus 5X Build/MMB29P) AppleWebKit/537.36 (KHTML, like Gecko) Chrome/147.0.7727.137 Mobile Safari/537.36 (compatible; Googlebot/2.1; +http://www.google.com/bot.html)"
162.0.232.104 - - [01/May/2026:20:28:11 -0400] "POST /wp-cron.php?doing_wp_cron=1777681691.1606140136718750000000 HTTP/1.1" 200 0 "-" "WordPress/6.9.4; https://raydget.vip"
192.0.91.228 - - [01/May/2026:20:28:09 -0400] "HEAD / HTTP/1.1" 200 0 "-" "jetmon/1.0 (Jetpack Site Uptime Monitor by WordPress.com)"
162.0.232.104 - - [01/May/2026:20:28:48 -0400] "POST /wp-cron.php?doing_wp_cron=1777681727.9969871044158935546875 HTTP/1.1" 200 0 "-" "WordPress/6.9.4; https://raydget.vip"
66.249.65.46 - - [01/May/2026:20:28:45 -0400] "GET /type/option/f88ahxwbxyomha5.phtml HTTP/1.1" 404 0 "-" "Mozilla/5.0 (Linux; Android 6.0.1; Nexus 5X Build/MMB29P) AppleWebKit/537.36 (KHTML, like Gecko) Chrome/147.0.7727.137 Mobile Safari/537.36 (compatible; GoogleOther)"
162.0.232.104 - - [01/May/2026:20:29:06 -0400] "POST /wp-cron.php?doing_wp_cron=1777681746.6851971149444580078125 HTTP/1.1" 200 0 "-" "WordPress/6.9.4; https://raydget.vip"
