66.249.65.44 - - [02/May/2026:02:33:14 -0400] "GET /component/piece/e3vaswji8gjtqt0.phtml HTTP/1.1" 200 30451 "-" "Mozilla/5.0 (Linux; Android 6.0.1; Nexus 5X Build/MMB29P) AppleWebKit/537.36 (KHTML, like Gecko) Chrome/147.0.7727.137 Mobile Safari/537.36 (compatible; Googlebot/2.1; +http://www.google.com/bot.html)"
162.0.232.104 - - [02/May/2026:02:33:16 -0400] "POST /wp-cron.php?doing_wp_cron=1777703596.7447710037231445312500 HTTP/1.1" 200 0 "-" "WordPress/6.9.4; https://raydget.vip"
192.0.91.228 - - [02/May/2026:02:33:07 -0400] "HEAD / HTTP/1.1" 200 0 "-" "jetmon/1.0 (Jetpack Site Uptime Monitor by WordPress.com)"
66.249.74.102 - - [02/May/2026:02:35:14 -0400] "GET /category/asmodeus/ HTTP/1.1" 200 30156 "-" "Mozilla/5.0 (Linux; Android 6.0.1; Nexus 5X Build/MMB29P) AppleWebKit/537.36 (KHTML, like Gecko) Chrome/147.0.7727.137 Mobile Safari/537.36 (compatible; Googlebot/2.1; +http://www.google.com/bot.html)"
162.0.232.104 - - [02/May/2026:02:35:23 -0400] "POST /wp-cron.php?doing_wp_cron=1777703723.1631131172180175781250 HTTP/1.1" 200 0 "-" "WordPress/6.9.4; https://raydget.vip"
66.249.65.46 - - [02/May/2026:02:35:19 -0400] "GET /institution/type/eexfialnyuljn72.phtml HTTP/1.1" 404 0 "-" "Mozilla/5.0 (Linux; Android 6.0.1; Nexus 5X Build/MMB29P) AppleWebKit/537.36 (KHTML, like Gecko) Chrome/147.0.7727.137 Mobile Safari/537.36 (compatible; GoogleOther)"
66.249.65.45 - - [02/May/2026:02:36:14 -0400] "GET /component/element/enh8q65g6q5r63m.phtml HTTP/1.1" 200 30433 "-" "Mozilla/5.0 (Linux; Android 6.0.1; Nexus 5X Build/MMB29P) AppleWebKit/537.36 (KHTML, like Gecko) Chrome/147.0.7727.137 Mobile Safari/537.36 (compatible; Googlebot/2.1; +http://www.google.com/bot.html)"
66.249.65.44 - - [02/May/2026:02:38:10 -0400] "GET /classification/bundle/fw9yumxba2dnunu.phtml HTTP/1.1" 200 28996 "-" "Mozilla/5.0 (Linux; Android 6.0.1; Nexus 5X Build/MMB29P) AppleWebKit/537.36 (KHTML, like Gecko) Chrome/147.0.7727.137 Mobile Safari/537.36 (compatible; Googlebot/2.1; +http://www.google.com/bot.html)"
162.0.232.104 - - [02/May/2026:02:38:16 -0400] "POST /wp-cron.php?doing_wp_cron=1777703896.9396479129791259765625 HTTP/1.1" 200 0 "-" "WordPress/6.9.4; https://raydget.vip"
192.0.91.228 - - [02/May/2026:02:38:07 -0400] "HEAD / HTTP/1.1" 200 0 "-" "jetmon/1.0 (Jetpack Site Uptime Monitor by WordPress.com)"
66.249.65.44 - - [02/May/2026:02:41:04 -0400] "GET /genre/contraption/f6a07bybn42oh0j.phtml HTTP/1.1" 200 28784 "-" "Mozilla/5.0 (Linux; Android 6.0.1; Nexus 5X Build/MMB29P) AppleWebKit/537.36 (KHTML, like Gecko) Chrome/147.0.7727.137 Mobile Safari/537.36 (compatible; Googlebot/2.1; +http://www.google.com/bot.html)"
162.0.232.104 - - [02/May/2026:02:41:17 -0400] "POST /wp-cron.php?doing_wp_cron=1777704077.2515120506286621093750 HTTP/1.1" 200 0 "-" "WordPress/6.9.4; https://raydget.vip"
78.46.5.140 - - [02/May/2026:02:41:10 -0400] "GET /wp-login.php HTTP/1.1" 302 0 "-" "Mozilla/5.0 (X11; Datanyze; Linux x86_64) AppleWebKit/537.36 (KHTML, like Gecko) Chrome/65.0.3325.181 Safari/537.36"
78.46.5.140 - - [02/May/2026:02:41:17 -0400] "GET /wp-login.php HTTP/1.1" 302 0 "https://raydget.vip/wp-login.php" "Mozilla/5.0 (X11; Datanyze; Linux x86_64) AppleWebKit/537.36 (KHTML, like Gecko) Chrome/65.0.3325.181 Safari/537.36"
78.46.5.140 - - [02/May/2026:02:41:26 -0400] "GET /wp-login.php HTTP/1.1" 200 0 "https://raydget.vip/wp-login.php" "Mozilla/5.0 (X11; Datanyze; Linux x86_64) AppleWebKit/537.36 (KHTML, like Gecko) Chrome/65.0.3325.181 Safari/537.36"
162.0.232.104 - - [02/May/2026:02:41:37 -0400] "POST /wp-cron.php?doing_wp_cron=1777704096.9411990642547607421875 HTTP/1.1" 200 0 "-" "WordPress/6.9.4; https://raydget.vip"
66.249.65.44 - - [02/May/2026:02:41:27 -0400] "GET /taxon/bundle/eihaq65j6q5r73m.phtml HTTP/1.1" 404 0 "-" "Mozilla/5.0 (Linux; Android 6.0.1; Nexus 5X Build/MMB29P) AppleWebKit/537.36 (KHTML, like Gecko) Chrome/147.0.7727.137 Mobile Safari/537.36 (compatible; GoogleOther)"
66.249.65.44 - - [02/May/2026:02:43:00 -0400] "GET /grouping/bit/ehdzae1fqy1bpbi.phtml HTTP/1.1" 200 29486 "-" "Mozilla/5.0 (Linux; Android 6.0.1; Nexus 5X Build/MMB29P) AppleWebKit/537.36 (KHTML, like Gecko) Chrome/147.0.7727.137 Mobile Safari/537.36 (compatible; Googlebot/2.1; +http://www.google.com/bot.html)"
192.0.91.228 - - [02/May/2026:02:43:06 -0400] "HEAD / HTTP/1.1" 200 0 "-" "jetmon/1.0 (Jetpack Site Uptime Monitor by WordPress.com)"
162.0.232.104 - - [02/May/2026:02:43:28 -0400] "POST /wp-cron.php?doing_wp_cron=1777704208.8432400226593017578125 HTTP/1.1" 200 0 "-" "WordPress/6.9.4; https://raydget.vip"
66.249.65.44 - - [02/May/2026:02:43:38 -0400] "GET /pack/derivative/ebzb8onzo8n97l4.phtml HTTP/1.1" 404 0 "-" "Mozilla/5.0 (Linux; Android 6.0.1; Nexus 5X Build/MMB29P) AppleWebKit/537.36 (KHTML, like Gecko) Chrome/147.0.7727.137 Mobile Safari/537.36 (compatible; GoogleOther)"
66.249.65.44 - - [02/May/2026:02:43:58 -0400] "GET /element/offshoot/e8mgjnakz7aklkr.phtml HTTP/1.1" 200 29775 "-" "Mozilla/5.0 (Linux; Android 6.0.1; Nexus 5X Build/MMB29P) AppleWebKit/537.36 (KHTML, like Gecko) Chrome/147.0.7727.137 Mobile Safari/537.36 (compatible; Googlebot/2.1; +http://www.google.com/bot.html)"
162.0.232.104 - - [02/May/2026:02:44:38 -0400] "POST /wp-cron.php?doing_wp_cron=1777704278.7331750392913818359375 HTTP/1.1" 200 0 "-" "WordPress/6.9.4; https://raydget.vip"
192.0.91.228 - - [02/May/2026:02:44:29 -0400] "HEAD / HTTP/1.1" 200 0 "-" "jetmon/1.0 (Jetpack Site Uptime Monitor by WordPress.com)"
158.69.128.56 - - [02/May/2026:02:44:31 -0400] "POST /xmlrpc.php HTTP/1.1" 200 286 "-" "Mozilla/5.0 (Macintosh; Intel Mac OS X 10_10_5) AppleWebKit/537.36 (KHTML, like Gecko) Chrome/65.0.3325.181 Safari/537.36"
66.249.65.45 - - [02/May/2026:02:44:50 -0400] "GET /facet/gear/ezedn32x3n2ow0j.phtml HTTP/1.1" 200 32211 "-" "Mozilla/5.0 (Linux; Android 6.0.1; Nexus 5X Build/MMB29P) AppleWebKit/537.36 (KHTML, like Gecko) Chrome/147.0.7727.137 Mobile Safari/537.36 (compatible; Googlebot/2.1; +http://www.google.com/bot.html)"
66.249.65.44 - - [02/May/2026:02:44:50 -0400] "GET /area/craft/ew30ogrj40rpdd8.phtml HTTP/1.1" 200 29399 "-" "Mozilla/5.0 (Linux; Android 6.0.1; Nexus 5X Build/MMB29P) AppleWebKit/537.36 (KHTML, like Gecko) Chrome/147.0.7727.137 Mobile Safari/537.36 (compatible; Googlebot/2.1; +http://www.google.com/bot.html)"
66.249.65.44 - - [02/May/2026:02:44:50 -0400] "GET /cultivar/package/epgwdh4nt14ewel.phtml HTTP/1.1" 200 30678 "-" "Mozilla/5.0 (Linux; Android 6.0.1; Nexus 5X Build/MMB29P) AppleWebKit/537.36 (KHTML, like Gecko) Chrome/147.0.7727.137 Mobile Safari/537.36 (compatible; Googlebot/2.1; +http://www.google.com/bot.html)"
162.0.232.104 - - [02/May/2026:02:48:19 -0400] "POST /wp-cron.php?doing_wp_cron=1777704498.8404290676116943359375 HTTP/1.1" 200 0 "-" "WordPress/6.9.4; https://raydget.vip"
192.0.91.228 - - [02/May/2026:02:48:06 -0400] "HEAD / HTTP/1.1" 200 0 "-" "jetmon/1.0 (Jetpack Site Uptime Monitor by WordPress.com)"
15.235.164.131 - - [02/May/2026:02:48:07 -0400] "GET /wp-login.php HTTP/1.1" 200 0 "-" "Mozilla/5.0 (Macintosh; Intel Mac OS X 10_13_5) AppleWebKit/537.36 (KHTML, like Gecko) Chrome/67.0.3396.79 Safari/537.36"
66.249.65.45 - - [02/May/2026:02:49:39 -0400] "GET /order/feature/fvnxwcbbcv31vpk.phtml HTTP/1.1" 200 28447 "-" "Mozilla/5.0 (Linux; Android 6.0.1; Nexus 5X Build/MMB29P) AppleWebKit/537.36 (KHTML, like Gecko) Chrome/147.0.7727.137 Mobile Safari/537.36 (compatible; Googlebot/2.1; +http://www.google.com/bot.html)"
162.0.232.104 - - [02/May/2026:02:49:57 -0400] "POST /wp-cron.php?doing_wp_cron=1777704597.2372810840606689453125 HTTP/1.1" 200 0 "-" "WordPress/6.9.4; https://raydget.vip"
43.165.186.188 - - [02/May/2026:02:49:52 -0400] "GET /vozvrat-i-obmen-tovara/ HTTP/1.1" 200 22870 "-" "Mozilla/5.0 (iPhone; CPU iPhone OS 13_2_3 like Mac OS X) AppleWebKit/605.1.15 (KHTML, like Gecko) Version/13.0.3 Mobile/15E148 Safari/604.1"
162.0.232.104 - - [02/May/2026:02:50:57 -0400] "POST /wp-cron.php?doing_wp_cron=1777704657.9619119167327880859375 HTTP/1.1" 200 0 "-" "WordPress/6.9.4; https://raydget.vip"
66.249.65.45 - - [02/May/2026:02:50:54 -0400] "GET /element/device/e44a15sjhps2m29.phtml HTTP/1.1" 404 0 "-" "Mozilla/5.0 (Linux; Android 6.0.1; Nexus 5X Build/MMB29P) AppleWebKit/537.36 (KHTML, like Gecko) Chrome/147.0.7727.137 Mobile Safari/537.36 (compatible; GoogleOther)"
206.189.39.144 - - [02/May/2026:02:51:00 -0400] "POST /xmlrpc.php HTTP/1.1" 200 287 "-" "Mozilla/5.0 (Windows NT 6.1; Win64; x64) AppleWebKit/537.36 (KHTML, like Gecko) Chrome/65.0.3325.181 Safari/537.36 OPR/52.0.2871.99"
162.0.232.104 - - [02/May/2026:02:52:05 -0400] "POST /wp-cron.php?doing_wp_cron=1777704725.0447039604187011718750 HTTP/1.1" 200 0 "-" "WordPress/6.9.4; https://raydget.vip"
66.249.65.45 - - [02/May/2026:02:51:58 -0400] "GET /taxon/bundle/e20ildoj1xomya5.phtml HTTP/1.1" 404 0 "-" "Mozilla/5.0 (Linux; Android 6.0.1; Nexus 5X Build/MMB29P) AppleWebKit/537.36 (KHTML, like Gecko) Chrome/147.0.7727.137 Mobile Safari/537.36 (compatible; GoogleOther)"
66.249.65.44 - - [02/May/2026:02:52:35 -0400] "GET /property/kind/ertp2ih7i2h3pfy.phtml HTTP/1.1" 200 29626 "-" "Mozilla/5.0 (Linux; Android 6.0.1; Nexus 5X Build/MMB29P) AppleWebKit/537.36 (KHTML, like Gecko) Chrome/147.0.7727.137 Mobile Safari/537.36 (compatible; Googlebot/2.1; +http://www.google.com/bot.html)"
66.249.65.44 - - [02/May/2026:02:52:35 -0400] "GET /aspect/characteristic/ei8phxwdxhwisud.phtml HTTP/1.1" 200 31219 "-" "Mozilla/5.0 (Linux; Android 6.0.1; Nexus 5X Build/MMB29P) AppleWebKit/537.36 (KHTML, like Gecko) Chrome/147.0.7727.137 Mobile Safari/537.36 (compatible; Googlebot/2.1; +http://www.google.com/bot.html)"
162.0.232.104 - - [02/May/2026:02:53:18 -0400] "POST /wp-cron.php?doing_wp_cron=1777704798.8584320545196533203125 HTTP/1.1" 200 0 "-" "WordPress/6.9.4; https://raydget.vip"
192.0.91.228 - - [02/May/2026:02:53:07 -0400] "HEAD / HTTP/1.1" 200 0 "-" "jetmon/1.0 (Jetpack Site Uptime Monitor by WordPress.com)"
66.249.65.45 - - [02/May/2026:02:53:34 -0400] "GET /categorization/return/f77148vbkgzlcxg.phtml HTTP/1.1" 200 28954 "-" "Mozilla/5.0 (Linux; Android 6.0.1; Nexus 5X Build/MMB29P) AppleWebKit/537.36 (KHTML, like Gecko) Chrome/147.0.7727.137 Mobile Safari/537.36 (compatible; Googlebot/2.1; +http://www.google.com/bot.html)"
66.249.65.44 - - [02/May/2026:02:53:34 -0400] "GET /typology/fraction/db6orjuh73usrgb.phtml HTTP/1.1" 200 29356 "-" "Mozilla/5.0 (Linux; Android 6.0.1; Nexus 5X Build/MMB29P) AppleWebKit/537.36 (KHTML, like Gecko) Chrome/147.0.7727.137 Mobile Safari/537.36 (compatible; Googlebot/2.1; +http://www.google.com/bot.html)"
162.0.232.104 - - [02/May/2026:02:53:59 -0400] "POST /wp-cron.php?doing_wp_cron=1777704839.1510159969329833984375 HTTP/1.1" 200 0 "-" "WordPress/6.9.4; https://raydget.vip"
150.254.155.252 - - [02/May/2026:02:53:48 -0400] "GET /wp-login.php HTTP/1.1" 302 0 "-" "Mozilla/5.0 (Windows NT 6.3; WOW64) AppleWebKit/537.36 (KHTML, like Gecko) Chrome/66.0.3359.181 Safari/537.36"
150.254.155.252 - - [02/May/2026:02:53:59 -0400] "GET /wp-login.php HTTP/1.1" 200 0 "https://raydget.vip/wp-login.php" "Mozilla/5.0 (Windows NT 6.3; WOW64) AppleWebKit/537.36 (KHTML, like Gecko) Chrome/66.0.3359.181 Safari/537.36"
162.0.232.104 - - [02/May/2026:02:54:39 -0400] "POST /wp-cron.php?doing_wp_cron=1777704879.4559960365295410156250 HTTP/1.1" 200 0 "-" "WordPress/6.9.4; https://raydget.vip"
136.116.217.68 - - [02/May/2026:02:54:30 -0400] "POST /xmlrpc.php HTTP/1.1" 200 290 "-" "Mozilla/5.0 (Windows NT 6.3; Win64; x64) AppleWebKit/537.36 (KHTML, like Gecko) Chrome/67.0.3396.87 Safari/537.36"
66.249.65.44 - - [02/May/2026:02:55:30 -0400] "GET /module/offering/fh9zumxbaidnonu.phtml HTTP/1.1" 200 28571 "-" "Mozilla/5.0 (Linux; Android 6.0.1; Nexus 5X Build/MMB29P) AppleWebKit/537.36 (KHTML, like Gecko) Chrome/147.0.7727.137 Mobile Safari/537.36 (compatible; Googlebot/2.1; +http://www.google.com/bot.html)"
66.249.65.45 - - [02/May/2026:02:57:26 -0400] "GET /catalogue/mechanism/epaj7byinvy898f.phtml HTTP/1.1" 200 30308 "-" "Mozilla/5.0 (Linux; Android 6.0.1; Nexus 5X Build/MMB29P) AppleWebKit/537.36 (KHTML, like Gecko) Chrome/147.0.7727.137 Mobile Safari/537.36 (compatible; Googlebot/2.1; +http://www.google.com/bot.html)"
66.249.65.44 - - [02/May/2026:02:57:26 -0400] "GET /structure/fruit/e36erjui73usdgb.phtml HTTP/1.1" 200 28684 "-" "Mozilla/5.0 (Linux; Android 6.0.1; Nexus 5X Build/MMB29P) AppleWebKit/537.36 (KHTML, like Gecko) Chrome/147.0.7727.137 Mobile Safari/537.36 (compatible; Googlebot/2.1; +http://www.google.com/bot.html)"
66.249.65.46 - - [02/May/2026:02:57:27 -0400] "GET /aspect/bundle/emwk5lkml5k6hi1.phtml HTTP/1.1" 200 31431 "-" "Mozilla/5.0 (Linux; Android 6.0.1; Nexus 5X Build/MMB29P) AppleWebKit/537.36 (KHTML, like Gecko) Chrome/147.0.7727.137 Mobile Safari/537.36 (compatible; Googlebot/2.1; +http://www.google.com/bot.html)"
66.249.65.46 - - [02/May/2026:02:57:27 -0400] "GET /field/particle/ft00ldob124e3el.phtml HTTP/1.1" 200 29115 "-" "Mozilla/5.0 (Linux; Android 6.0.1; Nexus 5X Build/MMB29P) AppleWebKit/537.36 (KHTML, like Gecko) Chrome/147.0.7727.137 Mobile Safari/537.36 (compatible; Googlebot/2.1; +http://www.google.com/bot.html)"
66.249.65.46 - - [02/May/2026:02:57:27 -0400] "GET /lot/accessory/fge0n32b3qusjgb.phtml HTTP/1.1" 200 28856 "-" "Mozilla/5.0 (Linux; Android 6.0.1; Nexus 5X Build/MMB29P) AppleWebKit/537.36 (KHTML, like Gecko) Chrome/147.0.7727.137 Mobile Safari/537.36 (compatible; Googlebot/2.1; +http://www.google.com/bot.html)"
162.0.232.104 - - [02/May/2026:02:58:14 -0400] "POST /wp-cron.php?doing_wp_cron=1777705094.2944591045379638671875 HTTP/1.1" 200 0 "-" "WordPress/6.9.4; https://raydget.vip"
192.0.91.228 - - [02/May/2026:02:58:06 -0400] "HEAD / HTTP/1.1" 200 0 "-" "jetmon/1.0 (Jetpack Site Uptime Monitor by WordPress.com)"
162.0.232.104 - - [02/May/2026:02:58:42 -0400] "POST /wp-cron.php?doing_wp_cron=1777705122.2485990524291992187500 HTTP/1.1" 200 0 "-" "WordPress/6.9.4; https://raydget.vip"
18.190.119.140 - - [02/May/2026:02:58:36 -0400] "GET /wp-login.php HTTP/1.1" 302 0 "-" "Mozilla/4.0 (compatible; MSIE 7.0; Windows NT 6.1; Trident/7.0; SLCC2; .NET CLR 2.0.50727; .NET CLR 3.5.30729; .NET CLR 3.0.30729; Media Center PC 6.0; Tablet PC 2.0; .NET4.0C; .NET4.0E; EIE10;ENUSWOL)"
18.190.119.140 - - [02/May/2026:02:58:43 -0400] "GET /wp-login.php HTTP/1.1" 200 0 "https://raydget.vip/wp-login.php" "Mozilla/4.0 (compatible; MSIE 7.0; Windows NT 6.1; Trident/7.0; SLCC2; .NET CLR 2.0.50727; .NET CLR 3.5.30729; .NET CLR 3.0.30729; Media Center PC 6.0; Tablet PC 2.0; .NET4.0C; .NET4.0E; EIE10;ENUSWOL)"
147.135.213.9 - - [02/May/2026:02:59:13 -0400] "GET /robots.txt HTTP/1.1" 200 91 "-" "Mozilla/5.0 (compatible; MJ12bot/v1.4.8; http://mj12bot.com/)"
162.0.232.104 - - [02/May/2026:02:59:21 -0400] "POST /wp-cron.php?doing_wp_cron=1777705161.6753220558166503906250 HTTP/1.1" 200 0 "-" "WordPress/6.9.4; https://raydget.vip"
147.135.213.9 - - [02/May/2026:02:59:17 -0400] "GET /product-category/%D1%81%D0%B8%D1%81%D1%82%D0%B5%D0%BC%D1%8B-%D1%80%D0%B0%D0%B4%D0%B8%D0%BE%D1%81%D0%B2%D1%8F%D0%B7%D0%B8/feed/ HTTP/1.1" 404 1802 "-" "Mozilla/5.0 (compatible; MJ12bot/v1.4.8; http://mj12bot.com/)"
66.249.65.46 - - [02/May/2026:02:59:24 -0400] "GET /genus/division/et7n48vkksv5o5c.phtml HTTP/1.1" 200 30005 "-" "Mozilla/5.0 (Linux; Android 6.0.1; Nexus 5X Build/MMB29P) AppleWebKit/537.36 (KHTML, like Gecko) Chrome/147.0.7727.137 Mobile Safari/537.36 (compatible; Googlebot/2.1; +http://www.google.com/bot.html)"
66.249.65.45 - - [02/May/2026:02:59:24 -0400] "GET /continuum/element/fnn3wcbbcz31zpk.phtml HTTP/1.1" 200 28819 "-" "Mozilla/5.0 (Linux; Android 6.0.1; Nexus 5X Build/MMB29P) AppleWebKit/537.36 (KHTML, like Gecko) Chrome/147.0.7727.137 Mobile Safari/537.36 (compatible; Googlebot/2.1; +http://www.google.com/bot.html)"
43.166.226.186 - - [02/May/2026:02:59:27 -0400] "GET /wp-content/plugins/youtube-embed-plus/scripts/ HTTP/1.1" 200 202 "-" "Mozilla/5.0 (iPhone; CPU iPhone OS 13_2_3 like Mac OS X) AppleWebKit/605.1.15 (KHTML, like Gecko) Version/13.0.3 Mobile/15E148 Safari/604.1"
66.249.65.45 - - [02/May/2026:03:00:22 -0400] "GET /society/yield/eoi73v63jf64gsn.phtml HTTP/1.1" 200 30653 "-" "Mozilla/5.0 (Linux; Android 6.0.1; Nexus 5X Build/MMB29P) AppleWebKit/537.36 (KHTML, like Gecko) Chrome/147.0.7727.137 Mobile Safari/537.36 (compatible; Googlebot/2.1; +http://www.google.com/bot.html)"
162.0.232.104 - - [02/May/2026:03:00:33 -0400] "POST /wp-cron.php?doing_wp_cron=1777705233.2691929340362548828125 HTTP/1.1" 200 0 "-" "WordPress/6.9.4; https://raydget.vip"
66.249.65.46 - - [02/May/2026:03:00:18 -0400] "GET /sector/prototype/e6uff7invrigc4z.phtml HTTP/1.1" 404 0 "-" "Mozilla/5.0 (Linux; Android 6.0.1; Nexus 5X Build/MMB29P) AppleWebKit/537.36 (KHTML, like Gecko) Chrome/147.0.7727.137 Mobile Safari/537.36 (compatible; GoogleOther)"
66.249.65.44 - - [02/May/2026:03:00:38 -0400] "GET /domain/project/e1k1t98e9t8ur6p.phtml HTTP/1.1" 404 0 "-" "Mozilla/5.0 (Linux; Android 6.0.1; Nexus 5X Build/MMB29P) AppleWebKit/537.36 (KHTML, like Gecko) Chrome/147.0.7727.137 Mobile Safari/537.36 (compatible; GoogleOther)"
66.249.65.46 - - [02/May/2026:03:02:19 -0400] "GET /categorization/version/fiqzzfebfc64lsn.phtml HTTP/1.1" 200 28955 "-" "Mozilla/5.0 (Linux; Android 6.0.1; Nexus 5X Build/MMB29P) AppleWebKit/537.36 (KHTML, like Gecko) Chrome/147.0.7727.137 Mobile Safari/537.36 (compatible; Googlebot/2.1; +http://www.google.com/bot.html)"
162.0.232.104 - - [02/May/2026:03:02:37 -0400] "POST /wp-cron.php?doing_wp_cron=1777705357.8165340423583984375000 HTTP/1.1" 200 0 "-" "WordPress/6.9.4; https://raydget.vip"
173.249.51.99 - - [02/May/2026:03:02:32 -0400] "POST /xmlrpc.php HTTP/1.1" 200 286 "-" "Mozilla/5.0 (Windows NT 6.1) AppleWebKit/537.36 (KHTML, like Gecko) Chrome/66.0.3359.117 Safari/537.36"
192.0.91.228 - - [02/May/2026:03:03:07 -0400] "HEAD / HTTP/1.1" 200 0 "-" "jetmon/1.0 (Jetpack Site Uptime Monitor by WordPress.com)"
66.249.65.44 - - [02/May/2026:03:04:16 -0400] "GET /pattern/volume/fbh0q65b6vxv5je.phtml HTTP/1.1" 200 28817 "-" "Mozilla/5.0 (Linux; Android 6.0.1; Nexus 5X Build/MMB29P) AppleWebKit/537.36 (KHTML, like Gecko) Chrome/147.0.7727.137 Mobile Safari/537.36 (compatible; Googlebot/2.1; +http://www.google.com/bot.html)"
66.249.65.45 - - [02/May/2026:03:05:14 -0400] "GET /demographic/fruit/ej57eutfuetfpra.phtml HTTP/1.1" 200 30394 "-" "Mozilla/5.0 (Linux; Android 6.0.1; Nexus 5X Build/MMB29P) AppleWebKit/537.36 (KHTML, like Gecko) Chrome/147.0.7727.137 Mobile Safari/537.36 (compatible; Googlebot/2.1; +http://www.google.com/bot.html)"
66.249.65.44 - - [02/May/2026:03:05:14 -0400] "GET /area/object/e8ay7bynnvy8c8f.phtml HTTP/1.1" 200 30041 "-" "Mozilla/5.0 (Linux; Android 6.0.1; Nexus 5X Build/MMB29P) AppleWebKit/537.36 (KHTML, like Gecko) Chrome/147.0.7727.137 Mobile Safari/537.36 (compatible; Googlebot/2.1; +http://www.google.com/bot.html)"
162.0.232.104 - - [02/May/2026:03:06:19 -0400] "POST /wp-cron.php?doing_wp_cron=1777705579.6283450126647949218750 HTTP/1.1" 200 0 "-" "WordPress/6.9.4; https://raydget.vip"
43.130.102.223 - - [02/May/2026:03:06:11 -0400] "GET /product/radiostancziya-abonentskaya-alfa-st-no/ HTTP/1.1" 200 27239 "-" "Mozilla/5.0 (iPhone; CPU iPhone OS 13_2_3 like Mac OS X) AppleWebKit/605.1.15 (KHTML, like Gecko) Version/13.0.3 Mobile/15E148 Safari/604.1"
162.0.232.104 - - [02/May/2026:03:08:19 -0400] "POST /wp-cron.php?doing_wp_cron=1777705699.6952650547027587890625 HTTP/1.1" 200 0 "-" "WordPress/6.9.4; https://raydget.vip"
192.0.91.228 - - [02/May/2026:03:08:07 -0400] "HEAD / HTTP/1.1" 200 0 "-" "jetmon/1.0 (Jetpack Site Uptime Monitor by WordPress.com)"
162.0.232.104 - - [02/May/2026:03:08:44 -0400] "POST /wp-cron.php?doing_wp_cron=1777705724.3840370178222656250000 HTTP/1.1" 200 0 "-" "WordPress/6.9.4; https://raydget.vip"
66.249.65.45 - - [02/May/2026:03:08:38 -0400] "GET /trait/pattern/e17248vfksv535c.phtml HTTP/1.1" 404 0 "-" "Mozilla/5.0 (Linux; Android 6.0.1; Nexus 5X Build/MMB29P) AppleWebKit/537.36 (KHTML, like Gecko) Chrome/147.0.7727.137 Mobile Safari/537.36 (compatible; GoogleOther)"
20.220.233.65 - - [02/May/2026:03:09:06 -0400] "GET /wp-content/plugins/hellopress/wp_filemanager.php HTTP/1.1" 200 0 "-" "-"
20.220.233.65 - - [02/May/2026:03:09:07 -0400] "GET /timeclock.php HTTP/1.1" 404 73023 "-" "-"
20.220.233.65 - - [02/May/2026:03:09:20 -0400] "GET /000.php HTTP/1.1" 404 72975 "-" "-"
162.0.232.104 - - [02/May/2026:03:09:41 -0400] "POST /wp-cron.php?doing_wp_cron=1777705781.3678829669952392578125 HTTP/1.1" 200 0 "-" "WordPress/6.9.4; https://raydget.vip"
20.220.233.65 - - [02/May/2026:03:09:28 -0400] "GET /app.php HTTP/1.1" 404 72975 "-" "-"
20.220.233.65 - - [02/May/2026:03:09:41 -0400] "GET /profiler.php HTTP/1.1" 200 0 "-" "-"
20.220.233.65 - - [02/May/2026:03:09:56 -0400] "GET /oauth.php HTTP/1.1" 200 0 "-" "-"
20.220.233.65 - - [02/May/2026:03:10:11 -0400] "GET /styles.php HTTP/1.1" 200 0 "-" "-"
66.249.65.45 - - [02/May/2026:03:09:47 -0400] "GET /cohort/possession/exzf8onbo8n9bl4.phtml HTTP/1.1" 404 0 "-" "Mozilla/5.0 (Linux; Android 6.0.1; Nexus 5X Build/MMB29P) AppleWebKit/537.36 (KHTML, like Gecko) Chrome/147.0.7727.137 Mobile Safari/537.36 (compatible; GoogleOther)"
20.220.233.65 - - [02/May/2026:03:10:26 -0400] "GET /7.php HTTP/1.1" 200 0 "-" "-"
162.0.232.104 - - [02/May/2026:03:10:50 -0400] "POST /wp-cron.php?doing_wp_cron=1777705850.6694159507751464843750 HTTP/1.1" 200 0 "-" "WordPress/6.9.4; https://raydget.vip"
20.220.233.65 - - [02/May/2026:03:10:41 -0400] "GET /lmfi2.php HTTP/1.1" 200 0 "-" "-"
162.0.232.104 - - [02/May/2026:03:11:01 -0400] "POST /wp-cron.php?doing_wp_cron=1777705860.7722470760345458984375 HTTP/1.1" 200 0 "-" "WordPress/6.9.4; https://raydget.vip"
20.220.233.65 - - [02/May/2026:03:10:56 -0400] "GET /xinfo.php HTTP/1.1" 200 0 "-" "-"
162.0.232.104 - - [02/May/2026:03:11:23 -0400] "POST /wp-cron.php?doing_wp_cron=1777705882.7667109966278076171875 HTTP/1.1" 200 0 "-" "WordPress/6.9.4; https://raydget.vip"
20.220.233.65 - - [02/May/2026:03:11:11 -0400] "GET /creds.php HTTP/1.1" 200 0 "-" "-"
66.249.65.44 - - [02/May/2026:03:11:40 -0400] "GET /array/component/esae7byunvy838f.phtml HTTP/1.1" 200 30549 "-" "Mozilla/5.0 (Linux; Android 6.0.1; Nexus 5X Build/MMB29P) AppleWebKit/537.36 (KHTML, like Gecko) Chrome/147.0.7727.137 Mobile Safari/537.36 (compatible; Googlebot/2.1; +http://www.google.com/bot.html)"
20.220.233.65 - - [02/May/2026:03:11:26 -0400] "GET /teste.php HTTP/1.1" 200 0 "-" "-"
157.245.109.51 - - [02/May/2026:03:11:29 -0400] "POST /xmlrpc.php HTTP/1.1" 200 0 "-" "Mozilla/5.0 (Macintosh; Intel Mac OS X 10_13_4) AppleWebKit/605.1.15 (KHTML, like Gecko) Version/11.1 Safari/605.1.15"
20.220.233.65 - - [02/May/2026:03:11:41 -0400] "GET /u.php HTTP/1.1" 200 0 "-" "-"
162.0.232.104 - - [02/May/2026:03:12:01 -0400] "POST /wp-cron.php?doing_wp_cron=1777705921.0751469135284423828125 HTTP/1.1" 200 0 "-" "WordPress/6.9.4; https://raydget.vip"
20.220.233.65 - - [02/May/2026:03:11:56 -0400] "GET /aw.php HTTP/1.1" 200 0 "-" "-"
20.220.233.65 - - [02/May/2026:03:12:11 -0400] "GET /00.php HTTP/1.1" 200 0 "-" "-"
66.249.65.44 - - [02/May/2026:03:12:39 -0400] "GET /heading/option/fxo091cbpas2j29.phtml HTTP/1.1" 200 28885 "-" "Mozilla/5.0 (Linux; Android 6.0.1; Nexus 5X Build/MMB29P) AppleWebKit/537.36 (KHTML, like Gecko) Chrome/147.0.7727.137 Mobile Safari/537.36 (compatible; Googlebot/2.1; +http://www.google.com/bot.html)"
20.220.233.65 - - [02/May/2026:03:12:26 -0400] "GET /search.php HTTP/1.1" 200 0 "-" "-"
162.0.232.104 - - [02/May/2026:03:12:53 -0400] "POST /wp-cron.php?doing_wp_cron=1777705973.4763278961181640625000 HTTP/1.1" 200 0 "-" "WordPress/6.9.4; https://raydget.vip"
20.220.233.65 - - [02/May/2026:03:12:42 -0400] "GET /conf.php HTTP/1.1" 200 0 "-" "-"
20.220.233.65 - - [02/May/2026:03:12:56 -0400] "GET /yindu.php HTTP/1.1" 200 0 "-" "-"
20.220.233.65 - - [02/May/2026:03:13:12 -0400] "GET /phpstatus.php HTTP/1.1" 200 0 "-" "-"
192.0.91.228 - - [02/May/2026:03:13:07 -0400] "HEAD / HTTP/1.1" 200 0 "-" "jetmon/1.0 (Jetpack Site Uptime Monitor by WordPress.com)"
20.220.233.65 - - [02/May/2026:03:13:27 -0400] "GET /album.php HTTP/1.1" 200 0 "-" "-"
20.220.233.65 - - [02/May/2026:03:13:42 -0400] "GET /phpprobe.php HTTP/1.1" 200 0 "-" "-"
20.220.233.65 - - [02/May/2026:03:13:57 -0400] "GET /pdf.php HTTP/1.1" 200 0 "-" "-"
20.220.233.65 - - [02/May/2026:03:14:12 -0400] "GET /you.php HTTP/1.1" 200 0 "-" "-"
66.249.65.44 - - [02/May/2026:03:14:35 -0400] "GET /schema/lot/d1k6t98t9t8uh6p.phtml HTTP/1.1" 200 30104 "-" "Mozilla/5.0 (Linux; Android 6.0.1; Nexus 5X Build/MMB29P) AppleWebKit/537.36 (KHTML, like Gecko) Chrome/147.0.7727.137 Mobile Safari/537.36 (compatible; Googlebot/2.1; +http://www.google.com/bot.html)"
162.0.232.104 - - [02/May/2026:03:14:41 -0400] "POST /wp-cron.php?doing_wp_cron=1777706080.9593110084533691406250 HTTP/1.1" 200 0 "-" "WordPress/6.9.4; https://raydget.vip"
20.220.233.65 - - [02/May/2026:03:14:27 -0400] "GET /mimes.php HTTP/1.1" 200 0 "-" "-"
192.0.91.228 - - [02/May/2026:03:14:29 -0400] "HEAD / HTTP/1.1" 200 0 "-" "jetmon/1.0 (Jetpack Site Uptime Monitor by WordPress.com)"
54.232.116.4 - - [02/May/2026:03:14:55 -0400] "HEAD / HTTP/1.1" 503 0 "-" "jetmon/1.0 (Jetpack Site Uptime Monitor by WordPress.com)"
122.248.245.244 - - [02/May/2026:03:14:55 -0400] "HEAD / HTTP/1.1" 503 0 "-" "jetmon/1.0 (Jetpack Site Uptime Monitor by WordPress.com)"
54.217.201.243 - - [02/May/2026:03:14:55 -0400] "HEAD / HTTP/1.1" 503 0 "-" "jetmon/1.0 (Jetpack Site Uptime Monitor by WordPress.com)"
162.0.232.104 - - [02/May/2026:03:15:51 -0400] "POST /wp-cron.php?doing_wp_cron=1777706151.5899379253387451171875 HTTP/1.1" 200 0 "-" "WordPress/6.9.4; https://raydget.vip"
192.176.172.166 - - [02/May/2026:03:15:45 -0400] "GET /wp-login.php HTTP/1.1" 302 0 "-" "Mozilla/5.0 (Windows NT 6.3; Win64; x64) AppleWebKit/537.36 (KHTML, like Gecko) Chrome/67.0.3396.87 Safari/537.36"
192.176.172.166 - - [02/May/2026:03:15:52 -0400] "GET /wp-login.php HTTP/1.1" 302 0 "https://raydget.vip/wp-login.php" "Mozilla/5.0 (Windows NT 6.3; Win64; x64) AppleWebKit/537.36 (KHTML, like Gecko) Chrome/67.0.3396.87 Safari/537.36"
192.176.172.166 - - [02/May/2026:03:16:03 -0400] "GET /wp-login.php HTTP/1.1" 200 0 "https://raydget.vip/wp-login.php" "Mozilla/5.0 (Windows NT 6.3; Win64; x64) AppleWebKit/537.36 (KHTML, like Gecko) Chrome/67.0.3396.87 Safari/537.36"
162.0.232.104 - - [02/May/2026:03:17:18 -0400] "POST /wp-cron.php?doing_wp_cron=1777706237.9705629348754882812500 HTTP/1.1" 200 0 "-" "WordPress/6.9.4; https://raydget.vip"
66.249.65.46 - - [02/May/2026:03:16:58 -0400] "GET /order/shipment/e7doae1kqy1bebi.phtml HTTP/1.1" 404 0 "-" "Mozilla/5.0 (Linux; Android 6.0.1; Nexus 5X Build/MMB29P) AppleWebKit/537.36 (KHTML, like Gecko) Chrome/147.0.7727.137 Mobile Safari/537.36 (compatible; GoogleOther)"
103.232.122.132 - - [02/May/2026:03:17:10 -0400] "POST /xmlrpc.php HTTP/1.1" 200 0 "-" "Mozilla/5.0 (Windows NT 6.1; WOW64) AppleWebKit/537.36 (KHTML, like Gecko) Chrome/65.0.3325.181 Safari/537.36"
66.249.65.44 - - [02/May/2026:03:17:35 -0400] "GET /order/crop/eb52eutguetfira.phtml HTTP/1.1" 200 30025 "-" "Mozilla/5.0 (Linux; Android 6.0.1; Nexus 5X Build/MMB29P) AppleWebKit/537.36 (KHTML, like Gecko) Chrome/147.0.7727.137 Mobile Safari/537.36 (compatible; Googlebot/2.1; +http://www.google.com/bot.html)"
66.249.65.44 - - [02/May/2026:03:17:35 -0400] "GET /hierarchy/item/d6dnae14qy1blbi.phtml HTTP/1.1" 200 29133 "-" "Mozilla/5.0 (Linux; Android 6.0.1; Nexus 5X Build/MMB29P) AppleWebKit/537.36 (KHTML, like Gecko) Chrome/147.0.7727.137 Mobile Safari/537.36 (compatible; Googlebot/2.1; +http://www.google.com/bot.html)"
66.249.65.44 - - [02/May/2026:03:17:35 -0400] "GET /status/example/eygrdh4kt14ezel.phtml HTTP/1.1" 200 30123 "-" "Mozilla/5.0 (Linux; Android 6.0.1; Nexus 5X Build/MMB29P) AppleWebKit/537.36 (KHTML, like Gecko) Chrome/147.0.7727.137 Mobile Safari/537.36 (compatible; Googlebot/2.1; +http://www.google.com/bot.html)"
43.135.134.127 - - [02/May/2026:03:17:25 -0400] "GET /products/portativnyj-polevoj-kommutator/ HTTP/1.1" 200 22023 "-" "Mozilla/5.0 (iPhone; CPU iPhone OS 13_2_3 like Mac OS X) AppleWebKit/605.1.15 (KHTML, like Gecko) Version/13.0.3 Mobile/15E148 Safari/604.1"
66.249.74.103 - - [02/May/2026:03:18:06 -0400] "GET /categorization/deliverable/es7148v4ksv5y5c.phtml HTTP/1.1" 404 17259 "-" "Mozilla/5.0 (Linux; Android 6.0.1; Nexus 5X Build/MMB29P) AppleWebKit/537.36 (KHTML, like Gecko) Chrome/147.0.7727.137 Mobile Safari/537.36 (compatible; GoogleOther)"
192.0.91.228 - - [02/May/2026:03:18:07 -0400] "HEAD / HTTP/1.1" 200 0 "-" "jetmon/1.0 (Jetpack Site Uptime Monitor by WordPress.com)"
162.0.232.104 - - [02/May/2026:03:19:18 -0400] "POST /wp-cron.php?doing_wp_cron=1777706358.3856050968170166015625 HTTP/1.1" 200 0 "-" "WordPress/6.9.4; https://raydget.vip"
66.249.74.102 - - [02/May/2026:03:19:14 -0400] "GET /population/bundle/eq97umx3a6xvrje.phtml HTTP/1.1" 404 17203 "-" "Mozilla/5.0 (Linux; Android 6.0.1; Nexus 5X Build/MMB29P) AppleWebKit/537.36 (KHTML, like Gecko) Chrome/147.0.7727.137 Mobile Safari/537.36 (compatible; GoogleOther)"
66.249.65.46 - - [02/May/2026:03:19:31 -0400] "GET /facet/ware/e77m48voksv5c5c.phtml HTTP/1.1" 200 30592 "-" "Mozilla/5.0 (Linux; Android 6.0.1; Nexus 5X Build/MMB29P) AppleWebKit/537.36 (KHTML, like Gecko) Chrome/147.0.7727.137 Mobile Safari/537.36 (compatible; Googlebot/2.1; +http://www.google.com/bot.html)"
66.249.65.46 - - [02/May/2026:03:19:32 -0400] "GET /heading/model/euoe91cnplca6yt.phtml HTTP/1.1" 200 29938 "-" "Mozilla/5.0 (Linux; Android 6.0.1; Nexus 5X Build/MMB29P) AppleWebKit/537.36 (KHTML, like Gecko) Chrome/147.0.7727.137 Mobile Safari/537.36 (compatible; Googlebot/2.1; +http://www.google.com/bot.html)"
66.249.65.45 - - [02/May/2026:03:19:32 -0400] "GET /design/prototype/fw4z15sbhqwipud.phtml HTTP/1.1" 200 29210 "-" "Mozilla/5.0 (Linux; Android 6.0.1; Nexus 5X Build/MMB29P) AppleWebKit/537.36 (KHTML, like Gecko) Chrome/147.0.7727.137 Mobile Safari/537.36 (compatible; Googlebot/2.1; +http://www.google.com/bot.html)"
66.249.65.45 - - [02/May/2026:03:21:28 -0400] "GET /institution/article/eyjkgk76w47hcho.phtml HTTP/1.1" 200 29944 "-" "Mozilla/5.0 (Linux; Android 6.0.1; Nexus 5X Build/MMB29P) AppleWebKit/537.36 (KHTML, like Gecko) Chrome/147.0.7727.137 Mobile Safari/537.36 (compatible; Googlebot/2.1; +http://www.google.com/bot.html)"
66.249.65.45 - - [02/May/2026:03:21:28 -0400] "GET /ambit/apparatus/f9oy91cbpts2m29.phtml HTTP/1.1" 200 28804 "-" "Mozilla/5.0 (Linux; Android 6.0.1; Nexus 5X Build/MMB29P) AppleWebKit/537.36 (KHTML, like Gecko) Chrome/147.0.7727.137 Mobile Safari/537.36 (compatible; Googlebot/2.1; +http://www.google.com/bot.html)"
66.249.65.44 - - [02/May/2026:03:21:28 -0400] "GET /kingdom/result/f8c0xp0bdngquqx.phtml HTTP/1.1" 200 28843 "-" "Mozilla/5.0 (Linux; Android 6.0.1; Nexus 5X Build/MMB29P) AppleWebKit/537.36 (KHTML, like Gecko) Chrome/147.0.7727.137 Mobile Safari/537.36 (compatible; Googlebot/2.1; +http://www.google.com/bot.html)"
162.0.232.104 - - [02/May/2026:03:23:12 -0400] "POST /wp-cron.php?doing_wp_cron=1777706591.9905200004577636718750 HTTP/1.1" 200 0 "-" "WordPress/6.9.4; https://raydget.vip"
192.0.91.228 - - [02/May/2026:03:23:06 -0400] "HEAD / HTTP/1.1" 200 0 "-" "jetmon/1.0 (Jetpack Site Uptime Monitor by WordPress.com)"
66.249.65.44 - - [02/May/2026:03:23:24 -0400] "GET /form/composition/ej4d15snhps2829.phtml HTTP/1.1" 200 30176 "-" "Mozilla/5.0 (Linux; Android 6.0.1; Nexus 5X Build/MMB29P) AppleWebKit/537.36 (KHTML, like Gecko) Chrome/147.0.7727.137 Mobile Safari/537.36 (compatible; Googlebot/2.1; +http://www.google.com/bot.html)"
162.0.232.104 - - [02/May/2026:03:25:10 -0400] "POST /wp-cron.php?doing_wp_cron=1777706709.9593899250030517578125 HTTP/1.1" 200 0 "-" "WordPress/6.9.4; https://raydget.vip"
177.11.54.244 - - [02/May/2026:03:24:55 -0400] "POST /xmlrpc.php HTTP/1.1" 200 286 "-" "Mozilla/5.0 (Windows NT 6.3; WOW64; Trident/7.0; TAJB; rv:11.0) like Gecko"
66.249.65.44 - - [02/May/2026:03:25:18 -0400] "GET /model/collection/eky0vzmdbjmw2w3.phtml HTTP/1.1" 404 0 "-" "Mozilla/5.0 (Linux; Android 6.0.1; Nexus 5X Build/MMB29P) AppleWebKit/537.36 (KHTML, like Gecko) Chrome/147.0.7727.137 Mobile Safari/537.36 (compatible; GoogleOther)"
162.0.232.104 - - [02/May/2026:03:27:56 -0400] "POST /wp-cron.php?doing_wp_cron=1777706876.5123040676116943359375 HTTP/1.1" 200 0 "-" "WordPress/6.9.4; https://raydget.vip"
158.220.126.105 - - [02/May/2026:03:27:50 -0400] "GET /wp-login.php HTTP/1.1" 302 0 "-" "Mozilla/5.0 (Windows NT 10.0) AppleWebKit/537.36 (KHTML, like Gecko) Chrome/66.0.3359.139 Safari/537.36"
158.220.126.105 - - [02/May/2026:03:27:56 -0400] "GET /wp-login.php HTTP/1.1" 302 0 "https://raydget.vip/wp-login.php" "Mozilla/5.0 (Windows NT 10.0) AppleWebKit/537.36 (KHTML, like Gecko) Chrome/66.0.3359.139 Safari/537.36"
158.220.126.105 - - [02/May/2026:03:28:06 -0400] "GET /wp-login.php HTTP/1.1" 200 0 "https://raydget.vip/wp-login.php" "Mozilla/5.0 (Windows NT 10.0) AppleWebKit/537.36 (KHTML, like Gecko) Chrome/66.0.3359.139 Safari/537.36"
66.249.65.46 - - [02/May/2026:03:28:16 -0400] "GET /schema/assembly/e50mldov1xomsa5.phtml HTTP/1.1" 200 30397 "-" "Mozilla/5.0 (Linux; Android 6.0.1; Nexus 5X Build/MMB29P) AppleWebKit/537.36 (KHTML, like Gecko) Chrome/147.0.7727.137 Mobile Safari/537.36 (compatible; Googlebot/2.1; +http://www.google.com/bot.html)"
192.0.91.228 - - [02/May/2026:03:28:07 -0400] "HEAD / HTTP/1.1" 200 0 "-" "jetmon/1.0 (Jetpack Site Uptime Monitor by WordPress.com)"
43.135.139.165 - - [02/May/2026:03:28:19 -0400] "GET /products/ip/ HTTP/1.1" 200 23887 "-" "Mozilla/5.0 (iPhone; CPU iPhone OS 13_2_3 like Mac OS X) AppleWebKit/605.1.15 (KHTML, like Gecko) Version/13.0.3 Mobile/15E148 Safari/604.1"
162.0.232.104 - - [02/May/2026:03:28:40 -0400] "POST /wp-cron.php?doing_wp_cron=1777706920.1682960987091064453125 HTTP/1.1" 200 0 "-" "WordPress/6.9.4; https://raydget.vip"
72.167.150.128 - - [02/May/2026:03:28:30 -0400] "POST /xmlrpc.php HTTP/1.1" 200 287 "-" "Mozilla/5.0 (Windows NT 6.1) AppleWebKit/537.36 (KHTML, like Gecko) Chrome/66.0.3359.181 Safari/537.36"
66.249.65.44 - - [02/May/2026:03:28:40 -0400] "GET /matrix/consequence/f7uxf7ibviy858f.phtml HTTP/1.1" 404 0 "-" "Mozilla/5.0 (Linux; Android 6.0.1; Nexus 5X Build/MMB29P) AppleWebKit/537.36 (KHTML, like Gecko) Chrome/147.0.7727.137 Mobile Safari/537.36 (compatible; GoogleOther)"
66.249.65.44 - - [02/May/2026:03:30:12 -0400] "GET /genre/parcel/f78zhxwbxsomda5.phtml HTTP/1.1" 200 28317 "-" "Mozilla/5.0 (Linux; Android 6.0.1; Nexus 5X Build/MMB29P) AppleWebKit/537.36 (KHTML, like Gecko) Chrome/147.0.7727.137 Mobile Safari/537.36 (compatible; Googlebot/2.1; +http://www.google.com/bot.html)"
69.171.231.10 - - [02/May/2026:03:31:05 -0400] "GET /robots.txt HTTP/1.1" 206 91 "-" "facebookexternalhit/1.1 (+http://www.facebook.com/externalhit_uatext.php)"
52.203.246.32 - - [02/May/2026:03:31:52 -0400] "GET /robots.txt HTTP/1.1" 200 91 "-" "Mozilla/5.0 (Macintosh; Intel Mac OS X 10_10_1) AppleWebKit/600.2.5 (KHTML, like Gecko) Version/8.0.2 Safari/600.2.5 (Gort)"
162.0.232.104 - - [02/May/2026:03:33:26 -0400] "POST /wp-cron.php?doing_wp_cron=1777707206.5626440048217773437500 HTTP/1.1" 200 0 "-" "WordPress/6.9.4; https://raydget.vip"
192.0.91.228 - - [02/May/2026:03:33:07 -0400] "HEAD / HTTP/1.1" 200 0 "-" "jetmon/1.0 (Jetpack Site Uptime Monitor by WordPress.com)"
66.249.65.44 - - [02/May/2026:03:33:38 -0400] "GET /compilation/manufacture/esfu0s3egc31spk.phtml HTTP/1.1" 404 0 "-" "Mozilla/5.0 (Linux; Android 6.0.1; Nexus 5X Build/MMB29P) AppleWebKit/537.36 (KHTML, like Gecko) Chrome/147.0.7727.137 Mobile Safari/537.36 (compatible; GoogleOther)"
66.249.65.46 - - [02/May/2026:03:34:04 -0400] "GET /schema/merchandise/fdszptgb59k66i1.phtml HTTP/1.1" 200 28647 "-" "Mozilla/5.0 (Linux; Android 6.0.1; Nexus 5X Build/MMB29P) AppleWebKit/537.36 (KHTML, like Gecko) Chrome/147.0.7727.137 Mobile Safari/537.36 (compatible; Googlebot/2.1; +http://www.google.com/bot.html)"
66.249.65.44 - - [02/May/2026:03:34:04 -0400] "GET /discipline/handiwork/ej9jumxja6xvlje.phtml HTTP/1.1" 200 30116 "-" "Mozilla/5.0 (Linux; Android 6.0.1; Nexus 5X Build/MMB29P) AppleWebKit/537.36 (KHTML, like Gecko) Chrome/147.0.7727.137 Mobile Safari/537.36 (compatible; Googlebot/2.1; +http://www.google.com/bot.html)"
213.180.203.164 - - [02/May/2026:03:35:10 -0400] "GET /robots.txt HTTP/1.1" 200 91 "-" "Mozilla/5.0 (compatible; YandexBot/3.0; +http://yandex.com/bots)"
162.0.232.104 - - [02/May/2026:03:35:21 -0400] "POST /wp-cron.php?doing_wp_cron=1777707321.7633049488067626953125 HTTP/1.1" 200 0 "-" "WordPress/6.9.4; https://raydget.vip"
5.255.231.8 - - [02/May/2026:03:35:11 -0400] "GET /products/portativnyj-polevoj-kommutator/ HTTP/1.1" 404 21957 "-" "Mozilla/5.0 (compatible; YandexBot/3.0; +http://yandex.com/bots)"
162.0.232.104 - - [02/May/2026:03:38:10 -0400] "POST /wp-cron.php?doing_wp_cron=1777707490.4697849750518798828125 HTTP/1.1" 200 0 "-" "WordPress/6.9.4; https://raydget.vip"
43.156.228.27 - - [02/May/2026:03:37:58 -0400] "GET /kak-sdelat-zakaz/ HTTP/1.1" 200 23782 "-" "Mozilla/5.0 (iPhone; CPU iPhone OS 13_2_3 like Mac OS X) AppleWebKit/605.1.15 (KHTML, like Gecko) Version/13.0.3 Mobile/15E148 Safari/604.1"
192.0.91.228 - - [02/May/2026:03:38:07 -0400] "HEAD / HTTP/1.1" 200 0 "-" "jetmon/1.0 (Jetpack Site Uptime Monitor by WordPress.com)"
66.249.74.101 - - [02/May/2026:03:38:07 -0400] "GET /union/portion/f5fb0s3bg6jtit0.phtml HTTP/1.1" 404 17204 "-" "Mozilla/5.0 (Linux; Android 6.0.1; Nexus 5X Build/MMB29P) AppleWebKit/537.36 (KHTML, like Gecko) Chrome/147.0.7727.137 Mobile Safari/537.36 (compatible; GoogleOther)"
109.115.239.23 - - [02/May/2026:03:38:46 -0400] "GET /wp-login.php HTTP/1.1" 302 0 "-" "Mozilla/5.0 (Windows NT 10.0; Win64; x64; WebView/3.0) AppleWebKit/537.36 (KHTML, like Gecko) Chrome/58.0.3029.110 Safari/537.36 Edge/16.16299"
66.249.65.44 - - [02/May/2026:03:38:54 -0400] "GET /aggregation/release/fv7x48vbkmzluxg.phtml HTTP/1.1" 200 28970 "-" "Mozilla/5.0 (Linux; Android 6.0.1; Nexus 5X Build/MMB29P) AppleWebKit/537.36 (KHTML, like Gecko) Chrome/147.0.7727.137 Mobile Safari/537.36 (compatible; Googlebot/2.1; +http://www.google.com/bot.html)"
66.249.65.44 - - [02/May/2026:03:38:55 -0400] "GET /element/deliverable/fwly6y9bmwpzoz6.phtml HTTP/1.1" 200 28911 "-" "Mozilla/5.0 (Linux; Android 6.0.1; Nexus 5X Build/MMB29P) AppleWebKit/537.36 (KHTML, like Gecko) Chrome/147.0.7727.137 Mobile Safari/537.36 (compatible; Googlebot/2.1; +http://www.google.com/bot.html)"
66.249.65.45 - - [02/May/2026:03:38:55 -0400] "GET /array/device/fkbyk0zb0orp2d8.phtml HTTP/1.1" 200 29157 "-" "Mozilla/5.0 (Linux; Android 6.0.1; Nexus 5X Build/MMB29P) AppleWebKit/537.36 (KHTML, like Gecko) Chrome/147.0.7727.137 Mobile Safari/537.36 (compatible; Googlebot/2.1; +http://www.google.com/bot.html)"
162.0.232.104 - - [02/May/2026:03:39:00 -0400] "POST /wp-cron.php?doing_wp_cron=1777707540.6687130928039550781250 HTTP/1.1" 200 0 "-" "WordPress/6.9.4; https://raydget.vip"
109.115.239.23 - - [02/May/2026:03:38:53 -0400] "GET /wp-login.php HTTP/1.1" 302 0 "https://raydget.vip/wp-login.php" "Mozilla/5.0 (Windows NT 10.0; Win64; x64; WebView/3.0) AppleWebKit/537.36 (KHTML, like Gecko) Chrome/58.0.3029.110 Safari/537.36 Edge/16.16299"
109.115.239.23 - - [02/May/2026:03:39:01 -0400] "GET /wp-login.php HTTP/1.1" 200 0 "https://raydget.vip/wp-login.php" "Mozilla/5.0 (Windows NT 10.0; Win64; x64; WebView/3.0) AppleWebKit/537.36 (KHTML, like Gecko) Chrome/58.0.3029.110 Safari/537.36 Edge/16.16299"
162.0.232.104 - - [02/May/2026:03:39:44 -0400] "POST /wp-cron.php?doing_wp_cron=1777707584.3183040618896484375000 HTTP/1.1" 200 0 "-" "WordPress/6.9.4; https://raydget.vip"
192.0.91.228 - - [02/May/2026:03:39:34 -0400] "HEAD / HTTP/1.1" 200 0 "-" "jetmon/1.0 (Jetpack Site Uptime Monitor by WordPress.com)"
158.69.128.56 - - [02/May/2026:03:40:11 -0400] "POST /xmlrpc.php HTTP/1.1" 200 286 "-" "Mozilla/5.0 (Windows NT 6.3; Win64; x64) AppleWebKit/537.36 (KHTML, like Gecko) Chrome/65.0.3325.181 Safari/537.36 OPR/52.0.2871.99"
66.249.65.46 - - [02/May/2026:03:40:51 -0400] "GET /version/outgrowth/exumf7ikvrigf4z.phtml HTTP/1.1" 200 30076 "-" "Mozilla/5.0 (Linux; Android 6.0.1; Nexus 5X Build/MMB29P) AppleWebKit/537.36 (KHTML, like Gecko) Chrome/147.0.7727.137 Mobile Safari/537.36 (compatible; Googlebot/2.1; +http://www.google.com/bot.html)"
66.249.65.44 - - [02/May/2026:03:40:52 -0400] "GET /set/produce/ette2ihei2h3gfy.phtml HTTP/1.1" 200 30231 "-" "Mozilla/5.0 (Linux; Android 6.0.1; Nexus 5X Build/MMB29P) AppleWebKit/537.36 (KHTML, like Gecko) Chrome/147.0.7727.137 Mobile Safari/537.36 (compatible; Googlebot/2.1; +http://www.google.com/bot.html)"
66.249.65.45 - - [02/May/2026:03:40:52 -0400] "GET /array/goods/fhhwq65b6cxv2je.phtml HTTP/1.1" 200 29593 "-" "Mozilla/5.0 (Linux; Android 6.0.1; Nexus 5X Build/MMB29P) AppleWebKit/537.36 (KHTML, like Gecko) Chrome/147.0.7727.137 Mobile Safari/537.36 (compatible; Googlebot/2.1; +http://www.google.com/bot.html)"
66.249.65.44 - - [02/May/2026:03:40:53 -0400] "GET /chart/line/e8al7bydnvy828f.phtml HTTP/1.1" 200 29762 "-" "Mozilla/5.0 (Linux; Android 6.0.1; Nexus 5X Build/MMB29P) AppleWebKit/537.36 (KHTML, like Gecko) Chrome/147.0.7727.137 Mobile Safari/537.36 (compatible; Googlebot/2.1; +http://www.google.com/bot.html)"
162.0.232.104 - - [02/May/2026:03:42:08 -0400] "POST /wp-cron.php?doing_wp_cron=1777707728.2800760269165039062500 HTTP/1.1" 200 0 "-" "WordPress/6.9.4; https://raydget.vip"
66.249.65.44 - - [02/May/2026:03:41:58 -0400] "GET /order/fruit/e3v1swjb8gjt7t0.phtml HTTP/1.1" 404 0 "-" "Mozilla/5.0 (Linux; Android 6.0.1; Nexus 5X Build/MMB29P) AppleWebKit/537.36 (KHTML, like Gecko) Chrome/147.0.7727.137 Mobile Safari/537.36 (compatible; GoogleOther)"
66.249.65.44 - - [02/May/2026:03:42:49 -0400] "GET /nomenclature/division/ehb7k0zm0kzluxg.phtml HTTP/1.1" 200 29667 "-" "Mozilla/5.0 (Linux; Android 6.0.1; Nexus 5X Build/MMB29P) AppleWebKit/537.36 (KHTML, like Gecko) Chrome/147.0.7727.137 Mobile Safari/537.36 (compatible; Googlebot/2.1; +http://www.google.com/bot.html)"
162.0.232.104 - - [02/May/2026:03:43:13 -0400] "POST /wp-cron.php?doing_wp_cron=1777707793.8687880039215087890625 HTTP/1.1" 200 0 "-" "WordPress/6.9.4; https://raydget.vip"
192.0.91.228 - - [02/May/2026:03:43:07 -0400] "HEAD / HTTP/1.1" 200 0 "-" "jetmon/1.0 (Jetpack Site Uptime Monitor by WordPress.com)"
66.249.65.45 - - [02/May/2026:03:43:48 -0400] "GET /schedule/product/fytb2ihbiq97avq.phtml HTTP/1.1" 200 29549 "-" "Mozilla/5.0 (Linux; Android 6.0.1; Nexus 5X Build/MMB29P) AppleWebKit/537.36 (KHTML, like Gecko) Chrome/147.0.7727.137 Mobile Safari/537.36 (compatible; Googlebot/2.1; +http://www.google.com/bot.html)"
66.249.74.103 - - [02/May/2026:03:44:21 -0400] "GET /feed/ HTTP/1.1" 200 30762 "-" "Mozilla/5.0 (Linux; Android 6.0.1; Nexus 5X Build/MMB29P) AppleWebKit/537.36 (KHTML, like Gecko) Chrome/147.0.7727.137 Mobile Safari/537.36 (compatible; Googlebot/2.1; +http://www.google.com/bot.html)"
162.0.232.104 - - [02/May/2026:03:46:09 -0400] "POST /wp-cron.php?doing_wp_cron=1777707969.7050850391387939453125 HTTP/1.1" 200 0 "-" "WordPress/6.9.4; https://raydget.vip"
179.108.84.136 - - [02/May/2026:03:46:02 -0400] "POST /xmlrpc.php HTTP/1.1" 200 290 "-" "Mozilla/5.0 (Macintosh; Intel Mac OS X 10_13_2) AppleWebKit/537.36 (KHTML, like Gecko) Chrome/65.0.3325.181 Safari/537.36"
162.0.232.104 - - [02/May/2026:03:47:38 -0400] "POST /wp-cron.php?doing_wp_cron=1777708058.8151810169219970703125 HTTP/1.1" 200 0 "-" "WordPress/6.9.4; https://raydget.vip"
66.249.65.45 - - [02/May/2026:03:47:34 -0400] "GET /chart/material/fhr0c4fbsov5c5c.phtml HTTP/1.1" 404 0 "-" "Mozilla/5.0 (Linux; Android 6.0.1; Nexus 5X Build/MMB29P) AppleWebKit/537.36 (KHTML, like Gecko) Chrome/147.0.7727.137 Mobile Safari/537.36 (compatible; GoogleOther)"
192.0.91.228 - - [02/May/2026:03:48:06 -0400] "HEAD / HTTP/1.1" 200 0 "-" "jetmon/1.0 (Jetpack Site Uptime Monitor by WordPress.com)"
66.249.65.44 - - [02/May/2026:03:49:33 -0400] "GET /establishment/load/encaxp0id90yfmh.phtml HTTP/1.1" 200 30205 "-" "Mozilla/5.0 (Linux; Android 6.0.1; Nexus 5X Build/MMB29P) AppleWebKit/537.36 (KHTML, like Gecko) Chrome/147.0.7727.137 Mobile Safari/537.36 (compatible; Googlebot/2.1; +http://www.google.com/bot.html)"
66.249.65.44 - - [02/May/2026:03:49:34 -0400] "GET /assemblage/attribute/e96brju073usjgb.phtml HTTP/1.1" 200 30250 "-" "Mozilla/5.0 (Linux; Android 6.0.1; Nexus 5X Build/MMB29P) AppleWebKit/537.36 (KHTML, like Gecko) Chrome/147.0.7727.137 Mobile Safari/537.36 (compatible; Googlebot/2.1; +http://www.google.com/bot.html)"
162.0.232.104 - - [02/May/2026:03:50:27 -0400] "POST /wp-cron.php?doing_wp_cron=1777708227.4113209247589111328125 HTTP/1.1" 200 0 "-" "WordPress/6.9.4; https://raydget.vip"
43.153.48.240 - - [02/May/2026:03:50:21 -0400] "GET /?p=4039 HTTP/1.1" 301 0 "-" "Mozilla/5.0 (iPhone; CPU iPhone OS 13_2_3 like Mac OS X) AppleWebKit/605.1.15 (KHTML, like Gecko) Version/13.0.3 Mobile/15E148 Safari/604.1"
66.249.65.46 - - [02/May/2026:03:50:32 -0400] "GET /compilation/collection/esuwf7ivvrigo4z.phtml HTTP/1.1" 200 31241 "-" "Mozilla/5.0 (Linux; Android 6.0.1; Nexus 5X Build/MMB29P) AppleWebKit/537.36 (KHTML, like Gecko) Chrome/147.0.7727.137 Mobile Safari/537.36 (compatible; Googlebot/2.1; +http://www.google.com/bot.html)"
43.153.48.240 - - [02/May/2026:03:50:28 -0400] "GET /vozvrat-i-obmen-tovara/ HTTP/1.1" 200 22879 "https://raydget.vip/?p=4039" "Mozilla/5.0 (iPhone; CPU iPhone OS 13_2_3 like Mac OS X) AppleWebKit/605.1.15 (KHTML, like Gecko) Version/13.0.3 Mobile/15E148 Safari/604.1"
78.142.18.172 - - [02/May/2026:03:50:30 -0400] "POST /xmlrpc.php HTTP/1.1" 200 286 "-" "Mozilla/5.0 (Windows NT 10.0; Win64; x64) AppleWebKit/537.36 (KHTML, like Gecko) Chrome/63.0.3239.108 Safari/537.36 OPR/50.0.2762.45"
162.0.232.104 - - [02/May/2026:03:52:36 -0400] "POST /wp-cron.php?doing_wp_cron=1777708356.2426290512084960937500 HTTP/1.1" 200 0 "-" "WordPress/6.9.4; https://raydget.vip"
138.197.106.215 - - [02/May/2026:03:52:31 -0400] "POST /xmlrpc.php HTTP/1.1" 200 290 "-" "Mozilla/5.0 (Macintosh; Intel Mac OS X 10_13_2) AppleWebKit/537.36 (KHTML, like Gecko) Chrome/66.0.3359.181 Safari/537.36"
66.249.74.103 - - [02/May/2026:03:52:41 -0400] "GET /version/apparatus/el2xbrq3rbqc6o7.phtml HTTP/1.1" 404 17204 "-" "Mozilla/5.0 (Linux; Android 6.0.1; Nexus 5X Build/MMB29P) AppleWebKit/537.36 (KHTML, like Gecko) Chrome/147.0.7727.137 Mobile Safari/537.36 (compatible; GoogleOther)"
192.0.91.228 - - [02/May/2026:03:53:06 -0400] "HEAD / HTTP/1.1" 200 0 "-" "jetmon/1.0 (Jetpack Site Uptime Monitor by WordPress.com)"
66.249.65.44 - - [02/May/2026:03:53:27 -0400] "GET /label/shop/e8cwxp0fd90yumh.phtml HTTP/1.1" 200 30136 "-" "Mozilla/5.0 (Linux; Android 6.0.1; Nexus 5X Build/MMB29P) AppleWebKit/537.36 (KHTML, like Gecko) Chrome/147.0.7727.137 Mobile Safari/537.36 (compatible; Googlebot/2.1; +http://www.google.com/bot.html)"
66.249.65.44 - - [02/May/2026:03:57:12 -0400] "GET /style/construction/fvy0vzmbbeqcxo7.phtml HTTP/1.1" 200 29826 "-" "Mozilla/5.0 (Linux; Android 6.0.1; Nexus 5X Build/MMB29P) AppleWebKit/537.36 (KHTML, like Gecko) Chrome/147.0.7727.137 Mobile Safari/537.36 (compatible; Googlebot/2.1; +http://www.google.com/bot.html)"
66.249.65.46 - - [02/May/2026:03:57:12 -0400] "GET /pattern/detail/errzc4fksofdc1w.phtml HTTP/1.1" 200 29987 "-" "Mozilla/5.0 (Linux; Android 6.0.1; Nexus 5X Build/MMB29P) AppleWebKit/537.36 (KHTML, like Gecko) Chrome/147.0.7727.137 Mobile Safari/537.36 (compatible; Googlebot/2.1; +http://www.google.com/bot.html)"
66.249.65.44 - - [02/May/2026:03:57:36 -0400] "GET /phylum/work/fedyae1bqa5ry3m.phtml HTTP/1.1" 200 29218 "-" "Mozilla/5.0 (Linux; Android 6.0.1; Nexus 5X Build/MMB29P) AppleWebKit/537.36 (KHTML, like Gecko) Chrome/147.0.7727.137 Mobile Safari/537.36 (compatible; Googlebot/2.1; +http://www.google.com/bot.html)"
162.0.232.104 - - [02/May/2026:03:57:57 -0400] "POST /wp-cron.php?doing_wp_cron=1777708677.9672429561614990234375 HTTP/1.1" 200 0 "-" "WordPress/6.9.4; https://raydget.vip"
43.156.204.134 - - [02/May/2026:03:57:53 -0400] "GET / HTTP/1.1" 200 24863 "-" "Mozilla/5.0 (iPhone; CPU iPhone OS 13_2_3 like Mac OS X) AppleWebKit/605.1.15 (KHTML, like Gecko) Version/13.0.3 Mobile/15E148 Safari/604.1"
66.249.65.44 - - [02/May/2026:03:57:59 -0400] "GET /population/example/fvgydh4bti8uf6p.phtml HTTP/1.1" 200 29313 "-" "Mozilla/5.0 (Linux; Android 6.0.1; Nexus 5X Build/MMB29P) AppleWebKit/537.36 (KHTML, like Gecko) Chrome/147.0.7727.137 Mobile Safari/537.36 (compatible; Googlebot/2.1; +http://www.google.com/bot.html)"
192.0.91.228 - - [02/May/2026:03:58:06 -0400] "HEAD / HTTP/1.1" 200 0 "-" "jetmon/1.0 (Jetpack Site Uptime Monitor by WordPress.com)"
66.249.65.44 - - [02/May/2026:03:58:17 -0400] "GET /ilk/composition/er20brqnrbqc2o7.phtml HTTP/1.1" 404 0 "-" "Mozilla/5.0 (Linux; Android 6.0.1; Nexus 5X Build/MMB29P) AppleWebKit/537.36 (KHTML, like Gecko) Chrome/147.0.7727.137 Mobile Safari/537.36 (compatible; GoogleOther)"
66.249.65.44 - - [02/May/2026:03:58:47 -0400] "GET /quality/module/f7yzvzmbbcqcfo7.phtml HTTP/1.1" 200 28506 "-" "Mozilla/5.0 (Linux; Android 6.0.1; Nexus 5X Build/MMB29P) AppleWebKit/537.36 (KHTML, like Gecko) Chrome/147.0.7727.137 Mobile Safari/537.36 (compatible; Googlebot/2.1; +http://www.google.com/bot.html)"
66.249.65.45 - - [02/May/2026:03:59:57 -0400] "GET /fraternity/production/fkk0t98b9j0yqmh.phtml HTTP/1.1" 200 29403 "-" "Mozilla/5.0 (Linux; Android 6.0.1; Nexus 5X Build/MMB29P) AppleWebKit/537.36 (KHTML, like Gecko) Chrome/147.0.7727.137 Mobile Safari/537.36 (compatible; Googlebot/2.1; +http://www.google.com/bot.html)"
66.249.65.46 - - [02/May/2026:04:00:20 -0400] "GET /branch/attachment/fpmyjnabzne0ucv.phtml HTTP/1.1" 200 29332 "-" "Mozilla/5.0 (Linux; Android 6.0.1; Nexus 5X Build/MMB29P) AppleWebKit/537.36 (KHTML, like Gecko) Chrome/147.0.7727.137 Mobile Safari/537.36 (compatible; Googlebot/2.1; +http://www.google.com/bot.html)"
