212.124.183.40 - - [01/May/2026:23:16:44 -0400] "POST /xmlrpc.php HTTP/1.1" 200 287 "-" "Mozilla/5.0 (Windows NT 6.1; WOW64; Trident/7.0; AS; rv:11.0) like Gecko"
162.0.232.104 - - [01/May/2026:23:18:15 -0400] "POST /wp-cron.php?doing_wp_cron=1777691895.2443320751190185546875 HTTP/1.1" 200 0 "-" "WordPress/6.9.4; https://raydget.vip"
192.0.91.228 - - [01/May/2026:23:18:08 -0400] "HEAD / HTTP/1.1" 200 0 "-" "jetmon/1.0 (Jetpack Site Uptime Monitor by WordPress.com)"
162.0.232.104 - - [01/May/2026:23:21:26 -0400] "POST /wp-cron.php?doing_wp_cron=1777692086.2672109603881835937500 HTTP/1.1" 200 0 "-" "WordPress/6.9.4; https://raydget.vip"
66.249.65.44 - - [01/May/2026:23:21:17 -0400] "GET /module/unit/emwq5lk7l5k62i1.phtml HTTP/1.1" 404 0 "-" "Mozilla/5.0 (Linux; Android 6.0.1; Nexus 5X Build/MMB29P) AppleWebKit/537.36 (KHTML, like Gecko) Chrome/147.0.7727.137 Mobile Safari/537.36 (compatible; GoogleOther)"
162.0.232.104 - - [01/May/2026:23:22:54 -0400] "POST /wp-cron.php?doing_wp_cron=1777692174.8727939128875732421875 HTTP/1.1" 200 0 "-" "WordPress/6.9.4; https://raydget.vip"
66.249.65.44 - - [01/May/2026:23:22:50 -0400] "GET /version/thing/fydaae1bqt5rl3m.phtml HTTP/1.1" 404 0 "-" "Mozilla/5.0 (Linux; Android 6.0.1; Nexus 5X Build/MMB29P) AppleWebKit/537.36 (KHTML, like Gecko) Chrome/147.0.7727.137 Mobile Safari/537.36 (compatible; GoogleOther)"
192.0.91.228 - - [01/May/2026:23:23:07 -0400] "HEAD / HTTP/1.1" 200 0 "-" "jetmon/1.0 (Jetpack Site Uptime Monitor by WordPress.com)"
66.249.65.46 - - [01/May/2026:23:24:36 -0400] "GET /unit/project/e5v6swjb8gjt3t0.phtml HTTP/1.1" 200 30356 "-" "Mozilla/5.0 (Linux; Android 6.0.1; Nexus 5X Build/MMB29P) AppleWebKit/537.36 (KHTML, like Gecko) Chrome/147.0.7727.137 Mobile Safari/537.36 (compatible; Googlebot/2.1; +http://www.google.com/bot.html)"
66.249.65.46 - - [01/May/2026:23:26:35 -0400] "GET /categorization/specimen/ek5oeutguetfora.phtml HTTP/1.1" 200 29516 "-" "Mozilla/5.0 (Linux; Android 6.0.1; Nexus 5X Build/MMB29P) AppleWebKit/537.36 (KHTML, like Gecko) Chrome/147.0.7727.137 Mobile Safari/537.36 (compatible; Googlebot/2.1; +http://www.google.com/bot.html)"
66.249.65.44 - - [01/May/2026:23:26:35 -0400] "GET /branch/gadget/e3lh6y9fmi97pvq.phtml HTTP/1.1" 200 30006 "-" "Mozilla/5.0 (Linux; Android 6.0.1; Nexus 5X Build/MMB29P) AppleWebKit/537.36 (KHTML, like Gecko) Chrome/147.0.7727.137 Mobile Safari/537.36 (compatible; Googlebot/2.1; +http://www.google.com/bot.html)"
162.0.232.104 - - [01/May/2026:23:28:14 -0400] "POST /wp-cron.php?doing_wp_cron=1777692494.6575651168823242187500 HTTP/1.1" 200 0 "-" "WordPress/6.9.4; https://raydget.vip"
192.0.91.228 - - [01/May/2026:23:28:08 -0400] "HEAD / HTTP/1.1" 200 0 "-" "jetmon/1.0 (Jetpack Site Uptime Monitor by WordPress.com)"
66.249.65.45 - - [01/May/2026:23:28:24 -0400] "GET /ambit/label/f9nwwcbbcl319pk.phtml HTTP/1.1" 404 0 "-" "Mozilla/5.0 (Linux; Android 6.0.1; Nexus 5X Build/MMB29P) AppleWebKit/537.36 (KHTML, like Gecko) Chrome/147.0.7727.137 Mobile Safari/537.36 (compatible; GoogleOther)"
66.249.65.44 - - [01/May/2026:23:30:33 -0400] "GET /sort/component/e8n1wcbgcwbxi9s.phtml HTTP/1.1" 200 28935 "-" "Mozilla/5.0 (Linux; Android 6.0.1; Nexus 5X Build/MMB29P) AppleWebKit/537.36 (KHTML, like Gecko) Chrome/147.0.7727.137 Mobile Safari/537.36 (compatible; Googlebot/2.1; +http://www.google.com/bot.html)"
66.249.65.44 - - [01/May/2026:23:30:34 -0400] "GET /quality/line/e4zk8onco8n9yl4.phtml HTTP/1.1" 200 30135 "-" "Mozilla/5.0 (Linux; Android 6.0.1; Nexus 5X Build/MMB29P) AppleWebKit/537.36 (KHTML, like Gecko) Chrome/147.0.7727.137 Mobile Safari/537.36 (compatible; Googlebot/2.1; +http://www.google.com/bot.html)"
66.249.65.46 - - [01/May/2026:23:31:34 -0400] "GET /type/resource/e6clxp0zd90y6mh.phtml HTTP/1.1" 200 32340 "-" "Mozilla/5.0 (Linux; Android 6.0.1; Nexus 5X Build/MMB29P) AppleWebKit/537.36 (KHTML, like Gecko) Chrome/147.0.7727.137 Mobile Safari/537.36 (compatible; Googlebot/2.1; +http://www.google.com/bot.html)"
66.249.65.45 - - [01/May/2026:23:31:37 -0400] "GET /cdn-cgi/scripts/5c5dd728/cloudflare-static/email-decode.min.js HTTP/1.1" 200 0 "https://www.raydget.vip/type/resource/e6clxp0zd90y6mh.phtml" "Mozilla/5.0 (Linux; Android 6.0.1; Nexus 5X Build/MMB29P) AppleWebKit/537.36 (KHTML, like Gecko) Chrome/147.0.7727.137 Mobile Safari/537.36 (compatible; Googlebot/2.1; +http://www.google.com/bot.html)"
192.0.91.228 - - [01/May/2026:23:33:07 -0400] "HEAD / HTTP/1.1" 200 0 "-" "jetmon/1.0 (Jetpack Site Uptime Monitor by WordPress.com)"
162.0.232.104 - - [01/May/2026:23:34:07 -0400] "POST /wp-cron.php?doing_wp_cron=1777692847.0291879177093505859375 HTTP/1.1" 200 0 "-" "WordPress/6.9.4; https://raydget.vip"
66.249.65.44 - - [01/May/2026:23:33:47 -0400] "GET /compilation/module/fwqbzfebfc64hsn.phtml HTTP/1.1" 404 0 "-" "Mozilla/5.0 (Linux; Android 6.0.1; Nexus 5X Build/MMB29P) AppleWebKit/537.36 (KHTML, like Gecko) Chrome/147.0.7727.137 Mobile Safari/537.36 (compatible; GoogleOther)"
66.249.65.44 - - [01/May/2026:23:34:33 -0400] "GET /clique/handicraft/f7j0gk7bw9bxx9s.phtml HTTP/1.1" 200 28855 "-" "Mozilla/5.0 (Linux; Android 6.0.1; Nexus 5X Build/MMB29P) AppleWebKit/537.36 (KHTML, like Gecko) Chrome/147.0.7727.137 Mobile Safari/537.36 (compatible; Googlebot/2.1; +http://www.google.com/bot.html)"
192.0.91.228 - - [01/May/2026:23:34:33 -0400] "HEAD / HTTP/1.1" 200 0 "-" "jetmon/1.0 (Jetpack Site Uptime Monitor by WordPress.com)"
66.249.65.44 - - [01/May/2026:23:34:40 -0400] "GET /structure/build/ef8ohxwixhwi3ud.phtml HTTP/1.1" 404 0 "-" "Mozilla/5.0 (Linux; Android 6.0.1; Nexus 5X Build/MMB29P) AppleWebKit/537.36 (KHTML, like Gecko) Chrome/147.0.7727.137 Mobile Safari/537.36 (compatible; GoogleOther)"
54.217.201.243 - - [01/May/2026:23:34:59 -0400] "HEAD / HTTP/1.1" 200 0 "-" "jetmon/1.0 (Jetpack Site Uptime Monitor by WordPress.com)"
122.248.245.244 - - [01/May/2026:23:34:59 -0400] "HEAD / HTTP/1.1" 200 0 "-" "jetmon/1.0 (Jetpack Site Uptime Monitor by WordPress.com)"
54.232.116.4 - - [01/May/2026:23:34:59 -0400] "HEAD / HTTP/1.1" 200 0 "-" "jetmon/1.0 (Jetpack Site Uptime Monitor by WordPress.com)"
162.0.232.104 - - [01/May/2026:23:35:39 -0400] "POST /wp-cron.php?doing_wp_cron=1777692939.8435049057006835937500 HTTP/1.1" 200 0 "-" "WordPress/6.9.4; https://raydget.vip"
118.25.69.87 - - [01/May/2026:23:35:25 -0400] "GET /wp-login.php HTTP/1.1" 302 0 "-" "Mozilla/5.0 (Windows NT 6.1; WOW64; rv:60.0) Gecko/20100101 Firefox/60.0"
118.25.69.87 - - [01/May/2026:23:35:41 -0400] "GET /wp-login.php HTTP/1.1" 200 0 "https://raydget.vip/wp-login.php" "Mozilla/5.0 (Windows NT 6.1; WOW64; rv:60.0) Gecko/20100101 Firefox/60.0"
162.0.232.104 - - [01/May/2026:23:38:16 -0400] "POST /wp-cron.php?doing_wp_cron=1777693096.2382490634918212890625 HTTP/1.1" 200 0 "-" "WordPress/6.9.4; https://raydget.vip"
192.0.91.228 - - [01/May/2026:23:38:08 -0400] "HEAD / HTTP/1.1" 200 0 "-" "jetmon/1.0 (Jetpack Site Uptime Monitor by WordPress.com)"
66.249.65.46 - - [01/May/2026:23:39:33 -0400] "GET /characteristic/sample/edrsc4fesofdm1w.phtml HTTP/1.1" 200 30204 "-" "Mozilla/5.0 (Linux; Android 6.0.1; Nexus 5X Build/MMB29P) AppleWebKit/537.36 (KHTML, like Gecko) Chrome/147.0.7727.137 Mobile Safari/537.36 (compatible; Googlebot/2.1; +http://www.google.com/bot.html)"
66.249.65.45 - - [01/May/2026:23:39:33 -0400] "GET /continuum/derivative/eryyvzmgbjmwrw3.phtml HTTP/1.1" 200 29562 "-" "Mozilla/5.0 (Linux; Android 6.0.1; Nexus 5X Build/MMB29P) AppleWebKit/537.36 (KHTML, like Gecko) Chrome/147.0.7727.137 Mobile Safari/537.36 (compatible; Googlebot/2.1; +http://www.google.com/bot.html)"
162.0.232.104 - - [01/May/2026:23:39:39 -0400] "POST /wp-cron.php?doing_wp_cron=1777693179.4387149810791015625000 HTTP/1.1" 200 0 "-" "WordPress/6.9.4; https://raydget.vip"
66.249.65.45 - - [01/May/2026:23:39:30 -0400] "GET /denomination/specification/esk4t98c9t8uj6p.phtml HTTP/1.1" 404 0 "-" "Mozilla/5.0 (Linux; Android 6.0.1; Nexus 5X Build/MMB29P) AppleWebKit/537.36 (KHTML, like Gecko) Chrome/147.0.7727.137 Mobile Safari/537.36 (compatible; GoogleOther)"
162.0.232.104 - - [01/May/2026:23:41:01 -0400] "POST /wp-cron.php?doing_wp_cron=1777693261.8591959476470947265625 HTTP/1.1" 200 0 "-" "WordPress/6.9.4; https://raydget.vip"
172.86.89.164 - - [01/May/2026:23:40:58 -0400] "GET /wp-login.php HTTP/1.1" 302 0 "-" "Mozilla/4.0 (compatible; MSIE 7.0; Windows NT 6.1; Trident/7.0; SLCC2; .NET CLR 2.0.50727; .NET CLR 3.5.30729; .NET CLR 3.0.30729; Media Center PC 6.0; .NET4.0C; .NET4.0E; InfoPath.3)"
172.86.89.164 - - [01/May/2026:23:41:02 -0400] "GET /wp-login.php HTTP/1.1" 302 0 "https://raydget.vip/wp-login.php" "Mozilla/4.0 (compatible; MSIE 7.0; Windows NT 6.1; Trident/7.0; SLCC2; .NET CLR 2.0.50727; .NET CLR 3.5.30729; .NET CLR 3.0.30729; Media Center PC 6.0; .NET4.0C; .NET4.0E; InfoPath.3)"
172.86.89.164 - - [01/May/2026:23:41:09 -0400] "GET /wp-login.php HTTP/1.1" 302 0 "https://raydget.vip/wp-login.php" "Mozilla/4.0 (compatible; MSIE 7.0; Windows NT 6.1; Trident/7.0; SLCC2; .NET CLR 2.0.50727; .NET CLR 3.5.30729; .NET CLR 3.0.30729; Media Center PC 6.0; .NET4.0C; .NET4.0E; InfoPath.3)"
172.86.89.164 - - [01/May/2026:23:41:14 -0400] "GET /wp-login.php HTTP/1.1" 200 0 "https://raydget.vip/wp-login.php" "Mozilla/4.0 (compatible; MSIE 7.0; Windows NT 6.1; Trident/7.0; SLCC2; .NET CLR 2.0.50727; .NET CLR 3.5.30729; .NET CLR 3.0.30729; Media Center PC 6.0; .NET4.0C; .NET4.0E; InfoPath.3)"
162.0.232.104 - - [01/May/2026:23:43:11 -0400] "POST /wp-cron.php?doing_wp_cron=1777693391.5545880794525146484375 HTTP/1.1" 200 0 "-" "WordPress/6.9.4; https://raydget.vip"
192.0.91.228 - - [01/May/2026:23:43:07 -0400] "HEAD / HTTP/1.1" 200 0 "-" "jetmon/1.0 (Jetpack Site Uptime Monitor by WordPress.com)"
66.249.65.46 - - [01/May/2026:23:43:34 -0400] "GET /cultivar/creation/eh7w48viksv5m5c.phtml HTTP/1.1" 200 29951 "-" "Mozilla/5.0 (Linux; Android 6.0.1; Nexus 5X Build/MMB29P) AppleWebKit/537.36 (KHTML, like Gecko) Chrome/147.0.7727.137 Mobile Safari/537.36 (compatible; Googlebot/2.1; +http://www.google.com/bot.html)"
162.0.232.104 - - [01/May/2026:23:44:18 -0400] "POST /wp-cron.php?doing_wp_cron=1777693458.4788379669189453125000 HTTP/1.1" 200 0 "-" "WordPress/6.9.4; https://raydget.vip"
178.104.48.247 - - [01/May/2026:23:44:14 -0400] "GET /wp-login.php HTTP/1.1" 302 0 "-" "Mozilla/5.0 (Windows NT 6.1; WOW64) AppleWebKit/537.36 (KHTML, like Gecko) Chrome/67.0.3396.62 Safari/537.36"
178.104.48.247 - - [01/May/2026:23:44:19 -0400] "GET /wp-login.php HTTP/1.1" 200 0 "https://raydget.vip/wp-login.php" "Mozilla/5.0 (Windows NT 6.1; WOW64) AppleWebKit/537.36 (KHTML, like Gecko) Chrome/67.0.3396.62 Safari/537.36"
162.0.232.104 - - [01/May/2026:23:45:10 -0400] "POST /wp-cron.php?doing_wp_cron=1777693510.4728660583496093750000 HTTP/1.1" 200 0 "-" "WordPress/6.9.4; https://raydget.vip"
66.249.65.45 - - [01/May/2026:23:45:03 -0400] "GET /version/part/e9bek0z00kzlcxg.phtml HTTP/1.1" 404 0 "-" "Mozilla/5.0 (Linux; Android 6.0.1; Nexus 5X Build/MMB29P) AppleWebKit/537.36 (KHTML, like Gecko) Chrome/147.0.7727.137 Mobile Safari/537.36 (compatible; GoogleOther)"
66.249.65.45 - - [01/May/2026:23:46:00 -0400] "GET /categorization/specimen/f96zrjub74ak7kr.phtml HTTP/1.1" 200 28722 "-" "Mozilla/5.0 (Linux; Android 6.0.1; Nexus 5X Build/MMB29P) AppleWebKit/537.36 (KHTML, like Gecko) Chrome/147.0.7727.137 Mobile Safari/537.36 (compatible; Googlebot/2.1; +http://www.google.com/bot.html)"
66.249.65.44 - - [01/May/2026:23:46:01 -0400] "GET /type/output/eqxoialeyuljq72.phtml HTTP/1.1" 200 30179 "-" "Mozilla/5.0 (Linux; Android 6.0.1; Nexus 5X Build/MMB29P) AppleWebKit/537.36 (KHTML, like Gecko) Chrome/147.0.7727.137 Mobile Safari/537.36 (compatible; Googlebot/2.1; +http://www.google.com/bot.html)"
162.0.232.104 - - [01/May/2026:23:46:21 -0400] "POST /wp-cron.php?doing_wp_cron=1777693581.5826048851013183593750 HTTP/1.1" 200 0 "-" "WordPress/6.9.4; https://raydget.vip"
66.249.65.44 - - [01/May/2026:23:46:17 -0400] "GET /rank/scrap/e7d5ae1wqy1b2bi.phtml HTTP/1.1" 404 0 "-" "Mozilla/5.0 (Linux; Android 6.0.1; Nexus 5X Build/MMB29P) AppleWebKit/537.36 (KHTML, like Gecko) Chrome/147.0.7727.137 Mobile Safari/537.36 (compatible; GoogleOther)"
66.249.74.102 - - [01/May/2026:23:47:15 -0400] "GET /product/radiostancziya-abonentskaya-alfa-st-no/ HTTP/1.1" 200 29154 "-" "Mozilla/5.0 (compatible; Googlebot/2.1; +http://www.google.com/bot.html)"
66.249.74.101 - - [01/May/2026:23:47:16 -0400] "GET /product/radiostancziya-abonentskaya-alfa-st-no/ HTTP/1.1" 200 29200 "-" "Mozilla/5.0 (Linux; Android 6.0.1; Nexus 5X Build/MMB29P) AppleWebKit/537.36 (KHTML, like Gecko) Chrome/147.0.7727.137 Mobile Safari/537.36 (compatible; Googlebot/2.1; +http://www.google.com/bot.html)"
66.249.65.46 - - [01/May/2026:23:48:01 -0400] "GET /phylum/appliance/emti2ihzi2h3rfy.phtml HTTP/1.1" 200 30310 "-" "Mozilla/5.0 (Linux; Android 6.0.1; Nexus 5X Build/MMB29P) AppleWebKit/537.36 (KHTML, like Gecko) Chrome/147.0.7727.137 Mobile Safari/537.36 (compatible; Googlebot/2.1; +http://www.google.com/bot.html)"
162.0.232.104 - - [01/May/2026:23:48:19 -0400] "POST /wp-cron.php?doing_wp_cron=1777693699.8576440811157226562500 HTTP/1.1" 200 0 "-" "WordPress/6.9.4; https://raydget.vip"
192.0.91.228 - - [01/May/2026:23:48:08 -0400] "HEAD / HTTP/1.1" 200 0 "-" "jetmon/1.0 (Jetpack Site Uptime Monitor by WordPress.com)"
66.249.65.44 - - [01/May/2026:23:49:01 -0400] "GET /strain/output/em6xrjue73usvgb.phtml HTTP/1.1" 200 29856 "-" "Mozilla/5.0 (Linux; Android 6.0.1; Nexus 5X Build/MMB29P) AppleWebKit/537.36 (KHTML, like Gecko) Chrome/147.0.7727.137 Mobile Safari/537.36 (compatible; Googlebot/2.1; +http://www.google.com/bot.html)"
162.0.232.104 - - [01/May/2026:23:50:42 -0400] "POST /wp-cron.php?doing_wp_cron=1777693842.2648420333862304687500 HTTP/1.1" 200 0 "-" "WordPress/6.9.4; https://raydget.vip"
66.249.65.44 - - [01/May/2026:23:50:38 -0400] "GET /compilation/collection/esuwf7ivvrigo4z.phtml HTTP/1.1" 404 0 "-" "Mozilla/5.0 (Linux; Android 6.0.1; Nexus 5X Build/MMB29P) AppleWebKit/537.36 (KHTML, like Gecko) Chrome/147.0.7727.137 Mobile Safari/537.36 (compatible; GoogleOther)"
66.249.65.44 - - [01/May/2026:23:51:00 -0400] "GET /section/object/eo8jhxwbxhwiqud.phtml HTTP/1.1" 200 29509 "-" "Mozilla/5.0 (Linux; Android 6.0.1; Nexus 5X Build/MMB29P) AppleWebKit/537.36 (KHTML, like Gecko) Chrome/147.0.7727.137 Mobile Safari/537.36 (compatible; Googlebot/2.1; +http://www.google.com/bot.html)"
66.249.65.44 - - [01/May/2026:23:51:01 -0400] "GET /property/assortment/ev7d48vkksv5k5c.phtml HTTP/1.1" 200 30142 "-" "Mozilla/5.0 (Linux; Android 6.0.1; Nexus 5X Build/MMB29P) AppleWebKit/537.36 (KHTML, like Gecko) Chrome/147.0.7727.137 Mobile Safari/537.36 (compatible; Googlebot/2.1; +http://www.google.com/bot.html)"
66.249.65.45 - - [01/May/2026:23:51:01 -0400] "GET /society/property/ew5geutkuetf4ra.phtml HTTP/1.1" 200 29395 "-" "Mozilla/5.0 (Linux; Android 6.0.1; Nexus 5X Build/MMB29P) AppleWebKit/537.36 (KHTML, like Gecko) Chrome/147.0.7727.137 Mobile Safari/537.36 (compatible; Googlebot/2.1; +http://www.google.com/bot.html)"
162.0.232.104 - - [01/May/2026:23:53:16 -0400] "POST /wp-cron.php?doing_wp_cron=1777693995.9604799747467041015625 HTTP/1.1" 200 0 "-" "WordPress/6.9.4; https://raydget.vip"
192.0.91.228 - - [01/May/2026:23:53:07 -0400] "HEAD / HTTP/1.1" 200 0 "-" "jetmon/1.0 (Jetpack Site Uptime Monitor by WordPress.com)"
162.0.232.104 - - [01/May/2026:23:56:14 -0400] "POST /wp-cron.php?doing_wp_cron=1777694174.5518751144409179687500 HTTP/1.1" 200 0 "-" "WordPress/6.9.4; https://raydget.vip"
66.249.65.45 - - [01/May/2026:23:56:10 -0400] "GET /aggregation/offering/eafz0s3wgc31mpk.phtml HTTP/1.1" 404 0 "-" "Mozilla/5.0 (Linux; Android 6.0.1; Nexus 5X Build/MMB29P) AppleWebKit/537.36 (KHTML, like Gecko) Chrome/147.0.7727.137 Mobile Safari/537.36 (compatible; GoogleOther)"
66.249.65.46 - - [01/May/2026:23:57:57 -0400] "GET /flock/merchandise/epsnptgo5dgqlqx.phtml HTTP/1.1" 200 29557 "-" "Mozilla/5.0 (Linux; Android 6.0.1; Nexus 5X Build/MMB29P) AppleWebKit/537.36 (KHTML, like Gecko) Chrome/147.0.7727.137 Mobile Safari/537.36 (compatible; Googlebot/2.1; +http://www.google.com/bot.html)"
66.249.65.45 - - [01/May/2026:23:57:58 -0400] "GET /version/set/e96arjur73usmgb.phtml HTTP/1.1" 200 29935 "-" "Mozilla/5.0 (Linux; Android 6.0.1; Nexus 5X Build/MMB29P) AppleWebKit/537.36 (KHTML, like Gecko) Chrome/147.0.7727.137 Mobile Safari/537.36 (compatible; Googlebot/2.1; +http://www.google.com/bot.html)"
162.0.232.104 - - [01/May/2026:23:58:13 -0400] "POST /wp-cron.php?doing_wp_cron=1777694293.2423930168151855468750 HTTP/1.1" 200 0 "-" "WordPress/6.9.4; https://raydget.vip"
192.0.91.228 - - [01/May/2026:23:58:08 -0400] "HEAD / HTTP/1.1" 200 0 "-" "jetmon/1.0 (Jetpack Site Uptime Monitor by WordPress.com)"
162.0.232.104 - - [01/May/2026:23:58:58 -0400] "POST /wp-cron.php?doing_wp_cron=1777694338.3392419815063476562500 HTTP/1.1" 200 0 "-" "WordPress/6.9.4; https://raydget.vip"
66.249.65.46 - - [01/May/2026:23:58:47 -0400] "GET /status/publication/eqx9ialzyuljb72.phtml HTTP/1.1" 404 0 "-" "Mozilla/5.0 (Linux; Android 6.0.1; Nexus 5X Build/MMB29P) AppleWebKit/537.36 (KHTML, like Gecko) Chrome/147.0.7727.137 Mobile Safari/537.36 (compatible; GoogleOther)"
66.249.65.44 - - [01/May/2026:23:58:58 -0400] "GET /framework/prototype/eimzjnadz7akikr.phtml HTTP/1.1" 200 29682 "-" "Mozilla/5.0 (Linux; Android 6.0.1; Nexus 5X Build/MMB29P) AppleWebKit/537.36 (KHTML, like Gecko) Chrome/147.0.7727.137 Mobile Safari/537.36 (compatible; Googlebot/2.1; +http://www.google.com/bot.html)"
66.249.65.44 - - [01/May/2026:23:59:59 -0400] "GET /catalog/outcome/eawe5lkcl5k6ji1.phtml HTTP/1.1" 200 30347 "-" "Mozilla/5.0 (Linux; Android 6.0.1; Nexus 5X Build/MMB29P) AppleWebKit/537.36 (KHTML, like Gecko) Chrome/147.0.7727.137 Mobile Safari/537.36 (compatible; Googlebot/2.1; +http://www.google.com/bot.html)"
66.249.65.44 - - [01/May/2026:23:59:59 -0400] "GET /design/class/d7qwzfeofze06cv.phtml HTTP/1.1" 200 29611 "-" "Mozilla/5.0 (Linux; Android 6.0.1; Nexus 5X Build/MMB29P) AppleWebKit/537.36 (KHTML, like Gecko) Chrome/147.0.7727.137 Mobile Safari/537.36 (compatible; Googlebot/2.1; +http://www.google.com/bot.html)"
85.208.96.193 - - [02/May/2026:00:01:03 -0400] "GET /robots.txt HTTP/1.1" 200 91 "-" "Mozilla/5.0 (compatible; SemrushBot/7~bl; +http://www.semrush.com/bot.html)"
162.0.232.104 - - [02/May/2026:00:01:18 -0400] "POST /wp-cron.php?doing_wp_cron=1777694478.6278259754180908203125 HTTP/1.1" 200 0 "-" "WordPress/6.9.4; https://raydget.vip"
185.191.171.4 - - [02/May/2026:00:01:03 -0400] "GET /video/proizvodstvo-mini-pk-rejdzhet-kontrol-kachestva/ HTTP/1.1" 404 23700 "-" "Mozilla/5.0 (compatible; SemrushBot/7~bl; +http://www.semrush.com/bot.html)"
135.236.141.8 - - [02/May/2026:00:01:11 -0400] "POST /xmlrpc.php HTTP/1.1" 200 0 "-" "Mozilla/5.0 (Macintosh; Intel Mac OS X 10_13_1) AppleWebKit/604.3.5 (KHTML, like Gecko) Version/11.0.1 Safari/604.3.5"
66.249.65.46 - - [02/May/2026:00:01:43 -0400] "GET /ambit/range/e1ty2ihzi2h3lfy.phtml HTTP/1.1" 404 0 "-" "Mozilla/5.0 (Linux; Android 6.0.1; Nexus 5X Build/MMB29P) AppleWebKit/537.36 (KHTML, like Gecko) Chrome/147.0.7727.137 Mobile Safari/537.36 (compatible; GoogleOther)"
162.0.232.104 - - [02/May/2026:00:03:15 -0400] "POST /wp-cron.php?doing_wp_cron=1777694595.6469910144805908203125 HTTP/1.1" 200 0 "-" "WordPress/6.9.4; https://raydget.vip"
192.0.91.228 - - [02/May/2026:00:03:08 -0400] "HEAD / HTTP/1.1" 200 0 "-" "jetmon/1.0 (Jetpack Site Uptime Monitor by WordPress.com)"
66.249.65.44 - - [02/May/2026:00:03:40 -0400] "GET /arrangement/release/eahtq65h6q5rx3m.phtml HTTP/1.1" 200 29508 "-" "Mozilla/5.0 (Linux; Android 6.0.1; Nexus 5X Build/MMB29P) AppleWebKit/537.36 (KHTML, like Gecko) Chrome/147.0.7727.137 Mobile Safari/537.36 (compatible; Googlebot/2.1; +http://www.google.com/bot.html)"
66.249.65.46 - - [02/May/2026:00:03:41 -0400] "GET /table/gadget/e3ywvzmmbjmwxw3.phtml HTTP/1.1" 200 30105 "-" "Mozilla/5.0 (Linux; Android 6.0.1; Nexus 5X Build/MMB29P) AppleWebKit/537.36 (KHTML, like Gecko) Chrome/147.0.7727.137 Mobile Safari/537.36 (compatible; Googlebot/2.1; +http://www.google.com/bot.html)"
162.0.232.104 - - [02/May/2026:00:04:09 -0400] "POST /wp-cron.php?doing_wp_cron=1777694649.1509449481964111328125 HTTP/1.1" 200 0 "-" "WordPress/6.9.4; https://raydget.vip"
66.249.65.44 - - [02/May/2026:00:03:57 -0400] "GET /nomenclature/division/ehb7k0zm0kzluxg.phtml HTTP/1.1" 404 0 "-" "Mozilla/5.0 (Linux; Android 6.0.1; Nexus 5X Build/MMB29P) AppleWebKit/537.36 (KHTML, like Gecko) Chrome/147.0.7727.137 Mobile Safari/537.36 (compatible; GoogleOther)"
66.249.65.44 - - [02/May/2026:00:04:35 -0400] "GET /catalog/freight/ea84hxwmxhwitud.phtml HTTP/1.1" 200 30445 "-" "Mozilla/5.0 (Linux; Android 6.0.1; Nexus 5X Build/MMB29P) AppleWebKit/537.36 (KHTML, like Gecko) Chrome/147.0.7727.137 Mobile Safari/537.36 (compatible; Googlebot/2.1; +http://www.google.com/bot.html)"
66.249.65.45 - - [02/May/2026:00:05:29 -0400] "GET /style/offering/ea3eogry40rp0d8.phtml HTTP/1.1" 200 31114 "-" "Mozilla/5.0 (Linux; Android 6.0.1; Nexus 5X Build/MMB29P) AppleWebKit/537.36 (KHTML, like Gecko) Chrome/147.0.7727.137 Mobile Safari/537.36 (compatible; Googlebot/2.1; +http://www.google.com/bot.html)"
66.249.65.46 - - [02/May/2026:00:05:30 -0400] "GET /kind/concept/ebtc2ih0i2h32fy.phtml HTTP/1.1" 200 31790 "-" "Mozilla/5.0 (Linux; Android 6.0.1; Nexus 5X Build/MMB29P) AppleWebKit/537.36 (KHTML, like Gecko) Chrome/147.0.7727.137 Mobile Safari/537.36 (compatible; Googlebot/2.1; +http://www.google.com/bot.html)"
162.0.232.104 - - [02/May/2026:00:05:37 -0400] "POST /wp-cron.php?doing_wp_cron=1777694737.7306311130523681640625 HTTP/1.1" 200 0 "-" "WordPress/6.9.4; https://raydget.vip"
102.129.223.92 - - [02/May/2026:00:05:32 -0400] "GET / HTTP/1.1" 200 21628 "-" "Mozilla/5.0 (Windows NT 10.0; WOW64) AppleWebKit/537.36 (KHTML, like Gecko) Chrome/114.0.0.0 Safari/537.36 Vivaldi/5.3.2679.68"
66.249.65.45 - - [02/May/2026:00:06:23 -0400] "GET /caste/property/e0z58onno8n9tl4.phtml HTTP/1.1" 200 29554 "-" "Mozilla/5.0 (Linux; Android 6.0.1; Nexus 5X Build/MMB29P) AppleWebKit/537.36 (KHTML, like Gecko) Chrome/147.0.7727.137 Mobile Safari/537.36 (compatible; Googlebot/2.1; +http://www.google.com/bot.html)"
66.249.65.44 - - [02/May/2026:00:06:24 -0400] "GET /guild/fabrication/ex3iogrl40rpdd8.phtml HTTP/1.1" 200 29817 "-" "Mozilla/5.0 (Linux; Android 6.0.1; Nexus 5X Build/MMB29P) AppleWebKit/537.36 (KHTML, like Gecko) Chrome/147.0.7727.137 Mobile Safari/537.36 (compatible; Googlebot/2.1; +http://www.google.com/bot.html)"
162.0.232.104 - - [02/May/2026:00:08:21 -0400] "POST /wp-cron.php?doing_wp_cron=1777694901.4375720024108886718750 HTTP/1.1" 200 0 "-" "WordPress/6.9.4; https://raydget.vip"
192.0.91.228 - - [02/May/2026:00:08:08 -0400] "HEAD / HTTP/1.1" 200 0 "-" "jetmon/1.0 (Jetpack Site Uptime Monitor by WordPress.com)"
66.249.65.44 - - [02/May/2026:00:09:59 -0400] "GET /edition/option/eyv9swjd8gjtvt0.phtml HTTP/1.1" 200 29769 "-" "Mozilla/5.0 (Linux; Android 6.0.1; Nexus 5X Build/MMB29P) AppleWebKit/537.36 (KHTML, like Gecko) Chrome/147.0.7727.137 Mobile Safari/537.36 (compatible; Googlebot/2.1; +http://www.google.com/bot.html)"
66.249.65.44 - - [02/May/2026:00:11:49 -0400] "GET /style/output/fadxae1bqa5r63m.phtml HTTP/1.1" 200 29118 "-" "Mozilla/5.0 (Linux; Android 6.0.1; Nexus 5X Build/MMB29P) AppleWebKit/537.36 (KHTML, like Gecko) Chrome/147.0.7727.137 Mobile Safari/537.36 (compatible; Googlebot/2.1; +http://www.google.com/bot.html)"
162.0.232.104 - - [02/May/2026:00:12:50 -0400] "POST /wp-cron.php?doing_wp_cron=1777695170.1492469310760498046875 HTTP/1.1" 200 0 "-" "WordPress/6.9.4; https://raydget.vip"
50.6.229.148 - - [02/May/2026:00:12:42 -0400] "GET /wp-login.php HTTP/1.1" 302 0 "-" "Mozilla/4.0 (compatible; MSIE 7.0; Windows NT 6.1; WOW64; Trident/7.0; SLCC2; .NET CLR 2.0.50727; .NET4.0C; .NET4.0E; FBViewer-6.0.4.0)"
50.6.229.148 - - [02/May/2026:00:12:52 -0400] "GET /wp-login.php HTTP/1.1" 200 0 "https://raydget.vip/wp-login.php" "Mozilla/4.0 (compatible; MSIE 7.0; Windows NT 6.1; WOW64; Trident/7.0; SLCC2; .NET CLR 2.0.50727; .NET4.0C; .NET4.0E; FBViewer-6.0.4.0)"
192.0.91.228 - - [02/May/2026:00:13:07 -0400] "HEAD / HTTP/1.1" 200 0 "-" "jetmon/1.0 (Jetpack Site Uptime Monitor by WordPress.com)"
45.227.253.15 - - [02/May/2026:00:13:15 -0400] "GET /?ARRAY=7o2230223n313737373639393238302p2231223n22687474703n5p2s5p2s6877623136307630392r6772616r646s2r686169725p2s3s6p633q78696164616r5s72616r645s7061746826743q313737373639353638302q3837363533303261313036646161386631326338636633663833353930356561222p2232223n223032326238316630373436613933373937613262346334333733663434353737222p2233223n226630633834306462643437326464376133373338326237636638383235333233222p2262696r675s70617373223n2232312q33382q35392q36362q37312q39302q3232227q HTTP/1.1" 200 511 "-" "Mozilla/5.0 (Windows NT 10.0; Win64; x64) AppleWebKit/537.36 (KHTML, like Gecko) Chrome/85.0.4183.83 Safari/537.35"
66.249.65.46 - - [02/May/2026:00:13:37 -0400] "GET /index/fruit/ebkzt98m9t8u36p.phtml HTTP/1.1" 200 29428 "-" "Mozilla/5.0 (Linux; Android 6.0.1; Nexus 5X Build/MMB29P) AppleWebKit/537.36 (KHTML, like Gecko) Chrome/147.0.7727.137 Mobile Safari/537.36 (compatible; Googlebot/2.1; +http://www.google.com/bot.html)"
162.0.232.104 - - [02/May/2026:00:13:44 -0400] "POST /wp-cron.php?doing_wp_cron=1777695224.0510439872741699218750 HTTP/1.1" 200 0 "-" "WordPress/6.9.4; https://raydget.vip"
135.236.141.8 - - [02/May/2026:00:13:33 -0400] "POST /xmlrpc.php HTTP/1.1" 200 286 "-" "Mozilla/5.0 (Macintosh; Intel Mac OS X 10_10_5) AppleWebKit/537.36 (KHTML, like Gecko) Chrome/65.0.3325.181 Safari/537.36"
162.0.232.104 - - [02/May/2026:00:14:19 -0400] "POST /wp-cron.php?doing_wp_cron=1777695259.0375759601593017578125 HTTP/1.1" 200 0 "-" "WordPress/6.9.4; https://raydget.vip"
66.249.65.44 - - [02/May/2026:00:14:13 -0400] "GET /make/edition/exdbae10qy1bqbi.phtml HTTP/1.1" 404 0 "-" "Mozilla/5.0 (Linux; Android 6.0.1; Nexus 5X Build/MMB29P) AppleWebKit/537.36 (KHTML, like Gecko) Chrome/147.0.7727.137 Mobile Safari/537.36 (compatible; GoogleOther)"
66.249.65.44 - - [02/May/2026:00:14:31 -0400] "GET /register/manufacture/e0b9k0zb0kzlhxg.phtml HTTP/1.1" 200 30603 "-" "Mozilla/5.0 (Linux; Android 6.0.1; Nexus 5X Build/MMB29P) AppleWebKit/537.36 (KHTML, like Gecko) Chrome/147.0.7727.137 Mobile Safari/537.36 (compatible; Googlebot/2.1; +http://www.google.com/bot.html)"
66.249.65.44 - - [02/May/2026:00:14:31 -0400] "GET /unit/pattern/edrwc4fesofda1w.phtml HTTP/1.1" 200 29648 "-" "Mozilla/5.0 (Linux; Android 6.0.1; Nexus 5X Build/MMB29P) AppleWebKit/537.36 (KHTML, like Gecko) Chrome/147.0.7727.137 Mobile Safari/537.36 (compatible; Googlebot/2.1; +http://www.google.com/bot.html)"
66.249.65.44 - - [02/May/2026:00:16:30 -0400] "GET /union/equipment/fep1mqdb2mh3afy.phtml HTTP/1.1" 200 29022 "-" "Mozilla/5.0 (Linux; Android 6.0.1; Nexus 5X Build/MMB29P) AppleWebKit/537.36 (KHTML, like Gecko) Chrome/147.0.7727.137 Mobile Safari/537.36 (compatible; Googlebot/2.1; +http://www.google.com/bot.html)"
66.249.65.46 - - [02/May/2026:00:16:30 -0400] "GET /unit/category/fsdwae1bq15r93m.phtml HTTP/1.1" 200 28944 "-" "Mozilla/5.0 (Linux; Android 6.0.1; Nexus 5X Build/MMB29P) AppleWebKit/537.36 (KHTML, like Gecko) Chrome/147.0.7727.137 Mobile Safari/537.36 (compatible; Googlebot/2.1; +http://www.google.com/bot.html)"
66.249.65.46 - - [02/May/2026:00:16:30 -0400] "GET /form/feature/e3jrgk7hw47hdho.phtml HTTP/1.1" 200 30037 "-" "Mozilla/5.0 (Linux; Android 6.0.1; Nexus 5X Build/MMB29P) AppleWebKit/537.36 (KHTML, like Gecko) Chrome/147.0.7727.137 Mobile Safari/537.36 (compatible; Googlebot/2.1; +http://www.google.com/bot.html)"
162.0.232.104 - - [02/May/2026:00:18:00 -0400] "POST /wp-cron.php?doing_wp_cron=1777695480.0772209167480468750000 HTTP/1.1" 200 0 "-" "WordPress/6.9.4; https://raydget.vip"
66.249.65.45 - - [02/May/2026:00:17:56 -0400] "GET /echelon/category/e5y1vzmcbjmw7w3.phtml HTTP/1.1" 404 0 "-" "Mozilla/5.0 (Linux; Android 6.0.1; Nexus 5X Build/MMB29P) AppleWebKit/537.36 (KHTML, like Gecko) Chrome/147.0.7727.137 Mobile Safari/537.36 (compatible; GoogleOther)"
192.0.91.228 - - [02/May/2026:00:18:08 -0400] "HEAD / HTTP/1.1" 200 0 "-" "jetmon/1.0 (Jetpack Site Uptime Monitor by WordPress.com)"
66.249.65.44 - - [02/May/2026:00:20:58 -0400] "GET /swarm/version/ewgjdh4dt14ekel.phtml HTTP/1.1" 200 29970 "-" "Mozilla/5.0 (Linux; Android 6.0.1; Nexus 5X Build/MMB29P) AppleWebKit/537.36 (KHTML, like Gecko) Chrome/147.0.7727.137 Mobile Safari/537.36 (compatible; Googlebot/2.1; +http://www.google.com/bot.html)"
66.249.65.46 - - [02/May/2026:00:20:58 -0400] "GET /institution/article/eumnjnaoz7aktkr.phtml HTTP/1.1" 200 29571 "-" "Mozilla/5.0 (Linux; Android 6.0.1; Nexus 5X Build/MMB29P) AppleWebKit/537.36 (KHTML, like Gecko) Chrome/147.0.7727.137 Mobile Safari/537.36 (compatible; Googlebot/2.1; +http://www.google.com/bot.html)"
162.0.232.104 - - [02/May/2026:00:21:43 -0400] "POST /wp-cron.php?doing_wp_cron=1777695703.1562819480895996093750 HTTP/1.1" 200 0 "-" "WordPress/6.9.4; https://raydget.vip"
103.1.236.227 - - [02/May/2026:00:21:35 -0400] "POST /xmlrpc.php HTTP/1.1" 200 286 "-" "Mozilla/5.0 (Macintosh; Intel Mac OS X 10_11_6) AppleWebKit/602.2.14 (KHTML, like Gecko) Version/10.0.1 Safari/602.2.14"
162.0.232.104 - - [02/May/2026:00:23:26 -0400] "POST /wp-cron.php?doing_wp_cron=1777695806.8446080684661865234375 HTTP/1.1" 200 0 "-" "WordPress/6.9.4; https://raydget.vip"
192.0.91.228 - - [02/May/2026:00:23:08 -0400] "HEAD / HTTP/1.1" 200 0 "-" "jetmon/1.0 (Jetpack Site Uptime Monitor by WordPress.com)"
66.249.65.46 - - [02/May/2026:00:24:16 -0400] "GET /version/possession/fblx6y9bmhpzfz6.phtml HTTP/1.1" 200 29078 "-" "Mozilla/5.0 (Linux; Android 6.0.1; Nexus 5X Build/MMB29P) AppleWebKit/537.36 (KHTML, like Gecko) Chrome/147.0.7727.137 Mobile Safari/537.36 (compatible; Googlebot/2.1; +http://www.google.com/bot.html)"
162.0.232.104 - - [02/May/2026:00:26:50 -0400] "POST /wp-cron.php?doing_wp_cron=1777696010.6433360576629638671875 HTTP/1.1" 200 0 "-" "WordPress/6.9.4; https://raydget.vip"
66.249.65.44 - - [02/May/2026:00:26:43 -0400] "GET /ilk/attachment/e3vzswjb8gjtvt0.phtml HTTP/1.1" 404 0 "-" "Mozilla/5.0 (Linux; Android 6.0.1; Nexus 5X Build/MMB29P) AppleWebKit/537.36 (KHTML, like Gecko) Chrome/147.0.7727.137 Mobile Safari/537.36 (compatible; GoogleOther)"
66.249.65.45 - - [02/May/2026:00:27:52 -0400] "GET /nomenclature/mechanism/e5bpk0zk0kzlsxg.phtml HTTP/1.1" 200 30147 "-" "Mozilla/5.0 (Linux; Android 6.0.1; Nexus 5X Build/MMB29P) AppleWebKit/537.36 (KHTML, like Gecko) Chrome/147.0.7727.137 Mobile Safari/537.36 (compatible; Googlebot/2.1; +http://www.google.com/bot.html)"
66.249.65.46 - - [02/May/2026:00:27:52 -0400] "GET /system/case/eomnjnahz7akmkr.phtml HTTP/1.1" 200 29185 "-" "Mozilla/5.0 (Linux; Android 6.0.1; Nexus 5X Build/MMB29P) AppleWebKit/537.36 (KHTML, like Gecko) Chrome/147.0.7727.137 Mobile Safari/537.36 (compatible; Googlebot/2.1; +http://www.google.com/bot.html)"
66.249.65.45 - - [02/May/2026:00:27:52 -0400] "GET /population/bundle/f7ic3v6cjqmwuw3.phtml HTTP/1.1" 200 29792 "-" "Mozilla/5.0 (Linux; Android 6.0.1; Nexus 5X Build/MMB29P) AppleWebKit/537.36 (KHTML, like Gecko) Chrome/147.0.7727.137 Mobile Safari/537.36 (compatible; Googlebot/2.1; +http://www.google.com/bot.html)"
192.0.102.140 - - [02/May/2026:00:27:56 -0400] "GET /wp-content/uploads/ajpi-1.jpg HTTP/1.1" 200 52724 "-" "Photon/1.0"
162.0.232.104 - - [02/May/2026:00:28:17 -0400] "POST /wp-cron.php?doing_wp_cron=1777696097.2492439746856689453125 HTTP/1.1" 200 0 "-" "WordPress/6.9.4; https://raydget.vip"
192.0.91.228 - - [02/May/2026:00:28:07 -0400] "HEAD / HTTP/1.1" 200 0 "-" "jetmon/1.0 (Jetpack Site Uptime Monitor by WordPress.com)"
66.249.65.44 - - [02/May/2026:00:28:46 -0400] "GET /flock/fabrication/fs1yy2pbe9tfxra.phtml HTTP/1.1" 200 28422 "-" "Mozilla/5.0 (Linux; Android 6.0.1; Nexus 5X Build/MMB29P) AppleWebKit/537.36 (KHTML, like Gecko) Chrome/147.0.7727.137 Mobile Safari/537.36 (compatible; Googlebot/2.1; +http://www.google.com/bot.html)"
162.0.232.104 - - [02/May/2026:00:32:44 -0400] "POST /wp-cron.php?doing_wp_cron=1777696364.9740068912506103515625 HTTP/1.1" 200 0 "-" "WordPress/6.9.4; https://raydget.vip"
66.249.65.44 - - [02/May/2026:00:31:42 -0400] "GET /arrangement/model/emli6y9emi97avq.phtml HTTP/1.1" 301 0 "-" "Mozilla/5.0 (Linux; Android 6.0.1; Nexus 5X Build/MMB29P) AppleWebKit/537.36 (KHTML, like Gecko) Chrome/147.0.7727.137 Mobile Safari/537.36 (compatible; Googlebot/2.1; +http://www.google.com/bot.html)"
192.0.91.228 - - [02/May/2026:00:33:15 -0400] "HEAD / HTTP/1.1" 200 0 "-" "jetmon/1.0 (Jetpack Site Uptime Monitor by WordPress.com)"
162.0.232.104 - - [02/May/2026:00:34:03 -0400] "POST /wp-cron.php?doing_wp_cron=1777696443.7839770317077636718750 HTTP/1.1" 200 0 "-" "WordPress/6.9.4; https://raydget.vip"
66.249.74.102 - - [02/May/2026:00:32:53 -0400] "GET /arrangement/model/emli6y9emi97avq.phtml HTTP/1.1" 404 17215 "-" "Mozilla/5.0 (Linux; Android 6.0.1; Nexus 5X Build/MMB29P) AppleWebKit/537.36 (KHTML, like Gecko) Chrome/147.0.7727.137 Mobile Safari/537.36 (compatible; Googlebot/2.1; +http://www.google.com/bot.html)"
162.0.232.104 - - [02/May/2026:00:38:33 -0400] "POST /wp-cron.php?doing_wp_cron=1777696713.2812809944152832031250 HTTP/1.1" 200 0 "-" "WordPress/6.9.4; https://raydget.vip"
66.249.65.44 - - [02/May/2026:00:37:30 -0400] "GET /domain/merchandise/exw15lknl5k68i1.phtml HTTP/1.1" 301 0 "-" "Mozilla/5.0 (Linux; Android 6.0.1; Nexus 5X Build/MMB29P) AppleWebKit/537.36 (KHTML, like Gecko) Chrome/147.0.7727.137 Mobile Safari/537.36 (compatible; Googlebot/2.1; +http://www.google.com/bot.html)"
66.249.74.101 - - [02/May/2026:00:39:02 -0400] "GET /domain/merchandise/exw15lknl5k68i1.phtml HTTP/1.1" 200 29227 "-" "Mozilla/5.0 (Linux; Android 6.0.1; Nexus 5X Build/MMB29P) AppleWebKit/537.36 (KHTML, like Gecko) Chrome/147.0.7727.137 Mobile Safari/537.36 (compatible; Googlebot/2.1; +http://www.google.com/bot.html)"
162.0.232.104 - - [02/May/2026:00:40:07 -0400] "POST /wp-cron.php?doing_wp_cron=1777696807.7534220218658447265625 HTTP/1.1" 200 0 "-" "WordPress/6.9.4; https://raydget.vip"
54.232.116.4 - - [02/May/2026:00:40:01 -0400] "HEAD / HTTP/1.1" 200 0 "-" "jetmon/1.0 (Jetpack Site Uptime Monitor by WordPress.com)"
54.217.201.243 - - [02/May/2026:00:40:05 -0400] "HEAD / HTTP/1.1" 200 0 "-" "jetmon/1.0 (Jetpack Site Uptime Monitor by WordPress.com)"
162.0.232.104 - - [02/May/2026:00:41:23 -0400] "POST /wp-cron.php?doing_wp_cron=1777696883.3652679920196533203125 HTTP/1.1" 200 0 "-" "WordPress/6.9.4; https://raydget.vip"
66.249.65.45 - - [02/May/2026:00:40:20 -0400] "GET /module/model/d50mldoy1xomea5.phtml HTTP/1.1" 301 0 "-" "Mozilla/5.0 (Linux; Android 6.0.1; Nexus 5X Build/MMB29P) AppleWebKit/537.36 (KHTML, like Gecko) Chrome/147.0.7727.137 Mobile Safari/537.36 (compatible; Googlebot/2.1; +http://www.google.com/bot.html)"
103.100.38.132 - - [02/May/2026:00:42:17 -0400] "POST /xmlrpc.php HTTP/1.1" 200 0 "-" "Mozilla/5.0 (Windows NT 6.1; WOW64) AppleWebKit/537.36 (KHTML, like Gecko) Chrome/65.0.3325.162 Safari/537.36"
162.0.232.104 - - [02/May/2026:00:42:28 -0400] "POST /wp-cron.php?doing_wp_cron=1777696948.8902928829193115234375 HTTP/1.1" 200 0 "-" "WordPress/6.9.4; https://raydget.vip"
162.0.232.104 - - [02/May/2026:00:42:35 -0400] "POST /wp-cron.php?doing_wp_cron=1777696955.5318300724029541015625 HTTP/1.1" 200 0 "-" "WordPress/6.9.4; https://raydget.vip"
66.249.74.102 - - [02/May/2026:00:41:32 -0400] "GET /module/model/d50mldoy1xomea5.phtml HTTP/1.1" 404 17238 "-" "Mozilla/5.0 (Linux; Android 6.0.1; Nexus 5X Build/MMB29P) AppleWebKit/537.36 (KHTML, like Gecko) Chrome/147.0.7727.137 Mobile Safari/537.36 (compatible; Googlebot/2.1; +http://www.google.com/bot.html)"
103.216.117.118 - - [02/May/2026:00:42:35 -0400] "GET /wp-login.php HTTP/1.1" 200 0 "-" "Mozilla/5.0 (Windows NT 6.2; ARM; Trident/7.0; Touch; rv:11.0; WPDesktop; NOKIA; Lumia 1320) like Gecko"
74.125.217.101 - - [02/May/2026:00:43:24 -0400] "GET /product/rejdzhet-st/ HTTP/1.1" 200 22128 "-" "Mozilla/5.0 (X11; Linux x86_64) AppleWebKit/537.36 (KHTML, like Gecko) Chrome/147.0.7727.116 Safari/537.36"
74.125.217.101 - - [02/May/2026:00:43:34 -0400] "GET /wp-content/uploads/font-awesome/v5.15.4/css/svg-with-js.css HTTP/1.1" 200 1391 "https://raydget.vip/product/rejdzhet-st/" "Mozilla/5.0 (X11; Linux x86_64) AppleWebKit/537.36 (KHTML, like Gecko) Chrome/147.0.7727.116 Safari/537.36"
74.125.217.101 - - [02/May/2026:00:43:35 -0400] "GET /wp-content/themes/sharai-khana/style.css?ver=6.9.4 HTTP/1.1" 200 13594 "https://raydget.vip/product/rejdzhet-st/" "Mozilla/5.0 (X11; Linux x86_64) AppleWebKit/537.36 (KHTML, like Gecko) Chrome/147.0.7727.116 Safari/537.36"
74.125.217.101 - - [02/May/2026:00:43:35 -0400] "GET /wp-content/themes/sharai-khana/css/font-awesome.min.css?ver=5.11.2 HTTP/1.1" 200 11868 "https://raydget.vip/product/rejdzhet-st/" "Mozilla/5.0 (X11; Linux x86_64) AppleWebKit/537.36 (KHTML, like Gecko) Chrome/147.0.7727.116 Safari/537.36"
74.125.217.101 - - [02/May/2026:00:43:36 -0400] "GET /wp-content/plugins/video-embed-thumbnail-generator/video-js/video-js.min.css?ver=7.21.1 HTTP/1.1" 200 11709 "https://raydget.vip/product/rejdzhet-st/" "Mozilla/5.0 (X11; Linux x86_64) AppleWebKit/537.36 (KHTML, like Gecko) Chrome/147.0.7727.116 Safari/537.36"
74.125.217.101 - - [02/May/2026:00:43:39 -0400] "GET /wp-content/plugins/video-embed-thumbnail-generator/src/public/css/videopack-styles.css?ver=4.10.5 HTTP/1.1" 200 3811 "https://raydget.vip/product/rejdzhet-st/" "Mozilla/5.0 (X11; Linux x86_64) AppleWebKit/537.36 (KHTML, like Gecko) Chrome/147.0.7727.116 Safari/537.36"
74.125.217.101 - - [02/May/2026:00:43:44 -0400] "GET /wp-content/themes/sharai-khana/css/v4-shims.min.css?ver=5.11.2 HTTP/1.1" 200 3950 "https://raydget.vip/product/rejdzhet-st/" "Mozilla/5.0 (X11; Linux x86_64) AppleWebKit/537.36 (KHTML, like Gecko) Chrome/147.0.7727.116 Safari/537.36"
74.125.217.101 - - [02/May/2026:00:43:45 -0400] "GET /wp-content/plugins/video-embed-thumbnail-generator/video-js/kg-video-js-skin.css?ver=4.10.5 HTTP/1.1" 200 1398 "https://raydget.vip/product/rejdzhet-st/" "Mozilla/5.0 (X11; Linux x86_64) AppleWebKit/537.36 (KHTML, like Gecko) Chrome/147.0.7727.116 Safari/537.36"
74.125.217.101 - - [02/May/2026:00:43:46 -0400] "GET /wp-content/plugins/contact-form-7/includes/swv/js/index.js?ver=6.1.5 HTTP/1.1" 200 3369 "https://raydget.vip/product/rejdzhet-st/" "Mozilla/5.0 (X11; Linux x86_64) AppleWebKit/537.36 (KHTML, like Gecko) Chrome/147.0.7727.116 Safari/537.36"
74.125.217.101 - - [02/May/2026:00:43:47 -0400] "GET /wp-content/plugins/contact-form-7/includes/css/styles.css?ver=6.1.5 HTTP/1.1" 200 899 "https://raydget.vip/product/rejdzhet-st/" "Mozilla/5.0 (X11; Linux x86_64) AppleWebKit/537.36 (KHTML, like Gecko) Chrome/147.0.7727.116 Safari/537.36"
74.125.217.101 - - [02/May/2026:00:43:48 -0400] "GET /wp-content/plugins/sharai-khana-vc-addons/public/assets/css/venobox.css?ver=1.2.3 HTTP/1.1" 200 1207 "https://raydget.vip/product/rejdzhet-st/" "Mozilla/5.0 (X11; Linux x86_64) AppleWebKit/537.36 (KHTML, like Gecko) Chrome/147.0.7727.116 Safari/537.36"
74.125.217.101 - - [02/May/2026:00:43:48 -0400] "GET /wp-content/plugins/sharai-khana-vc-addons/public/assets/css/owl.carousel.css?ver=1.2.3 HTTP/1.1" 200 823 "https://raydget.vip/product/rejdzhet-st/" "Mozilla/5.0 (X11; Linux x86_64) AppleWebKit/537.36 (KHTML, like Gecko) Chrome/147.0.7727.116 Safari/537.36"
74.125.217.101 - - [02/May/2026:00:43:49 -0400] "GET /wp-content/plugins/sharai-khana-vc-addons/public/assets/css/public.css?ver=1.2.3 HTTP/1.1" 200 16004 "https://raydget.vip/product/rejdzhet-st/" "Mozilla/5.0 (X11; Linux x86_64) AppleWebKit/537.36 (KHTML, like Gecko) Chrome/147.0.7727.116 Safari/537.36"
74.125.217.101 - - [02/May/2026:00:43:51 -0400] "GET /wp-content/plugins/aco-product-labels-for-woocommerce/assets/js/frontend.js?ver=1.5.13 HTTP/1.1" 200 1113 "https://raydget.vip/product/rejdzhet-st/" "Mozilla/5.0 (X11; Linux x86_64) AppleWebKit/537.36 (KHTML, like Gecko) Chrome/147.0.7727.116 Safari/537.36"
74.125.217.101 - - [02/May/2026:00:43:52 -0400] "GET /wp-content/themes/sharai-khana/css/bootstrap.min.css?ver=3.3.4 HTTP/1.1" 200 17818 "https://raydget.vip/product/rejdzhet-st/" "Mozilla/5.0 (X11; Linux x86_64) AppleWebKit/537.36 (KHTML, like Gecko) Chrome/147.0.7727.116 Safari/537.36"
162.0.232.104 - - [02/May/2026:00:45:03 -0400] "POST /wp-cron.php?doing_wp_cron=1777697103.5749900341033935546875 HTTP/1.1" 200 0 "-" "WordPress/6.9.4; https://raydget.vip"
192.0.91.228 - - [02/May/2026:00:44:46 -0400] "HEAD / HTTP/1.1" 200 0 "-" "jetmon/1.0 (Jetpack Site Uptime Monitor by WordPress.com)"
185.237.252.238 - - [02/May/2026:00:45:04 -0400] "GET /wp-login.php HTTP/1.1" 302 0 "-" "Mozilla/5.0 (X11; CrOS x86_64 10323.67.0) AppleWebKit/537.36 (KHTML, like Gecko) Chrome/65.0.3325.209 Safari/537.36"
162.0.232.104 - - [02/May/2026:00:46:14 -0400] "POST /wp-cron.php?doing_wp_cron=1777697174.7633979320526123046875 HTTP/1.1" 200 0 "-" "WordPress/6.9.4; https://raydget.vip"
66.249.65.44 - - [02/May/2026:00:45:11 -0400] "GET /union/entity/ea4c15schps2329.phtml HTTP/1.1" 301 0 "-" "Mozilla/5.0 (Linux; Android 6.0.1; Nexus 5X Build/MMB29P) AppleWebKit/537.36 (KHTML, like Gecko) Chrome/147.0.7727.137 Mobile Safari/537.36 (compatible; Googlebot/2.1; +http://www.google.com/bot.html)"
164.132.49.123 - - [02/May/2026:00:49:23 -0400] "POST /xmlrpc.php HTTP/1.1" 200 0 "-" "Mozilla/5.0 (Windows NT 10.0; WOW64) AppleWebKit/537.36 (KHTML, like Gecko) Chrome/138.0.0.0 Safari/537.36"
162.0.232.104 - - [02/May/2026:00:49:46 -0400] "POST /wp-cron.php?doing_wp_cron=1777697386.2989308834075927734375 HTTP/1.1" 200 0 "-" "WordPress/6.9.4; https://raydget.vip"
66.249.74.101 - - [02/May/2026:00:48:50 -0400] "GET /union/entity/ea4c15schps2329.phtml HTTP/1.1" 404 17243 "-" "Mozilla/5.0 (Linux; Android 6.0.1; Nexus 5X Build/MMB29P) AppleWebKit/537.36 (KHTML, like Gecko) Chrome/147.0.7727.137 Mobile Safari/537.36 (compatible; Googlebot/2.1; +http://www.google.com/bot.html)"
66.249.65.46 - - [02/May/2026:00:49:59 -0400] "GET /branch/result/fooz91cbpzs2y29.phtml HTTP/1.1" 200 29750 "-" "Mozilla/5.0 (Linux; Android 6.0.1; Nexus 5X Build/MMB29P) AppleWebKit/537.36 (KHTML, like Gecko) Chrome/147.0.7727.137 Mobile Safari/537.36 (compatible; Googlebot/2.1; +http://www.google.com/bot.html)"
192.0.91.228 - - [02/May/2026:00:49:52 -0400] "HEAD / HTTP/1.1" 200 0 "-" "jetmon/1.0 (Jetpack Site Uptime Monitor by WordPress.com)"
66.249.65.44 - - [02/May/2026:00:49:24 -0400] "GET /tag/apparatus/ex8ihxwmxhwijud.phtml HTTP/1.1" 200 29395 "-" "Mozilla/5.0 (Linux; Android 6.0.1; Nexus 5X Build/MMB29P) AppleWebKit/537.36 (KHTML, like Gecko) Chrome/147.0.7727.137 Mobile Safari/537.36 (compatible; Googlebot/2.1; +http://www.google.com/bot.html)"
66.249.65.44 - - [02/May/2026:00:50:10 -0400] "GET /form/crop/e3ol91cgplcatyt.phtml HTTP/1.1" 404 0 "-" "Mozilla/5.0 (Linux; Android 6.0.1; Nexus 5X Build/MMB29P) AppleWebKit/537.36 (KHTML, like Gecko) Chrome/147.0.7727.137 Mobile Safari/537.36 (compatible; GoogleOther)"
66.249.65.44 - - [02/May/2026:00:50:23 -0400] "GET /status/article/euedn32h3n2oq0j.phtml HTTP/1.1" 404 0 "-" "Mozilla/5.0 (Linux; Android 6.0.1; Nexus 5X Build/MMB29P) AppleWebKit/537.36 (KHTML, like Gecko) Chrome/147.0.7727.137 Mobile Safari/537.36 (compatible; GoogleOther)"
162.0.232.104 - - [02/May/2026:00:50:41 -0400] "POST /wp-cron.php?doing_wp_cron=1777697441.0802490711212158203125 HTTP/1.1" 200 0 "-" "WordPress/6.9.4; https://raydget.vip"
66.249.65.44 - - [02/May/2026:00:50:37 -0400] "GET /schema/assembly/e50mldov1xomsa5.phtml HTTP/1.1" 404 0 "-" "Mozilla/5.0 (Linux; Android 6.0.1; Nexus 5X Build/MMB29P) AppleWebKit/537.36 (KHTML, like Gecko) Chrome/147.0.7727.137 Mobile Safari/537.36 (compatible; GoogleOther)"
66.249.65.44 - - [02/May/2026:00:50:55 -0400] "GET /facet/scrap/ej2wbrqlrbqcgo7.phtml HTTP/1.1" 200 29764 "-" "Mozilla/5.0 (Linux; Android 6.0.1; Nexus 5X Build/MMB29P) AppleWebKit/537.36 (KHTML, like Gecko) Chrome/147.0.7727.137 Mobile Safari/537.36 (compatible; Googlebot/2.1; +http://www.google.com/bot.html)"
74.91.224.220 - - [02/May/2026:00:51:13 -0400] "POST /xmlrpc.php HTTP/1.1" 200 286 "-" "Mozilla/5.0 (Windows NT 6.1; WOW64; Trident/7.0; MASP; rv:11.0) like Gecko"
162.0.232.104 - - [02/May/2026:00:51:47 -0400] "POST /wp-cron.php?doing_wp_cron=1777697507.3382430076599121093750 HTTP/1.1" 200 0 "-" "WordPress/6.9.4; https://raydget.vip"
66.249.65.46 - - [02/May/2026:00:51:43 -0400] "GET /table/shipment/fqjzgk7bw7bxd9s.phtml HTTP/1.1" 404 0 "-" "Mozilla/5.0 (Linux; Android 6.0.1; Nexus 5X Build/MMB29P) AppleWebKit/537.36 (KHTML, like Gecko) Chrome/147.0.7727.137 Mobile Safari/537.36 (compatible; GoogleOther)"
162.0.232.104 - - [02/May/2026:00:52:57 -0400] "POST /wp-cron.php?doing_wp_cron=1777697577.4619860649108886718750 HTTP/1.1" 200 0 "-" "WordPress/6.9.4; https://raydget.vip"
179.108.84.136 - - [02/May/2026:00:52:53 -0400] "GET /wp-login.php HTTP/1.1" 302 0 "-" "Mozilla/5.0 (Windows NT 6.3; WOW64; Trident/7.0; Touch; MATBJS; rv:11.0) like Gecko"
179.108.84.136 - - [02/May/2026:00:52:57 -0400] "GET /wp-login.php HTTP/1.1" 200 0 "https://raydget.vip/wp-login.php" "Mozilla/5.0 (Windows NT 6.3; WOW64; Trident/7.0; Touch; MATBJS; rv:11.0) like Gecko"
192.0.91.228 - - [02/May/2026:00:53:06 -0400] "HEAD / HTTP/1.1" 200 0 "-" "jetmon/1.0 (Jetpack Site Uptime Monitor by WordPress.com)"
47.163.39.246 - - [02/May/2026:00:53:24 -0400] "POST /xmlrpc.php HTTP/1.1" 200 286 "-" "Mozilla/5.0 (Windows NT 6.1; WOW64; Trident/7.0; yie11; rv:11.0) like Gecko"
66.249.65.45 - - [02/May/2026:00:55:25 -0400] "GET /caste/fragment/eg8jhxwlxhwi4ud.phtml HTTP/1.1" 200 30457 "-" "Mozilla/5.0 (Linux; Android 6.0.1; Nexus 5X Build/MMB29P) AppleWebKit/537.36 (KHTML, like Gecko) Chrome/147.0.7727.137 Mobile Safari/537.36 (compatible; Googlebot/2.1; +http://www.google.com/bot.html)"
66.249.65.45 - - [02/May/2026:00:55:26 -0400] "GET /species/appliance/eu37ogri40rp4d8.phtml HTTP/1.1" 200 29218 "-" "Mozilla/5.0 (Linux; Android 6.0.1; Nexus 5X Build/MMB29P) AppleWebKit/537.36 (KHTML, like Gecko) Chrome/147.0.7727.137 Mobile Safari/537.36 (compatible; Googlebot/2.1; +http://www.google.com/bot.html)"
162.0.232.104 - - [02/May/2026:00:56:17 -0400] "POST /wp-cron.php?doing_wp_cron=1777697777.3526868820190429687500 HTTP/1.1" 200 0 "-" "WordPress/6.9.4; https://raydget.vip"
66.249.65.46 - - [02/May/2026:00:56:13 -0400] "GET /pattern/gear/erx7ialkyulju72.phtml HTTP/1.1" 404 0 "-" "Mozilla/5.0 (Linux; Android 6.0.1; Nexus 5X Build/MMB29P) AppleWebKit/537.36 (KHTML, like Gecko) Chrome/147.0.7727.137 Mobile Safari/537.36 (compatible; GoogleOther)"
162.0.232.104 - - [02/May/2026:00:58:12 -0400] "POST /wp-cron.php?doing_wp_cron=1777697892.6595299243927001953125 HTTP/1.1" 200 0 "-" "WordPress/6.9.4; https://raydget.vip"
192.0.91.228 - - [02/May/2026:00:58:07 -0400] "HEAD / HTTP/1.1" 200 0 "-" "jetmon/1.0 (Jetpack Site Uptime Monitor by WordPress.com)"
66.249.65.44 - - [02/May/2026:00:59:02 -0400] "GET /tag/apparatus/edgfdh4ht14e2el.phtml HTTP/1.1" 200 30351 "-" "Mozilla/5.0 (Linux; Android 6.0.1; Nexus 5X Build/MMB29P) AppleWebKit/537.36 (KHTML, like Gecko) Chrome/147.0.7727.137 Mobile Safari/537.36 (compatible; Googlebot/2.1; +http://www.google.com/bot.html)"
66.249.65.44 - - [02/May/2026:00:59:57 -0400] "GET /facet/feature/erzo8onko8n9wl4.phtml HTTP/1.1" 200 29036 "-" "Mozilla/5.0 (Linux; Android 6.0.1; Nexus 5X Build/MMB29P) AppleWebKit/537.36 (KHTML, like Gecko) Chrome/147.0.7727.137 Mobile Safari/537.36 (compatible; Googlebot/2.1; +http://www.google.com/bot.html)"
66.249.65.44 - - [02/May/2026:00:59:57 -0400] "GET /facet/build/ejxhialeyulj472.phtml HTTP/1.1" 200 29059 "-" "Mozilla/5.0 (Linux; Android 6.0.1; Nexus 5X Build/MMB29P) AppleWebKit/537.36 (KHTML, like Gecko) Chrome/147.0.7727.137 Mobile Safari/537.36 (compatible; Googlebot/2.1; +http://www.google.com/bot.html)"
66.249.65.44 - - [02/May/2026:00:59:57 -0400] "GET /sort/yield/e82fbrqfrbqcwo7.phtml HTTP/1.1" 200 29766 "-" "Mozilla/5.0 (Linux; Android 6.0.1; Nexus 5X Build/MMB29P) AppleWebKit/537.36 (KHTML, like Gecko) Chrome/147.0.7727.137 Mobile Safari/537.36 (compatible; Googlebot/2.1; +http://www.google.com/bot.html)"
162.0.232.104 - - [02/May/2026:01:02:36 -0400] "POST /wp-cron.php?doing_wp_cron=1777698156.1176660060882568359375 HTTP/1.1" 200 0 "-" "WordPress/6.9.4; https://raydget.vip"
46.22.135.218 - - [02/May/2026:01:02:31 -0400] "POST /xmlrpc.php HTTP/1.1" 200 286 "-" "Mozilla/4.0 (compatible; MSIE 7.0; Windows NT 6.1; Trident/7.0; SLCC2; .NET CLR 2.0.50727; .NET CLR 3.5.30729; .NET CLR 3.0.30729; Media Center PC 6.0; .NET4.0C; .NET4.0E; InfoPath.3; Tablet PC 2.0)"
192.0.91.228 - - [02/May/2026:01:03:07 -0400] "HEAD / HTTP/1.1" 200 0 "-" "jetmon/1.0 (Jetpack Site Uptime Monitor by WordPress.com)"
66.249.65.44 - - [02/May/2026:01:03:33 -0400] "GET /table/attachment/ebil3v6njf64esn.phtml HTTP/1.1" 200 29926 "-" "Mozilla/5.0 (Linux; Android 6.0.1; Nexus 5X Build/MMB29P) AppleWebKit/537.36 (KHTML, like Gecko) Chrome/147.0.7727.137 Mobile Safari/537.36 (compatible; Googlebot/2.1; +http://www.google.com/bot.html)"
66.249.74.101 - - [02/May/2026:01:03:34 -0400] "GET /domain/merchandise/exw15lknl5k68i1.phtml HTTP/1.1" 200 29256 "-" "Mozilla/5.0 (Linux; Android 6.0.1; Nexus 5X Build/MMB29P) AppleWebKit/537.36 (KHTML, like Gecko) Chrome/147.0.7727.137 Mobile Safari/537.36 (compatible; Googlebot/2.1; +http://www.google.com/bot.html)"
162.0.232.104 - - [02/May/2026:01:04:22 -0400] "POST /wp-cron.php?doing_wp_cron=1777698261.9594769477844238281250 HTTP/1.1" 200 0 "-" "WordPress/6.9.4; https://raydget.vip"
66.249.65.44 - - [02/May/2026:01:04:13 -0400] "GET /batch/set/edoh91cmplca3yt.phtml HTTP/1.1" 404 0 "-" "Mozilla/5.0 (Linux; Android 6.0.1; Nexus 5X Build/MMB29P) AppleWebKit/537.36 (KHTML, like Gecko) Chrome/147.0.7727.137 Mobile Safari/537.36 (compatible; GoogleOther)"
