66.249.65.45 - - [01/May/2026:18:22:19 -0400] "GET /chart/deliverable/ewdhae1lqy1b1bi.phtml HTTP/1.1" 200 29693 "-" "Mozilla/5.0 (Linux; Android 6.0.1; Nexus 5X Build/MMB29P) AppleWebKit/537.36 (KHTML, like Gecko) Chrome/147.0.7727.137 Mobile Safari/537.36 (compatible; Googlebot/2.1; +http://www.google.com/bot.html)"
162.0.232.104 - - [01/May/2026:18:23:19 -0400] "POST /wp-cron.php?doing_wp_cron=1777674199.0389540195465087890625 HTTP/1.1" 200 0 "-" "WordPress/6.9.4; https://raydget.vip"
192.0.91.228 - - [01/May/2026:18:23:09 -0400] "HEAD / HTTP/1.1" 200 0 "-" "jetmon/1.0 (Jetpack Site Uptime Monitor by WordPress.com)"
162.0.232.104 - - [01/May/2026:18:23:52 -0400] "POST /wp-cron.php?doing_wp_cron=1777674232.2403249740600585937500 HTTP/1.1" 200 0 "-" "WordPress/6.9.4; https://raydget.vip"
43.157.188.74 - - [01/May/2026:18:23:40 -0400] "GET /uchastie-ooo-rejdzhet-v-vystavke-kompleksnaya-bezopasnost-2023/ HTTP/1.1" 200 22571 "-" "Mozilla/5.0 (iPhone; CPU iPhone OS 13_2_3 like Mac OS X) AppleWebKit/605.1.15 (KHTML, like Gecko) Version/13.0.3 Mobile/15E148 Safari/604.1"
66.249.65.45 - - [01/May/2026:18:24:14 -0400] "GET /field/outcome/e62ibrqnrbqc8o7.phtml HTTP/1.1" 200 30899 "-" "Mozilla/5.0 (Linux; Android 6.0.1; Nexus 5X Build/MMB29P) AppleWebKit/537.36 (KHTML, like Gecko) Chrome/147.0.7727.137 Mobile Safari/537.36 (compatible; Googlebot/2.1; +http://www.google.com/bot.html)"
66.249.65.45 - - [01/May/2026:18:24:14 -0400] "GET /taxonomy/belonging/eev5swjf8gjtdt0.phtml HTTP/1.1" 200 29862 "-" "Mozilla/5.0 (Linux; Android 6.0.1; Nexus 5X Build/MMB29P) AppleWebKit/537.36 (KHTML, like Gecko) Chrome/147.0.7727.137 Mobile Safari/537.36 (compatible; Googlebot/2.1; +http://www.google.com/bot.html)"
162.0.232.104 - - [01/May/2026:18:25:07 -0400] "POST /wp-cron.php?doing_wp_cron=1777674307.2185211181640625000000 HTTP/1.1" 200 0 "-" "WordPress/6.9.4; https://raydget.vip"
66.249.65.44 - - [01/May/2026:18:25:00 -0400] "GET /feature/case/fg2ybrqbr8igd4z.phtml HTTP/1.1" 404 0 "-" "Mozilla/5.0 (Linux; Android 6.0.1; Nexus 5X Build/MMB29P) AppleWebKit/537.36 (KHTML, like Gecko) Chrome/147.0.7727.137 Mobile Safari/537.36 (compatible; GoogleOther)"
66.249.65.44 - - [01/May/2026:18:25:07 -0400] "GET /herd/prototype/eq9uumxna6xvbje.phtml HTTP/1.1" 404 0 "-" "Mozilla/5.0 (Linux; Android 6.0.1; Nexus 5X Build/MMB29P) AppleWebKit/537.36 (KHTML, like Gecko) Chrome/147.0.7727.137 Mobile Safari/537.36 (compatible; GoogleOther)"
66.249.65.44 - - [01/May/2026:18:26:34 -0400] "GET /make/handicraft/f850eutbupljh72.phtml HTTP/1.1" 200 28493 "-" "Mozilla/5.0 (Linux; Android 6.0.1; Nexus 5X Build/MMB29P) AppleWebKit/537.36 (KHTML, like Gecko) Chrome/147.0.7727.137 Mobile Safari/537.36 (compatible; Googlebot/2.1; +http://www.google.com/bot.html)"
66.249.65.46 - - [01/May/2026:18:26:34 -0400] "GET /module/subassembly/eyld6y9nmi97jvq.phtml HTTP/1.1" 200 29989 "-" "Mozilla/5.0 (Linux; Android 6.0.1; Nexus 5X Build/MMB29P) AppleWebKit/537.36 (KHTML, like Gecko) Chrome/147.0.7727.137 Mobile Safari/537.36 (compatible; Googlebot/2.1; +http://www.google.com/bot.html)"
162.0.232.104 - - [01/May/2026:18:27:46 -0400] "POST /wp-cron.php?doing_wp_cron=1777674466.6928479671478271484375 HTTP/1.1" 200 0 "-" "WordPress/6.9.4; https://raydget.vip"
66.249.65.45 - - [01/May/2026:18:27:41 -0400] "GET /matrix/instrument/eqr1c4fbsofd51w.phtml HTTP/1.1" 404 0 "-" "Mozilla/5.0 (Linux; Android 6.0.1; Nexus 5X Build/MMB29P) AppleWebKit/537.36 (KHTML, like Gecko) Chrome/147.0.7727.137 Mobile Safari/537.36 (compatible; GoogleOther)"
192.0.91.228 - - [01/May/2026:18:28:08 -0400] "HEAD / HTTP/1.1" 200 0 "-" "jetmon/1.0 (Jetpack Site Uptime Monitor by WordPress.com)"
66.249.65.44 - - [01/May/2026:18:28:08 -0400] "GET /society/property/ew5geutkuetf4ra.phtml HTTP/1.1" 404 0 "-" "Mozilla/5.0 (Linux; Android 6.0.1; Nexus 5X Build/MMB29P) AppleWebKit/537.36 (KHTML, like Gecko) Chrome/147.0.7727.137 Mobile Safari/537.36 (compatible; GoogleOther)"
66.249.65.44 - - [01/May/2026:18:28:27 -0400] "GET /kind/gadget/fovyswjb8jn9hl4.phtml HTTP/1.1" 404 0 "-" "Mozilla/5.0 (Linux; Android 6.0.1; Nexus 5X Build/MMB29P) AppleWebKit/537.36 (KHTML, like Gecko) Chrome/147.0.7727.137 Mobile Safari/537.36 (compatible; GoogleOther)"
162.0.232.104 - - [01/May/2026:18:29:30 -0400] "POST /wp-cron.php?doing_wp_cron=1777674570.6421511173248291015625 HTTP/1.1" 200 0 "-" "WordPress/6.9.4; https://raydget.vip"
66.249.65.45 - - [01/May/2026:18:29:22 -0400] "GET /format/tool/en04ldox1xomia5.phtml HTTP/1.1" 404 0 "-" "Mozilla/5.0 (Linux; Android 6.0.1; Nexus 5X Build/MMB29P) AppleWebKit/537.36 (KHTML, like Gecko) Chrome/147.0.7727.137 Mobile Safari/537.36 (compatible; GoogleOther)"
66.249.65.45 - - [01/May/2026:18:29:30 -0400] "GET /discipline/tool/erjigk7vw47h3ho.phtml HTTP/1.1" 404 0 "-" "Mozilla/5.0 (Linux; Android 6.0.1; Nexus 5X Build/MMB29P) AppleWebKit/537.36 (KHTML, like Gecko) Chrome/147.0.7727.137 Mobile Safari/537.36 (compatible; GoogleOther)"
66.249.65.46 - - [01/May/2026:18:32:20 -0400] "GET /breed/outgrowth/e1xvialnyuljp72.phtml HTTP/1.1" 200 30086 "-" "Mozilla/5.0 (Linux; Android 6.0.1; Nexus 5X Build/MMB29P) AppleWebKit/537.36 (KHTML, like Gecko) Chrome/147.0.7727.137 Mobile Safari/537.36 (compatible; Googlebot/2.1; +http://www.google.com/bot.html)"
162.0.232.104 - - [01/May/2026:18:32:41 -0400] "POST /wp-cron.php?doing_wp_cron=1777674761.6616339683532714843750 HTTP/1.1" 200 0 "-" "WordPress/6.9.4; https://raydget.vip"
66.249.65.44 - - [01/May/2026:18:32:38 -0400] "GET /province/part/ex5ieuthuetfnra.phtml HTTP/1.1" 404 0 "-" "Mozilla/5.0 (Linux; Android 6.0.1; Nexus 5X Build/MMB29P) AppleWebKit/537.36 (KHTML, like Gecko) Chrome/147.0.7727.137 Mobile Safari/537.36 (compatible; GoogleOther)"
192.0.91.228 - - [01/May/2026:18:33:09 -0400] "HEAD / HTTP/1.1" 200 0 "-" "jetmon/1.0 (Jetpack Site Uptime Monitor by WordPress.com)"
66.249.65.46 - - [01/May/2026:18:33:37 -0400] "GET /index/feature/fgoa91cbpns2229.phtml HTTP/1.1" 200 29770 "-" "Mozilla/5.0 (Linux; Android 6.0.1; Nexus 5X Build/MMB29P) AppleWebKit/537.36 (KHTML, like Gecko) Chrome/147.0.7727.137 Mobile Safari/537.36 (compatible; Googlebot/2.1; +http://www.google.com/bot.html)"
162.0.232.104 - - [01/May/2026:18:33:43 -0400] "POST /wp-cron.php?doing_wp_cron=1777674822.9787991046905517578125 HTTP/1.1" 200 0 "-" "WordPress/6.9.4; https://raydget.vip"
66.249.65.44 - - [01/May/2026:18:33:39 -0400] "GET /flock/division/e9d1ae1uqy1b8bi.phtml HTTP/1.1" 404 0 "-" "Mozilla/5.0 (Linux; Android 6.0.1; Nexus 5X Build/MMB29P) AppleWebKit/537.36 (KHTML, like Gecko) Chrome/147.0.7727.137 Mobile Safari/537.36 (compatible; GoogleOther)"
66.249.65.45 - - [01/May/2026:18:33:49 -0400] "GET /phylum/entity/emkdt98g9t8ub6p.phtml HTTP/1.1" 404 0 "-" "Mozilla/5.0 (Linux; Android 6.0.1; Nexus 5X Build/MMB29P) AppleWebKit/537.36 (KHTML, like Gecko) Chrome/147.0.7727.137 Mobile Safari/537.36 (compatible; GoogleOther)"
66.249.65.44 - - [01/May/2026:18:34:16 -0400] "GET /type/publication/ey7g48vmksv545c.phtml HTTP/1.1" 200 30000 "-" "Mozilla/5.0 (Linux; Android 6.0.1; Nexus 5X Build/MMB29P) AppleWebKit/537.36 (KHTML, like Gecko) Chrome/147.0.7727.137 Mobile Safari/537.36 (compatible; Googlebot/2.1; +http://www.google.com/bot.html)"
66.249.65.44 - - [01/May/2026:18:34:54 -0400] "GET /aggregation/class/eah9q65w6q5r03m.phtml HTTP/1.1" 200 31250 "-" "Mozilla/5.0 (Linux; Android 6.0.1; Nexus 5X Build/MMB29P) AppleWebKit/537.36 (KHTML, like Gecko) Chrome/147.0.7727.137 Mobile Safari/537.36 (compatible; Googlebot/2.1; +http://www.google.com/bot.html)"
66.249.65.44 - - [01/May/2026:18:34:54 -0400] "GET /lot/career/fo5xeutbualj672.phtml HTTP/1.1" 200 29824 "-" "Mozilla/5.0 (Linux; Android 6.0.1; Nexus 5X Build/MMB29P) AppleWebKit/537.36 (KHTML, like Gecko) Chrome/147.0.7727.137 Mobile Safari/537.36 (compatible; Googlebot/2.1; +http://www.google.com/bot.html)"
66.249.65.44 - - [01/May/2026:18:37:28 -0400] "GET /department/installment/e464rjui73uszgb.phtml HTTP/1.1" 200 30398 "-" "Mozilla/5.0 (Linux; Android 6.0.1; Nexus 5X Build/MMB29P) AppleWebKit/537.36 (KHTML, like Gecko) Chrome/147.0.7727.137 Mobile Safari/537.36 (compatible; Googlebot/2.1; +http://www.google.com/bot.html)"
66.249.65.44 - - [01/May/2026:18:37:28 -0400] "GET /shoal/handicraft/ety3vzmibjmwdw3.phtml HTTP/1.1" 200 29979 "-" "Mozilla/5.0 (Linux; Android 6.0.1; Nexus 5X Build/MMB29P) AppleWebKit/537.36 (KHTML, like Gecko) Chrome/147.0.7727.137 Mobile Safari/537.36 (compatible; Googlebot/2.1; +http://www.google.com/bot.html)"
66.249.65.44 - - [01/May/2026:18:37:28 -0400] "GET /variety/asset/eb9gumxha6xvnje.phtml HTTP/1.1" 200 29791 "-" "Mozilla/5.0 (Linux; Android 6.0.1; Nexus 5X Build/MMB29P) AppleWebKit/537.36 (KHTML, like Gecko) Chrome/147.0.7727.137 Mobile Safari/537.36 (compatible; Googlebot/2.1; +http://www.google.com/bot.html)"
66.249.65.44 - - [01/May/2026:18:37:29 -0400] "GET /register/case/e8zw8on3o8n9tl4.phtml HTTP/1.1" 200 30268 "-" "Mozilla/5.0 (Linux; Android 6.0.1; Nexus 5X Build/MMB29P) AppleWebKit/537.36 (KHTML, like Gecko) Chrome/147.0.7727.137 Mobile Safari/537.36 (compatible; Googlebot/2.1; +http://www.google.com/bot.html)"
66.249.65.44 - - [01/May/2026:18:37:29 -0400] "GET /clade/sort/e4ykvzmxbjmw6w3.phtml HTTP/1.1" 200 32403 "-" "Mozilla/5.0 (Linux; Android 6.0.1; Nexus 5X Build/MMB29P) AppleWebKit/537.36 (KHTML, like Gecko) Chrome/147.0.7727.137 Mobile Safari/537.36 (compatible; Googlebot/2.1; +http://www.google.com/bot.html)"
162.0.232.104 - - [01/May/2026:18:37:41 -0400] "POST /wp-cron.php?doing_wp_cron=1777675061.4313709735870361328125 HTTP/1.1" 200 0 "-" "WordPress/6.9.4; https://raydget.vip"
66.249.65.45 - - [01/May/2026:18:37:32 -0400] "GET /cdn-cgi/scripts/5c5dd728/cloudflare-static/email-decode.min.js HTTP/1.1" 301 0 "https://www.raydget.vip/clade/sort/e4ykvzmxbjmw6w3.phtml" "Mozilla/5.0 (Linux; Android 6.0.1; Nexus 5X Build/MMB29P) AppleWebKit/537.36 (KHTML, like Gecko) Chrome/147.0.7727.137 Mobile Safari/537.36 (compatible; Googlebot/2.1; +http://www.google.com/bot.html)"
66.249.74.101 - - [01/May/2026:18:37:41 -0400] "GET /cdn-cgi/scripts/5c5dd728/cloudflare-static/email-decode.min.js HTTP/1.1" 404 17320 "https://www.raydget.vip/" "Mozilla/5.0 (Linux; Android 6.0.1; Nexus 5X Build/MMB29P) AppleWebKit/537.36 (KHTML, like Gecko) Chrome/147.0.7727.137 Mobile Safari/537.36 (compatible; Googlebot/2.1; +http://www.google.com/bot.html)"
66.249.65.46 - - [01/May/2026:18:38:07 -0400] "GET /phylum/example/eeukf7iyvrigv4z.phtml HTTP/1.1" 200 30129 "-" "Mozilla/5.0 (Linux; Android 6.0.1; Nexus 5X Build/MMB29P) AppleWebKit/537.36 (KHTML, like Gecko) Chrome/147.0.7727.137 Mobile Safari/537.36 (compatible; Googlebot/2.1; +http://www.google.com/bot.html)"
66.249.65.44 - - [01/May/2026:18:37:56 -0400] "GET /assemblage/artifact/fbn0wcbbcl31hpk.phtml HTTP/1.1" 404 0 "-" "Mozilla/5.0 (Linux; Android 6.0.1; Nexus 5X Build/MMB29P) AppleWebKit/537.36 (KHTML, like Gecko) Chrome/147.0.7727.137 Mobile Safari/537.36 (compatible; GoogleOther)"
192.0.91.228 - - [01/May/2026:18:38:08 -0400] "HEAD / HTTP/1.1" 200 0 "-" "jetmon/1.0 (Jetpack Site Uptime Monitor by WordPress.com)"
66.249.65.44 - - [01/May/2026:18:38:14 -0400] "GET /list/specification/f1e0n32b3gusjgb.phtml HTTP/1.1" 404 0 "-" "Mozilla/5.0 (Linux; Android 6.0.1; Nexus 5X Build/MMB29P) AppleWebKit/537.36 (KHTML, like Gecko) Chrome/147.0.7727.137 Mobile Safari/537.36 (compatible; GoogleOther)"
66.249.65.45 - - [01/May/2026:18:40:04 -0400] "GET /lot/appliance/fwpzmqdb2ah3yfy.phtml HTTP/1.1" 200 28867 "-" "Mozilla/5.0 (Linux; Android 6.0.1; Nexus 5X Build/MMB29P) AppleWebKit/537.36 (KHTML, like Gecko) Chrome/147.0.7727.137 Mobile Safari/537.36 (compatible; Googlebot/2.1; +http://www.google.com/bot.html)"
162.0.232.104 - - [01/May/2026:18:42:18 -0400] "POST /wp-cron.php?doing_wp_cron=1777675338.2681980133056640625000 HTTP/1.1" 200 0 "-" "WordPress/6.9.4; https://raydget.vip"
66.249.65.44 - - [01/May/2026:18:42:13 -0400] "GET /hierarchy/project/f0ix3v6bjhmwaw3.phtml HTTP/1.1" 404 0 "-" "Mozilla/5.0 (Linux; Android 6.0.1; Nexus 5X Build/MMB29P) AppleWebKit/537.36 (KHTML, like Gecko) Chrome/147.0.7727.137 Mobile Safari/537.36 (compatible; GoogleOther)"
162.0.232.104 - - [01/May/2026:18:42:42 -0400] "POST /wp-cron.php?doing_wp_cron=1777675362.0485589504241943359375 HTTP/1.1" 200 0 "-" "WordPress/6.9.4; https://raydget.vip"
66.249.65.44 - - [01/May/2026:18:42:38 -0400] "GET /classification/entity/fj4z15sbhywirud.phtml HTTP/1.1" 404 0 "-" "Mozilla/5.0 (Linux; Android 6.0.1; Nexus 5X Build/MMB29P) AppleWebKit/537.36 (KHTML, like Gecko) Chrome/147.0.7727.137 Mobile Safari/537.36 (compatible; GoogleOther)"
192.0.91.228 - - [01/May/2026:18:43:09 -0400] "HEAD / HTTP/1.1" 200 0 "-" "jetmon/1.0 (Jetpack Site Uptime Monitor by WordPress.com)"
66.249.65.45 - - [01/May/2026:18:43:15 -0400] "GET /list/version/eo05ldok1xomra5.phtml HTTP/1.1" 200 29633 "-" "Mozilla/5.0 (Linux; Android 6.0.1; Nexus 5X Build/MMB29P) AppleWebKit/537.36 (KHTML, like Gecko) Chrome/147.0.7727.137 Mobile Safari/537.36 (compatible; Googlebot/2.1; +http://www.google.com/bot.html)"
162.0.232.104 - - [01/May/2026:18:43:53 -0400] "POST /wp-cron.php?doing_wp_cron=1777675433.6474640369415283203125 HTTP/1.1" 200 0 "-" "WordPress/6.9.4; https://raydget.vip"
43.153.47.201 - - [01/May/2026:18:43:47 -0400] "GET /uchastie-ooo-rejdzhet-v-vystavke-svyaz-2023/ HTTP/1.1" 200 21818 "-" "Mozilla/5.0 (iPhone; CPU iPhone OS 13_2_3 like Mac OS X) AppleWebKit/605.1.15 (KHTML, like Gecko) Version/13.0.3 Mobile/15E148 Safari/604.1"
66.249.65.44 - - [01/May/2026:18:43:54 -0400] "GET /hierarchy/apparatus/ex85hxwfxhwicud.phtml HTTP/1.1" 200 30060 "-" "Mozilla/5.0 (Linux; Android 6.0.1; Nexus 5X Build/MMB29P) AppleWebKit/537.36 (KHTML, like Gecko) Chrome/147.0.7727.137 Mobile Safari/537.36 (compatible; Googlebot/2.1; +http://www.google.com/bot.html)"
162.0.232.104 - - [01/May/2026:18:45:22 -0400] "POST /wp-cron.php?doing_wp_cron=1777675522.0346128940582275390625 HTTP/1.1" 200 0 "-" "WordPress/6.9.4; https://raydget.vip"
142.93.217.129 - - [01/May/2026:18:45:16 -0400] "GET /wp-login.php HTTP/1.1" 302 0 "-" "Mozilla/5.0 (X11; CrOS x86_64 10575.55.0) AppleWebKit/537.36 (KHTML, like Gecko) Chrome/67.0.3396.87 Safari/537.36"
142.93.217.129 - - [01/May/2026:18:45:22 -0400] "GET /wp-login.php HTTP/1.1" 200 0 "https://raydget.vip/wp-login.php" "Mozilla/5.0 (X11; CrOS x86_64 10575.55.0) AppleWebKit/537.36 (KHTML, like Gecko) Chrome/67.0.3396.87 Safari/537.36"
45.227.253.15 - - [01/May/2026:18:45:46 -0400] "GET /images/images/images/images/index.php?ARRAY=7o2230223n313737373637393633312p2231223n22687474703n5p2s5p2s6877623136307630392r6772616r646s2r686169725p2s3s6p633q7068705s636s64655s6n6326743q313737373637363033312q3733303533386565653066323332363934313235653838663739316435343465222p2232223n226136313131613035386235613032633737653834303536636237656262343530222p2233223n226135353937313439663862366163323838636265363861393231353766386233222p2262696r675s70617373223n2233302q34312q35352q36312q37312q38392q3230227q HTTP/1.1" 200 79 "-" "Mozilla/5.0 (iPhone; CPU iPhone OS 14_1 like Mac OS X) AppleWebKit/605.1.15 (KHTML, like Gecko) Version/14.0 Mobile/15E148 Safari/604.1"
162.0.232.104 - - [01/May/2026:18:46:41 -0400] "POST /wp-cron.php?doing_wp_cron=1777675601.9356911182403564453125 HTTP/1.1" 200 0 "-" "WordPress/6.9.4; https://raydget.vip"
66.249.65.46 - - [01/May/2026:18:46:31 -0400] "GET /grade/consequence/emm3jna4z7ak1kr.phtml HTTP/1.1" 404 0 "-" "Mozilla/5.0 (Linux; Android 6.0.1; Nexus 5X Build/MMB29P) AppleWebKit/537.36 (KHTML, like Gecko) Chrome/147.0.7727.137 Mobile Safari/537.36 (compatible; GoogleOther)"
66.249.65.44 - - [01/May/2026:18:47:03 -0400] "GET /denomination/device/estn2ihvi2h3bfy.phtml HTTP/1.1" 404 0 "-" "Mozilla/5.0 (Linux; Android 6.0.1; Nexus 5X Build/MMB29P) AppleWebKit/537.36 (KHTML, like Gecko) Chrome/147.0.7727.137 Mobile Safari/537.36 (compatible; GoogleOther)"
66.249.65.44 - - [01/May/2026:18:47:20 -0400] "GET /schema/creation/f2hcq65b65xvhje.phtml HTTP/1.1" 200 30377 "-" "Mozilla/5.0 (Linux; Android 6.0.1; Nexus 5X Build/MMB29P) AppleWebKit/537.36 (KHTML, like Gecko) Chrome/147.0.7727.137 Mobile Safari/537.36 (compatible; Googlebot/2.1; +http://www.google.com/bot.html)"
66.249.65.44 - - [01/May/2026:18:47:21 -0400] "GET /catalogue/artifact/f0xzialby11bpbi.phtml HTTP/1.1" 200 28638 "-" "Mozilla/5.0 (Linux; Android 6.0.1; Nexus 5X Build/MMB29P) AppleWebKit/537.36 (KHTML, like Gecko) Chrome/147.0.7727.137 Mobile Safari/537.36 (compatible; Googlebot/2.1; +http://www.google.com/bot.html)"
66.249.65.44 - - [01/May/2026:18:47:21 -0400] "GET /type/harvest/ea9jumxga6xv0je.phtml HTTP/1.1" 200 30991 "-" "Mozilla/5.0 (Linux; Android 6.0.1; Nexus 5X Build/MMB29P) AppleWebKit/537.36 (KHTML, like Gecko) Chrome/147.0.7727.137 Mobile Safari/537.36 (compatible; Googlebot/2.1; +http://www.google.com/bot.html)"
66.249.65.44 - - [01/May/2026:18:47:21 -0400] "GET /catalog/type/fmjxgk7bw2bx09s.phtml HTTP/1.1" 200 29048 "-" "Mozilla/5.0 (Linux; Android 6.0.1; Nexus 5X Build/MMB29P) AppleWebKit/537.36 (KHTML, like Gecko) Chrome/147.0.7727.137 Mobile Safari/537.36 (compatible; Googlebot/2.1; +http://www.google.com/bot.html)"
162.0.232.104 - - [01/May/2026:18:47:38 -0400] "POST /wp-cron.php?doing_wp_cron=1777675657.9761669635772705078125 HTTP/1.1" 200 0 "-" "WordPress/6.9.4; https://raydget.vip"
66.249.65.44 - - [01/May/2026:18:47:31 -0400] "GET /trait/apparatus/e14215syhps2v29.phtml HTTP/1.1" 404 0 "-" "Mozilla/5.0 (Linux; Android 6.0.1; Nexus 5X Build/MMB29P) AppleWebKit/537.36 (KHTML, like Gecko) Chrome/147.0.7727.137 Mobile Safari/537.36 (compatible; GoogleOther)"
192.0.91.228 - - [01/May/2026:18:48:09 -0400] "HEAD / HTTP/1.1" 200 0 "-" "jetmon/1.0 (Jetpack Site Uptime Monitor by WordPress.com)"
162.0.232.104 - - [01/May/2026:18:50:58 -0400] "POST /wp-cron.php?doing_wp_cron=1777675858.1476800441741943359375 HTTP/1.1" 200 0 "-" "WordPress/6.9.4; https://raydget.vip"
66.249.65.46 - - [01/May/2026:18:50:48 -0400] "GET /aggregation/bundle/eu57eutzuetfzra.phtml HTTP/1.1" 404 0 "-" "Mozilla/5.0 (Linux; Android 6.0.1; Nexus 5X Build/MMB29P) AppleWebKit/537.36 (KHTML, like Gecko) Chrome/147.0.7727.137 Mobile Safari/537.36 (compatible; GoogleOther)"
66.249.65.46 - - [01/May/2026:18:51:28 -0400] "GET /sort/section/fx9bumxbagdnynu.phtml HTTP/1.1" 404 0 "-" "Mozilla/5.0 (Linux; Android 6.0.1; Nexus 5X Build/MMB29P) AppleWebKit/537.36 (KHTML, like Gecko) Chrome/147.0.7727.137 Mobile Safari/537.36 (compatible; GoogleOther)"
162.0.232.104 - - [01/May/2026:18:52:55 -0400] "POST /wp-cron.php?doing_wp_cron=1777675975.5389070510864257812500 HTTP/1.1" 200 0 "-" "WordPress/6.9.4; https://raydget.vip"
187.84.186.61 - - [01/May/2026:18:52:48 -0400] "GET /sposoby-oplaty/ HTTP/1.1" 200 20728 "-" "Mozilla/5.0 (Windows; U; Windows NT 5.2) AppleWebKit/535.26.2 (KHTML, like Gecko) Version/5.0.5 Safari/535.26.2"
148.222.130.151 - - [01/May/2026:18:52:48 -0400] "GET /products/ip/ HTTP/1.1" 200 21054 "-" "Mozilla/5.0 (Macintosh; Intel Mac OS X 10_7_2) AppleWebKit/536.2 (KHTML, like Gecko) Chrome/40.0.858.0 Safari/536.2"
192.0.91.228 - - [01/May/2026:18:53:08 -0400] "HEAD / HTTP/1.1" 200 0 "-" "jetmon/1.0 (Jetpack Site Uptime Monitor by WordPress.com)"
162.0.232.104 - - [01/May/2026:18:53:56 -0400] "POST /wp-cron.php?doing_wp_cron=1777676036.4388749599456787109375 HTTP/1.1" 200 0 "-" "WordPress/6.9.4; https://raydget.vip"
66.249.65.44 - - [01/May/2026:18:53:51 -0400] "GET /feature/sort/esl66y9wmi97gvq.phtml HTTP/1.1" 404 0 "-" "Mozilla/5.0 (Linux; Android 6.0.1; Nexus 5X Build/MMB29P) AppleWebKit/537.36 (KHTML, like Gecko) Chrome/147.0.7727.137 Mobile Safari/537.36 (compatible; GoogleOther)"
66.249.65.44 - - [01/May/2026:18:54:29 -0400] "GET /version/fixture/exfn0s3bgc31fpk.phtml HTTP/1.1" 200 28789 "-" "Mozilla/5.0 (Linux; Android 6.0.1; Nexus 5X Build/MMB29P) AppleWebKit/537.36 (KHTML, like Gecko) Chrome/147.0.7727.137 Mobile Safari/537.36 (compatible; Googlebot/2.1; +http://www.google.com/bot.html)"
66.249.65.46 - - [01/May/2026:18:54:29 -0400] "GET /pattern/segment/fh1yy2pbevtfpra.phtml HTTP/1.1" 200 28973 "-" "Mozilla/5.0 (Linux; Android 6.0.1; Nexus 5X Build/MMB29P) AppleWebKit/537.36 (KHTML, like Gecko) Chrome/147.0.7727.137 Mobile Safari/537.36 (compatible; Googlebot/2.1; +http://www.google.com/bot.html)"
66.249.65.45 - - [01/May/2026:18:54:29 -0400] "GET /segment/cargo/ehi63v6njf642sn.phtml HTTP/1.1" 200 29995 "-" "Mozilla/5.0 (Linux; Android 6.0.1; Nexus 5X Build/MMB29P) AppleWebKit/537.36 (KHTML, like Gecko) Chrome/147.0.7727.137 Mobile Safari/537.36 (compatible; Googlebot/2.1; +http://www.google.com/bot.html)"
66.249.65.45 - - [01/May/2026:18:54:30 -0400] "GET /herd/characteristic/fyw15lkblmcadyt.phtml HTTP/1.1" 200 29279 "-" "Mozilla/5.0 (Linux; Android 6.0.1; Nexus 5X Build/MMB29P) AppleWebKit/537.36 (KHTML, like Gecko) Chrome/147.0.7727.137 Mobile Safari/537.36 (compatible; Googlebot/2.1; +http://www.google.com/bot.html)"
66.249.65.46 - - [01/May/2026:18:54:30 -0400] "GET /field/equipment/eq7y48vyksv585c.phtml HTTP/1.1" 200 31375 "-" "Mozilla/5.0 (Linux; Android 6.0.1; Nexus 5X Build/MMB29P) AppleWebKit/537.36 (KHTML, like Gecko) Chrome/147.0.7727.137 Mobile Safari/537.36 (compatible; Googlebot/2.1; +http://www.google.com/bot.html)"
162.0.232.104 - - [01/May/2026:18:54:39 -0400] "POST /wp-cron.php?doing_wp_cron=1777676079.5323410034179687500000 HTTP/1.1" 200 0 "-" "WordPress/6.9.4; https://raydget.vip"
66.249.65.45 - - [01/May/2026:18:54:35 -0400] "GET /discipline/segment/erncwcbzcwbxz9s.phtml HTTP/1.1" 404 0 "-" "Mozilla/5.0 (Linux; Android 6.0.1; Nexus 5X Build/MMB29P) AppleWebKit/537.36 (KHTML, like Gecko) Chrome/147.0.7727.137 Mobile Safari/537.36 (compatible; GoogleOther)"
66.249.65.46 - - [01/May/2026:18:55:14 -0400] "GET /label/collection/egrdc4fbsofdd1w.phtml HTTP/1.1" 200 29859 "-" "Mozilla/5.0 (Linux; Android 6.0.1; Nexus 5X Build/MMB29P) AppleWebKit/537.36 (KHTML, like Gecko) Chrome/147.0.7727.137 Mobile Safari/537.36 (compatible; Googlebot/2.1; +http://www.google.com/bot.html)"
162.0.232.104 - - [01/May/2026:18:56:10 -0400] "POST /wp-cron.php?doing_wp_cron=1777676170.9379179477691650390625 HTTP/1.1" 200 0 "-" "WordPress/6.9.4; https://raydget.vip"
43.166.237.57 - - [01/May/2026:18:56:00 -0400] "GET /products/bt04/ HTTP/1.1" 200 23642 "-" "Mozilla/5.0 (iPhone; CPU iPhone OS 13_2_3 like Mac OS X) AppleWebKit/605.1.15 (KHTML, like Gecko) Version/13.0.3 Mobile/15E148 Safari/604.1"
66.249.65.45 - - [01/May/2026:18:56:41 -0400] "GET /catalog/accessory/fe00ldob1m4elel.phtml HTTP/1.1" 200 28358 "-" "Mozilla/5.0 (Linux; Android 6.0.1; Nexus 5X Build/MMB29P) AppleWebKit/537.36 (KHTML, like Gecko) Chrome/147.0.7727.137 Mobile Safari/537.36 (compatible; Googlebot/2.1; +http://www.google.com/bot.html)"
66.249.65.44 - - [01/May/2026:18:56:43 -0400] "GET /discipline/tool/enpnmqdc2adnmnu.phtml HTTP/1.1" 200 29950 "-" "Mozilla/5.0 (Linux; Android 6.0.1; Nexus 5X Build/MMB29P) AppleWebKit/537.36 (KHTML, like Gecko) Chrome/147.0.7727.137 Mobile Safari/537.36 (compatible; Googlebot/2.1; +http://www.google.com/bot.html)"
162.0.232.104 - - [01/May/2026:18:56:49 -0400] "POST /wp-cron.php?doing_wp_cron=1777676209.0737679004669189453125 HTTP/1.1" 200 0 "-" "WordPress/6.9.4; https://raydget.vip"
67.207.86.6 - - [01/May/2026:18:56:45 -0400] "GET /wp-login.php HTTP/1.1" 302 0 "-" "Mozilla/5.0 (Windows NT 10.0; Win64; x64) AppleWebKit/537.36 (KHTML, like Gecko) Chrome/66.0.3359.117 Safari/537.36"
67.207.86.6 - - [01/May/2026:18:56:49 -0400] "GET /wp-login.php HTTP/1.1" 302 0 "https://raydget.vip/wp-login.php" "Mozilla/5.0 (Windows NT 10.0; Win64; x64) AppleWebKit/537.36 (KHTML, like Gecko) Chrome/66.0.3359.117 Safari/537.36"
66.249.65.45 - - [01/May/2026:18:56:55 -0400] "GET /feature/deliverable/eot62ihji2h3jfy.phtml HTTP/1.1" 404 0 "-" "Mozilla/5.0 (Linux; Android 6.0.1; Nexus 5X Build/MMB29P) AppleWebKit/537.36 (KHTML, like Gecko) Chrome/147.0.7727.137 Mobile Safari/537.36 (compatible; GoogleOther)"
67.207.86.6 - - [01/May/2026:18:57:07 -0400] "GET /wp-login.php HTTP/1.1" 200 0 "https://raydget.vip/wp-login.php" "Mozilla/5.0 (Windows NT 10.0; Win64; x64) AppleWebKit/537.36 (KHTML, like Gecko) Chrome/66.0.3359.117 Safari/537.36"
66.249.65.44 - - [01/May/2026:18:57:26 -0400] "GET /factor/artifact/fogydh4bth8uw6p.phtml HTTP/1.1" 200 29418 "-" "Mozilla/5.0 (Linux; Android 6.0.1; Nexus 5X Build/MMB29P) AppleWebKit/537.36 (KHTML, like Gecko) Chrome/147.0.7727.137 Mobile Safari/537.36 (compatible; Googlebot/2.1; +http://www.google.com/bot.html)"
162.0.232.104 - - [01/May/2026:18:57:52 -0400] "POST /wp-cron.php?doing_wp_cron=1777676272.7430229187011718750000 HTTP/1.1" 200 0 "-" "WordPress/6.9.4; https://raydget.vip"
66.249.65.44 - - [01/May/2026:18:57:43 -0400] "GET /feature/object/f6uef7ibv0y8p8f.phtml HTTP/1.1" 404 0 "-" "Mozilla/5.0 (Linux; Android 6.0.1; Nexus 5X Build/MMB29P) AppleWebKit/537.36 (KHTML, like Gecko) Chrome/147.0.7727.137 Mobile Safari/537.36 (compatible; GoogleOther)"
192.0.91.228 - - [01/May/2026:18:58:08 -0400] "HEAD / HTTP/1.1" 200 0 "-" "jetmon/1.0 (Jetpack Site Uptime Monitor by WordPress.com)"
162.0.232.104 - - [01/May/2026:19:00:03 -0400] "POST /wp-cron.php?doing_wp_cron=1777676403.1914160251617431640625 HTTP/1.1" 200 0 "-" "WordPress/6.9.4; https://raydget.vip"
66.249.65.46 - - [01/May/2026:18:59:59 -0400] "GET /structure/tool/f2sxptgb5bk6yi1.phtml HTTP/1.1" 404 0 "-" "Mozilla/5.0 (Linux; Android 6.0.1; Nexus 5X Build/MMB29P) AppleWebKit/537.36 (KHTML, like Gecko) Chrome/147.0.7727.137 Mobile Safari/537.36 (compatible; GoogleOther)"
162.0.232.104 - - [01/May/2026:19:00:54 -0400] "POST /wp-cron.php?doing_wp_cron=1777676454.3406829833984375000000 HTTP/1.1" 200 0 "-" "WordPress/6.9.4; https://raydget.vip"
66.249.65.44 - - [01/May/2026:19:00:50 -0400] "GET /attribute/unit/eezj8on8o8n9ml4.phtml HTTP/1.1" 404 0 "-" "Mozilla/5.0 (Linux; Android 6.0.1; Nexus 5X Build/MMB29P) AppleWebKit/537.36 (KHTML, like Gecko) Chrome/147.0.7727.137 Mobile Safari/537.36 (compatible; GoogleOther)"
162.0.232.104 - - [01/May/2026:19:03:06 -0400] "POST /wp-cron.php?doing_wp_cron=1777676586.3860430717468261718750 HTTP/1.1" 200 0 "-" "WordPress/6.9.4; https://raydget.vip"
66.249.65.46 - - [01/May/2026:19:03:02 -0400] "GET /ambit/issue/f5oz91cbp9s2i29.phtml HTTP/1.1" 404 0 "-" "Mozilla/5.0 (Linux; Android 6.0.1; Nexus 5X Build/MMB29P) AppleWebKit/537.36 (KHTML, like Gecko) Chrome/147.0.7727.137 Mobile Safari/537.36 (compatible; GoogleOther)"
192.0.91.228 - - [01/May/2026:19:03:09 -0400] "HEAD / HTTP/1.1" 200 0 "-" "jetmon/1.0 (Jetpack Site Uptime Monitor by WordPress.com)"
66.249.65.44 - - [01/May/2026:19:03:59 -0400] "GET /ilk/derivative/ers2ptgf5dgqwqx.phtml HTTP/1.1" 200 29857 "-" "Mozilla/5.0 (Linux; Android 6.0.1; Nexus 5X Build/MMB29P) AppleWebKit/537.36 (KHTML, like Gecko) Chrome/147.0.7727.137 Mobile Safari/537.36 (compatible; Googlebot/2.1; +http://www.google.com/bot.html)"
162.0.232.104 - - [01/May/2026:19:04:01 -0400] "POST /wp-cron.php?doing_wp_cron=1777676641.9570701122283935546875 HTTP/1.1" 200 0 "-" "WordPress/6.9.4; https://raydget.vip"
66.249.65.44 - - [01/May/2026:19:03:58 -0400] "GET /phylum/career/e69zumxwa6xvcje.phtml HTTP/1.1" 404 0 "-" "Mozilla/5.0 (Linux; Android 6.0.1; Nexus 5X Build/MMB29P) AppleWebKit/537.36 (KHTML, like Gecko) Chrome/147.0.7727.137 Mobile Safari/537.36 (compatible; GoogleOther)"
45.227.253.15 - - [01/May/2026:19:04:19 -0400] "GET /?of=1 HTTP/1.1" 200 8487 "-" "Mozilla/5.0 (Windows NT 10.0; Win64; x64) AppleWebKit/537.36 (KHTML, like Gecko) Chrome/77.0.3760. Safari/537.36 Edg/77.0.141.7"
216.73.216.110 - - [01/May/2026:19:05:14 -0400] "GET /robots.txt HTTP/1.1" 200 91 "-" "Mozilla/5.0 AppleWebKit/537.36 (KHTML, like Gecko; compatible; ClaudeBot/1.0; +claudebot@anthropic.com)"
162.0.232.104 - - [01/May/2026:19:05:22 -0400] "POST /wp-cron.php?doing_wp_cron=1777676722.0364620685577392578125 HTTP/1.1" 200 0 "-" "WordPress/6.9.4; https://raydget.vip"
216.73.216.110 - - [01/May/2026:19:05:14 -0400] "GET /index.php/sitemap.xml HTTP/1.1" 404 503 "-" "Mozilla/5.0 AppleWebKit/537.36 (KHTML, like Gecko; compatible; ClaudeBot/1.0; +claudebot@anthropic.com)"
66.249.65.46 - - [01/May/2026:19:05:27 -0400] "GET /denomination/deliverable/eszw8onho8n9fl4.phtml HTTP/1.1" 200 29062 "-" "Mozilla/5.0 (Linux; Android 6.0.1; Nexus 5X Build/MMB29P) AppleWebKit/537.36 (KHTML, like Gecko) Chrome/147.0.7727.137 Mobile Safari/537.36 (compatible; Googlebot/2.1; +http://www.google.com/bot.html)"
162.0.232.104 - - [01/May/2026:19:06:13 -0400] "POST /wp-cron.php?doing_wp_cron=1777676773.0515680313110351562500 HTTP/1.1" 200 0 "-" "WordPress/6.9.4; https://raydget.vip"
66.249.65.45 - - [01/May/2026:19:06:06 -0400] "GET /heading/work/eujxgk78w47hmho.phtml HTTP/1.1" 404 0 "-" "Mozilla/5.0 (Linux; Android 6.0.1; Nexus 5X Build/MMB29P) AppleWebKit/537.36 (KHTML, like Gecko) Chrome/147.0.7727.137 Mobile Safari/537.36 (compatible; GoogleOther)"
162.0.232.104 - - [01/May/2026:19:07:12 -0400] "POST /wp-cron.php?doing_wp_cron=1777676832.8531780242919921875000 HTTP/1.1" 200 0 "-" "WordPress/6.9.4; https://raydget.vip"
66.249.65.44 - - [01/May/2026:19:07:05 -0400] "GET /segment/artifact/fuay7bybn52oe0j.phtml HTTP/1.1" 404 0 "-" "Mozilla/5.0 (Linux; Android 6.0.1; Nexus 5X Build/MMB29P) AppleWebKit/537.36 (KHTML, like Gecko) Chrome/147.0.7727.137 Mobile Safari/537.36 (compatible; GoogleOther)"
66.249.65.44 - - [01/May/2026:19:07:50 -0400] "GET /swarm/object/ecumf7iwvrigx4z.phtml HTTP/1.1" 200 31206 "-" "Mozilla/5.0 (Linux; Android 6.0.1; Nexus 5X Build/MMB29P) AppleWebKit/537.36 (KHTML, like Gecko) Chrome/147.0.7727.137 Mobile Safari/537.36 (compatible; Googlebot/2.1; +http://www.google.com/bot.html)"
162.0.232.104 - - [01/May/2026:19:08:12 -0400] "POST /wp-cron.php?doing_wp_cron=1777676892.7746551036834716796875 HTTP/1.1" 200 0 "-" "WordPress/6.9.4; https://raydget.vip"
192.0.91.228 - - [01/May/2026:19:08:09 -0400] "HEAD / HTTP/1.1" 200 0 "-" "jetmon/1.0 (Jetpack Site Uptime Monitor by WordPress.com)"
66.249.65.46 - - [01/May/2026:19:08:34 -0400] "GET /cultivar/produce/e9qnzfekfze0zcv.phtml HTTP/1.1" 200 29136 "-" "Mozilla/5.0 (Linux; Android 6.0.1; Nexus 5X Build/MMB29P) AppleWebKit/537.36 (KHTML, like Gecko) Chrome/147.0.7727.137 Mobile Safari/537.36 (compatible; Googlebot/2.1; +http://www.google.com/bot.html)"
162.0.232.104 - - [01/May/2026:19:09:15 -0400] "POST /wp-cron.php?doing_wp_cron=1777676955.6620659828186035156250 HTTP/1.1" 200 0 "-" "WordPress/6.9.4; https://raydget.vip"
66.249.65.46 - - [01/May/2026:19:09:10 -0400] "GET /pattern/load/ertv2ihei2h38fy.phtml HTTP/1.1" 404 0 "-" "Mozilla/5.0 (Linux; Android 6.0.1; Nexus 5X Build/MMB29P) AppleWebKit/537.36 (KHTML, like Gecko) Chrome/147.0.7727.137 Mobile Safari/537.36 (compatible; GoogleOther)"
66.249.65.44 - - [01/May/2026:19:10:02 -0400] "GET /register/implement/e40mldod1xom0a5.phtml HTTP/1.1" 200 29563 "-" "Mozilla/5.0 (Linux; Android 6.0.1; Nexus 5X Build/MMB29P) AppleWebKit/537.36 (KHTML, like Gecko) Chrome/147.0.7727.137 Mobile Safari/537.36 (compatible; Googlebot/2.1; +http://www.google.com/bot.html)"
66.249.65.46 - - [01/May/2026:19:10:02 -0400] "GET /trait/division/fqk4t98b950ywmh.phtml HTTP/1.1" 200 29356 "-" "Mozilla/5.0 (Linux; Android 6.0.1; Nexus 5X Build/MMB29P) AppleWebKit/537.36 (KHTML, like Gecko) Chrome/147.0.7727.137 Mobile Safari/537.36 (compatible; Googlebot/2.1; +http://www.google.com/bot.html)"
162.0.232.104 - - [01/May/2026:19:10:16 -0400] "POST /wp-cron.php?doing_wp_cron=1777677016.9416570663452148437500 HTTP/1.1" 200 0 "-" "WordPress/6.9.4; https://raydget.vip"
66.249.65.45 - - [01/May/2026:19:10:13 -0400] "GET /pattern/feature/enl86y9vmi971vq.phtml HTTP/1.1" 404 0 "-" "Mozilla/5.0 (Linux; Android 6.0.1; Nexus 5X Build/MMB29P) AppleWebKit/537.36 (KHTML, like Gecko) Chrome/147.0.7727.137 Mobile Safari/537.36 (compatible; GoogleOther)"
162.0.232.104 - - [01/May/2026:19:12:17 -0400] "POST /wp-cron.php?doing_wp_cron=1777677137.5458619594573974609375 HTTP/1.1" 200 0 "-" "WordPress/6.9.4; https://raydget.vip"
66.249.65.44 - - [01/May/2026:19:12:13 -0400] "GET /attribute/outcome/eakyt98y9t8uh6p.phtml HTTP/1.1" 404 0 "-" "Mozilla/5.0 (Linux; Android 6.0.1; Nexus 5X Build/MMB29P) AppleWebKit/537.36 (KHTML, like Gecko) Chrome/147.0.7727.137 Mobile Safari/537.36 (compatible; GoogleOther)"
162.0.232.104 - - [01/May/2026:19:13:12 -0400] "POST /wp-cron.php?doing_wp_cron=1777677192.3728470802307128906250 HTTP/1.1" 200 0 "-" "WordPress/6.9.4; https://raydget.vip"
192.0.91.228 - - [01/May/2026:19:13:08 -0400] "HEAD / HTTP/1.1" 200 0 "-" "jetmon/1.0 (Jetpack Site Uptime Monitor by WordPress.com)"
66.249.65.46 - - [01/May/2026:19:13:20 -0400] "GET /discipline/composition/e3l16y9wmi976vq.phtml HTTP/1.1" 404 0 "-" "Mozilla/5.0 (Linux; Android 6.0.1; Nexus 5X Build/MMB29P) AppleWebKit/537.36 (KHTML, like Gecko) Chrome/147.0.7727.137 Mobile Safari/537.36 (compatible; GoogleOther)"
162.0.232.104 - - [01/May/2026:19:14:25 -0400] "POST /wp-cron.php?doing_wp_cron=1777677265.3348200321197509765625 HTTP/1.1" 200 0 "-" "WordPress/6.9.4; https://raydget.vip"
43.165.174.53 - - [01/May/2026:19:14:21 -0400] "GET /monoblok-rejdzhet-mb/ HTTP/1.1" 200 22278 "-" "Mozilla/5.0 (iPhone; CPU iPhone OS 13_2_3 like Mac OS X) AppleWebKit/605.1.15 (KHTML, like Gecko) Version/13.0.3 Mobile/15E148 Safari/604.1"
66.249.65.45 - - [01/May/2026:19:14:25 -0400] "GET /variety/shipment/er56eutluetffra.phtml HTTP/1.1" 200 30596 "-" "Mozilla/5.0 (Linux; Android 6.0.1; Nexus 5X Build/MMB29P) AppleWebKit/537.36 (KHTML, like Gecko) Chrome/147.0.7727.137 Mobile Safari/537.36 (compatible; Googlebot/2.1; +http://www.google.com/bot.html)"
66.249.65.44 - - [01/May/2026:19:14:25 -0400] "GET /chart/implement/eoih3v6kjf649sn.phtml HTTP/1.1" 200 30355 "-" "Mozilla/5.0 (Linux; Android 6.0.1; Nexus 5X Build/MMB29P) AppleWebKit/537.36 (KHTML, like Gecko) Chrome/147.0.7727.137 Mobile Safari/537.36 (compatible; Googlebot/2.1; +http://www.google.com/bot.html)"
162.0.232.104 - - [01/May/2026:19:15:22 -0400] "POST /wp-cron.php?doing_wp_cron=1777677322.0512390136718750000000 HTTP/1.1" 200 0 "-" "WordPress/6.9.4; https://raydget.vip"
66.249.65.44 - - [01/May/2026:19:15:17 -0400] "GET /field/bundle/ea0hldov1xomua5.phtml HTTP/1.1" 404 0 "-" "Mozilla/5.0 (Linux; Android 6.0.1; Nexus 5X Build/MMB29P) AppleWebKit/537.36 (KHTML, like Gecko) Chrome/147.0.7727.137 Mobile Safari/537.36 (compatible; GoogleOther)"
66.249.65.45 - - [01/May/2026:19:16:25 -0400] "GET /classification/accessory/fu4w15sbhewi5ud.phtml HTTP/1.1" 200 28935 "-" "Mozilla/5.0 (Linux; Android 6.0.1; Nexus 5X Build/MMB29P) AppleWebKit/537.36 (KHTML, like Gecko) Chrome/147.0.7727.137 Mobile Safari/537.36 (compatible; Googlebot/2.1; +http://www.google.com/bot.html)"
66.249.65.45 - - [01/May/2026:19:16:25 -0400] "GET /domain/produce/fymyjnabzpe0icv.phtml HTTP/1.1" 200 28505 "-" "Mozilla/5.0 (Linux; Android 6.0.1; Nexus 5X Build/MMB29P) AppleWebKit/537.36 (KHTML, like Gecko) Chrome/147.0.7727.137 Mobile Safari/537.36 (compatible; Googlebot/2.1; +http://www.google.com/bot.html)"
162.0.232.104 - - [01/May/2026:19:16:39 -0400] "POST /wp-cron.php?doing_wp_cron=1777677399.6341478824615478515625 HTTP/1.1" 200 0 "-" "WordPress/6.9.4; https://raydget.vip"
66.249.65.46 - - [01/May/2026:19:16:28 -0400] "GET /edition/work/eeroc4f0sofd61w.phtml HTTP/1.1" 404 0 "-" "Mozilla/5.0 (Linux; Android 6.0.1; Nexus 5X Build/MMB29P) AppleWebKit/537.36 (KHTML, like Gecko) Chrome/147.0.7727.137 Mobile Safari/537.36 (compatible; GoogleOther)"
66.249.65.46 - - [01/May/2026:19:17:52 -0400] "GET /institution/stock/eq8jhxwhxhwigud.phtml HTTP/1.1" 200 30609 "-" "Mozilla/5.0 (Linux; Android 6.0.1; Nexus 5X Build/MMB29P) AppleWebKit/537.36 (KHTML, like Gecko) Chrome/147.0.7727.137 Mobile Safari/537.36 (compatible; Googlebot/2.1; +http://www.google.com/bot.html)"
66.249.65.46 - - [01/May/2026:19:17:52 -0400] "GET /club/apparatus/e11dy2pbempztz6.phtml HTTP/1.1" 200 29687 "-" "Mozilla/5.0 (Linux; Android 6.0.1; Nexus 5X Build/MMB29P) AppleWebKit/537.36 (KHTML, like Gecko) Chrome/147.0.7727.137 Mobile Safari/537.36 (compatible; Googlebot/2.1; +http://www.google.com/bot.html)"
66.249.65.45 - - [01/May/2026:19:17:53 -0400] "GET /heading/class/f51zy2pbeytfsra.phtml HTTP/1.1" 200 28623 "-" "Mozilla/5.0 (Linux; Android 6.0.1; Nexus 5X Build/MMB29P) AppleWebKit/537.36 (KHTML, like Gecko) Chrome/147.0.7727.137 Mobile Safari/537.36 (compatible; Googlebot/2.1; +http://www.google.com/bot.html)"
162.0.232.104 - - [01/May/2026:19:18:12 -0400] "POST /wp-cron.php?doing_wp_cron=1777677492.0311350822448730468750 HTTP/1.1" 200 0 "-" "WordPress/6.9.4; https://raydget.vip"
192.0.91.228 - - [01/May/2026:19:18:08 -0400] "HEAD / HTTP/1.1" 200 0 "-" "jetmon/1.0 (Jetpack Site Uptime Monitor by WordPress.com)"
66.249.65.46 - - [01/May/2026:19:18:21 -0400] "GET /pack/element/ebr8c4fzsofdb1w.phtml HTTP/1.1" 404 0 "-" "Mozilla/5.0 (Linux; Android 6.0.1; Nexus 5X Build/MMB29P) AppleWebKit/537.36 (KHTML, like Gecko) Chrome/147.0.7727.137 Mobile Safari/537.36 (compatible; GoogleOther)"
66.249.65.44 - - [01/May/2026:19:18:36 -0400] "GET /branch/volume/f4v0swjb8jn99l4.phtml HTTP/1.1" 200 29088 "-" "Mozilla/5.0 (Linux; Android 6.0.1; Nexus 5X Build/MMB29P) AppleWebKit/537.36 (KHTML, like Gecko) Chrome/147.0.7727.137 Mobile Safari/537.36 (compatible; Googlebot/2.1; +http://www.google.com/bot.html)"
162.0.232.104 - - [01/May/2026:19:19:35 -0400] "POST /wp-cron.php?doing_wp_cron=1777677575.8649020195007324218750 HTTP/1.1" 200 0 "-" "WordPress/6.9.4; https://raydget.vip"
68.183.9.16 - - [01/May/2026:19:19:32 -0400] "GET / HTTP/1.1" 301 0 "-" "Mozilla/5.0 (l9scan/2.0.430313e2233323e203e2236313; +https://leakix.net)"
68.183.9.16 - - [01/May/2026:19:19:37 -0400] "GET /console/ HTTP/1.1" 200 0 "-" "Mozilla/5.0 (l9scan/2.0.430313e2233323e203e2236313; +https://leakix.net)"
68.183.9.16 - - [01/May/2026:19:19:40 -0400] "GET /server HTTP/1.1" 200 0 "-" "Mozilla/5.0 (l9scan/2.0.430313e2233323e203e2236313; +https://leakix.net)"
68.183.9.16 - - [01/May/2026:19:19:45 -0400] "GET /about HTTP/1.1" 200 0 "-" "Mozilla/5.0 (l9scan/2.0.430313e2233323e203e2236313; +https://leakix.net)"
68.183.9.16 - - [01/May/2026:19:19:48 -0400] "GET /login.action HTTP/1.1" 200 0 "-" "Mozilla/5.0 (l9scan/2.0.430313e2233323e203e2236313; +https://leakix.net)"
68.183.9.16 - - [01/May/2026:19:19:51 -0400] "GET / HTTP/1.1" 200 0 "-" "Mozilla/5.0 (l9scan/2.0.430313e2233323e203e2236313; +https://leakix.net)"
68.183.9.16 - - [01/May/2026:19:19:54 -0400] "GET /___proxy_subdomain_whm/login HTTP/1.1" 200 0 "-" "Mozilla/5.0 (l9scan/2.0.430313e2233323e203e2236313; +https://leakix.net)"
66.249.65.46 - - [01/May/2026:19:19:35 -0400] "GET /domain/assembly/eluif7ikvrigf4z.phtml HTTP/1.1" 404 0 "-" "Mozilla/5.0 (Linux; Android 6.0.1; Nexus 5X Build/MMB29P) AppleWebKit/537.36 (KHTML, like Gecko) Chrome/147.0.7727.137 Mobile Safari/537.36 (compatible; GoogleOther)"
68.183.9.16 - - [01/May/2026:19:19:57 -0400] "GET /___proxy_subdomain_cpanel HTTP/1.1" 200 0 "-" "Mozilla/5.0 (l9scan/2.0.430313e2233323e203e2236313; +https://leakix.net)"
68.183.9.16 - - [01/May/2026:19:20:00 -0400] "GET /v2/_catalog HTTP/1.1" 200 0 "-" "Mozilla/5.0 (l9scan/2.0.430313e2233323e203e2236313; +https://leakix.net)"
68.183.9.16 - - [01/May/2026:19:20:04 -0400] "GET /.DS_Store HTTP/1.1" 200 0 "-" "Mozilla/5.0 (l9scan/2.0.430313e2233323e203e2236313; +https://leakix.net)"
68.183.9.16 - - [01/May/2026:19:20:06 -0400] "GET /.env HTTP/1.1" 403 1242 "-" "Mozilla/5.0 (l9scan/2.0.430313e2233323e203e2236313; +https://leakix.net)"
68.183.9.16 - - [01/May/2026:19:20:09 -0400] "GET /ecp/Current/exporttool/microsoft.exchange.ediscovery.exporttool.application HTTP/1.1" 200 0 "-" "Mozilla/5.0 (l9scan/2.0.430313e2233323e203e2236313; +https://leakix.net)"
68.183.9.16 - - [01/May/2026:19:20:12 -0400] "GET /.git/config HTTP/1.1" 403 1242 "-" "Mozilla/5.0 (l9scan/2.0.430313e2233323e203e2236313; +https://leakix.net)"
68.183.9.16 - - [01/May/2026:19:20:14 -0400] "POST /graphql HTTP/1.1" 200 0 "-" "Mozilla/5.0 (l9scan/2.0.430313e2233323e203e2236313; +https://leakix.net)"
68.183.9.16 - - [01/May/2026:19:20:17 -0400] "POST /api HTTP/1.1" 200 0 "-" "Mozilla/5.0 (l9scan/2.0.430313e2233323e203e2236313; +https://leakix.net)"
68.183.9.16 - - [01/May/2026:19:20:20 -0400] "POST /api/graphql HTTP/1.1" 200 0 "-" "Mozilla/5.0 (l9scan/2.0.430313e2233323e203e2236313; +https://leakix.net)"
68.183.9.16 - - [01/May/2026:19:20:23 -0400] "POST /graphql/api HTTP/1.1" 200 0 "-" "Mozilla/5.0 (l9scan/2.0.430313e2233323e203e2236313; +https://leakix.net)"
68.183.9.16 - - [01/May/2026:19:20:26 -0400] "POST /api/gql HTTP/1.1" 200 0 "-" "Mozilla/5.0 (l9scan/2.0.430313e2233323e203e2236313; +https://leakix.net)"
68.183.9.16 - - [01/May/2026:19:20:29 -0400] "GET /s/430313e2233323e203e2236313/_/;/META-INF/maven/com.atlassian.jira/jira-webapp-dist/pom.properties HTTP/1.1" 200 0 "-" "Mozilla/5.0 (l9scan/2.0.430313e2233323e203e2236313; +https://leakix.net)"
222.254.248.210 - - [01/May/2026:19:20:19 -0400] "GET /monoblok-rejdzhet-mb/ HTTP/1.1" 200 0 "-" "Mozilla/5.0 (Macintosh; Intel Mac OS X 10_10_6 rv:2.0; yue-HK) AppleWebKit/534.11.5 (KHTML, like Gecko) Version/4.0.3 Safari/534.11.5"
68.183.9.16 - - [01/May/2026:19:20:32 -0400] "GET /config.json HTTP/1.1" 200 0 "-" "Mozilla/5.0 (l9scan/2.0.430313e2233323e203e2236313; +https://leakix.net)"
68.183.9.16 - - [01/May/2026:19:20:35 -0400] "GET /telescope/requests HTTP/1.1" 200 0 "-" "Mozilla/5.0 (l9scan/2.0.430313e2233323e203e2236313; +https://leakix.net)"
68.183.9.16 - - [01/May/2026:19:20:38 -0400] "GET /info.php HTTP/1.1" 200 0 "-" "Mozilla/5.0 (l9scan/2.0.430313e2233323e203e2236313; +https://leakix.net)"
68.183.9.16 - - [01/May/2026:19:20:41 -0400] "GET /.well-known/security.txt HTTP/1.1" 200 0 "-" "Mozilla/5.0 (l9scan/2.0.430313e2233323e203e2236313; +https://leakix.net)"
68.183.9.16 - - [01/May/2026:19:20:44 -0400] "GET /actuator/env HTTP/1.1" 200 0 "-" "Mozilla/5.0 (l9scan/2.0.430313e2233323e203e2236313; +https://leakix.net)"
113.188.226.116 - - [01/May/2026:19:20:38 -0400] "GET /monoblok-rejdzhet-mb/ HTTP/1.1" 200 0 "-" "Opera/8.32.(Windows CE; cy-GB) Presto/2.9.186 Version/10.00"
68.183.9.16 - - [01/May/2026:19:20:48 -0400] "GET /swagger-ui.html HTTP/1.1" 200 0 "-" "Mozilla/5.0 (l9scan/2.0.430313e2233323e203e2236313; +https://leakix.net)"
68.183.9.16 - - [01/May/2026:19:20:51 -0400] "GET /swagger/index.html HTTP/1.1" 200 0 "-" "Mozilla/5.0 (l9scan/2.0.430313e2233323e203e2236313; +https://leakix.net)"
68.183.9.16 - - [01/May/2026:19:20:54 -0400] "GET /swagger/swagger-ui.html HTTP/1.1" 200 0 "-" "Mozilla/5.0 (l9scan/2.0.430313e2233323e203e2236313; +https://leakix.net)"
68.183.9.16 - - [01/May/2026:19:20:57 -0400] "GET /webjars/swagger-ui/index.html HTTP/1.1" 200 0 "-" "Mozilla/5.0 (l9scan/2.0.430313e2233323e203e2236313; +https://leakix.net)"
68.183.9.16 - - [01/May/2026:19:21:00 -0400] "GET /swagger.json HTTP/1.1" 200 0 "-" "Mozilla/5.0 (l9scan/2.0.430313e2233323e203e2236313; +https://leakix.net)"
176.176.101.147 - - [01/May/2026:19:20:51 -0400] "GET /monoblok-rejdzhet-mb/ HTTP/1.1" 200 0 "-" "Mozilla/5.0 (iPod; U; CPU iPhone OS 4_1 like Mac OS X; fur-IT) AppleWebKit/531.10.2 (KHTML, like Gecko) Version/3.0.5 Mobile/8B117 Safari/6531.10.2"
68.183.9.16 - - [01/May/2026:19:21:04 -0400] "GET /swagger/v1/swagger.json HTTP/1.1" 200 0 "-" "Mozilla/5.0 (l9scan/2.0.430313e2233323e203e2236313; +https://leakix.net)"
68.183.9.16 - - [01/May/2026:19:21:06 -0400] "GET /v2/api-docs HTTP/1.1" 200 0 "-" "Mozilla/5.0 (l9scan/2.0.430313e2233323e203e2236313; +https://leakix.net)"
68.183.9.16 - - [01/May/2026:19:21:09 -0400] "GET /v3/api-docs HTTP/1.1" 200 0 "-" "Mozilla/5.0 (l9scan/2.0.430313e2233323e203e2236313; +https://leakix.net)"
74.125.217.103 - - [01/May/2026:19:21:02 -0400] "GET /product/rejdzhet-st/ HTTP/1.1" 503 854 "-" "Mozilla/5.0 (X11; Linux x86_64) AppleWebKit/537.36 (KHTML, like Gecko) Chrome/147.0.7727.116 Safari/537.36"
74.125.217.102 - - [01/May/2026:19:21:12 -0400] "GET /systemerror/block.gif HTTP/1.1" 200 8629 "https://raydget.vip/product/rejdzhet-st/" "Mozilla/5.0 (X11; Linux x86_64) AppleWebKit/537.36 (KHTML, like Gecko) Chrome/147.0.7727.116 Safari/537.36"
68.183.9.16 - - [01/May/2026:19:21:12 -0400] "GET /api-docs/swagger.json HTTP/1.1" 200 0 "-" "Mozilla/5.0 (l9scan/2.0.430313e2233323e203e2236313; +https://leakix.net)"
68.183.9.16 - - [01/May/2026:19:21:15 -0400] "GET /api/swagger.json HTTP/1.1" 200 0 "-" "Mozilla/5.0 (l9scan/2.0.430313e2233323e203e2236313; +https://leakix.net)"
68.183.9.16 - - [01/May/2026:19:21:17 -0400] "GET /trace.axd HTTP/1.1" 200 0 "-" "Mozilla/5.0 (l9scan/2.0.430313e2233323e203e2236313; +https://leakix.net)"
68.183.9.16 - - [01/May/2026:19:21:20 -0400] "GET /@vite/env HTTP/1.1" 200 0 "-" "Mozilla/5.0 (l9scan/2.0.430313e2233323e203e2236313; +https://leakix.net)"
68.183.9.16 - - [01/May/2026:19:21:23 -0400] "GET /.vscode/sftp.json HTTP/1.1" 200 0 "-" "Mozilla/5.0 (l9scan/2.0.430313e2233323e203e2236313; +https://leakix.net)"
68.183.9.16 - - [01/May/2026:19:21:26 -0400] "OPTIONS / HTTP/1.1" 200 0 "-" "Mozilla/5.0 (l9scan/2.0.430313e2233323e203e2236313; +https://leakix.net)"
68.183.9.16 - - [01/May/2026:19:21:29 -0400] "GET /?rest_route=/wp/v2/users/ HTTP/1.1" 200 0 "-" "Mozilla/5.0 (l9scan/2.0.430313e2233323e203e2236313; +https://leakix.net)"
66.249.65.45 - - [01/May/2026:19:21:24 -0400] "GET /denomination/case/e40uldod1xomca5.phtml HTTP/1.1" 503 854 "-" "Mozilla/5.0 (Linux; Android 6.0.1; Nexus 5X Build/MMB29P) AppleWebKit/537.36 (KHTML, like Gecko) Chrome/147.0.7727.137 Mobile Safari/537.36 (compatible; GoogleOther)"
68.183.9.16 - - [01/May/2026:19:21:32 -0400] "GET /debug/default/view?panel=config HTTP/1.1" 200 0 "-" "Mozilla/5.0 (l9scan/2.0.430313e2233323e203e2236313; +https://leakix.net)"
66.249.65.45 - - [01/May/2026:19:21:30 -0400] "GET /order/volume/fblw6y9bmnpz9z6.phtml HTTP/1.1" 503 854 "-" "Mozilla/5.0 (Linux; Android 6.0.1; Nexus 5X Build/MMB29P) AppleWebKit/537.36 (KHTML, like Gecko) Chrome/147.0.7727.137 Mobile Safari/537.36 (compatible; Googlebot/2.1; +http://www.google.com/bot.html)"
66.249.65.45 - - [01/May/2026:19:22:23 -0400] "GET /status/example/eygrdh4kt14ezel.phtml HTTP/1.1" 200 30032 "-" "Mozilla/5.0 (Linux; Android 6.0.1; Nexus 5X Build/MMB29P) AppleWebKit/537.36 (KHTML, like Gecko) Chrome/147.0.7727.137 Mobile Safari/537.36 (compatible; Googlebot/2.1; +http://www.google.com/bot.html)"
192.0.91.228 - - [01/May/2026:19:23:07 -0400] "HEAD / HTTP/1.1" 200 0 "-" "jetmon/1.0 (Jetpack Site Uptime Monitor by WordPress.com)"
52.167.144.57 - - [01/May/2026:19:24:04 -0400] "GET /robots.txt HTTP/1.1" 200 91 "-" "Mozilla/5.0 AppleWebKit/537.36 (KHTML, like Gecko; compatible; bingbot/2.0; +http://www.bing.com/bingbot.htm) Chrome/116.0.1938.76 Safari/537.36"
66.249.65.45 - - [01/May/2026:19:24:34 -0400] "GET /aspect/stock/ee9rumxla6xv9je.phtml HTTP/1.1" 200 28944 "-" "Mozilla/5.0 (Linux; Android 6.0.1; Nexus 5X Build/MMB29P) AppleWebKit/537.36 (KHTML, like Gecko) Chrome/147.0.7727.137 Mobile Safari/537.36 (compatible; Googlebot/2.1; +http://www.google.com/bot.html)"
162.0.232.104 - - [01/May/2026:19:24:35 -0400] "POST /wp-cron.php?doing_wp_cron=1777677875.4278070926666259765625 HTTP/1.1" 200 0 "-" "WordPress/6.9.4; https://raydget.vip"
66.249.65.44 - - [01/May/2026:19:22:43 -0400] "GET /framework/publication/em5oeut3uetfjra.phtml HTTP/1.1" 503 854 "-" "Mozilla/5.0 (Linux; Android 6.0.1; Nexus 5X Build/MMB29P) AppleWebKit/537.36 (KHTML, like Gecko) Chrome/147.0.7727.137 Mobile Safari/537.36 (compatible; GoogleOther)"
192.0.91.228 - - [01/May/2026:19:24:31 -0400] "HEAD / HTTP/1.1" 200 0 "-" "jetmon/1.0 (Jetpack Site Uptime Monitor by WordPress.com)"
40.77.167.50 - - [01/May/2026:19:24:13 -0400] "GET /sitemap.xml HTTP/1.1" 200 0 "-" "Mozilla/5.0 AppleWebKit/537.36 (KHTML, like Gecko; compatible; bingbot/2.0; +http://www.bing.com/bingbot.htm) Chrome/116.0.1938.76 Safari/537.36"
122.248.245.244 - - [01/May/2026:19:24:58 -0400] "HEAD / HTTP/1.1" 200 0 "-" "jetmon/1.0 (Jetpack Site Uptime Monitor by WordPress.com)"
54.232.116.4 - - [01/May/2026:19:24:58 -0400] "HEAD / HTTP/1.1" 200 0 "-" "jetmon/1.0 (Jetpack Site Uptime Monitor by WordPress.com)"
54.217.201.243 - - [01/May/2026:19:24:57 -0400] "HEAD / HTTP/1.1" 200 0 "-" "jetmon/1.0 (Jetpack Site Uptime Monitor by WordPress.com)"
49.51.50.147 - - [01/May/2026:19:25:02 -0400] "GET /kak-sdelat-zakaz/ HTTP/1.1" 200 0 "-" "Mozilla/5.0 (iPhone; CPU iPhone OS 13_2_3 like Mac OS X) AppleWebKit/605.1.15 (KHTML, like Gecko) Version/13.0.3 Mobile/15E148 Safari/604.1"
162.0.232.104 - - [01/May/2026:19:26:20 -0400] "POST /wp-cron.php?doing_wp_cron=1777677980.3335490226745605468750 HTTP/1.1" 200 0 "-" "WordPress/6.9.4; https://raydget.vip"
162.0.232.104 - - [01/May/2026:19:26:21 -0400] "POST /wp-cron.php?doing_wp_cron=1777677981.3340981006622314453125 HTTP/1.1" 200 0 "-" "WordPress/6.9.4; https://raydget.vip"
162.0.232.104 - - [01/May/2026:19:26:23 -0400] "POST /wp-cron.php?doing_wp_cron=1777677982.8312931060791015625000 HTTP/1.1" 200 0 "-" "WordPress/6.9.4; https://raydget.vip"
162.0.232.104 - - [01/May/2026:19:26:26 -0400] "POST /wp-cron.php?doing_wp_cron=1777677985.9323289394378662109375 HTTP/1.1" 200 0 "-" "WordPress/6.9.4; https://raydget.vip"
162.0.232.104 - - [01/May/2026:19:27:43 -0400] "POST /wp-cron.php?doing_wp_cron=1777678063.4302299022674560546875 HTTP/1.1" 200 0 "-" "WordPress/6.9.4; https://raydget.vip"
66.249.65.45 - - [01/May/2026:19:26:55 -0400] "GET /chart/object/e8q6zfedfze0ucv.phtml HTTP/1.1" 404 0 "-" "Mozilla/5.0 (Linux; Android 6.0.1; Nexus 5X Build/MMB29P) AppleWebKit/537.36 (KHTML, like Gecko) Chrome/147.0.7727.137 Mobile Safari/537.36 (compatible; GoogleOther)"
66.249.65.45 - - [01/May/2026:19:28:12 -0400] "GET /unit/label/ex0ildo01xompa5.phtml HTTP/1.1" 200 29764 "-" "Mozilla/5.0 (Linux; Android 6.0.1; Nexus 5X Build/MMB29P) AppleWebKit/537.36 (KHTML, like Gecko) Chrome/147.0.7727.137 Mobile Safari/537.36 (compatible; Googlebot/2.1; +http://www.google.com/bot.html)"
