66.249.65.44 - - [01/May/2026:13:01:47 -0400] "GET /module/resource/euj3gk7mw47hoho.phtml HTTP/1.1" 404 0 "-" "Mozilla/5.0 (Linux; Android 6.0.1; Nexus 5X Build/MMB29P) AppleWebKit/537.36 (KHTML, like Gecko) Chrome/147.0.7727.137 Mobile Safari/537.36 (compatible; GoogleOther)"
162.0.232.104 - - [01/May/2026:13:02:41 -0400] "POST /wp-cron.php?doing_wp_cron=1777654961.3367559909820556640625 HTTP/1.1" 200 0 "-" "WordPress/6.9.4; https://raydget.vip"
66.249.65.44 - - [01/May/2026:13:02:32 -0400] "GET /status/freight/eevrswjm8gjtkt0.phtml HTTP/1.1" 404 0 "-" "Mozilla/5.0 (Linux; Android 6.0.1; Nexus 5X Build/MMB29P) AppleWebKit/537.36 (KHTML, like Gecko) Chrome/147.0.7727.137 Mobile Safari/537.36 (compatible; GoogleOther)"
66.249.65.44 - - [01/May/2026:13:02:41 -0400] "GET /population/article/fbzx8onbo6fd21w.phtml HTTP/1.1" 404 0 "-" "Mozilla/5.0 (Linux; Android 6.0.1; Nexus 5X Build/MMB29P) AppleWebKit/537.36 (KHTML, like Gecko) Chrome/147.0.7727.137 Mobile Safari/537.36 (compatible; GoogleOther)"
192.0.91.228 - - [01/May/2026:13:03:08 -0400] "HEAD / HTTP/1.1" 200 0 "-" "jetmon/1.0 (Jetpack Site Uptime Monitor by WordPress.com)"
162.0.232.104 - - [01/May/2026:13:04:20 -0400] "POST /wp-cron.php?doing_wp_cron=1777655060.2236740589141845703125 HTTP/1.1" 200 0 "-" "WordPress/6.9.4; https://raydget.vip"
177.11.54.244 - - [01/May/2026:13:04:16 -0400] "POST /xmlrpc.php HTTP/1.1" 200 286 "-" "Mozilla/5.0 (Windows NT 6.2; ARM; Trident/7.0; Touch; rv:11.0; WPDesktop; NOKIA; Lumia 635) like Gecko"
45.227.253.15 - - [01/May/2026:13:04:25 -0400] "GET /index.php/jk HTTP/1.1" 200 63 "-" "Mozilla/5.0 (Macintosh; Intel Mac OS X 10.12; rv:103.0) Gecko/20100101 Firefox/102.0"
216.73.217.11 - - [01/May/2026:13:05:06 -0400] "GET /robots.txt HTTP/1.1" 200 91 "-" "Mozilla/5.0 AppleWebKit/537.36 (KHTML, like Gecko; compatible; ClaudeBot/1.0; +claudebot@anthropic.com)"
216.73.217.11 - - [01/May/2026:13:05:06 -0400] "GET /index.php/sitemap.xml HTTP/1.1" 200 0 "-" "Mozilla/5.0 AppleWebKit/537.36 (KHTML, like Gecko; compatible; ClaudeBot/1.0; +claudebot@anthropic.com)"
162.0.232.104 - - [01/May/2026:13:05:25 -0400] "POST /wp-cron.php?doing_wp_cron=1777655125.3448829650878906250000 HTTP/1.1" 200 0 "-" "WordPress/6.9.4; https://raydget.vip"
66.249.65.46 - - [01/May/2026:13:05:05 -0400] "GET /make/edition/e5cpxp0jd90ysmh.phtml HTTP/1.1" 404 0 "-" "Mozilla/5.0 (Linux; Android 6.0.1; Nexus 5X Build/MMB29P) AppleWebKit/537.36 (KHTML, like Gecko) Chrome/147.0.7727.137 Mobile Safari/537.36 (compatible; GoogleOther)"
162.0.232.104 - - [01/May/2026:13:05:38 -0400] "POST /wp-cron.php?doing_wp_cron=1777655138.9347980022430419921875 HTTP/1.1" 200 0 "-" "WordPress/6.9.4; https://raydget.vip"
129.121.76.191 - - [01/May/2026:13:05:34 -0400] "POST /xmlrpc.php HTTP/1.1" 200 287 "-" "Mozilla/5.0 (X11; Linux x86_64) AppleWebKit/537.36 (KHTML, like Gecko) Chrome/66.0.3359.117 Safari/537.36"
162.0.232.104 - - [01/May/2026:13:05:57 -0400] "POST /wp-cron.php?doing_wp_cron=1777655157.8355779647827148437500 HTTP/1.1" 200 0 "-" "WordPress/6.9.4; https://raydget.vip"
66.249.65.44 - - [01/May/2026:13:05:50 -0400] "GET /order/segment/ercmxp0ld90ymmh.phtml HTTP/1.1" 404 0 "-" "Mozilla/5.0 (Linux; Android 6.0.1; Nexus 5X Build/MMB29P) AppleWebKit/537.36 (KHTML, like Gecko) Chrome/147.0.7727.137 Mobile Safari/537.36 (compatible; GoogleOther)"
66.249.65.44 - - [01/May/2026:13:06:59 -0400] "GET /ilk/feature/ev3iogrl40rptd8.phtml HTTP/1.1" 200 30886 "-" "Mozilla/5.0 (Linux; Android 6.0.1; Nexus 5X Build/MMB29P) AppleWebKit/537.36 (KHTML, like Gecko) Chrome/147.0.7727.137 Mobile Safari/537.36 (compatible; Googlebot/2.1; +http://www.google.com/bot.html)"
162.0.232.104 - - [01/May/2026:13:07:03 -0400] "POST /wp-cron.php?doing_wp_cron=1777655222.9428789615631103515625 HTTP/1.1" 200 0 "-" "WordPress/6.9.4; https://raydget.vip"
216.244.66.227 - - [01/May/2026:13:06:45 -0400] "GET /shop/page/2/ HTTP/1.1" 404 89528 "-" "Mozilla/5.0 (compatible; DotBot/1.2; +https://opensiteexplorer.org/dotbot; help@moz.com)"
162.0.232.104 - - [01/May/2026:13:08:16 -0400] "POST /wp-cron.php?doing_wp_cron=1777655296.1816229820251464843750 HTTP/1.1" 200 0 "-" "WordPress/6.9.4; https://raydget.vip"
192.0.91.228 - - [01/May/2026:13:08:09 -0400] "HEAD / HTTP/1.1" 200 0 "-" "jetmon/1.0 (Jetpack Site Uptime Monitor by WordPress.com)"
162.0.232.104 - - [01/May/2026:13:09:21 -0400] "POST /wp-cron.php?doing_wp_cron=1777655361.4423420429229736328125 HTTP/1.1" 200 0 "-" "WordPress/6.9.4; https://raydget.vip"
66.249.65.45 - - [01/May/2026:13:09:02 -0400] "GET /list/implement/eojkgk7rw47h5ho.phtml HTTP/1.1" 404 0 "-" "Mozilla/5.0 (Linux; Android 6.0.1; Nexus 5X Build/MMB29P) AppleWebKit/537.36 (KHTML, like Gecko) Chrome/147.0.7727.137 Mobile Safari/537.36 (compatible; GoogleOther)"
162.0.232.104 - - [01/May/2026:13:10:05 -0400] "POST /wp-cron.php?doing_wp_cron=1777655405.2877960205078125000000 HTTP/1.1" 200 0 "-" "WordPress/6.9.4; https://raydget.vip"
66.249.65.44 - - [01/May/2026:13:09:53 -0400] "GET /cohort/package/dryvvzm3bjmw5w3.phtml HTTP/1.1" 404 0 "-" "Mozilla/5.0 (Linux; Android 6.0.1; Nexus 5X Build/MMB29P) AppleWebKit/537.36 (KHTML, like Gecko) Chrome/147.0.7727.137 Mobile Safari/537.36 (compatible; GoogleOther)"
162.0.232.104 - - [01/May/2026:13:13:12 -0400] "POST /wp-cron.php?doing_wp_cron=1777655592.6379320621490478515625 HTTP/1.1" 200 0 "-" "WordPress/6.9.4; https://raydget.vip"
66.249.65.45 - - [01/May/2026:13:12:59 -0400] "GET /tier/prototype/eiplmqdn2adnvnu.phtml HTTP/1.1" 404 0 "-" "Mozilla/5.0 (Linux; Android 6.0.1; Nexus 5X Build/MMB29P) AppleWebKit/537.36 (KHTML, like Gecko) Chrome/147.0.7727.137 Mobile Safari/537.36 (compatible; GoogleOther)"
192.0.91.228 - - [01/May/2026:13:13:08 -0400] "HEAD / HTTP/1.1" 200 0 "-" "jetmon/1.0 (Jetpack Site Uptime Monitor by WordPress.com)"
66.249.65.44 - - [01/May/2026:13:13:15 -0400] "GET /section/yield/flsyptgb5ck6hi1.phtml HTTP/1.1" 404 0 "-" "Mozilla/5.0 (Linux; Android 6.0.1; Nexus 5X Build/MMB29P) AppleWebKit/537.36 (KHTML, like Gecko) Chrome/147.0.7727.137 Mobile Safari/537.36 (compatible; GoogleOther)"
162.0.232.104 - - [01/May/2026:13:14:06 -0400] "POST /wp-cron.php?doing_wp_cron=1777655646.8426589965820312500000 HTTP/1.1" 200 0 "-" "WordPress/6.9.4; https://raydget.vip"
66.249.65.44 - - [01/May/2026:13:13:57 -0400] "GET /schema/attribute/e91cy2plempzzz6.phtml HTTP/1.1" 404 0 "-" "Mozilla/5.0 (Linux; Android 6.0.1; Nexus 5X Build/MMB29P) AppleWebKit/537.36 (KHTML, like Gecko) Chrome/147.0.7727.137 Mobile Safari/537.36 (compatible; GoogleOther)"
66.249.65.44 - - [01/May/2026:13:14:34 -0400] "GET /type/work/ff0yldob1e4evel.phtml HTTP/1.1" 200 28771 "-" "Mozilla/5.0 (Linux; Android 6.0.1; Nexus 5X Build/MMB29P) AppleWebKit/537.36 (KHTML, like Gecko) Chrome/147.0.7727.137 Mobile Safari/537.36 (compatible; Googlebot/2.1; +http://www.google.com/bot.html)"
162.0.232.104 - - [01/May/2026:13:14:34 -0400] "POST /wp-cron.php?doing_wp_cron=1777655674.6387860774993896484375 HTTP/1.1" 200 0 "-" "WordPress/6.9.4; https://raydget.vip"
158.69.128.56 - - [01/May/2026:13:14:19 -0400] "GET /wp-login.php HTTP/1.1" 302 0 "-" "Mozilla/5.0 (Windows NT 6.1; Trident/7.0; EIE10;ENUSWOL; rv:11.0) like Gecko"
158.69.128.56 - - [01/May/2026:13:14:35 -0400] "GET /wp-login.php HTTP/1.1" 200 0 "https://raydget.vip/wp-login.php" "Mozilla/5.0 (Windows NT 6.1; Trident/7.0; EIE10;ENUSWOL; rv:11.0) like Gecko"
192.0.91.228 - - [01/May/2026:13:14:29 -0400] "HEAD / HTTP/1.1" 200 0 "-" "jetmon/1.0 (Jetpack Site Uptime Monitor by WordPress.com)"
54.217.201.243 - - [01/May/2026:13:14:55 -0400] "HEAD / HTTP/1.1" 200 0 "-" "jetmon/1.0 (Jetpack Site Uptime Monitor by WordPress.com)"
122.248.245.244 - - [01/May/2026:13:14:56 -0400] "HEAD / HTTP/1.1" 200 0 "-" "jetmon/1.0 (Jetpack Site Uptime Monitor by WordPress.com)"
54.232.116.4 - - [01/May/2026:13:14:56 -0400] "HEAD / HTTP/1.1" 200 0 "-" "jetmon/1.0 (Jetpack Site Uptime Monitor by WordPress.com)"
162.0.232.104 - - [01/May/2026:13:15:26 -0400] "POST /wp-cron.php?doing_wp_cron=1777655726.1381208896636962890625 HTTP/1.1" 200 0 "-" "WordPress/6.9.4; https://raydget.vip"
66.249.65.44 - - [01/May/2026:13:15:35 -0400] "GET /version/lot/etyvvzmbbjmwiw3.phtml HTTP/1.1" 200 29853 "-" "Mozilla/5.0 (Linux; Android 6.0.1; Nexus 5X Build/MMB29P) AppleWebKit/537.36 (KHTML, like Gecko) Chrome/147.0.7727.137 Mobile Safari/537.36 (compatible; Googlebot/2.1; +http://www.google.com/bot.html)"
18.169.227.47 - - [01/May/2026:13:15:48 -0400] "GET /wp-login.php HTTP/1.1" 302 0 "-" "Mozilla/5.0 (Macintosh; Intel Mac OS X 10_13_3) AppleWebKit/537.36 (KHTML, like Gecko) Chrome/65.0.3325.162 Safari/537.36"
18.169.227.47 - - [01/May/2026:13:15:58 -0400] "GET /wp-login.php HTTP/1.1" 200 0 "https://raydget.vip/wp-login.php" "Mozilla/5.0 (Macintosh; Intel Mac OS X 10_13_3) AppleWebKit/537.36 (KHTML, like Gecko) Chrome/65.0.3325.162 Safari/537.36"
66.249.65.44 - - [01/May/2026:13:16:36 -0400] "GET /flock/label/ethjq65g6q5r63m.phtml HTTP/1.1" 200 29398 "-" "Mozilla/5.0 (Linux; Android 6.0.1; Nexus 5X Build/MMB29P) AppleWebKit/537.36 (KHTML, like Gecko) Chrome/147.0.7727.137 Mobile Safari/537.36 (compatible; Googlebot/2.1; +http://www.google.com/bot.html)"
66.249.65.44 - - [01/May/2026:13:16:37 -0400] "GET /genus/edition/ed6arjul73uskgb.phtml HTTP/1.1" 200 29716 "-" "Mozilla/5.0 (Linux; Android 6.0.1; Nexus 5X Build/MMB29P) AppleWebKit/537.36 (KHTML, like Gecko) Chrome/147.0.7727.137 Mobile Safari/537.36 (compatible; Googlebot/2.1; +http://www.google.com/bot.html)"
162.0.232.104 - - [01/May/2026:13:17:03 -0400] "POST /wp-cron.php?doing_wp_cron=1777655823.9422099590301513671875 HTTP/1.1" 200 0 "-" "WordPress/6.9.4; https://raydget.vip"
66.249.65.44 - - [01/May/2026:13:16:56 -0400] "GET /rank/tool/evvzswjf8gjt3t0.phtml HTTP/1.1" 404 0 "-" "Mozilla/5.0 (Linux; Android 6.0.1; Nexus 5X Build/MMB29P) AppleWebKit/537.36 (KHTML, like Gecko) Chrome/147.0.7727.137 Mobile Safari/537.36 (compatible; GoogleOther)"
66.249.65.44 - - [01/May/2026:13:17:37 -0400] "GET /matrix/portion/euzx8onio8n90l4.phtml HTTP/1.1" 200 30545 "-" "Mozilla/5.0 (Linux; Android 6.0.1; Nexus 5X Build/MMB29P) AppleWebKit/537.36 (KHTML, like Gecko) Chrome/147.0.7727.137 Mobile Safari/537.36 (compatible; Googlebot/2.1; +http://www.google.com/bot.html)"
74.7.244.9 - - [01/May/2026:13:17:47 -0400] "GET /robots.txt HTTP/1.1" 200 91 "-" "Mozilla/5.0 (Macintosh; Intel Mac OS X 10_15_7) AppleWebKit/537.36 (KHTML, like Gecko) Chrome/131.0.0.0 Safari/537.36; compatible; OAI-SearchBot/1.3; robots.txt; +https://openai.com/searchbot"
162.0.232.104 - - [01/May/2026:13:18:09 -0400] "POST /wp-cron.php?doing_wp_cron=1777655889.0471670627593994140625 HTTP/1.1" 200 0 "-" "WordPress/6.9.4; https://raydget.vip"
66.249.65.44 - - [01/May/2026:13:18:01 -0400] "GET /make/creation/elbmk0zn0kzlbxg.phtml HTTP/1.1" 404 0 "-" "Mozilla/5.0 (Linux; Android 6.0.1; Nexus 5X Build/MMB29P) AppleWebKit/537.36 (KHTML, like Gecko) Chrome/147.0.7727.137 Mobile Safari/537.36 (compatible; GoogleOther)"
192.0.91.228 - - [01/May/2026:13:18:08 -0400] "HEAD / HTTP/1.1" 200 0 "-" "jetmon/1.0 (Jetpack Site Uptime Monitor by WordPress.com)"
213.180.203.25 - - [01/May/2026:13:20:56 -0400] "GET /robots.txt HTTP/1.1" 200 91 "-" "Mozilla/5.0 (compatible; YandexBot/3.0; +http://yandex.com/bots)"
162.0.232.104 - - [01/May/2026:13:21:08 -0400] "POST /wp-cron.php?doing_wp_cron=1777656068.6447710990905761718750 HTTP/1.1" 200 0 "-" "WordPress/6.9.4; https://raydget.vip"
66.249.65.46 - - [01/May/2026:13:20:52 -0400] "GET /feature/module/eslw6y9kmi97gvq.phtml HTTP/1.1" 404 0 "-" "Mozilla/5.0 (Linux; Android 6.0.1; Nexus 5X Build/MMB29P) AppleWebKit/537.36 (KHTML, like Gecko) Chrome/147.0.7727.137 Mobile Safari/537.36 (compatible; GoogleOther)"
87.250.224.224 - - [01/May/2026:13:20:57 -0400] "GET /product-category/%D1%81%D0%B8%D1%81%D1%82%D0%B5%D0%BC%D1%8B-%D1%80%D0%B0%D0%B4%D0%B8%D0%BE%D1%81%D0%B2%D1%8F%D0%B7%D0%B8/ HTTP/1.1" 404 21540 "-" "Mozilla/5.0 (compatible; YandexBot/3.0; +http://yandex.com/bots)"
66.249.65.44 - - [01/May/2026:13:21:37 -0400] "GET /schedule/type/eqqxzfenfze0gcv.phtml HTTP/1.1" 200 30740 "-" "Mozilla/5.0 (Linux; Android 6.0.1; Nexus 5X Build/MMB29P) AppleWebKit/537.36 (KHTML, like Gecko) Chrome/147.0.7727.137 Mobile Safari/537.36 (compatible; Googlebot/2.1; +http://www.google.com/bot.html)"
162.0.232.104 - - [01/May/2026:13:22:14 -0400] "POST /wp-cron.php?doing_wp_cron=1777656134.6637260913848876953125 HTTP/1.1" 200 0 "-" "WordPress/6.9.4; https://raydget.vip"
66.249.65.45 - - [01/May/2026:13:22:03 -0400] "GET /framework/career/eenuwcbhcwbxv9s.phtml HTTP/1.1" 404 0 "-" "Mozilla/5.0 (Linux; Android 6.0.1; Nexus 5X Build/MMB29P) AppleWebKit/537.36 (KHTML, like Gecko) Chrome/147.0.7727.137 Mobile Safari/537.36 (compatible; GoogleOther)"
192.0.91.228 - - [01/May/2026:13:23:07 -0400] "HEAD / HTTP/1.1" 200 0 "-" "jetmon/1.0 (Jetpack Site Uptime Monitor by WordPress.com)"
162.0.232.104 - - [01/May/2026:13:23:32 -0400] "POST /wp-cron.php?doing_wp_cron=1777656212.6287770271301269531250 HTTP/1.1" 200 0 "-" "WordPress/6.9.4; https://raydget.vip"
162.0.232.104 - - [01/May/2026:13:24:37 -0400] "POST /wp-cron.php?doing_wp_cron=1777656277.6450519561767578125000 HTTP/1.1" 200 0 "-" "WordPress/6.9.4; https://raydget.vip"
192.0.91.228 - - [01/May/2026:13:24:29 -0400] "HEAD / HTTP/1.1" 200 0 "-" "jetmon/1.0 (Jetpack Site Uptime Monitor by WordPress.com)"
46.22.135.218 - - [01/May/2026:13:24:50 -0400] "GET /wp-login.php HTTP/1.1" 200 0 "-" "Mozilla/5.0 (Macintosh; Intel Mac OS X 10_11_6) AppleWebKit/604.1.38 (KHTML, like Gecko) Version/11.0 Safari/604.1.38"
66.249.65.46 - - [01/May/2026:13:24:49 -0400] "GET /format/gadget/eb55eutbuetfpra.phtml HTTP/1.1" 404 0 "-" "Mozilla/5.0 (Linux; Android 6.0.1; Nexus 5X Build/MMB29P) AppleWebKit/537.36 (KHTML, like Gecko) Chrome/147.0.7727.137 Mobile Safari/537.36 (compatible; GoogleOther)"
162.0.232.104 - - [01/May/2026:13:25:34 -0400] "POST /wp-cron.php?doing_wp_cron=1777656334.5668230056762695312500 HTTP/1.1" 200 0 "-" "WordPress/6.9.4; https://raydget.vip"
66.249.65.44 - - [01/May/2026:13:25:17 -0400] "GET /matrix/outcome/e6vfswjj8gjt9t0.phtml HTTP/1.1" 404 0 "-" "Mozilla/5.0 (Linux; Android 6.0.1; Nexus 5X Build/MMB29P) AppleWebKit/537.36 (KHTML, like Gecko) Chrome/147.0.7727.137 Mobile Safari/537.36 (compatible; GoogleOther)"
162.214.192.209 - - [01/May/2026:13:26:01 -0400] "POST /xmlrpc.php HTTP/1.1" 200 287 "-" "Mozilla/5.0 (Windows NT 6.1; WOW64; Trident/7.0; EIE10;ENGBWOL; rv:11.0) like Gecko"
66.249.65.46 - - [01/May/2026:13:26:06 -0400] "GET /aggregation/type/eity2ihgi2h3gfy.phtml HTTP/1.1" 404 0 "-" "Mozilla/5.0 (Linux; Android 6.0.1; Nexus 5X Build/MMB29P) AppleWebKit/537.36 (KHTML, like Gecko) Chrome/147.0.7727.137 Mobile Safari/537.36 (compatible; GoogleOther)"
66.249.65.44 - - [01/May/2026:13:26:38 -0400] "GET /grouping/substance/exhhq65h6q5rb3m.phtml HTTP/1.1" 200 31372 "-" "Mozilla/5.0 (Linux; Android 6.0.1; Nexus 5X Build/MMB29P) AppleWebKit/537.36 (KHTML, like Gecko) Chrome/147.0.7727.137 Mobile Safari/537.36 (compatible; Googlebot/2.1; +http://www.google.com/bot.html)"
162.0.232.104 - - [01/May/2026:13:26:45 -0400] "POST /wp-cron.php?doing_wp_cron=1777656405.1410629749298095703125 HTTP/1.1" 200 0 "-" "WordPress/6.9.4; https://raydget.vip"
15.235.27.0 - - [01/May/2026:13:26:26 -0400] "GET /shop/feed/ HTTP/1.1" 404 0 "-" "Mozilla/5.0 (compatible; AhrefsBot/7.0; +http://ahrefs.com/robot/)"
80.77.146.194 - - [01/May/2026:13:26:36 -0400] "GET /wp-login.php HTTP/1.1" 200 0 "-" "Mozilla/4.0 (compatible; MSIE 7.0; Windows NT 10.0; WOW64; Trident/7.0; .NET4.0C; .NET4.0E; .NET CLR 2.0.50727; .NET CLR 3.0.30729; .NET CLR 3.5.30729; InfoPath.3)"
89.116.23.116 - - [01/May/2026:13:26:39 -0400] "POST /xmlrpc.php HTTP/1.1" 200 0 "-" "Mozilla/5.0 (Windows NT 10.0; WOW64) AppleWebKit/537.36 (KHTML, like Gecko) Chrome/67.0.3396.87 Safari/537.36"
162.0.232.104 - - [01/May/2026:13:28:12 -0400] "POST /wp-cron.php?doing_wp_cron=1777656492.4389410018920898437500 HTTP/1.1" 200 0 "-" "WordPress/6.9.4; https://raydget.vip"
192.0.91.228 - - [01/May/2026:13:28:08 -0400] "HEAD / HTTP/1.1" 200 0 "-" "jetmon/1.0 (Jetpack Site Uptime Monitor by WordPress.com)"
162.0.232.104 - - [01/May/2026:13:28:50 -0400] "POST /wp-cron.php?doing_wp_cron=1777656530.1409809589385986328125 HTTP/1.1" 200 0 "-" "WordPress/6.9.4; https://raydget.vip"
66.249.65.44 - - [01/May/2026:13:28:46 -0400] "GET /unit/assembly/dj2ibrqjrbqcdo7.phtml HTTP/1.1" 404 0 "-" "Mozilla/5.0 (Linux; Android 6.0.1; Nexus 5X Build/MMB29P) AppleWebKit/537.36 (KHTML, like Gecko) Chrome/147.0.7727.137 Mobile Safari/537.36 (compatible; GoogleOther)"
162.0.232.104 - - [01/May/2026:13:30:14 -0400] "POST /wp-cron.php?doing_wp_cron=1777656614.9139239788055419921875 HTTP/1.1" 200 0 "-" "WordPress/6.9.4; https://raydget.vip"
66.249.65.46 - - [01/May/2026:13:30:10 -0400] "GET /hierarchy/bit/e9jugk7fw47hbho.phtml HTTP/1.1" 404 0 "-" "Mozilla/5.0 (Linux; Android 6.0.1; Nexus 5X Build/MMB29P) AppleWebKit/537.36 (KHTML, like Gecko) Chrome/147.0.7727.137 Mobile Safari/537.36 (compatible; GoogleOther)"
162.0.232.104 - - [01/May/2026:13:32:46 -0400] "POST /wp-cron.php?doing_wp_cron=1777656766.3646349906921386718750 HTTP/1.1" 200 0 "-" "WordPress/6.9.4; https://raydget.vip"
66.249.65.46 - - [01/May/2026:13:32:32 -0400] "GET /genus/outgrowth/ep97umxna6xvpje.phtml HTTP/1.1" 404 0 "-" "Mozilla/5.0 (Linux; Android 6.0.1; Nexus 5X Build/MMB29P) AppleWebKit/537.36 (KHTML, like Gecko) Chrome/147.0.7727.137 Mobile Safari/537.36 (compatible; GoogleOther)"
66.249.65.45 - - [01/May/2026:13:32:46 -0400] "GET /continuum/segment/ej1zy2pfempzxz6.phtml HTTP/1.1" 404 0 "-" "Mozilla/5.0 (Linux; Android 6.0.1; Nexus 5X Build/MMB29P) AppleWebKit/537.36 (KHTML, like Gecko) Chrome/147.0.7727.137 Mobile Safari/537.36 (compatible; GoogleOther)"
192.0.91.228 - - [01/May/2026:13:33:08 -0400] "HEAD / HTTP/1.1" 200 0 "-" "jetmon/1.0 (Jetpack Site Uptime Monitor by WordPress.com)"
162.0.232.104 - - [01/May/2026:13:35:15 -0400] "POST /wp-cron.php?doing_wp_cron=1777656914.9410099983215332031250 HTTP/1.1" 200 0 "-" "WordPress/6.9.4; https://raydget.vip"
208.109.188.137 - - [01/May/2026:13:35:02 -0400] "GET /wp-login.php HTTP/1.1" 302 0 "-" "Mozilla/5.0 (Windows NT 6.2; Win64; x64) AppleWebKit/537.36 (KHTML, like Gecko) Chrome/67.0.3396.87 Safari/537.36"
208.109.188.137 - - [01/May/2026:13:35:15 -0400] "GET /wp-login.php HTTP/1.1" 200 0 "https://raydget.vip/wp-login.php" "Mozilla/5.0 (Windows NT 6.2; Win64; x64) AppleWebKit/537.36 (KHTML, like Gecko) Chrome/67.0.3396.87 Safari/537.36"
162.0.232.104 - - [01/May/2026:13:36:17 -0400] "POST /wp-cron.php?doing_wp_cron=1777656977.6357429027557373046875 HTTP/1.1" 200 0 "-" "WordPress/6.9.4; https://raydget.vip"
15.235.164.131 - - [01/May/2026:13:36:11 -0400] "POST /xmlrpc.php HTTP/1.1" 200 288 "-" "Mozilla/5.0 (Windows NT 10.0; Win64; x64; WebView/3.0) AppleWebKit/537.36 (KHTML, like Gecko) Chrome/58.0.3029.110 Safari/537.36 Edge/16.16299"
162.0.232.104 - - [01/May/2026:13:36:40 -0400] "POST /wp-cron.php?doing_wp_cron=1777657000.1536779403686523437500 HTTP/1.1" 200 0 "-" "WordPress/6.9.4; https://raydget.vip"
192.46.221.70 - - [01/May/2026:13:36:32 -0400] "POST /xmlrpc.php HTTP/1.1" 200 286 "-" "Mozilla/5.0 (Windows NT 6.3; WOW64; Trident/7.0; rv:11.0; i-Macros-Web-Automation) like Gecko"
66.249.65.46 - - [01/May/2026:13:36:40 -0400] "GET /make/division/e1uuf7iivrig54z.phtml HTTP/1.1" 404 0 "-" "Mozilla/5.0 (Linux; Android 6.0.1; Nexus 5X Build/MMB29P) AppleWebKit/537.36 (KHTML, like Gecko) Chrome/147.0.7727.137 Mobile Safari/537.36 (compatible; GoogleOther)"
162.0.232.104 - - [01/May/2026:13:37:38 -0400] "POST /wp-cron.php?doing_wp_cron=1777657058.7390139102935791015625 HTTP/1.1" 200 0 "-" "WordPress/6.9.4; https://raydget.vip"
20.118.20.77 - - [01/May/2026:13:37:31 -0400] "GET /wp-login.php HTTP/1.1" 302 0 "-" "Mozilla/4.0 (compatible; MSIE 7.0; Windows NT 6.2; WOW64; Trident/7.0; .NET4.0E; .NET4.0C; .NET CLR 3.5.30729; .NET CLR 2.0.50727; .NET CLR 3.0.30729; Tablet PC 2.0)"
20.118.20.77 - - [01/May/2026:13:37:39 -0400] "GET /wp-login.php HTTP/1.1" 200 0 "https://raydget.vip/wp-login.php" "Mozilla/4.0 (compatible; MSIE 7.0; Windows NT 6.2; WOW64; Trident/7.0; .NET4.0E; .NET4.0C; .NET CLR 3.5.30729; .NET CLR 2.0.50727; .NET CLR 3.0.30729; Tablet PC 2.0)"
192.0.91.228 - - [01/May/2026:13:38:08 -0400] "HEAD / HTTP/1.1" 200 0 "-" "jetmon/1.0 (Jetpack Site Uptime Monitor by WordPress.com)"
66.249.65.44 - - [01/May/2026:13:38:16 -0400] "GET /chart/specification/e80pldor1xom6a5.phtml HTTP/1.1" 404 0 "-" "Mozilla/5.0 (Linux; Android 6.0.1; Nexus 5X Build/MMB29P) AppleWebKit/537.36 (KHTML, like Gecko) Chrome/147.0.7727.137 Mobile Safari/537.36 (compatible; GoogleOther)"
162.0.232.104 - - [01/May/2026:13:39:03 -0400] "POST /wp-cron.php?doing_wp_cron=1777657143.5829830169677734375000 HTTP/1.1" 200 0 "-" "WordPress/6.9.4; https://raydget.vip"
66.249.65.44 - - [01/May/2026:13:38:59 -0400] "GET /union/article/e67j48vbksv5d5c.phtml HTTP/1.1" 404 0 "-" "Mozilla/5.0 (Linux; Android 6.0.1; Nexus 5X Build/MMB29P) AppleWebKit/537.36 (KHTML, like Gecko) Chrome/147.0.7727.137 Mobile Safari/537.36 (compatible; GoogleOther)"
162.0.232.104 - - [01/May/2026:13:39:41 -0400] "POST /wp-cron.php?doing_wp_cron=1777657181.7971439361572265625000 HTTP/1.1" 200 0 "-" "WordPress/6.9.4; https://raydget.vip"
97.107.128.144 - - [01/May/2026:13:39:35 -0400] "POST /xmlrpc.php HTTP/1.1" 200 290 "-" "Mozilla/5.0 (Macintosh; Intel Mac OS X 10_10_5) AppleWebKit/537.36 (KHTML, like Gecko) Chrome/65.0.3325.181 Safari/537.36"
66.249.65.45 - - [01/May/2026:13:40:02 -0400] "GET /unit/possession/ela27byhnvy8g8f.phtml HTTP/1.1" 404 0 "-" "Mozilla/5.0 (Linux; Android 6.0.1; Nexus 5X Build/MMB29P) AppleWebKit/537.36 (KHTML, like Gecko) Chrome/147.0.7727.137 Mobile Safari/537.36 (compatible; GoogleOther)"
66.249.65.44 - - [01/May/2026:13:40:07 -0400] "GET /department/remnant/e4ewn32m3n2oz0j.phtml HTTP/1.1" 404 0 "-" "Mozilla/5.0 (Linux; Android 6.0.1; Nexus 5X Build/MMB29P) AppleWebKit/537.36 (KHTML, like Gecko) Chrome/147.0.7727.137 Mobile Safari/537.36 (compatible; GoogleOther)"
162.0.232.104 - - [01/May/2026:13:40:43 -0400] "POST /wp-cron.php?doing_wp_cron=1777657243.5848081111907958984375 HTTP/1.1" 200 0 "-" "WordPress/6.9.4; https://raydget.vip"
66.249.65.44 - - [01/May/2026:13:40:37 -0400] "GET /nomenclature/pattern/elzh8onlo8n9xl4.phtml HTTP/1.1" 404 0 "-" "Mozilla/5.0 (Linux; Android 6.0.1; Nexus 5X Build/MMB29P) AppleWebKit/537.36 (KHTML, like Gecko) Chrome/147.0.7727.137 Mobile Safari/537.36 (compatible; GoogleOther)"
160.16.79.220 - - [01/May/2026:13:41:12 -0400] "GET /wp-login.php HTTP/1.1" 302 0 "-" "Mozilla/5.0 (Windows NT 6.3; Win64; x64) AppleWebKit/537.36 (KHTML, like Gecko) Chrome/67.0.3396.87 Safari/537.36"
160.16.79.220 - - [01/May/2026:13:41:16 -0400] "GET /wp-login.php HTTP/1.1" 302 0 "https://raydget.vip/wp-login.php" "Mozilla/5.0 (Windows NT 6.3; Win64; x64) AppleWebKit/537.36 (KHTML, like Gecko) Chrome/67.0.3396.87 Safari/537.36"
162.0.232.104 - - [01/May/2026:13:42:25 -0400] "POST /wp-cron.php?doing_wp_cron=1777657345.8448560237884521484375 HTTP/1.1" 200 0 "-" "WordPress/6.9.4; https://raydget.vip"
66.249.65.46 - - [01/May/2026:13:42:19 -0400] "GET /phylum/unit/eqd7ae1cqy1bgbi.phtml HTTP/1.1" 404 0 "-" "Mozilla/5.0 (Linux; Android 6.0.1; Nexus 5X Build/MMB29P) AppleWebKit/537.36 (KHTML, like Gecko) Chrome/147.0.7727.137 Mobile Safari/537.36 (compatible; GoogleOther)"
192.0.91.228 - - [01/May/2026:13:43:08 -0400] "HEAD / HTTP/1.1" 200 0 "-" "jetmon/1.0 (Jetpack Site Uptime Monitor by WordPress.com)"
66.249.65.45 - - [01/May/2026:13:43:45 -0400] "GET /classification/batch/ee5heuteuetfmra.phtml HTTP/1.1" 200 29272 "-" "Mozilla/5.0 (Linux; Android 6.0.1; Nexus 5X Build/MMB29P) AppleWebKit/537.36 (KHTML, like Gecko) Chrome/147.0.7727.137 Mobile Safari/537.36 (compatible; Googlebot/2.1; +http://www.google.com/bot.html)"
66.249.65.46 - - [01/May/2026:13:43:45 -0400] "GET /herd/kit/eqjtgk7jw47htho.phtml HTTP/1.1" 200 29639 "-" "Mozilla/5.0 (Linux; Android 6.0.1; Nexus 5X Build/MMB29P) AppleWebKit/537.36 (KHTML, like Gecko) Chrome/147.0.7727.137 Mobile Safari/537.36 (compatible; Googlebot/2.1; +http://www.google.com/bot.html)"
162.0.232.104 - - [01/May/2026:13:44:41 -0400] "POST /wp-cron.php?doing_wp_cron=1777657481.5379779338836669921875 HTTP/1.1" 200 0 "-" "WordPress/6.9.4; https://raydget.vip"
66.249.65.46 - - [01/May/2026:13:44:33 -0400] "GET /element/case/ecphmqdj2adn3nu.phtml HTTP/1.1" 404 0 "-" "Mozilla/5.0 (Linux; Android 6.0.1; Nexus 5X Build/MMB29P) AppleWebKit/537.36 (KHTML, like Gecko) Chrome/147.0.7727.137 Mobile Safari/537.36 (compatible; GoogleOther)"
66.249.65.46 - - [01/May/2026:13:44:41 -0400] "GET /factor/pattern/e185hxwmxhwizud.phtml HTTP/1.1" 404 0 "-" "Mozilla/5.0 (Linux; Android 6.0.1; Nexus 5X Build/MMB29P) AppleWebKit/537.36 (KHTML, like Gecko) Chrome/147.0.7727.137 Mobile Safari/537.36 (compatible; GoogleOther)"
162.0.232.104 - - [01/May/2026:13:46:03 -0400] "POST /wp-cron.php?doing_wp_cron=1777657562.9406070709228515625000 HTTP/1.1" 200 0 "-" "WordPress/6.9.4; https://raydget.vip"
66.249.65.44 - - [01/May/2026:13:45:50 -0400] "GET /chapter/apparatus/fseyn32b31usygb.phtml HTTP/1.1" 404 0 "-" "Mozilla/5.0 (Linux; Android 6.0.1; Nexus 5X Build/MMB29P) AppleWebKit/537.36 (KHTML, like Gecko) Chrome/147.0.7727.137 Mobile Safari/537.36 (compatible; GoogleOther)"
74.91.224.220 - - [01/May/2026:13:45:58 -0400] "GET /wp-login.php HTTP/1.1" 302 0 "-" "Mozilla/5.0 (Windows NT 6.3; WOW64; Trident/7.0; Touch; MASEJS; rv:11.0) like Gecko"
74.91.224.220 - - [01/May/2026:13:46:14 -0400] "GET /wp-login.php HTTP/1.1" 200 0 "https://raydget.vip/wp-login.php" "Mozilla/5.0 (Windows NT 6.3; WOW64; Trident/7.0; Touch; MASEJS; rv:11.0) like Gecko"
162.0.232.104 - - [01/May/2026:13:46:42 -0400] "POST /wp-cron.php?doing_wp_cron=1777657602.1454210281372070312500 HTTP/1.1" 200 0 "-" "WordPress/6.9.4; https://raydget.vip"
66.249.65.44 - - [01/May/2026:13:46:23 -0400] "GET /section/property/fks0ptgb5ok6ji1.phtml HTTP/1.1" 404 0 "-" "Mozilla/5.0 (Linux; Android 6.0.1; Nexus 5X Build/MMB29P) AppleWebKit/537.36 (KHTML, like Gecko) Chrome/147.0.7727.137 Mobile Safari/537.36 (compatible; GoogleOther)"
3.111.44.237 - - [01/May/2026:13:46:37 -0400] "POST /xmlrpc.php HTTP/1.1" 200 285 "-" "Mozilla/5.0 (Macintosh; Intel Mac OS X 10_10_5) AppleWebKit/537.36 (KHTML, like Gecko) Chrome/65.0.3325.181 Safari/537.36"
66.249.65.44 - - [01/May/2026:13:46:42 -0400] "GET /cluster/property/ecl06y9gmi978vq.phtml HTTP/1.1" 404 0 "-" "Mozilla/5.0 (Linux; Android 6.0.1; Nexus 5X Build/MMB29P) AppleWebKit/537.36 (KHTML, like Gecko) Chrome/147.0.7727.137 Mobile Safari/537.36 (compatible; GoogleOther)"
66.249.65.44 - - [01/May/2026:13:46:59 -0400] "GET /graph/thing/ehd2ae1dqy1bzbi.phtml HTTP/1.1" 404 0 "-" "Mozilla/5.0 (Linux; Android 6.0.1; Nexus 5X Build/MMB29P) AppleWebKit/537.36 (KHTML, like Gecko) Chrome/147.0.7727.137 Mobile Safari/537.36 (compatible; GoogleOther)"
66.249.65.44 - - [01/May/2026:13:47:11 -0400] "GET /status/article/fedzae1bqe5ry3m.phtml HTTP/1.1" 404 0 "-" "Mozilla/5.0 (Linux; Android 6.0.1; Nexus 5X Build/MMB29P) AppleWebKit/537.36 (KHTML, like Gecko) Chrome/147.0.7727.137 Mobile Safari/537.36 (compatible; GoogleOther)"
66.249.65.44 - - [01/May/2026:13:47:23 -0400] "GET /table/load/enik3v6ejf64tsn.phtml HTTP/1.1" 404 0 "-" "Mozilla/5.0 (Linux; Android 6.0.1; Nexus 5X Build/MMB29P) AppleWebKit/537.36 (KHTML, like Gecko) Chrome/147.0.7727.137 Mobile Safari/537.36 (compatible; GoogleOther)"
45.55.138.32 - - [01/May/2026:13:47:27 -0400] "POST /xmlrpc.php HTTP/1.1" 200 285 "-" "Mozilla/4.0 (compatible; MSIE 7.0; Windows NT 6.2; Win64; x64; Trident/7.0; .NET4.0C; .NET4.0E; .NET CLR 2.0.50727; .NET CLR 3.0.30729; .NET CLR 3.5.30729; SLCC2; Media Center PC 6.0)"
162.0.232.104 - - [01/May/2026:13:47:36 -0400] "POST /wp-cron.php?doing_wp_cron=1777657656.1514990329742431640625 HTTP/1.1" 200 0 "-" "WordPress/6.9.4; https://raydget.vip"
66.249.65.44 - - [01/May/2026:13:47:32 -0400] "GET /population/option/e6ngwcb9cwbxf9s.phtml HTTP/1.1" 404 0 "-" "Mozilla/5.0 (Linux; Android 6.0.1; Nexus 5X Build/MMB29P) AppleWebKit/537.36 (KHTML, like Gecko) Chrome/147.0.7727.137 Mobile Safari/537.36 (compatible; GoogleOther)"
66.249.65.45 - - [01/May/2026:13:48:08 -0400] "GET /property/fraction/ervxswjl8gjttt0.phtml HTTP/1.1" 404 0 "-" "Mozilla/5.0 (Linux; Android 6.0.1; Nexus 5X Build/MMB29P) AppleWebKit/537.36 (KHTML, like Gecko) Chrome/147.0.7727.137 Mobile Safari/537.36 (compatible; GoogleOther)"
192.0.91.228 - - [01/May/2026:13:48:09 -0400] "HEAD / HTTP/1.1" 200 0 "-" "jetmon/1.0 (Jetpack Site Uptime Monitor by WordPress.com)"
66.249.65.44 - - [01/May/2026:13:48:19 -0400] "GET /ambit/project/f5nywcbbct315pk.phtml HTTP/1.1" 404 0 "-" "Mozilla/5.0 (Linux; Android 6.0.1; Nexus 5X Build/MMB29P) AppleWebKit/537.36 (KHTML, like Gecko) Chrome/147.0.7727.137 Mobile Safari/537.36 (compatible; GoogleOther)"
162.0.232.104 - - [01/May/2026:13:48:54 -0400] "POST /wp-cron.php?doing_wp_cron=1777657734.2400989532470703125000 HTTP/1.1" 200 0 "-" "WordPress/6.9.4; https://raydget.vip"
78.142.18.172 - - [01/May/2026:13:48:41 -0400] "GET /wp-login.php HTTP/1.1" 302 0 "-" "Mozilla/5.0 (Windows NT 6.1) AppleWebKit/537.36 (KHTML, like Gecko) Chrome/65.0.3325.181 Safari/537.36"
78.142.18.172 - - [01/May/2026:13:48:54 -0400] "GET /wp-login.php HTTP/1.1" 200 0 "https://raydget.vip/wp-login.php" "Mozilla/5.0 (Windows NT 6.1) AppleWebKit/537.36 (KHTML, like Gecko) Chrome/65.0.3325.181 Safari/537.36"
66.249.65.44 - - [01/May/2026:13:48:48 -0400] "GET /typology/brand/ez8hhxwbxhwigud.phtml HTTP/1.1" 404 0 "-" "Mozilla/5.0 (Linux; Android 6.0.1; Nexus 5X Build/MMB29P) AppleWebKit/537.36 (KHTML, like Gecko) Chrome/147.0.7727.137 Mobile Safari/537.36 (compatible; GoogleOther)"
162.0.232.104 - - [01/May/2026:13:50:19 -0400] "POST /wp-cron.php?doing_wp_cron=1777657819.0500140190124511718750 HTTP/1.1" 200 0 "-" "WordPress/6.9.4; https://raydget.vip"
66.249.65.44 - - [01/May/2026:13:50:10 -0400] "GET /faction/supply/fy8xhxwbx4omja5.phtml HTTP/1.1" 404 0 "-" "Mozilla/5.0 (Linux; Android 6.0.1; Nexus 5X Build/MMB29P) AppleWebKit/537.36 (KHTML, like Gecko) Chrome/147.0.7727.137 Mobile Safari/537.36 (compatible; GoogleOther)"
66.249.65.44 - - [01/May/2026:13:50:19 -0400] "GET /flock/category/etam7bynnvy868f.phtml HTTP/1.1" 404 0 "-" "Mozilla/5.0 (Linux; Android 6.0.1; Nexus 5X Build/MMB29P) AppleWebKit/537.36 (KHTML, like Gecko) Chrome/147.0.7727.137 Mobile Safari/537.36 (compatible; GoogleOther)"
162.0.232.104 - - [01/May/2026:13:50:37 -0400] "POST /wp-cron.php?doing_wp_cron=1777657837.5273349285125732421875 HTTP/1.1" 200 0 "-" "WordPress/6.9.4; https://raydget.vip"
66.249.65.44 - - [01/May/2026:13:50:28 -0400] "GET /attribute/publication/f9nxwcbbca31ipk.phtml HTTP/1.1" 404 0 "-" "Mozilla/5.0 (Linux; Android 6.0.1; Nexus 5X Build/MMB29P) AppleWebKit/537.36 (KHTML, like Gecko) Chrome/147.0.7727.137 Mobile Safari/537.36 (compatible; GoogleOther)"
66.249.65.44 - - [01/May/2026:13:51:16 -0400] "GET /province/set/e9tj2ihei2h38fy.phtml HTTP/1.1" 404 0 "-" "Mozilla/5.0 (Linux; Android 6.0.1; Nexus 5X Build/MMB29P) AppleWebKit/537.36 (KHTML, like Gecko) Chrome/147.0.7727.137 Mobile Safari/537.36 (compatible; GoogleOther)"
66.249.65.44 - - [01/May/2026:13:51:19 -0400] "GET /feature/deliverable/e0lf6y9mmi972vq.phtml HTTP/1.1" 404 0 "-" "Mozilla/5.0 (Linux; Android 6.0.1; Nexus 5X Build/MMB29P) AppleWebKit/537.36 (KHTML, like Gecko) Chrome/147.0.7727.137 Mobile Safari/537.36 (compatible; GoogleOther)"
162.0.232.104 - - [01/May/2026:13:52:05 -0400] "POST /wp-cron.php?doing_wp_cron=1777657925.1705520153045654296875 HTTP/1.1" 200 0 "-" "WordPress/6.9.4; https://raydget.vip"
66.249.65.44 - - [01/May/2026:13:51:59 -0400] "GET /aggregation/article/ftf00s3bgmjt6t0.phtml HTTP/1.1" 404 0 "-" "Mozilla/5.0 (Linux; Android 6.0.1; Nexus 5X Build/MMB29P) AppleWebKit/537.36 (KHTML, like Gecko) Chrome/147.0.7727.137 Mobile Safari/537.36 (compatible; GoogleOther)"
66.249.65.44 - - [01/May/2026:13:52:18 -0400] "GET /demographic/system/fhryc4fbsjv535c.phtml HTTP/1.1" 404 0 "-" "Mozilla/5.0 (Linux; Android 6.0.1; Nexus 5X Build/MMB29P) AppleWebKit/537.36 (KHTML, like Gecko) Chrome/147.0.7727.137 Mobile Safari/537.36 (compatible; GoogleOther)"
162.0.232.104 - - [01/May/2026:13:52:46 -0400] "POST /wp-cron.php?doing_wp_cron=1777657966.0738809108734130859375 HTTP/1.1" 200 0 "-" "WordPress/6.9.4; https://raydget.vip"
66.249.65.44 - - [01/May/2026:13:52:38 -0400] "GET /flock/lot/exxqialfyuljd72.phtml HTTP/1.1" 404 0 "-" "Mozilla/5.0 (Linux; Android 6.0.1; Nexus 5X Build/MMB29P) AppleWebKit/537.36 (KHTML, like Gecko) Chrome/147.0.7727.137 Mobile Safari/537.36 (compatible; GoogleOther)"
66.249.65.44 - - [01/May/2026:13:53:03 -0400] "GET /attribute/publication/eurhc4fcsofda1w.phtml HTTP/1.1" 404 0 "-" "Mozilla/5.0 (Linux; Android 6.0.1; Nexus 5X Build/MMB29P) AppleWebKit/537.36 (KHTML, like Gecko) Chrome/147.0.7727.137 Mobile Safari/537.36 (compatible; GoogleOther)"
192.0.91.228 - - [01/May/2026:13:53:08 -0400] "HEAD / HTTP/1.1" 200 0 "-" "jetmon/1.0 (Jetpack Site Uptime Monitor by WordPress.com)"
162.0.232.104 - - [01/May/2026:13:54:32 -0400] "POST /wp-cron.php?doing_wp_cron=1777658072.0495889186859130859375 HTTP/1.1" 200 0 "-" "WordPress/6.9.4; https://raydget.vip"
66.249.65.46 - - [01/May/2026:13:54:19 -0400] "GET /version/thing/d6dnae10qy1b5bi.phtml HTTP/1.1" 404 0 "-" "Mozilla/5.0 (Linux; Android 6.0.1; Nexus 5X Build/MMB29P) AppleWebKit/537.36 (KHTML, like Gecko) Chrome/147.0.7727.137 Mobile Safari/537.36 (compatible; GoogleOther)"
66.249.65.46 - - [01/May/2026:13:54:32 -0400] "GET /collection/artwork/eqmwjnamz7akzkr.phtml HTTP/1.1" 404 0 "-" "Mozilla/5.0 (Linux; Android 6.0.1; Nexus 5X Build/MMB29P) AppleWebKit/537.36 (KHTML, like Gecko) Chrome/147.0.7727.137 Mobile Safari/537.36 (compatible; GoogleOther)"
162.0.232.104 - - [01/May/2026:13:55:34 -0400] "POST /wp-cron.php?doing_wp_cron=1777658134.6327040195465087890625 HTTP/1.1" 200 0 "-" "WordPress/6.9.4; https://raydget.vip"
66.249.65.44 - - [01/May/2026:13:55:21 -0400] "GET /family/parcel/fwh0q65b60xvwje.phtml HTTP/1.1" 404 0 "-" "Mozilla/5.0 (Linux; Android 6.0.1; Nexus 5X Build/MMB29P) AppleWebKit/537.36 (KHTML, like Gecko) Chrome/147.0.7727.137 Mobile Safari/537.36 (compatible; GoogleOther)"
66.249.65.44 - - [01/May/2026:13:55:53 -0400] "GET /ambit/division/etuuf7iivrigx4z.phtml HTTP/1.1" 404 0 "-" "Mozilla/5.0 (Linux; Android 6.0.1; Nexus 5X Build/MMB29P) AppleWebKit/537.36 (KHTML, like Gecko) Chrome/147.0.7727.137 Mobile Safari/537.36 (compatible; GoogleOther)"
162.0.232.104 - - [01/May/2026:13:56:52 -0400] "POST /wp-cron.php?doing_wp_cron=1777658212.5365619659423828125000 HTTP/1.1" 200 0 "-" "WordPress/6.9.4; https://raydget.vip"
66.249.65.44 - - [01/May/2026:13:56:28 -0400] "GET /realm/implement/e8k1t98g9t8uf6p.phtml HTTP/1.1" 404 0 "-" "Mozilla/5.0 (Linux; Android 6.0.1; Nexus 5X Build/MMB29P) AppleWebKit/537.36 (KHTML, like Gecko) Chrome/147.0.7727.137 Mobile Safari/537.36 (compatible; GoogleOther)"
142.93.217.129 - - [01/May/2026:13:57:03 -0400] "GET /wp-login.php HTTP/1.1" 200 0 "-" "Mozilla/5.0 (Windows NT 6.3; WOW64; Trident/7.0; Touch; rv:11.0) like Gecko"
162.0.232.104 - - [01/May/2026:13:57:53 -0400] "POST /wp-cron.php?doing_wp_cron=1777658273.0330789089202880859375 HTTP/1.1" 200 0 "-" "WordPress/6.9.4; https://raydget.vip"
66.249.65.44 - - [01/May/2026:13:57:19 -0400] "GET /segment/set/elvfswjb8gjtjt0.phtml HTTP/1.1" 404 0 "-" "Mozilla/5.0 (Linux; Android 6.0.1; Nexus 5X Build/MMB29P) AppleWebKit/537.36 (KHTML, like Gecko) Chrome/147.0.7727.137 Mobile Safari/537.36 (compatible; GoogleOther)"
192.0.91.228 - - [01/May/2026:13:58:09 -0400] "HEAD / HTTP/1.1" 200 0 "-" "jetmon/1.0 (Jetpack Site Uptime Monitor by WordPress.com)"
20.163.27.0 - - [01/May/2026:13:58:13 -0400] "POST /xmlrpc.php HTTP/1.1" 200 0 "-" "Mozilla/5.0 (Windows NT 10.0; Win64; x64) AppleWebKit/537.36 (KHTML, like Gecko) Chrome/137.0.0.0 Safari/537.36 Edg/137.0.0.0"
162.0.232.104 - - [01/May/2026:13:58:40 -0400] "POST /wp-cron.php?doing_wp_cron=1777658320.0341351032257080078125 HTTP/1.1" 200 0 "-" "WordPress/6.9.4; https://raydget.vip"
66.249.65.44 - - [01/May/2026:13:58:05 -0400] "GET /strain/construction/fm2ybrqbr6igv4z.phtml HTTP/1.1" 404 0 "-" "Mozilla/5.0 (Linux; Android 6.0.1; Nexus 5X Build/MMB29P) AppleWebKit/537.36 (KHTML, like Gecko) Chrome/147.0.7727.137 Mobile Safari/537.36 (compatible; GoogleOther)"
66.249.65.45 - - [01/May/2026:13:58:40 -0400] "GET /framework/equipment/ey7r48vcksv5u5c.phtml HTTP/1.1" 404 0 "-" "Mozilla/5.0 (Linux; Android 6.0.1; Nexus 5X Build/MMB29P) AppleWebKit/537.36 (KHTML, like Gecko) Chrome/147.0.7727.137 Mobile Safari/537.36 (compatible; GoogleOther)"
66.249.65.45 - - [01/May/2026:13:59:12 -0400] "GET /field/prototype/fjhzq65b6mxvgje.phtml HTTP/1.1" 404 0 "-" "Mozilla/5.0 (Linux; Android 6.0.1; Nexus 5X Build/MMB29P) AppleWebKit/537.36 (KHTML, like Gecko) Chrome/147.0.7727.137 Mobile Safari/537.36 (compatible; GoogleOther)"
162.0.232.104 - - [01/May/2026:13:59:50 -0400] "POST /wp-cron.php?doing_wp_cron=1777658390.5350239276885986328125 HTTP/1.1" 200 0 "-" "WordPress/6.9.4; https://raydget.vip"
192.0.91.228 - - [01/May/2026:13:59:34 -0400] "HEAD / HTTP/1.1" 200 0 "-" "jetmon/1.0 (Jetpack Site Uptime Monitor by WordPress.com)"
66.249.65.44 - - [01/May/2026:14:00:19 -0400] "GET /community/attribute/ed7o48voksv5c5c.phtml HTTP/1.1" 404 0 "-" "Mozilla/5.0 (Linux; Android 6.0.1; Nexus 5X Build/MMB29P) AppleWebKit/537.36 (KHTML, like Gecko) Chrome/147.0.7727.137 Mobile Safari/537.36 (compatible; GoogleOther)"
66.249.65.44 - - [01/May/2026:14:00:42 -0400] "GET /status/byproduct/euk0t98b9t8u26p.phtml HTTP/1.1" 200 29169 "-" "Mozilla/5.0 (Linux; Android 6.0.1; Nexus 5X Build/MMB29P) AppleWebKit/537.36 (KHTML, like Gecko) Chrome/147.0.7727.137 Mobile Safari/537.36 (compatible; Googlebot/2.1; +http://www.google.com/bot.html)"
162.0.232.104 - - [01/May/2026:14:00:46 -0400] "POST /wp-cron.php?doing_wp_cron=1777658446.5353701114654541015625 HTTP/1.1" 200 0 "-" "WordPress/6.9.4; https://raydget.vip"
66.249.65.44 - - [01/May/2026:14:00:38 -0400] "GET /table/kind/fo60rjub7rakgkr.phtml HTTP/1.1" 404 0 "-" "Mozilla/5.0 (Linux; Android 6.0.1; Nexus 5X Build/MMB29P) AppleWebKit/537.36 (KHTML, like Gecko) Chrome/147.0.7727.137 Mobile Safari/537.36 (compatible; GoogleOther)"
66.249.65.44 - - [01/May/2026:14:00:48 -0400] "GET /batch/extra/e5lr6y9emi97kvq.phtml HTTP/1.1" 404 0 "-" "Mozilla/5.0 (Linux; Android 6.0.1; Nexus 5X Build/MMB29P) AppleWebKit/537.36 (KHTML, like Gecko) Chrome/147.0.7727.137 Mobile Safari/537.36 (compatible; GoogleOther)"
162.0.232.104 - - [01/May/2026:14:01:40 -0400] "POST /wp-cron.php?doing_wp_cron=1777658499.9439001083374023437500 HTTP/1.1" 200 0 "-" "WordPress/6.9.4; https://raydget.vip"
134.209.113.97 - - [01/May/2026:14:01:22 -0400] "POST /xmlrpc.php HTTP/1.1" 200 290 "-" "Mozilla/5.0 (Windows NT 6.3; WOW64) AppleWebKit/537.36 (KHTML, like Gecko) Chrome/67.0.3396.87 Safari/537.36"
66.249.65.44 - - [01/May/2026:14:01:42 -0400] "GET /swarm/section/ec3mogrl40rp7d8.phtml HTTP/1.1" 200 29866 "-" "Mozilla/5.0 (Linux; Android 6.0.1; Nexus 5X Build/MMB29P) AppleWebKit/537.36 (KHTML, like Gecko) Chrome/147.0.7727.137 Mobile Safari/537.36 (compatible; Googlebot/2.1; +http://www.google.com/bot.html)"
66.249.65.44 - - [01/May/2026:14:01:43 -0400] "GET /format/shipment/ebpcmqdl2adn7nu.phtml HTTP/1.1" 200 29634 "-" "Mozilla/5.0 (Linux; Android 6.0.1; Nexus 5X Build/MMB29P) AppleWebKit/537.36 (KHTML, like Gecko) Chrome/147.0.7727.137 Mobile Safari/537.36 (compatible; Googlebot/2.1; +http://www.google.com/bot.html)"
66.249.65.44 - - [01/May/2026:14:01:32 -0400] "GET /pattern/tool/e3q5zfekfze0bcv.phtml HTTP/1.1" 404 0 "-" "Mozilla/5.0 (Linux; Android 6.0.1; Nexus 5X Build/MMB29P) AppleWebKit/537.36 (KHTML, like Gecko) Chrome/147.0.7727.137 Mobile Safari/537.36 (compatible; GoogleOther)"
162.0.232.104 - - [01/May/2026:14:02:52 -0400] "POST /wp-cron.php?doing_wp_cron=1777658572.3416891098022460937500 HTTP/1.1" 200 0 "-" "WordPress/6.9.4; https://raydget.vip"
66.249.65.44 - - [01/May/2026:14:02:43 -0400] "GET /establishment/effect/ejsnptgl5dgquqx.phtml HTTP/1.1" 404 0 "-" "Mozilla/5.0 (Linux; Android 6.0.1; Nexus 5X Build/MMB29P) AppleWebKit/537.36 (KHTML, like Gecko) Chrome/147.0.7727.137 Mobile Safari/537.36 (compatible; GoogleOther)"
192.0.91.228 - - [01/May/2026:14:03:08 -0400] "HEAD / HTTP/1.1" 200 0 "-" "jetmon/1.0 (Jetpack Site Uptime Monitor by WordPress.com)"
66.249.74.102 - - [01/May/2026:14:03:19 -0400] "GET /spectrum/specification/ekoi91c6plcaxyt.phtml HTTP/1.1" 404 17261 "-" "Mozilla/5.0 (Linux; Android 6.0.1; Nexus 5X Build/MMB29P) AppleWebKit/537.36 (KHTML, like Gecko) Chrome/147.0.7727.137 Mobile Safari/537.36 (compatible; GoogleOther)"
162.0.232.104 - - [01/May/2026:14:04:34 -0400] "POST /wp-cron.php?doing_wp_cron=1777658674.6439869403839111328125 HTTP/1.1" 200 0 "-" "WordPress/6.9.4; https://raydget.vip"
66.249.65.46 - - [01/May/2026:14:04:22 -0400] "GET /phylum/bundle/fx4215sbh2wizud.phtml HTTP/1.1" 404 0 "-" "Mozilla/5.0 (Linux; Android 6.0.1; Nexus 5X Build/MMB29P) AppleWebKit/537.36 (KHTML, like Gecko) Chrome/147.0.7727.137 Mobile Safari/537.36 (compatible; GoogleOther)"
66.249.65.44 - - [01/May/2026:14:04:48 -0400] "GET /status/model/emqhzfebfze0ccv.phtml HTTP/1.1" 404 0 "-" "Mozilla/5.0 (Linux; Android 6.0.1; Nexus 5X Build/MMB29P) AppleWebKit/537.36 (KHTML, like Gecko) Chrome/147.0.7727.137 Mobile Safari/537.36 (compatible; GoogleOther)"
162.0.232.104 - - [01/May/2026:14:06:23 -0400] "POST /wp-cron.php?doing_wp_cron=1777658783.6666638851165771484375 HTTP/1.1" 200 0 "-" "WordPress/6.9.4; https://raydget.vip"
66.249.65.46 - - [01/May/2026:14:06:19 -0400] "GET /array/material/es53eutluetfpra.phtml HTTP/1.1" 404 0 "-" "Mozilla/5.0 (Linux; Android 6.0.1; Nexus 5X Build/MMB29P) AppleWebKit/537.36 (KHTML, like Gecko) Chrome/147.0.7727.137 Mobile Safari/537.36 (compatible; GoogleOther)"
162.0.232.104 - - [01/May/2026:14:07:00 -0400] "POST /wp-cron.php?doing_wp_cron=1777658820.0760169029235839843750 HTTP/1.1" 200 0 "-" "WordPress/6.9.4; https://raydget.vip"
66.249.65.44 - - [01/May/2026:14:06:53 -0400] "GET /discipline/composition/e7n2wcbdcwbxt9s.phtml HTTP/1.1" 404 0 "-" "Mozilla/5.0 (Linux; Android 6.0.1; Nexus 5X Build/MMB29P) AppleWebKit/537.36 (KHTML, like Gecko) Chrome/147.0.7727.137 Mobile Safari/537.36 (compatible; GoogleOther)"
66.249.65.44 - - [01/May/2026:14:07:12 -0400] "GET /feature/contraption/ecwl5lkdl5k64i1.phtml HTTP/1.1" 404 0 "-" "Mozilla/5.0 (Linux; Android 6.0.1; Nexus 5X Build/MMB29P) AppleWebKit/537.36 (KHTML, like Gecko) Chrome/147.0.7727.137 Mobile Safari/537.36 (compatible; GoogleOther)"
162.0.232.104 - - [01/May/2026:14:07:48 -0400] "POST /wp-cron.php?doing_wp_cron=1777658868.3604578971862792968750 HTTP/1.1" 200 0 "-" "WordPress/6.9.4; https://raydget.vip"
91.227.37.60 - - [01/May/2026:14:07:44 -0400] "GET /wp-login.php HTTP/1.1" 302 0 "-" "Mozilla/4.0 (compatible; MSIE 7.0; Windows NT 6.2; WOW64; Trident/7.0; .NET4.0C; .NET4.0E; .NET CLR 2.0.50727; .NET CLR 3.0.30729; .NET CLR 3.5.30729)"
91.227.37.60 - - [01/May/2026:14:07:48 -0400] "GET /wp-login.php HTTP/1.1" 302 0 "https://raydget.vip/wp-login.php" "Mozilla/4.0 (compatible; MSIE 7.0; Windows NT 6.2; WOW64; Trident/7.0; .NET4.0C; .NET4.0E; .NET CLR 2.0.50727; .NET CLR 3.0.30729; .NET CLR 3.5.30729)"
91.227.37.60 - - [01/May/2026:14:08:01 -0400] "GET /wp-login.php HTTP/1.1" 200 0 "https://raydget.vip/wp-login.php" "Mozilla/4.0 (compatible; MSIE 7.0; Windows NT 6.2; WOW64; Trident/7.0; .NET4.0C; .NET4.0E; .NET CLR 2.0.50727; .NET CLR 3.0.30729; .NET CLR 3.5.30729)"
192.0.91.228 - - [01/May/2026:14:08:08 -0400] "HEAD / HTTP/1.1" 200 0 "-" "jetmon/1.0 (Jetpack Site Uptime Monitor by WordPress.com)"
162.0.232.104 - - [01/May/2026:14:08:48 -0400] "POST /wp-cron.php?doing_wp_cron=1777658928.2468080520629882812500 HTTP/1.1" 200 0 "-" "WordPress/6.9.4; https://raydget.vip"
142.93.215.41 - - [01/May/2026:14:08:36 -0400] "GET /wp-login.php HTTP/1.1" 302 0 "-" "Mozilla/5.0 (Windows NT 10.0; Win64; x64) AppleWebKit/537.36 (KHTML, like Gecko) Chrome/66.0.3359.181 Safari/537.36"
142.93.215.41 - - [01/May/2026:14:08:49 -0400] "GET /wp-login.php HTTP/1.1" 200 0 "https://raydget.vip/wp-login.php" "Mozilla/5.0 (Windows NT 10.0; Win64; x64) AppleWebKit/537.36 (KHTML, like Gecko) Chrome/66.0.3359.181 Safari/537.36"
66.249.65.46 - - [01/May/2026:14:08:58 -0400] "GET /form/handiwork/fnszptgb53k6gi1.phtml HTTP/1.1" 404 0 "-" "Mozilla/5.0 (Linux; Android 6.0.1; Nexus 5X Build/MMB29P) AppleWebKit/537.36 (KHTML, like Gecko) Chrome/147.0.7727.137 Mobile Safari/537.36 (compatible; GoogleOther)"
162.0.232.104 - - [01/May/2026:14:09:35 -0400] "POST /wp-cron.php?doing_wp_cron=1777658975.7521770000457763671875 HTTP/1.1" 200 0 "-" "WordPress/6.9.4; https://raydget.vip"
66.249.65.44 - - [01/May/2026:14:09:27 -0400] "GET /element/deliverable/c9gcdh4lt14e7vq.phtml HTTP/1.1" 404 0 "-" "Mozilla/5.0 (Linux; Android 6.0.1; Nexus 5X Build/MMB29P) AppleWebKit/537.36 (KHTML, like Gecko) Chrome/147.0.7727.137 Mobile Safari/537.36 (compatible; GoogleOther)"
66.249.65.46 - - [01/May/2026:14:10:02 -0400] "GET /version/abtameru/e1h1q65e6q5ro3m.phtml HTTP/1.1" 404 0 "-" "Mozilla/5.0 (Linux; Android 6.0.1; Nexus 5X Build/MMB29P) AppleWebKit/537.36 (KHTML, like Gecko) Chrome/147.0.7727.137 Mobile Safari/537.36 (compatible; GoogleOther)"
162.0.232.104 - - [01/May/2026:14:11:11 -0400] "POST /wp-cron.php?doing_wp_cron=1777659071.3416459560394287109375 HTTP/1.1" 200 0 "-" "WordPress/6.9.4; https://raydget.vip"
66.249.65.44 - - [01/May/2026:14:11:03 -0400] "GET /module/stock/f0gwdh4bt28u56p.phtml HTTP/1.1" 404 0 "-" "Mozilla/5.0 (Linux; Android 6.0.1; Nexus 5X Build/MMB29P) AppleWebKit/537.36 (KHTML, like Gecko) Chrome/147.0.7727.137 Mobile Safari/537.36 (compatible; GoogleOther)"
66.249.65.44 - - [01/May/2026:14:11:47 -0400] "GET /field/stock/ei2xbrqfrbqcoo7.phtml HTTP/1.1" 200 29783 "-" "Mozilla/5.0 (Linux; Android 6.0.1; Nexus 5X Build/MMB29P) AppleWebKit/537.36 (KHTML, like Gecko) Chrome/147.0.7727.137 Mobile Safari/537.36 (compatible; Googlebot/2.1; +http://www.google.com/bot.html)"
162.0.232.104 - - [01/May/2026:14:12:17 -0400] "POST /wp-cron.php?doing_wp_cron=1777659137.1563758850097656250000 HTTP/1.1" 200 0 "-" "WordPress/6.9.4; https://raydget.vip"
34.77.90.132 - - [01/May/2026:14:12:12 -0400] "POST /xmlrpc.php HTTP/1.1" 200 285 "-" "Mozilla/5.0 (Macintosh; Intel Mac OS X 10_11_6) AppleWebKit/537.36 (KHTML, like Gecko) Chrome/65.0.3325.181 Safari/537.36"
66.249.65.45 - - [01/May/2026:14:12:19 -0400] "GET /gamut/version/eoupf7ilvriga4z.phtml HTTP/1.1" 404 0 "-" "Mozilla/5.0 (Linux; Android 6.0.1; Nexus 5X Build/MMB29P) AppleWebKit/537.36 (KHTML, like Gecko) Chrome/147.0.7727.137 Mobile Safari/537.36 (compatible; GoogleOther)"
162.0.232.104 - - [01/May/2026:14:13:05 -0400] "POST /wp-cron.php?doing_wp_cron=1777659185.2352299690246582031250 HTTP/1.1" 200 0 "-" "WordPress/6.9.4; https://raydget.vip"
66.249.65.44 - - [01/May/2026:14:12:51 -0400] "GET /categorization/make/eseln32b3n2oc0j.phtml HTTP/1.1" 404 0 "-" "Mozilla/5.0 (Linux; Android 6.0.1; Nexus 5X Build/MMB29P) AppleWebKit/537.36 (KHTML, like Gecko) Chrome/147.0.7727.137 Mobile Safari/537.36 (compatible; GoogleOther)"
192.0.91.228 - - [01/May/2026:14:13:08 -0400] "HEAD / HTTP/1.1" 200 0 "-" "jetmon/1.0 (Jetpack Site Uptime Monitor by WordPress.com)"
66.249.65.44 - - [01/May/2026:14:13:08 -0400] "GET /classification/artwork/eubdk0zc0kzluxg.phtml HTTP/1.1" 404 0 "-" "Mozilla/5.0 (Linux; Android 6.0.1; Nexus 5X Build/MMB29P) AppleWebKit/537.36 (KHTML, like Gecko) Chrome/147.0.7727.137 Mobile Safari/537.36 (compatible; GoogleOther)"
162.0.232.104 - - [01/May/2026:14:15:31 -0400] "POST /wp-cron.php?doing_wp_cron=1777659331.6501588821411132812500 HTTP/1.1" 200 0 "-" "WordPress/6.9.4; https://raydget.vip"
66.249.65.45 - - [01/May/2026:14:15:13 -0400] "GET /territory/freight/euic3v6fjf64ssn.phtml HTTP/1.1" 404 0 "-" "Mozilla/5.0 (Linux; Android 6.0.1; Nexus 5X Build/MMB29P) AppleWebKit/537.36 (KHTML, like Gecko) Chrome/147.0.7727.137 Mobile Safari/537.36 (compatible; GoogleOther)"
66.249.65.46 - - [01/May/2026:14:15:32 -0400] "GET /classification/portion/eedzae1cqy1bsbi.phtml HTTP/1.1" 404 0 "-" "Mozilla/5.0 (Linux; Android 6.0.1; Nexus 5X Build/MMB29P) AppleWebKit/537.36 (KHTML, like Gecko) Chrome/147.0.7727.137 Mobile Safari/537.36 (compatible; GoogleOther)"
66.249.65.44 - - [01/May/2026:14:15:50 -0400] "GET /classification/offering/eyzu8onjo8n9hl4.phtml HTTP/1.1" 404 0 "-" "Mozilla/5.0 (Linux; Android 6.0.1; Nexus 5X Build/MMB29P) AppleWebKit/537.36 (KHTML, like Gecko) Chrome/147.0.7727.137 Mobile Safari/537.36 (compatible; GoogleOther)"
162.0.232.104 - - [01/May/2026:14:17:18 -0400] "POST /wp-cron.php?doing_wp_cron=1777659438.8462059497833251953125 HTTP/1.1" 200 0 "-" "WordPress/6.9.4; https://raydget.vip"
66.249.65.46 - - [01/May/2026:14:17:10 -0400] "GET /taxonomy/article/de95umx1a6xveje.phtml HTTP/1.1" 404 0 "-" "Mozilla/5.0 (Linux; Android 6.0.1; Nexus 5X Build/MMB29P) AppleWebKit/537.36 (KHTML, like Gecko) Chrome/147.0.7727.137 Mobile Safari/537.36 (compatible; GoogleOther)"
66.249.65.45 - - [01/May/2026:14:17:19 -0400] "GET /spectrum/goods/fyj0gk7bwgbxi9s.phtml HTTP/1.1" 404 0 "-" "Mozilla/5.0 (Linux; Android 6.0.1; Nexus 5X Build/MMB29P) AppleWebKit/537.36 (KHTML, like Gecko) Chrome/147.0.7727.137 Mobile Safari/537.36 (compatible; GoogleOther)"
66.249.65.44 - - [01/May/2026:14:17:37 -0400] "GET /form/instance/evw55lkkl5k69i1.phtml HTTP/1.1" 200 29484 "-" "Mozilla/5.0 (Linux; Android 6.0.1; Nexus 5X Build/MMB29P) AppleWebKit/537.36 (KHTML, like Gecko) Chrome/147.0.7727.137 Mobile Safari/537.36 (compatible; Googlebot/2.1; +http://www.google.com/bot.html)"
162.214.192.209 - - [01/May/2026:14:17:28 -0400] "GET /wp-login.php HTTP/1.1" 200 0 "-" "Mozilla/5.0 (Macintosh; Intel Mac OS X 10_13_3) AppleWebKit/537.36 (KHTML, like Gecko) Chrome/66.0.3359.139 Safari/537.36"
