216.73.216.216 - - [01/May/2026:12:01:14 -0400] "GET /view/item/01648041942 HTTP/1.1" 200 0 "-" "Mozilla/5.0 AppleWebKit/537.36 (KHTML, like Gecko; compatible; ClaudeBot/1.0; +claudebot@anthropic.com)"
216.73.216.216 - - [01/May/2026:12:01:21 -0400] "GET /view/item/014269554835 HTTP/1.1" 200 0 "-" "Mozilla/5.0 AppleWebKit/537.36 (KHTML, like Gecko; compatible; ClaudeBot/1.0; +claudebot@anthropic.com)"
216.73.216.216 - - [01/May/2026:12:01:33 -0400] "GET /view/item/012839972064 HTTP/1.1" 200 0 "-" "Mozilla/5.0 AppleWebKit/537.36 (KHTML, like Gecko; compatible; ClaudeBot/1.0; +claudebot@anthropic.com)"
216.73.216.216 - - [01/May/2026:12:01:46 -0400] "GET /view/item/013925958635 HTTP/1.1" 200 0 "-" "Mozilla/5.0 AppleWebKit/537.36 (KHTML, like Gecko; compatible; ClaudeBot/1.0; +claudebot@anthropic.com)"
216.73.216.216 - - [01/May/2026:12:01:54 -0400] "GET /view/item/013420154167 HTTP/1.1" 200 0 "-" "Mozilla/5.0 AppleWebKit/537.36 (KHTML, like Gecko; compatible; ClaudeBot/1.0; +claudebot@anthropic.com)"
216.73.216.216 - - [01/May/2026:12:02:06 -0400] "GET /view/item/014066400934 HTTP/1.1" 200 0 "-" "Mozilla/5.0 AppleWebKit/537.36 (KHTML, like Gecko; compatible; ClaudeBot/1.0; +claudebot@anthropic.com)"
216.73.216.216 - - [01/May/2026:12:02:14 -0400] "GET /view/item/014276515311 HTTP/1.1" 200 0 "-" "Mozilla/5.0 AppleWebKit/537.36 (KHTML, like Gecko; compatible; ClaudeBot/1.0; +claudebot@anthropic.com)"
216.73.216.216 - - [01/May/2026:12:02:26 -0400] "GET /view/item/014265918538 HTTP/1.1" 200 0 "-" "Mozilla/5.0 AppleWebKit/537.36 (KHTML, like Gecko; compatible; ClaudeBot/1.0; +claudebot@anthropic.com)"
216.73.216.216 - - [01/May/2026:12:02:38 -0400] "GET /view/item/012907522339 HTTP/1.1" 200 0 "-" "Mozilla/5.0 AppleWebKit/537.36 (KHTML, like Gecko; compatible; ClaudeBot/1.0; +claudebot@anthropic.com)"
216.73.216.216 - - [01/May/2026:12:02:50 -0400] "GET /view/item/013220550248 HTTP/1.1" 200 0 "-" "Mozilla/5.0 AppleWebKit/537.36 (KHTML, like Gecko; compatible; ClaudeBot/1.0; +claudebot@anthropic.com)"
216.73.216.216 - - [01/May/2026:12:02:57 -0400] "GET /view/item/013154048533 HTTP/1.1" 200 0 "-" "Mozilla/5.0 AppleWebKit/537.36 (KHTML, like Gecko; compatible; ClaudeBot/1.0; +claudebot@anthropic.com)"
216.73.216.216 - - [01/May/2026:12:03:09 -0400] "GET /view/item/011209689173 HTTP/1.1" 200 0 "-" "Mozilla/5.0 AppleWebKit/537.36 (KHTML, like Gecko; compatible; ClaudeBot/1.0; +claudebot@anthropic.com)"
216.73.216.216 - - [01/May/2026:12:03:22 -0400] "GET /view/item/01437835684 HTTP/1.1" 200 0 "-" "Mozilla/5.0 AppleWebKit/537.36 (KHTML, like Gecko; compatible; ClaudeBot/1.0; +claudebot@anthropic.com)"
216.73.216.216 - - [01/May/2026:12:03:27 -0400] "GET /view/item/01438705219 HTTP/1.1" 200 0 "-" "Mozilla/5.0 AppleWebKit/537.36 (KHTML, like Gecko; compatible; ClaudeBot/1.0; +claudebot@anthropic.com)"
216.73.216.216 - - [01/May/2026:12:03:39 -0400] "GET /view/item/011375779063 HTTP/1.1" 200 0 "-" "Mozilla/5.0 AppleWebKit/537.36 (KHTML, like Gecko; compatible; ClaudeBot/1.0; +claudebot@anthropic.com)"
216.73.216.216 - - [01/May/2026:12:03:51 -0400] "GET /view/item/012122214679 HTTP/1.1" 200 0 "-" "Mozilla/5.0 AppleWebKit/537.36 (KHTML, like Gecko; compatible; ClaudeBot/1.0; +claudebot@anthropic.com)"
216.73.216.216 - - [01/May/2026:12:03:57 -0400] "GET /view/item/012882746376 HTTP/1.1" 200 0 "-" "Mozilla/5.0 AppleWebKit/537.36 (KHTML, like Gecko; compatible; ClaudeBot/1.0; +claudebot@anthropic.com)"
216.73.216.216 - - [01/May/2026:12:04:09 -0400] "GET /view/item/011094031480 HTTP/1.1" 200 0 "-" "Mozilla/5.0 AppleWebKit/537.36 (KHTML, like Gecko; compatible; ClaudeBot/1.0; +claudebot@anthropic.com)"
216.73.216.216 - - [01/May/2026:12:04:21 -0400] "GET /view/item/013814837628 HTTP/1.1" 200 0 "-" "Mozilla/5.0 AppleWebKit/537.36 (KHTML, like Gecko; compatible; ClaudeBot/1.0; +claudebot@anthropic.com)"
216.73.216.216 - - [01/May/2026:12:04:29 -0400] "GET /view/item/012058023585 HTTP/1.1" 200 0 "-" "Mozilla/5.0 AppleWebKit/537.36 (KHTML, like Gecko; compatible; ClaudeBot/1.0; +claudebot@anthropic.com)"
216.73.216.216 - - [01/May/2026:12:04:42 -0400] "GET /view/item/01382843863 HTTP/1.1" 200 0 "-" "Mozilla/5.0 AppleWebKit/537.36 (KHTML, like Gecko; compatible; ClaudeBot/1.0; +claudebot@anthropic.com)"
216.73.216.216 - - [01/May/2026:12:04:54 -0400] "GET /view/item/01556625015 HTTP/1.1" 200 0 "-" "Mozilla/5.0 AppleWebKit/537.36 (KHTML, like Gecko; compatible; ClaudeBot/1.0; +claudebot@anthropic.com)"
216.73.216.216 - - [01/May/2026:12:05:07 -0400] "GET /view/item/01145148796 HTTP/1.1" 200 0 "-" "Mozilla/5.0 AppleWebKit/537.36 (KHTML, like Gecko; compatible; ClaudeBot/1.0; +claudebot@anthropic.com)"
216.73.216.216 - - [01/May/2026:12:05:19 -0400] "GET /view/item/011630945954 HTTP/1.1" 200 0 "-" "Mozilla/5.0 AppleWebKit/537.36 (KHTML, like Gecko; compatible; ClaudeBot/1.0; +claudebot@anthropic.com)"
216.73.216.216 - - [01/May/2026:12:05:31 -0400] "GET /view/item/01452617614 HTTP/1.1" 200 0 "-" "Mozilla/5.0 AppleWebKit/537.36 (KHTML, like Gecko; compatible; ClaudeBot/1.0; +claudebot@anthropic.com)"
216.73.216.216 - - [01/May/2026:12:05:44 -0400] "GET /view/item/012402901095 HTTP/1.1" 200 0 "-" "Mozilla/5.0 AppleWebKit/537.36 (KHTML, like Gecko; compatible; ClaudeBot/1.0; +claudebot@anthropic.com)"
148.72.155.217 - - [01/May/2026:12:05:39 -0400] "GET /wp-login.php HTTP/1.1" 200 0 "-" "Mozilla/5.0 (Windows NT 6.1; WOW64) AppleWebKit/537.36 (KHTML, like Gecko) Chrome/65.0.3325.162 Safari/537.36"
216.73.216.216 - - [01/May/2026:12:05:55 -0400] "GET /view/item/013390095209 HTTP/1.1" 200 0 "-" "Mozilla/5.0 AppleWebKit/537.36 (KHTML, like Gecko; compatible; ClaudeBot/1.0; +claudebot@anthropic.com)"
216.73.216.216 - - [01/May/2026:12:06:07 -0400] "GET /view/item/012256496904 HTTP/1.1" 200 0 "-" "Mozilla/5.0 AppleWebKit/537.36 (KHTML, like Gecko; compatible; ClaudeBot/1.0; +claudebot@anthropic.com)"
216.73.216.216 - - [01/May/2026:12:06:15 -0400] "GET /view/item/012573916355 HTTP/1.1" 200 0 "-" "Mozilla/5.0 AppleWebKit/537.36 (KHTML, like Gecko; compatible; ClaudeBot/1.0; +claudebot@anthropic.com)"
216.73.216.216 - - [01/May/2026:12:06:27 -0400] "GET /view/item/011457765344 HTTP/1.1" 200 0 "-" "Mozilla/5.0 AppleWebKit/537.36 (KHTML, like Gecko; compatible; ClaudeBot/1.0; +claudebot@anthropic.com)"
216.73.216.216 - - [01/May/2026:12:06:39 -0400] "GET /view/item/012093694464 HTTP/1.1" 200 0 "-" "Mozilla/5.0 AppleWebKit/537.36 (KHTML, like Gecko; compatible; ClaudeBot/1.0; +claudebot@anthropic.com)"
216.73.216.216 - - [01/May/2026:12:06:48 -0400] "GET /view/item/011552408153 HTTP/1.1" 200 0 "-" "Mozilla/5.0 AppleWebKit/537.36 (KHTML, like Gecko; compatible; ClaudeBot/1.0; +claudebot@anthropic.com)"
216.73.216.216 - - [01/May/2026:12:07:00 -0400] "GET /view/item/011386674825 HTTP/1.1" 200 0 "-" "Mozilla/5.0 AppleWebKit/537.36 (KHTML, like Gecko; compatible; ClaudeBot/1.0; +claudebot@anthropic.com)"
216.73.216.216 - - [01/May/2026:12:07:12 -0400] "GET /view/item/013632185170 HTTP/1.1" 200 0 "-" "Mozilla/5.0 AppleWebKit/537.36 (KHTML, like Gecko; compatible; ClaudeBot/1.0; +claudebot@anthropic.com)"
216.73.216.216 - - [01/May/2026:12:07:19 -0400] "GET /view/item/011797403177 HTTP/1.1" 200 0 "-" "Mozilla/5.0 AppleWebKit/537.36 (KHTML, like Gecko; compatible; ClaudeBot/1.0; +claudebot@anthropic.com)"
216.73.216.216 - - [01/May/2026:12:07:31 -0400] "GET /view/item/011570729933 HTTP/1.1" 200 0 "-" "Mozilla/5.0 AppleWebKit/537.36 (KHTML, like Gecko; compatible; ClaudeBot/1.0; +claudebot@anthropic.com)"
216.73.216.216 - - [01/May/2026:12:07:43 -0400] "GET /view/item/012645969116 HTTP/1.1" 200 0 "-" "Mozilla/5.0 AppleWebKit/537.36 (KHTML, like Gecko; compatible; ClaudeBot/1.0; +claudebot@anthropic.com)"
216.73.216.216 - - [01/May/2026:12:07:55 -0400] "GET /view/item/013944735272 HTTP/1.1" 200 0 "-" "Mozilla/5.0 AppleWebKit/537.36 (KHTML, like Gecko; compatible; ClaudeBot/1.0; +claudebot@anthropic.com)"
216.73.216.216 - - [01/May/2026:12:08:01 -0400] "GET /view/item/011357487398 HTTP/1.1" 200 0 "-" "Mozilla/5.0 AppleWebKit/537.36 (KHTML, like Gecko; compatible; ClaudeBot/1.0; +claudebot@anthropic.com)"
216.73.216.216 - - [01/May/2026:12:08:13 -0400] "GET /view/item/013072264710 HTTP/1.1" 200 0 "-" "Mozilla/5.0 AppleWebKit/537.36 (KHTML, like Gecko; compatible; ClaudeBot/1.0; +claudebot@anthropic.com)"
216.73.216.216 - - [01/May/2026:12:08:25 -0400] "GET /view/item/011590164509 HTTP/1.1" 200 0 "-" "Mozilla/5.0 AppleWebKit/537.36 (KHTML, like Gecko; compatible; ClaudeBot/1.0; +claudebot@anthropic.com)"
216.73.216.216 - - [01/May/2026:12:08:32 -0400] "GET /view/item/013630044157 HTTP/1.1" 200 0 "-" "Mozilla/5.0 AppleWebKit/537.36 (KHTML, like Gecko; compatible; ClaudeBot/1.0; +claudebot@anthropic.com)"
216.73.216.216 - - [01/May/2026:12:08:44 -0400] "GET /view/item/013660814348 HTTP/1.1" 200 0 "-" "Mozilla/5.0 AppleWebKit/537.36 (KHTML, like Gecko; compatible; ClaudeBot/1.0; +claudebot@anthropic.com)"
216.73.216.216 - - [01/May/2026:12:08:55 -0400] "GET /view/item/011940920238 HTTP/1.1" 200 0 "-" "Mozilla/5.0 AppleWebKit/537.36 (KHTML, like Gecko; compatible; ClaudeBot/1.0; +claudebot@anthropic.com)"
216.73.216.216 - - [01/May/2026:12:09:07 -0400] "GET /view/item/012019607746 HTTP/1.1" 200 0 "-" "Mozilla/5.0 AppleWebKit/537.36 (KHTML, like Gecko; compatible; ClaudeBot/1.0; +claudebot@anthropic.com)"
216.73.216.216 - - [01/May/2026:12:09:20 -0400] "GET /view/item/013752758976 HTTP/1.1" 200 0 "-" "Mozilla/5.0 AppleWebKit/537.36 (KHTML, like Gecko; compatible; ClaudeBot/1.0; +claudebot@anthropic.com)"
216.73.216.216 - - [01/May/2026:12:09:29 -0400] "GET /view/item/011207947645 HTTP/1.1" 200 0 "-" "Mozilla/5.0 AppleWebKit/537.36 (KHTML, like Gecko; compatible; ClaudeBot/1.0; +claudebot@anthropic.com)"
216.73.216.216 - - [01/May/2026:12:09:33 -0400] "GET /view/item/01660348416 HTTP/1.1" 200 0 "-" "Mozilla/5.0 AppleWebKit/537.36 (KHTML, like Gecko; compatible; ClaudeBot/1.0; +claudebot@anthropic.com)"
216.73.216.216 - - [01/May/2026:12:09:45 -0400] "GET /view/item/01751985217 HTTP/1.1" 200 0 "-" "Mozilla/5.0 AppleWebKit/537.36 (KHTML, like Gecko; compatible; ClaudeBot/1.0; +claudebot@anthropic.com)"
216.73.216.216 - - [01/May/2026:12:10:04 -0400] "GET /view/item/011703743670 HTTP/1.1" 200 0 "-" "Mozilla/5.0 AppleWebKit/537.36 (KHTML, like Gecko; compatible; ClaudeBot/1.0; +claudebot@anthropic.com)"
66.249.74.96 - - [01/May/2026:12:10:17 -0400] "GET /view/item/052983802067 HTTP/1.1" 200 28824 "-" "Mozilla/5.0 (Linux; Android 6.0.1; Nexus 5X Build/MMB29P) AppleWebKit/537.36 (KHTML, like Gecko) Chrome/147.0.7727.137 Mobile Safari/537.36 (compatible; Googlebot/2.1; +http://www.google.com/bot.html)"
216.73.216.216 - - [01/May/2026:12:10:17 -0400] "GET /view/item/014005736371 HTTP/1.1" 200 0 "-" "Mozilla/5.0 AppleWebKit/537.36 (KHTML, like Gecko; compatible; ClaudeBot/1.0; +claudebot@anthropic.com)"
54.147.182.90 - - [01/May/2026:12:10:23 -0400] "GET /shop/sj607-r900-robotic-arm/ HTTP/1.1" 200 0 "-" "Mozilla/5.0 AppleWebKit/537.36 (KHTML, like Gecko; compatible; Amazonbot/0.1; +https://developer.amazon.com/support/amazonbot) Chrome/119.0.6045.214 Safari/537.36"
98.83.94.113 - - [01/May/2026:12:10:29 -0400] "GET /product-category/cameras-photography/cameras/ HTTP/1.1" 200 0 "-" "Mozilla/5.0 AppleWebKit/537.36 (KHTML, like Gecko; compatible; Amazonbot/0.1; +https://developer.amazon.com/support/amazonbot) Chrome/119.0.6045.214 Safari/537.36"
35.173.18.61 - - [01/May/2026:12:10:32 -0400] "GET /product-category/video-games-consoles/station-consoles/ HTTP/1.1" 200 0 "-" "Mozilla/5.0 AppleWebKit/537.36 (KHTML, like Gecko; compatible; Amazonbot/0.1; +https://developer.amazon.com/support/amazonbot) Chrome/119.0.6045.214 Safari/537.36"
216.73.216.216 - - [01/May/2026:12:10:36 -0400] "GET /view/item/014108372732 HTTP/1.1" 200 0 "-" "Mozilla/5.0 AppleWebKit/537.36 (KHTML, like Gecko; compatible; ClaudeBot/1.0; +claudebot@anthropic.com)"
44.208.223.68 - - [01/May/2026:12:10:36 -0400] "GET /category/design/ HTTP/1.1" 200 0 "-" "Mozilla/5.0 AppleWebKit/537.36 (KHTML, like Gecko; compatible; Amazonbot/0.1; +https://developer.amazon.com/support/amazonbot) Chrome/119.0.6045.214 Safari/537.36"
98.84.131.195 - - [01/May/2026:12:10:40 -0400] "GET /product-category/accessories/headphones/earbuds-and-in-ear/ HTTP/1.1" 200 0 "-" "Mozilla/5.0 AppleWebKit/537.36 (KHTML, like Gecko; compatible; Amazonbot/0.1; +https://developer.amazon.com/support/amazonbot) Chrome/119.0.6045.214 Safari/537.36"
44.205.74.196 - - [01/May/2026:12:10:45 -0400] "GET /shop/unc-series-ndt-x-ray-equipment-dr-unc320/ HTTP/1.1" 200 0 "-" "Mozilla/5.0 AppleWebKit/537.36 (KHTML, like Gecko; compatible; Amazonbot/0.1; +https://developer.amazon.com/support/amazonbot) Chrome/119.0.6045.214 Safari/537.36"
216.73.216.216 - - [01/May/2026:12:10:48 -0400] "GET /view/item/012013599355 HTTP/1.1" 200 0 "-" "Mozilla/5.0 AppleWebKit/537.36 (KHTML, like Gecko; compatible; ClaudeBot/1.0; +claudebot@anthropic.com)"
184.73.68.20 - - [01/May/2026:12:10:48 -0400] "GET /shop/semiconductor-reflow-oven-semi-series/ HTTP/1.1" 200 0 "-" "Mozilla/5.0 AppleWebKit/537.36 (KHTML, like Gecko; compatible; Amazonbot/0.1; +https://developer.amazon.com/support/amazonbot) Chrome/119.0.6045.214 Safari/537.36"
3.208.146.193 - - [01/May/2026:12:10:52 -0400] "GET /shop/harmonic-reducer/ HTTP/1.1" 200 0 "-" "Mozilla/5.0 AppleWebKit/537.36 (KHTML, like Gecko; compatible; Amazonbot/0.1; +https://developer.amazon.com/support/amazonbot) Chrome/119.0.6045.214 Safari/537.36"
3.218.35.239 - - [01/May/2026:12:10:56 -0400] "GET /product-category/gps-navi/ HTTP/1.1" 200 0 "-" "Mozilla/5.0 AppleWebKit/537.36 (KHTML, like Gecko; compatible; Amazonbot/0.1; +https://developer.amazon.com/support/amazonbot) Chrome/119.0.6045.214 Safari/537.36"
35.174.141.243 - - [01/May/2026:12:11:00 -0400] "GET /shop/bagged-food-x-ray-foreign-material-detection-equipment/ HTTP/1.1" 200 0 "-" "Mozilla/5.0 AppleWebKit/537.36 (KHTML, like Gecko; compatible; Amazonbot/0.1; +https://developer.amazon.com/support/amazonbot) Chrome/119.0.6045.214 Safari/537.36"
52.203.65.83 - - [01/May/2026:12:11:04 -0400] "GET /?mas_static_content=computers-accessories-megamenu-item HTTP/1.1" 200 0 "-" "Mozilla/5.0 AppleWebKit/537.36 (KHTML, like Gecko; compatible; Amazonbot/0.1; +https://developer.amazon.com/support/amazonbot) Chrome/119.0.6045.214 Safari/537.36"
216.73.216.216 - - [01/May/2026:12:11:07 -0400] "GET /view/item/013463187987 HTTP/1.1" 200 0 "-" "Mozilla/5.0 AppleWebKit/537.36 (KHTML, like Gecko; compatible; ClaudeBot/1.0; +claudebot@anthropic.com)"
3.93.211.16 - - [01/May/2026:12:11:08 -0400] "GET /shop/new-generation-ai-robot-enclosed-coffee-vendign-kiosk-black/ HTTP/1.1" 200 0 "-" "Mozilla/5.0 AppleWebKit/537.36 (KHTML, like Gecko; compatible; Amazonbot/0.1; +https://developer.amazon.com/support/amazonbot) Chrome/119.0.6045.214 Safari/537.36"
216.73.216.216 - - [01/May/2026:12:11:12 -0400] "GET /view/item/011235513766 HTTP/1.1" 200 0 "-" "Mozilla/5.0 AppleWebKit/537.36 (KHTML, like Gecko; compatible; ClaudeBot/1.0; +claudebot@anthropic.com)"
44.215.235.20 - - [01/May/2026:12:11:12 -0400] "GET /product-category/tv-audio/audio-speakers/ HTTP/1.1" 200 0 "-" "Mozilla/5.0 AppleWebKit/537.36 (KHTML, like Gecko; compatible; Amazonbot/0.1; +https://developer.amazon.com/support/amazonbot) Chrome/119.0.6045.214 Safari/537.36"
3.221.50.71 - - [01/May/2026:12:11:15 -0400] "GET /shop/small-casting-ndt-real-time-imaging-x-ray-equipment-unc160s/ HTTP/1.1" 503 854 "-" "Mozilla/5.0 AppleWebKit/537.36 (KHTML, like Gecko; compatible; Amazonbot/0.1; +https://developer.amazon.com/support/amazonbot) Chrome/119.0.6045.214 Safari/537.36"
54.198.33.233 - - [01/May/2026:12:11:20 -0400] "GET /shop/zam350-pcb-fpc-laser-cutting/ HTTP/1.1" 503 854 "-" "Mozilla/5.0 AppleWebKit/537.36 (KHTML, like Gecko; compatible; Amazonbot/0.1; +https://developer.amazon.com/support/amazonbot) Chrome/119.0.6045.214 Safari/537.36"
44.217.21.164 - - [01/May/2026:12:11:23 -0400] "HEAD /shop/sj607-r900-robotic-arm/ HTTP/1.1" 503 0 "-" "Mozilla/5.0 AppleWebKit/605.1.15 (KHTML, like Gecko) Chrome/139.0.0.0 Safari/605.1.15"
216.73.216.216 - - [01/May/2026:12:11:24 -0400] "GET /view/item/011670296354 HTTP/1.1" 503 854 "-" "Mozilla/5.0 AppleWebKit/537.36 (KHTML, like Gecko; compatible; ClaudeBot/1.0; +claudebot@anthropic.com)"
3.94.199.128 - - [01/May/2026:12:11:24 -0400] "GET /product-category/cameras-photography/video-cameras/ HTTP/1.1" 503 854 "-" "Mozilla/5.0 AppleWebKit/537.36 (KHTML, like Gecko; compatible; Amazonbot/0.1; +https://developer.amazon.com/support/amazonbot) Chrome/119.0.6045.214 Safari/537.36"
100.29.160.53 - - [01/May/2026:12:11:28 -0400] "GET /shop/cylindrical-battery-x-ray-online-inspection-machine-lx-1y120-120/ HTTP/1.1" 503 854 "-" "Mozilla/5.0 AppleWebKit/537.36 (KHTML, like Gecko; compatible; Amazonbot/0.1; +https://developer.amazon.com/support/amazonbot) Chrome/119.0.6045.214 Safari/537.36"
50.16.248.61 - - [01/May/2026:12:11:32 -0400] "GET /shop/gam-330at-in-line-automatic-pcb-router-machine/ HTTP/1.1" 503 854 "-" "Mozilla/5.0 AppleWebKit/537.36 (KHTML, like Gecko; compatible; Amazonbot/0.1; +https://developer.amazon.com/support/amazonbot) Chrome/119.0.6045.214 Safari/537.36"
54.159.80.27 - - [01/May/2026:12:11:35 -0400] "HEAD /category/design/ HTTP/1.1" 503 0 "-" "Mozilla/5.0 AppleWebKit/605.1.15 (KHTML, like Gecko) Chrome/139.0.0.0 Safari/605.1.15"
18.209.137.234 - - [01/May/2026:12:11:36 -0400] "GET /shop/a-blockbuster-new-product-anno-ai-robot-pulling-coffee-stamping-kiosk/ HTTP/1.1" 503 854 "-" "Mozilla/5.0 AppleWebKit/537.36 (KHTML, like Gecko; compatible; Amazonbot/0.1; +https://developer.amazon.com/support/amazonbot) Chrome/119.0.6045.214 Safari/537.36"
216.73.216.216 - - [01/May/2026:12:11:36 -0400] "GET /view/item/013295526786 HTTP/1.1" 503 854 "-" "Mozilla/5.0 AppleWebKit/537.36 (KHTML, like Gecko; compatible; ClaudeBot/1.0; +claudebot@anthropic.com)"
54.227.244.65 - - [01/May/2026:12:11:37 -0400] "HEAD /shop/harmonic-reducer/ HTTP/1.1" 503 0 "-" "Mozilla/5.0 AppleWebKit/605.1.15 (KHTML, like Gecko) Chrome/139.0.0.0 Safari/605.1.15"
3.215.221.125 - - [01/May/2026:12:11:41 -0400] "GET /shop/ax9800-lithium-battery-3d-ct-inspection-equipment/ HTTP/1.1" 503 854 "-" "Mozilla/5.0 AppleWebKit/537.36 (KHTML, like Gecko; compatible; Amazonbot/0.1; +https://developer.amazon.com/support/amazonbot) Chrome/119.0.6045.214 Safari/537.36"
52.204.37.237 - - [01/May/2026:12:11:44 -0400] "GET /product-category/accessories/cases/ HTTP/1.1" 503 854 "-" "Mozilla/5.0 AppleWebKit/537.36 (KHTML, like Gecko; compatible; Amazonbot/0.1; +https://developer.amazon.com/support/amazonbot) Chrome/119.0.6045.214 Safari/537.36"
216.73.216.216 - - [01/May/2026:12:11:47 -0400] "GET /view/item/014185880017 HTTP/1.1" 200 0 "-" "Mozilla/5.0 AppleWebKit/537.36 (KHTML, like Gecko; compatible; ClaudeBot/1.0; +claudebot@anthropic.com)"
13.218.252.157 - - [01/May/2026:12:11:55 -0400] "HEAD /product-category/gps-navi/ HTTP/1.1" 200 0 "-" "Mozilla/5.0 AppleWebKit/605.1.15 (KHTML, like Gecko) Chrome/139.0.0.0 Safari/605.1.15"
216.73.216.216 - - [01/May/2026:12:11:59 -0400] "GET /view/item/012857534184 HTTP/1.1" 200 0 "-" "Mozilla/5.0 AppleWebKit/537.36 (KHTML, like Gecko; compatible; ClaudeBot/1.0; +claudebot@anthropic.com)"
216.73.216.216 - - [01/May/2026:12:12:09 -0400] "GET /view/item/012098895231 HTTP/1.1" 200 0 "-" "Mozilla/5.0 AppleWebKit/537.36 (KHTML, like Gecko; compatible; ClaudeBot/1.0; +claudebot@anthropic.com)"
216.73.216.216 - - [01/May/2026:12:12:21 -0400] "GET /view/item/013398068807 HTTP/1.1" 200 0 "-" "Mozilla/5.0 AppleWebKit/537.36 (KHTML, like Gecko; compatible; ClaudeBot/1.0; +claudebot@anthropic.com)"
54.243.127.66 - - [01/May/2026:12:12:24 -0400] "HEAD /product-category/cameras-photography/cameras/ HTTP/1.1" 200 0 "-" "Mozilla/5.0 AppleWebKit/605.1.15 (KHTML, like Gecko) Chrome/139.0.0.0 Safari/605.1.15"
216.73.216.216 - - [01/May/2026:12:12:32 -0400] "GET /view/item/012317030382 HTTP/1.1" 200 0 "-" "Mozilla/5.0 AppleWebKit/537.36 (KHTML, like Gecko; compatible; ClaudeBot/1.0; +claudebot@anthropic.com)"
34.225.147.195 - - [01/May/2026:12:12:36 -0400] "HEAD /product-category/video-games-consoles/station-consoles/ HTTP/1.1" 200 0 "-" "Mozilla/5.0 AppleWebKit/605.1.15 (KHTML, like Gecko) Chrome/139.0.0.0 Safari/605.1.15"
54.210.199.111 - - [01/May/2026:12:12:43 -0400] "HEAD /product-category/accessories/headphones/earbuds-and-in-ear/ HTTP/1.1" 200 0 "-" "Mozilla/5.0 AppleWebKit/605.1.15 (KHTML, like Gecko) Chrome/139.0.0.0 Safari/605.1.15"
216.73.216.216 - - [01/May/2026:12:12:44 -0400] "GET /view/item/012187253228 HTTP/1.1" 200 0 "-" "Mozilla/5.0 AppleWebKit/537.36 (KHTML, like Gecko; compatible; ClaudeBot/1.0; +claudebot@anthropic.com)"
3.220.134.124 - - [01/May/2026:12:12:58 -0400] "HEAD /shop/semiconductor-reflow-oven-semi-series/ HTTP/1.1" 200 0 "-" "Mozilla/5.0 AppleWebKit/605.1.15 (KHTML, like Gecko) Chrome/139.0.0.0 Safari/605.1.15"
216.73.216.216 - - [01/May/2026:12:13:03 -0400] "GET /view/item/012205970004 HTTP/1.1" 200 0 "-" "Mozilla/5.0 AppleWebKit/537.36 (KHTML, like Gecko; compatible; ClaudeBot/1.0; +claudebot@anthropic.com)"
54.146.161.8 - - [01/May/2026:12:13:11 -0400] "HEAD /shop/unc-series-ndt-x-ray-equipment-dr-unc320/ HTTP/1.1" 200 0 "-" "Mozilla/5.0 AppleWebKit/605.1.15 (KHTML, like Gecko) Chrome/139.0.0.0 Safari/605.1.15"
216.73.216.216 - - [01/May/2026:12:13:15 -0400] "GET /view/item/012387622497 HTTP/1.1" 200 0 "-" "Mozilla/5.0 AppleWebKit/537.36 (KHTML, like Gecko; compatible; ClaudeBot/1.0; +claudebot@anthropic.com)"
54.156.75.53 - - [01/May/2026:12:13:33 -0400] "HEAD /?mas_static_content=computers-accessories-megamenu-item HTTP/1.1" 200 0 "-" "Mozilla/5.0 AppleWebKit/605.1.15 (KHTML, like Gecko) Chrome/139.0.0.0 Safari/605.1.15"
216.73.216.216 - - [01/May/2026:12:13:35 -0400] "GET /view/item/011813233085 HTTP/1.1" 200 0 "-" "Mozilla/5.0 AppleWebKit/537.36 (KHTML, like Gecko; compatible; ClaudeBot/1.0; +claudebot@anthropic.com)"
44.217.66.220 - - [01/May/2026:12:13:42 -0400] "HEAD /shop/bagged-food-x-ray-foreign-material-detection-equipment/ HTTP/1.1" 200 0 "-" "Mozilla/5.0 AppleWebKit/605.1.15 (KHTML, like Gecko) Chrome/139.0.0.0 Safari/605.1.15"
216.73.216.216 - - [01/May/2026:12:13:46 -0400] "GET /view/item/012522349701 HTTP/1.1" 200 0 "-" "Mozilla/5.0 AppleWebKit/537.36 (KHTML, like Gecko; compatible; ClaudeBot/1.0; +claudebot@anthropic.com)"
52.70.53.41 - - [01/May/2026:12:13:55 -0400] "HEAD /product-category/tv-audio/audio-speakers/ HTTP/1.1" 200 0 "-" "Mozilla/5.0 AppleWebKit/605.1.15 (KHTML, like Gecko) Chrome/139.0.0.0 Safari/605.1.15"
216.73.216.216 - - [01/May/2026:12:13:58 -0400] "GET /view/item/011471171620 HTTP/1.1" 200 0 "-" "Mozilla/5.0 AppleWebKit/537.36 (KHTML, like Gecko; compatible; ClaudeBot/1.0; +claudebot@anthropic.com)"
216.73.216.216 - - [01/May/2026:12:14:05 -0400] "GET /view/item/014290248287 HTTP/1.1" 200 0 "-" "Mozilla/5.0 AppleWebKit/537.36 (KHTML, like Gecko; compatible; ClaudeBot/1.0; +claudebot@anthropic.com)"
52.71.177.148 - - [01/May/2026:12:14:11 -0400] "HEAD /shop/new-generation-ai-robot-enclosed-coffee-vendign-kiosk-black/ HTTP/1.1" 200 0 "-" "Mozilla/5.0 AppleWebKit/605.1.15 (KHTML, like Gecko) Chrome/139.0.0.0 Safari/605.1.15"
216.73.216.216 - - [01/May/2026:12:14:17 -0400] "GET /view/item/012964906674 HTTP/1.1" 200 0 "-" "Mozilla/5.0 AppleWebKit/537.36 (KHTML, like Gecko; compatible; ClaudeBot/1.0; +claudebot@anthropic.com)"
162.0.232.104 - - [01/May/2026:12:14:43 -0400] "POST /wp-cron.php?doing_wp_cron=1777652082.5327050685882568359375 HTTP/1.1" 200 0 "-" "WordPress/6.9.4; https://techfabasia.com"
216.73.216.216 - - [01/May/2026:12:14:37 -0400] "GET /view/item/014180681360 HTTP/1.1" 200 0 "-" "Mozilla/5.0 AppleWebKit/537.36 (KHTML, like Gecko; compatible; ClaudeBot/1.0; +claudebot@anthropic.com)"
162.0.232.104 - - [01/May/2026:12:14:56 -0400] "POST /wp-cron.php?doing_wp_cron=1777652096.6345579624176025390625 HTTP/1.1" 200 0 "-" "WordPress/6.9.4; https://techfabasia.com"
216.73.216.216 - - [01/May/2026:12:14:49 -0400] "GET /view/item/013115236822 HTTP/1.1" 200 0 "-" "Mozilla/5.0 AppleWebKit/537.36 (KHTML, like Gecko; compatible; ClaudeBot/1.0; +claudebot@anthropic.com)"
162.0.232.104 - - [01/May/2026:12:15:12 -0400] "POST /wp-cron.php?doing_wp_cron=1777652111.8321979045867919921875 HTTP/1.1" 200 0 "-" "WordPress/6.9.4; https://techfabasia.com"
162.0.232.104 - - [01/May/2026:12:15:15 -0400] "POST /wp-cron.php?doing_wp_cron=1777652115.5555961132049560546875 HTTP/1.1" 200 0 "-" "WordPress/6.9.4; https://techfabasia.com"
216.73.216.216 - - [01/May/2026:12:15:07 -0400] "GET /view/item/012276114945 HTTP/1.1" 200 0 "-" "Mozilla/5.0 AppleWebKit/537.36 (KHTML, like Gecko; compatible; ClaudeBot/1.0; +claudebot@anthropic.com)"
162.0.232.104 - - [01/May/2026:12:15:19 -0400] "POST /wp-cron.php?doing_wp_cron=1777652119.3278288841247558593750 HTTP/1.1" 200 0 "-" "WordPress/6.9.4; https://techfabasia.com"
162.0.232.104 - - [01/May/2026:12:15:25 -0400] "POST /wp-cron.php?doing_wp_cron=1777652125.3338329792022705078125 HTTP/1.1" 200 0 "-" "WordPress/6.9.4; https://techfabasia.com"
216.73.216.216 - - [01/May/2026:12:15:19 -0400] "GET /view/item/01257664040 HTTP/1.1" 200 0 "-" "Mozilla/5.0 AppleWebKit/537.36 (KHTML, like Gecko; compatible; ClaudeBot/1.0; +claudebot@anthropic.com)"
162.0.232.104 - - [01/May/2026:12:15:30 -0400] "POST /wp-cron.php?doing_wp_cron=1777652130.1368689537048339843750 HTTP/1.1" 200 0 "-" "WordPress/6.9.4; https://techfabasia.com"
162.0.232.104 - - [01/May/2026:12:15:32 -0400] "POST /wp-cron.php?doing_wp_cron=1777652132.0371260643005371093750 HTTP/1.1" 200 0 "-" "WordPress/6.9.4; https://techfabasia.com"
162.0.232.104 - - [01/May/2026:12:15:40 -0400] "POST /wp-cron.php?doing_wp_cron=1777652140.5359630584716796875000 HTTP/1.1" 200 0 "-" "WordPress/6.9.4; https://techfabasia.com"
216.73.216.216 - - [01/May/2026:12:15:40 -0400] "GET /view/item/01109883339 HTTP/1.1" 200 0 "-" "Mozilla/5.0 AppleWebKit/537.36 (KHTML, like Gecko; compatible; ClaudeBot/1.0; +claudebot@anthropic.com)"
162.0.232.104 - - [01/May/2026:12:15:49 -0400] "POST /wp-cron.php?doing_wp_cron=1777652149.4386970996856689453125 HTTP/1.1" 200 0 "-" "WordPress/6.9.4; https://techfabasia.com"
216.73.216.216 - - [01/May/2026:12:16:00 -0400] "GET /view/item/01823621145 HTTP/1.1" 200 0 "-" "Mozilla/5.0 AppleWebKit/537.36 (KHTML, like Gecko; compatible; ClaudeBot/1.0; +claudebot@anthropic.com)"
216.73.216.216 - - [01/May/2026:12:16:12 -0400] "GET /view/item/012085488577 HTTP/1.1" 200 0 "-" "Mozilla/5.0 AppleWebKit/537.36 (KHTML, like Gecko; compatible; ClaudeBot/1.0; +claudebot@anthropic.com)"
162.0.232.104 - - [01/May/2026:12:16:33 -0400] "POST /wp-cron.php?doing_wp_cron=1777652193.7312629222869873046875 HTTP/1.1" 200 0 "-" "WordPress/6.9.4; https://techfabasia.com"
216.73.216.216 - - [01/May/2026:12:16:24 -0400] "GET /view/item/012841589044 HTTP/1.1" 200 0 "-" "Mozilla/5.0 AppleWebKit/537.36 (KHTML, like Gecko; compatible; ClaudeBot/1.0; +claudebot@anthropic.com)"
162.0.232.104 - - [01/May/2026:12:16:40 -0400] "POST /wp-cron.php?doing_wp_cron=1777652200.2361700534820556640625 HTTP/1.1" 200 0 "-" "WordPress/6.9.4; https://techfabasia.com"
162.0.232.104 - - [01/May/2026:12:16:52 -0400] "POST /wp-cron.php?doing_wp_cron=1777652212.0404579639434814453125 HTTP/1.1" 200 0 "-" "WordPress/6.9.4; https://techfabasia.com"
216.73.216.216 - - [01/May/2026:12:16:44 -0400] "GET /view/item/01921803251 HTTP/1.1" 200 0 "-" "Mozilla/5.0 AppleWebKit/537.36 (KHTML, like Gecko; compatible; ClaudeBot/1.0; +claudebot@anthropic.com)"
216.73.216.216 - - [01/May/2026:12:16:58 -0400] "GET /robots.txt HTTP/1.1" 200 81 "-" "Mozilla/5.0 AppleWebKit/537.36 (KHTML, like Gecko; compatible; ClaudeBot/1.0; +claudebot@anthropic.com)"
162.0.232.104 - - [01/May/2026:12:17:01 -0400] "POST /wp-cron.php?doing_wp_cron=1777652220.9277839660644531250000 HTTP/1.1" 200 0 "-" "WordPress/6.9.4; https://techfabasia.com"
162.0.232.104 - - [01/May/2026:12:17:07 -0400] "POST /wp-cron.php?doing_wp_cron=1777652227.4341740608215332031250 HTTP/1.1" 200 0 "-" "WordPress/6.9.4; https://techfabasia.com"
66.132.172.135 - - [01/May/2026:12:16:56 -0400] "GET / HTTP/1.1" 200 0 "-" "Mozilla/5.0 (compatible; CensysInspect/1.1; +https://about.censys.io/)"
162.0.232.104 - - [01/May/2026:12:17:12 -0400] "POST /wp-cron.php?doing_wp_cron=1777652232.4368538856506347656250 HTTP/1.1" 200 0 "-" "WordPress/6.9.4; https://techfabasia.com"
216.73.216.216 - - [01/May/2026:12:17:04 -0400] "GET /view/item/011647619765 HTTP/1.1" 200 0 "-" "Mozilla/5.0 AppleWebKit/537.36 (KHTML, like Gecko; compatible; ClaudeBot/1.0; +claudebot@anthropic.com)"
216.73.216.216 - - [01/May/2026:12:17:14 -0400] "GET /view/item/011704973699 HTTP/1.1" 200 0 "-" "Mozilla/5.0 AppleWebKit/537.36 (KHTML, like Gecko; compatible; ClaudeBot/1.0; +claudebot@anthropic.com)"
184.73.239.35 - - [01/May/2026:12:17:20 -0400] "GET /shop/57aim30integrated-servo-motor/ HTTP/1.1" 200 0 "-" "Mozilla/5.0 AppleWebKit/537.36 (KHTML, like Gecko; compatible; Amazonbot/0.1; +https://developer.amazon.com/support/amazonbot) Chrome/119.0.6045.214 Safari/537.36"
216.73.216.216 - - [01/May/2026:12:17:26 -0400] "GET /view/item/013124892074 HTTP/1.1" 200 0 "-" "Mozilla/5.0 AppleWebKit/537.36 (KHTML, like Gecko; compatible; ClaudeBot/1.0; +claudebot@anthropic.com)"
66.132.172.135 - - [01/May/2026:12:17:33 -0400] "GET / HTTP/1.1" 200 0 "-" "Mozilla/5.0 (compatible; CensysInspect/1.1; +https://about.censys.io/)"
216.73.216.216 - - [01/May/2026:12:17:46 -0400] "GET /view/item/01167002651 HTTP/1.1" 404 32972 "-" "Mozilla/5.0 AppleWebKit/537.36 (KHTML, like Gecko; compatible; ClaudeBot/1.0; +claudebot@anthropic.com)"
216.73.216.216 - - [01/May/2026:12:17:58 -0400] "GET /view/item/013411475899 HTTP/1.1" 404 32959 "-" "Mozilla/5.0 AppleWebKit/537.36 (KHTML, like Gecko; compatible; ClaudeBot/1.0; +claudebot@anthropic.com)"
162.0.232.104 - - [01/May/2026:12:18:26 -0400] "POST /wp-cron.php?doing_wp_cron=1777652306.8501610755920410156250 HTTP/1.1" 200 0 "-" "WordPress/6.9.4; https://techfabasia.com"
216.73.216.216 - - [01/May/2026:12:18:17 -0400] "GET /view/item/013686653133 HTTP/1.1" 404 33019 "-" "Mozilla/5.0 AppleWebKit/537.36 (KHTML, like Gecko; compatible; ClaudeBot/1.0; +claudebot@anthropic.com)"
162.0.232.104 - - [01/May/2026:12:18:30 -0400] "POST /wp-cron.php?doing_wp_cron=1777652310.2516889572143554687500 HTTP/1.1" 200 0 "-" "WordPress/6.9.4; https://techfabasia.com"
216.73.216.216 - - [01/May/2026:12:18:22 -0400] "GET /view/item/011529059130 HTTP/1.1" 404 32969 "-" "Mozilla/5.0 AppleWebKit/537.36 (KHTML, like Gecko; compatible; ClaudeBot/1.0; +claudebot@anthropic.com)"
162.0.232.104 - - [01/May/2026:12:18:49 -0400] "POST /wp-cron.php?doing_wp_cron=1777652329.1480190753936767578125 HTTP/1.1" 200 0 "-" "WordPress/6.9.4; https://techfabasia.com"
216.73.216.216 - - [01/May/2026:12:18:45 -0400] "GET /view/item/01841088042 HTTP/1.1" 404 32977 "-" "Mozilla/5.0 AppleWebKit/537.36 (KHTML, like Gecko; compatible; ClaudeBot/1.0; +claudebot@anthropic.com)"
216.73.216.216 - - [01/May/2026:12:18:52 -0400] "GET /view/item/013633110766 HTTP/1.1" 404 32989 "-" "Mozilla/5.0 AppleWebKit/537.36 (KHTML, like Gecko; compatible; ClaudeBot/1.0; +claudebot@anthropic.com)"
23.21.204.95 - - [01/May/2026:12:19:07 -0400] "GET /product-category/car-electronic-gps/ HTTP/1.1" 200 39866 "-" "Mozilla/5.0 AppleWebKit/537.36 (KHTML, like Gecko; compatible; Amazonbot/0.1; +https://developer.amazon.com/support/amazonbot) Chrome/119.0.6045.214 Safari/537.36"
216.73.216.216 - - [01/May/2026:12:19:16 -0400] "GET /view/item/013188652296 HTTP/1.1" 404 33073 "-" "Mozilla/5.0 AppleWebKit/537.36 (KHTML, like Gecko; compatible; ClaudeBot/1.0; +claudebot@anthropic.com)"
216.73.216.216 - - [01/May/2026:12:19:25 -0400] "GET /view/item/01882011368 HTTP/1.1" 404 33011 "-" "Mozilla/5.0 AppleWebKit/537.36 (KHTML, like Gecko; compatible; ClaudeBot/1.0; +claudebot@anthropic.com)"
52.21.44.96 - - [01/May/2026:12:19:38 -0400] "HEAD /shop/57aim30integrated-servo-motor/ HTTP/1.1" 200 0 "-" "Mozilla/5.0 AppleWebKit/605.1.15 (KHTML, like Gecko) Chrome/139.0.0.0 Safari/605.1.15"
85.208.96.198 - - [01/May/2026:12:19:42 -0400] "GET /robots.txt HTTP/1.1" 200 81 "-" "Mozilla/5.0 (compatible; SemrushBot/7~bl; +http://www.semrush.com/bot.html)"
185.191.171.19 - - [01/May/2026:12:19:42 -0400] "GET /shop/j601-b/ HTTP/1.1" 200 40849 "-" "Mozilla/5.0 (compatible; SemrushBot/7~bl; +http://www.semrush.com/bot.html)"
162.0.232.104 - - [01/May/2026:12:19:53 -0400] "POST /wp-cron.php?doing_wp_cron=1777652393.2031040191650390625000 HTTP/1.1" 200 0 "-" "WordPress/6.9.4; https://techfabasia.com"
216.73.216.216 - - [01/May/2026:12:19:49 -0400] "GET /view/item/013602788462 HTTP/1.1" 404 32989 "-" "Mozilla/5.0 AppleWebKit/537.36 (KHTML, like Gecko; compatible; ClaudeBot/1.0; +claudebot@anthropic.com)"
216.73.216.216 - - [01/May/2026:12:19:59 -0400] "GET /view/item/012269831490 HTTP/1.1" 200 0 "-" "Mozilla/5.0 AppleWebKit/537.36 (KHTML, like Gecko; compatible; ClaudeBot/1.0; +claudebot@anthropic.com)"
216.73.216.216 - - [01/May/2026:12:20:23 -0400] "GET /view/item/013630535252 HTTP/1.1" 404 32989 "-" "Mozilla/5.0 AppleWebKit/537.36 (KHTML, like Gecko; compatible; ClaudeBot/1.0; +claudebot@anthropic.com)"
216.73.216.216 - - [01/May/2026:12:20:29 -0400] "GET /view/item/012166521485 HTTP/1.1" 404 32970 "-" "Mozilla/5.0 AppleWebKit/537.36 (KHTML, like Gecko; compatible; ClaudeBot/1.0; +claudebot@anthropic.com)"
162.0.232.104 - - [01/May/2026:12:21:01 -0400] "POST /wp-cron.php?doing_wp_cron=1777652461.8306360244750976562500 HTTP/1.1" 200 0 "-" "WordPress/6.9.4; https://techfabasia.com"
216.73.216.216 - - [01/May/2026:12:20:57 -0400] "GET /view/item/011261883175 HTTP/1.1" 404 32992 "-" "Mozilla/5.0 AppleWebKit/537.36 (KHTML, like Gecko; compatible; ClaudeBot/1.0; +claudebot@anthropic.com)"
216.73.216.216 - - [01/May/2026:12:21:20 -0400] "GET /view/item/011571692175 HTTP/1.1" 404 32962 "-" "Mozilla/5.0 AppleWebKit/537.36 (KHTML, like Gecko; compatible; ClaudeBot/1.0; +claudebot@anthropic.com)"
162.0.232.104 - - [01/May/2026:12:21:48 -0400] "POST /wp-cron.php?doing_wp_cron=1777652508.1544249057769775390625 HTTP/1.1" 200 0 "-" "WordPress/6.9.4; https://techfabasia.com"
216.73.216.216 - - [01/May/2026:12:21:44 -0400] "GET /view/item/012992416098 HTTP/1.1" 404 33056 "-" "Mozilla/5.0 AppleWebKit/537.36 (KHTML, like Gecko; compatible; ClaudeBot/1.0; +claudebot@anthropic.com)"
216.73.216.216 - - [01/May/2026:12:21:51 -0400] "GET /view/item/01776488661 HTTP/1.1" 404 33004 "-" "Mozilla/5.0 AppleWebKit/537.36 (KHTML, like Gecko; compatible; ClaudeBot/1.0; +claudebot@anthropic.com)"
216.73.216.216 - - [01/May/2026:12:21:57 -0400] "GET /view/item/013663167728 HTTP/1.1" 404 32999 "-" "Mozilla/5.0 AppleWebKit/537.36 (KHTML, like Gecko; compatible; ClaudeBot/1.0; +claudebot@anthropic.com)"
216.73.216.216 - - [01/May/2026:12:22:21 -0400] "GET /view/item/01751545770 HTTP/1.1" 404 33001 "-" "Mozilla/5.0 AppleWebKit/537.36 (KHTML, like Gecko; compatible; ClaudeBot/1.0; +claudebot@anthropic.com)"
216.73.216.216 - - [01/May/2026:12:22:27 -0400] "GET /view/item/013063008575 HTTP/1.1" 404 32986 "-" "Mozilla/5.0 AppleWebKit/537.36 (KHTML, like Gecko; compatible; ClaudeBot/1.0; +claudebot@anthropic.com)"
162.0.232.104 - - [01/May/2026:12:22:54 -0400] "POST /wp-cron.php?doing_wp_cron=1777652574.7582099437713623046875 HTTP/1.1" 200 0 "-" "WordPress/6.9.4; https://techfabasia.com"
216.73.216.216 - - [01/May/2026:12:22:51 -0400] "GET /view/item/013828426871 HTTP/1.1" 404 33030 "-" "Mozilla/5.0 AppleWebKit/537.36 (KHTML, like Gecko; compatible; ClaudeBot/1.0; +claudebot@anthropic.com)"
216.73.216.216 - - [01/May/2026:12:23:01 -0400] "GET /view/item/013412412074 HTTP/1.1" 200 0 "-" "Mozilla/5.0 AppleWebKit/537.36 (KHTML, like Gecko; compatible; ClaudeBot/1.0; +claudebot@anthropic.com)"
216.73.216.216 - - [01/May/2026:12:23:25 -0400] "GET /view/item/012861712080 HTTP/1.1" 404 32989 "-" "Mozilla/5.0 AppleWebKit/537.36 (KHTML, like Gecko; compatible; ClaudeBot/1.0; +claudebot@anthropic.com)"
216.73.216.216 - - [01/May/2026:12:23:31 -0400] "GET /view/item/013110958130 HTTP/1.1" 404 33000 "-" "Mozilla/5.0 AppleWebKit/537.36 (KHTML, like Gecko; compatible; ClaudeBot/1.0; +claudebot@anthropic.com)"
162.0.232.104 - - [01/May/2026:12:24:02 -0400] "POST /wp-cron.php?doing_wp_cron=1777652642.3470160961151123046875 HTTP/1.1" 200 0 "-" "WordPress/6.9.4; https://techfabasia.com"
216.73.216.216 - - [01/May/2026:12:23:55 -0400] "GET /view/item/013769091492 HTTP/1.1" 404 32992 "-" "Mozilla/5.0 AppleWebKit/537.36 (KHTML, like Gecko; compatible; ClaudeBot/1.0; +claudebot@anthropic.com)"
216.73.216.216 - - [01/May/2026:12:24:02 -0400] "GET /view/item/013932009363 HTTP/1.1" 200 0 "-" "Mozilla/5.0 AppleWebKit/537.36 (KHTML, like Gecko; compatible; ClaudeBot/1.0; +claudebot@anthropic.com)"
3.227.180.70 - - [01/May/2026:12:24:16 -0400] "GET /product-category/accessories/power-banks/ HTTP/1.1" 200 39881 "-" "Mozilla/5.0 AppleWebKit/537.36 (KHTML, like Gecko; compatible; Amazonbot/0.1; +https://developer.amazon.com/support/amazonbot) Chrome/119.0.6045.214 Safari/537.36"
216.73.216.216 - - [01/May/2026:12:24:30 -0400] "GET /view/item/013231818650 HTTP/1.1" 200 184 "-" "Mozilla/5.0 AppleWebKit/537.36 (KHTML, like Gecko; compatible; ClaudeBot/1.0; +claudebot@anthropic.com)"
216.73.216.216 - - [01/May/2026:12:24:54 -0400] "GET /view/item/014097245029 HTTP/1.1" 404 32986 "-" "Mozilla/5.0 AppleWebKit/537.36 (KHTML, like Gecko; compatible; ClaudeBot/1.0; +claudebot@anthropic.com)"
162.0.232.104 - - [01/May/2026:12:25:02 -0400] "POST /wp-cron.php?doing_wp_cron=1777652702.2517580986022949218750 HTTP/1.1" 200 0 "-" "WordPress/6.9.4; https://techfabasia.com"
216.73.216.216 - - [01/May/2026:12:25:03 -0400] "GET /view/item/013638456764 HTTP/1.1" 200 0 "-" "Mozilla/5.0 AppleWebKit/537.36 (KHTML, like Gecko; compatible; ClaudeBot/1.0; +claudebot@anthropic.com)"
216.73.216.216 - - [01/May/2026:12:25:27 -0400] "GET /view/item/014154670230 HTTP/1.1" 404 32994 "-" "Mozilla/5.0 AppleWebKit/537.36 (KHTML, like Gecko; compatible; ClaudeBot/1.0; +claudebot@anthropic.com)"
216.73.216.216 - - [01/May/2026:12:25:36 -0400] "GET /view/item/01125885033 HTTP/1.1" 200 184 "-" "Mozilla/5.0 AppleWebKit/537.36 (KHTML, like Gecko; compatible; ClaudeBot/1.0; +claudebot@anthropic.com)"
162.0.232.104 - - [01/May/2026:12:25:56 -0400] "POST /wp-cron.php?doing_wp_cron=1777652756.3684370517730712890625 HTTP/1.1" 200 0 "-" "WordPress/6.9.4; https://techfabasia.com"
216.73.216.216 - - [01/May/2026:12:25:52 -0400] "GET /view/item/013226309567 HTTP/1.1" 404 32997 "-" "Mozilla/5.0 AppleWebKit/537.36 (KHTML, like Gecko; compatible; ClaudeBot/1.0; +claudebot@anthropic.com)"
216.73.216.216 - - [01/May/2026:12:26:17 -0400] "GET /view/item/012870072569 HTTP/1.1" 404 32992 "-" "Mozilla/5.0 AppleWebKit/537.36 (KHTML, like Gecko; compatible; ClaudeBot/1.0; +claudebot@anthropic.com)"
216.73.216.216 - - [01/May/2026:12:26:25 -0400] "GET /view/item/01825640024 HTTP/1.1" 404 33047 "-" "Mozilla/5.0 AppleWebKit/537.36 (KHTML, like Gecko; compatible; ClaudeBot/1.0; +claudebot@anthropic.com)"
162.0.232.104 - - [01/May/2026:12:26:48 -0400] "POST /wp-cron.php?doing_wp_cron=1777652808.7465279102325439453125 HTTP/1.1" 200 0 "-" "WordPress/6.9.4; https://techfabasia.com"
52.204.71.8 - - [01/May/2026:12:26:39 -0400] "GET /shop/ts200l-dust-collector/ HTTP/1.1" 200 40981 "-" "Mozilla/5.0 AppleWebKit/537.36 (KHTML, like Gecko; compatible; Amazonbot/0.1; +https://developer.amazon.com/support/amazonbot) Chrome/119.0.6045.214 Safari/537.36"
216.73.216.216 - - [01/May/2026:12:26:49 -0400] "GET /view/item/011575430548 HTTP/1.1" 200 0 "-" "Mozilla/5.0 AppleWebKit/537.36 (KHTML, like Gecko; compatible; ClaudeBot/1.0; +claudebot@anthropic.com)"
216.73.216.216 - - [01/May/2026:12:26:57 -0400] "GET /view/item/012349497526 HTTP/1.1" 200 184 "-" "Mozilla/5.0 AppleWebKit/537.36 (KHTML, like Gecko; compatible; ClaudeBot/1.0; +claudebot@anthropic.com)"
91.98.21.65 - - [01/May/2026:12:27:00 -0400] "GET /wp-login.php HTTP/1.1" 302 0 "-" "Mozilla/5.0 (Macintosh; Intel Mac OS X 10.13; rv:61.0) Gecko/20100101 Firefox/61.0"
91.98.21.65 - - [01/May/2026:12:27:07 -0400] "GET /wp-login.php HTTP/1.1" 302 0 "https://techfabasia.com/wp-login.php" "Mozilla/5.0 (Macintosh; Intel Mac OS X 10.13; rv:61.0) Gecko/20100101 Firefox/61.0"
91.98.21.65 - - [01/May/2026:12:27:13 -0400] "GET /wp-login.php HTTP/1.1" 302 0 "https://techfabasia.com/wp-login.php" "Mozilla/5.0 (Macintosh; Intel Mac OS X 10.13; rv:61.0) Gecko/20100101 Firefox/61.0"
216.73.216.216 - - [01/May/2026:12:27:21 -0400] "GET /view/item/014213760934 HTTP/1.1" 404 33018 "-" "Mozilla/5.0 AppleWebKit/537.36 (KHTML, like Gecko; compatible; ClaudeBot/1.0; +claudebot@anthropic.com)"
216.73.216.216 - - [01/May/2026:12:27:30 -0400] "GET /view/item/012205376739 HTTP/1.1" 404 33016 "-" "Mozilla/5.0 AppleWebKit/537.36 (KHTML, like Gecko; compatible; ClaudeBot/1.0; +claudebot@anthropic.com)"
66.249.74.97 - - [01/May/2026:12:27:56 -0400] "GET /view/item/013315601388 HTTP/1.1" 200 29337 "-" "Mozilla/5.0 (Linux; Android 6.0.1; Nexus 5X Build/MMB29P) AppleWebKit/537.36 (KHTML, like Gecko) Chrome/147.0.7727.137 Mobile Safari/537.36 (compatible; Googlebot/2.1; +http://www.google.com/bot.html)"
216.73.216.216 - - [01/May/2026:12:27:55 -0400] "GET /view/item/012043519937 HTTP/1.1" 200 0 "-" "Mozilla/5.0 AppleWebKit/537.36 (KHTML, like Gecko; compatible; ClaudeBot/1.0; +claudebot@anthropic.com)"
18.213.240.226 - - [01/May/2026:12:27:57 -0400] "GET /product-category/smart-phones-tablets/smartphones/mobiles-accesories/ HTTP/1.1" 200 0 "-" "Mozilla/5.0 AppleWebKit/537.36 (KHTML, like Gecko; compatible; Amazonbot/0.1; +https://developer.amazon.com/support/amazonbot) Chrome/119.0.6045.214 Safari/537.36"
216.73.216.216 - - [01/May/2026:12:28:01 -0400] "GET /view/item/013684228919 HTTP/1.1" 200 0 "-" "Mozilla/5.0 AppleWebKit/537.36 (KHTML, like Gecko; compatible; ClaudeBot/1.0; +claudebot@anthropic.com)"
162.0.232.104 - - [01/May/2026:12:28:17 -0400] "POST /wp-cron.php?doing_wp_cron=1777652897.1434988975524902343750 HTTP/1.1" 200 0 "-" "WordPress/6.9.4; https://techfabasia.com"
216.73.216.216 - - [01/May/2026:12:28:25 -0400] "GET /view/item/01535445717 HTTP/1.1" 200 0 "-" "Mozilla/5.0 AppleWebKit/537.36 (KHTML, like Gecko; compatible; ClaudeBot/1.0; +claudebot@anthropic.com)"
216.73.216.216 - - [01/May/2026:12:28:32 -0400] "GET /view/item/013750283520 HTTP/1.1" 200 0 "-" "Mozilla/5.0 AppleWebKit/537.36 (KHTML, like Gecko; compatible; ClaudeBot/1.0; +claudebot@anthropic.com)"
3.225.192.106 - - [01/May/2026:12:28:37 -0400] "HEAD /product-category/smart-phones-tablets/smartphones/mobiles-accesories/ HTTP/1.1" 200 0 "-" "Mozilla/5.0 AppleWebKit/605.1.15 (KHTML, like Gecko) Chrome/139.0.0.0 Safari/605.1.15"
216.73.216.216 - - [01/May/2026:12:28:56 -0400] "GET /view/item/013653355324 HTTP/1.1" 200 0 "-" "Mozilla/5.0 AppleWebKit/537.36 (KHTML, like Gecko; compatible; ClaudeBot/1.0; +claudebot@anthropic.com)"
162.0.232.104 - - [01/May/2026:12:29:09 -0400] "POST /wp-cron.php?doing_wp_cron=1777652949.1415851116180419921875 HTTP/1.1" 200 0 "-" "WordPress/6.9.4; https://techfabasia.com"
216.73.216.216 - - [01/May/2026:12:29:06 -0400] "GET /view/item/011475923947 HTTP/1.1" 200 0 "-" "Mozilla/5.0 AppleWebKit/537.36 (KHTML, like Gecko; compatible; ClaudeBot/1.0; +claudebot@anthropic.com)"
162.0.232.104 - - [01/May/2026:12:29:16 -0400] "POST /wp-cron.php?doing_wp_cron=1777652956.4675800800323486328125 HTTP/1.1" 200 0 "-" "WordPress/6.9.4; https://techfabasia.com"
216.73.216.216 - - [01/May/2026:12:29:21 -0400] "GET /view/item/012378157663 HTTP/1.1" 404 32988 "-" "Mozilla/5.0 AppleWebKit/537.36 (KHTML, like Gecko; compatible; ClaudeBot/1.0; +claudebot@anthropic.com)"
216.73.216.216 - - [01/May/2026:12:29:44 -0400] "GET /view/item/012961270361 HTTP/1.1" 404 33054 "-" "Mozilla/5.0 AppleWebKit/537.36 (KHTML, like Gecko; compatible; ClaudeBot/1.0; +claudebot@anthropic.com)"
216.73.216.216 - - [01/May/2026:12:29:58 -0400] "GET /view/item/011522921750 HTTP/1.1" 404 33052 "-" "Mozilla/5.0 AppleWebKit/537.36 (KHTML, like Gecko; compatible; ClaudeBot/1.0; +claudebot@anthropic.com)"
162.0.232.104 - - [01/May/2026:12:30:26 -0400] "POST /wp-cron.php?doing_wp_cron=1777653026.7512929439544677734375 HTTP/1.1" 200 0 "-" "WordPress/6.9.4; https://techfabasia.com"
216.73.216.216 - - [01/May/2026:12:30:21 -0400] "GET /view/item/011936357501 HTTP/1.1" 404 33039 "-" "Mozilla/5.0 AppleWebKit/537.36 (KHTML, like Gecko; compatible; ClaudeBot/1.0; +claudebot@anthropic.com)"
216.73.216.216 - - [01/May/2026:12:30:45 -0400] "GET /view/item/013081812063 HTTP/1.1" 200 0 "-" "Mozilla/5.0 AppleWebKit/537.36 (KHTML, like Gecko; compatible; ClaudeBot/1.0; +claudebot@anthropic.com)"
162.0.232.104 - - [01/May/2026:12:30:57 -0400] "POST /wp-cron.php?doing_wp_cron=1777653057.6581389904022216796875 HTTP/1.1" 200 0 "-" "WordPress/6.9.4; https://techfabasia.com"
216.73.216.216 - - [01/May/2026:12:31:09 -0400] "GET /view/item/014030048377 HTTP/1.1" 404 32997 "-" "Mozilla/5.0 AppleWebKit/537.36 (KHTML, like Gecko; compatible; ClaudeBot/1.0; +claudebot@anthropic.com)"
94.23.188.215 - - [01/May/2026:12:31:21 -0400] "GET /robots.txt HTTP/1.1" 200 81 "-" "Mozilla/5.0 (compatible; AhrefsBot/7.0; +http://ahrefs.com/robot/)"
216.73.216.216 - - [01/May/2026:12:31:16 -0400] "GET /view/item/013667094469 HTTP/1.1" 404 32963 "-" "Mozilla/5.0 AppleWebKit/537.36 (KHTML, like Gecko; compatible; ClaudeBot/1.0; +claudebot@anthropic.com)"
142.44.228.191 - - [01/May/2026:12:31:24 -0400] "GET /shop/unl-series-ndt-x-ray-machine-for-tire-inspection%EF%BC%88dr%EF%BC%89/ HTTP/1.1" 200 33080 "-" "Mozilla/5.0 (compatible; AhrefsBot/7.0; +http://ahrefs.com/robot/)"
52.200.58.199 - - [01/May/2026:12:31:28 -0400] "GET /product-category/smt-agv/ HTTP/1.1" 200 39883 "-" "Mozilla/5.0 AppleWebKit/537.36 (KHTML, like Gecko; compatible; Amazonbot/0.1; +https://developer.amazon.com/support/amazonbot) Chrome/119.0.6045.214 Safari/537.36"
216.73.216.216 - - [01/May/2026:12:31:44 -0400] "GET /view/item/011950409752 HTTP/1.1" 200 0 "-" "Mozilla/5.0 AppleWebKit/537.36 (KHTML, like Gecko; compatible; ClaudeBot/1.0; +claudebot@anthropic.com)"
216.73.216.216 - - [01/May/2026:12:31:47 -0400] "GET /view/item/01985104335 HTTP/1.1" 200 0 "-" "Mozilla/5.0 AppleWebKit/537.36 (KHTML, like Gecko; compatible; ClaudeBot/1.0; +claudebot@anthropic.com)"
162.0.232.104 - - [01/May/2026:12:32:02 -0400] "POST /wp-cron.php?doing_wp_cron=1777653121.9409580230712890625000 HTTP/1.1" 200 0 "-" "WordPress/6.9.4; https://techfabasia.com"
162.0.232.104 - - [01/May/2026:12:32:14 -0400] "POST /wp-cron.php?doing_wp_cron=1777653134.8969769477844238281250 HTTP/1.1" 200 0 "-" "WordPress/6.9.4; https://techfabasia.com"
216.73.216.216 - - [01/May/2026:12:32:11 -0400] "GET /view/item/01650413630 HTTP/1.1" 404 33021 "-" "Mozilla/5.0 AppleWebKit/537.36 (KHTML, like Gecko; compatible; ClaudeBot/1.0; +claudebot@anthropic.com)"
216.73.216.216 - - [01/May/2026:12:32:35 -0400] "GET /view/item/0194617196 HTTP/1.1" 404 32933 "-" "Mozilla/5.0 AppleWebKit/537.36 (KHTML, like Gecko; compatible; ClaudeBot/1.0; +claudebot@anthropic.com)"
162.0.232.104 - - [01/May/2026:12:33:00 -0400] "POST /wp-cron.php?doing_wp_cron=1777653180.0398640632629394531250 HTTP/1.1" 200 0 "-" "WordPress/6.9.4; https://techfabasia.com"
216.73.216.216 - - [01/May/2026:12:32:56 -0400] "GET /view/item/01232180408 HTTP/1.1" 404 33021 "-" "Mozilla/5.0 AppleWebKit/537.36 (KHTML, like Gecko; compatible; ClaudeBot/1.0; +claudebot@anthropic.com)"
216.73.216.216 - - [01/May/2026:12:33:04 -0400] "GET /view/item/01185335403 HTTP/1.1" 404 33046 "-" "Mozilla/5.0 AppleWebKit/537.36 (KHTML, like Gecko; compatible; ClaudeBot/1.0; +claudebot@anthropic.com)"
216.73.216.216 - - [01/May/2026:12:33:22 -0400] "GET /view/item/0132069539 HTTP/1.1" 404 32935 "-" "Mozilla/5.0 AppleWebKit/537.36 (KHTML, like Gecko; compatible; ClaudeBot/1.0; +claudebot@anthropic.com)"
66.249.74.96 - - [01/May/2026:12:33:31 -0400] "GET /about/ HTTP/1.1" 200 29992 "-" "Mozilla/5.0 (Linux; Android 6.0.1; Nexus 5X Build/MMB29P) AppleWebKit/537.36 (KHTML, like Gecko) Chrome/147.0.7727.137 Mobile Safari/537.36 (compatible; Googlebot/2.1; +http://www.google.com/bot.html)"
162.0.232.104 - - [01/May/2026:12:33:51 -0400] "POST /wp-cron.php?doing_wp_cron=1777653231.8511090278625488281250 HTTP/1.1" 200 0 "-" "WordPress/6.9.4; https://techfabasia.com"
216.73.216.216 - - [01/May/2026:12:33:48 -0400] "GET /view/item/016917164 HTTP/1.1" 404 33051 "-" "Mozilla/5.0 AppleWebKit/537.36 (KHTML, like Gecko; compatible; ClaudeBot/1.0; +claudebot@anthropic.com)"
216.73.216.216 - - [01/May/2026:12:33:52 -0400] "GET /view/item/013603122887 HTTP/1.1" 404 32993 "-" "Mozilla/5.0 AppleWebKit/537.36 (KHTML, like Gecko; compatible; ClaudeBot/1.0; +claudebot@anthropic.com)"
184.73.68.20 - - [01/May/2026:12:33:52 -0400] "GET /?mas_static_content=computers-accessories-megamenu-item HTTP/1.1" 200 40626 "-" "Mozilla/5.0 AppleWebKit/537.36 (KHTML, like Gecko; compatible; Amazonbot/0.1; +https://developer.amazon.com/support/amazonbot) Chrome/119.0.6045.214 Safari/537.36"
216.73.216.216 - - [01/May/2026:12:34:09 -0400] "GET /view/item/01496598568 HTTP/1.1" 200 0 "-" "Mozilla/5.0 AppleWebKit/537.36 (KHTML, like Gecko; compatible; ClaudeBot/1.0; +claudebot@anthropic.com)"
216.73.216.216 - - [01/May/2026:12:34:24 -0400] "GET /view/item/01537426439 HTTP/1.1" 200 184 "-" "Mozilla/5.0 AppleWebKit/537.36 (KHTML, like Gecko; compatible; ClaudeBot/1.0; +claudebot@anthropic.com)"
103.179.188.241 - - [01/May/2026:12:34:39 -0400] "POST /xmlrpc.php HTTP/1.1" 200 205 "-" "Mozilla/5.0 (Macintosh; Intel Mac OS X 10_13_3) AppleWebKit/537.36 (KHTML, like Gecko) Chrome/65.0.3325.181 Safari/537.36"
162.0.232.104 - - [01/May/2026:12:34:52 -0400] "POST /wp-cron.php?doing_wp_cron=1777653292.1819150447845458984375 HTTP/1.1" 200 0 "-" "WordPress/6.9.4; https://techfabasia.com"
