216.73.216.125 - - [02/May/2026:01:18:56 -0400] "GET /view/item/01726898374 HTTP/1.1" 404 33042 "-" "Mozilla/5.0 AppleWebKit/537.36 (KHTML, like Gecko; compatible; ClaudeBot/1.0; +claudebot@anthropic.com)"
216.73.216.125 - - [02/May/2026:01:19:05 -0400] "GET /view/item/0123526677 HTTP/1.1" 404 33029 "-" "Mozilla/5.0 AppleWebKit/537.36 (KHTML, like Gecko; compatible; ClaudeBot/1.0; +claudebot@anthropic.com)"
216.73.216.125 - - [02/May/2026:01:19:13 -0400] "GET /view/item/012016599250 HTTP/1.1" 404 32992 "-" "Mozilla/5.0 AppleWebKit/537.36 (KHTML, like Gecko; compatible; ClaudeBot/1.0; +claudebot@anthropic.com)"
216.73.216.125 - - [02/May/2026:01:19:18 -0400] "GET /view/item/014287927433 HTTP/1.1" 404 32969 "-" "Mozilla/5.0 AppleWebKit/537.36 (KHTML, like Gecko; compatible; ClaudeBot/1.0; +claudebot@anthropic.com)"
216.73.216.125 - - [02/May/2026:01:19:29 -0400] "GET /view/item/011569112499 HTTP/1.1" 404 33033 "-" "Mozilla/5.0 AppleWebKit/537.36 (KHTML, like Gecko; compatible; ClaudeBot/1.0; +claudebot@anthropic.com)"
216.73.216.125 - - [02/May/2026:01:19:38 -0400] "GET /view/item/01452213123 HTTP/1.1" 404 32940 "-" "Mozilla/5.0 AppleWebKit/537.36 (KHTML, like Gecko; compatible; ClaudeBot/1.0; +claudebot@anthropic.com)"
162.0.232.104 - - [02/May/2026:01:19:50 -0400] "POST /wp-cron.php?doing_wp_cron=1777699190.3836309909820556640625 HTTP/1.1" 200 0 "-" "WordPress/6.9.4; https://techfabasia.com"
216.73.216.125 - - [02/May/2026:01:19:47 -0400] "GET /view/item/012619330044 HTTP/1.1" 404 32996 "-" "Mozilla/5.0 AppleWebKit/537.36 (KHTML, like Gecko; compatible; ClaudeBot/1.0; +claudebot@anthropic.com)"
216.73.216.125 - - [02/May/2026:01:19:56 -0400] "GET /view/item/011769426583 HTTP/1.1" 404 32959 "-" "Mozilla/5.0 AppleWebKit/537.36 (KHTML, like Gecko; compatible; ClaudeBot/1.0; +claudebot@anthropic.com)"
216.73.216.125 - - [02/May/2026:01:20:00 -0400] "GET /robots.txt HTTP/1.1" 200 81 "-" "Mozilla/5.0 AppleWebKit/537.36 (KHTML, like Gecko; compatible; ClaudeBot/1.0; +claudebot@anthropic.com)"
66.249.74.96 - - [02/May/2026:01:20:04 -0400] "GET /view/item/121524333730 HTTP/1.1" 200 28176 "-" "Mozilla/5.0 (Linux; Android 6.0.1; Nexus 5X Build/MMB29P) AppleWebKit/537.36 (KHTML, like Gecko) Chrome/147.0.7727.137 Mobile Safari/537.36 (compatible; Googlebot/2.1; +http://www.google.com/bot.html)"
216.73.216.125 - - [02/May/2026:01:20:00 -0400] "GET /view/item/012332248393 HTTP/1.1" 404 32970 "-" "Mozilla/5.0 AppleWebKit/537.36 (KHTML, like Gecko; compatible; ClaudeBot/1.0; +claudebot@anthropic.com)"
216.73.216.125 - - [02/May/2026:01:20:09 -0400] "GET /view/item/012126097471 HTTP/1.1" 404 33039 "-" "Mozilla/5.0 AppleWebKit/537.36 (KHTML, like Gecko; compatible; ClaudeBot/1.0; +claudebot@anthropic.com)"
216.73.216.125 - - [02/May/2026:01:20:25 -0400] "GET /view/item/013155281356 HTTP/1.1" 404 32997 "-" "Mozilla/5.0 AppleWebKit/537.36 (KHTML, like Gecko; compatible; ClaudeBot/1.0; +claudebot@anthropic.com)"
216.73.216.125 - - [02/May/2026:01:20:34 -0400] "GET /view/item/014260716170 HTTP/1.1" 404 32967 "-" "Mozilla/5.0 AppleWebKit/537.36 (KHTML, like Gecko; compatible; ClaudeBot/1.0; +claudebot@anthropic.com)"
216.73.216.125 - - [02/May/2026:01:20:43 -0400] "GET /view/item/011470062897 HTTP/1.1" 404 32989 "-" "Mozilla/5.0 AppleWebKit/537.36 (KHTML, like Gecko; compatible; ClaudeBot/1.0; +claudebot@anthropic.com)"
216.73.216.125 - - [02/May/2026:01:20:52 -0400] "GET /view/item/013579202883 HTTP/1.1" 200 184 "-" "Mozilla/5.0 AppleWebKit/537.36 (KHTML, like Gecko; compatible; ClaudeBot/1.0; +claudebot@anthropic.com)"
162.0.232.104 - - [02/May/2026:01:20:59 -0400] "POST /wp-cron.php?doing_wp_cron=1777699259.2540149688720703125000 HTTP/1.1" 200 0 "-" "WordPress/6.9.4; https://techfabasia.com"
216.73.216.125 - - [02/May/2026:01:20:55 -0400] "GET /view/item/014273473893 HTTP/1.1" 404 33023 "-" "Mozilla/5.0 AppleWebKit/537.36 (KHTML, like Gecko; compatible; ClaudeBot/1.0; +claudebot@anthropic.com)"
216.73.216.125 - - [02/May/2026:01:21:05 -0400] "GET /view/item/013464022084 HTTP/1.1" 404 32970 "-" "Mozilla/5.0 AppleWebKit/537.36 (KHTML, like Gecko; compatible; ClaudeBot/1.0; +claudebot@anthropic.com)"
216.73.216.125 - - [02/May/2026:01:21:14 -0400] "GET /view/item/01951895318 HTTP/1.1" 404 33058 "-" "Mozilla/5.0 AppleWebKit/537.36 (KHTML, like Gecko; compatible; ClaudeBot/1.0; +claudebot@anthropic.com)"
216.73.216.125 - - [02/May/2026:01:21:23 -0400] "GET /view/item/01382345069 HTTP/1.1" 404 33013 "-" "Mozilla/5.0 AppleWebKit/537.36 (KHTML, like Gecko; compatible; ClaudeBot/1.0; +claudebot@anthropic.com)"
216.73.216.125 - - [02/May/2026:01:21:32 -0400] "GET /view/item/012235420547 HTTP/1.1" 404 33014 "-" "Mozilla/5.0 AppleWebKit/537.36 (KHTML, like Gecko; compatible; ClaudeBot/1.0; +claudebot@anthropic.com)"
216.73.216.125 - - [02/May/2026:01:21:38 -0400] "GET /view/item/014206457504 HTTP/1.1" 404 33017 "-" "Mozilla/5.0 AppleWebKit/537.36 (KHTML, like Gecko; compatible; ClaudeBot/1.0; +claudebot@anthropic.com)"
162.0.232.104 - - [02/May/2026:01:21:51 -0400] "POST /wp-cron.php?doing_wp_cron=1777699311.0684299468994140625000 HTTP/1.1" 200 0 "-" "WordPress/6.9.4; https://techfabasia.com"
216.73.216.125 - - [02/May/2026:01:21:47 -0400] "GET /view/item/012232292085 HTTP/1.1" 404 33015 "-" "Mozilla/5.0 AppleWebKit/537.36 (KHTML, like Gecko; compatible; ClaudeBot/1.0; +claudebot@anthropic.com)"
216.73.216.125 - - [02/May/2026:01:21:59 -0400] "GET /view/item/01357298818 HTTP/1.1" 404 33044 "-" "Mozilla/5.0 AppleWebKit/537.36 (KHTML, like Gecko; compatible; ClaudeBot/1.0; +claudebot@anthropic.com)"
216.73.216.125 - - [02/May/2026:01:22:07 -0400] "GET /view/item/011938574599 HTTP/1.1" 404 33052 "-" "Mozilla/5.0 AppleWebKit/537.36 (KHTML, like Gecko; compatible; ClaudeBot/1.0; +claudebot@anthropic.com)"
216.73.216.125 - - [02/May/2026:01:22:16 -0400] "GET /view/item/012061545867 HTTP/1.1" 404 33086 "-" "Mozilla/5.0 AppleWebKit/537.36 (KHTML, like Gecko; compatible; ClaudeBot/1.0; +claudebot@anthropic.com)"
216.73.216.125 - - [02/May/2026:01:22:25 -0400] "GET /view/item/012485849863 HTTP/1.1" 404 33073 "-" "Mozilla/5.0 AppleWebKit/537.36 (KHTML, like Gecko; compatible; ClaudeBot/1.0; +claudebot@anthropic.com)"
216.73.216.125 - - [02/May/2026:01:22:29 -0400] "GET /view/item/014207142614 HTTP/1.1" 404 32967 "-" "Mozilla/5.0 AppleWebKit/537.36 (KHTML, like Gecko; compatible; ClaudeBot/1.0; +claudebot@anthropic.com)"
216.73.216.125 - - [02/May/2026:01:22:40 -0400] "GET /view/item/014097580332 HTTP/1.1" 404 32955 "-" "Mozilla/5.0 AppleWebKit/537.36 (KHTML, like Gecko; compatible; ClaudeBot/1.0; +claudebot@anthropic.com)"
162.0.232.104 - - [02/May/2026:01:22:55 -0400] "POST /wp-cron.php?doing_wp_cron=1777699375.0399758815765380859375 HTTP/1.1" 200 0 "-" "WordPress/6.9.4; https://techfabasia.com"
216.73.216.125 - - [02/May/2026:01:22:49 -0400] "GET /view/item/012323674331 HTTP/1.1" 404 33064 "-" "Mozilla/5.0 AppleWebKit/537.36 (KHTML, like Gecko; compatible; ClaudeBot/1.0; +claudebot@anthropic.com)"
216.73.216.125 - - [02/May/2026:01:22:58 -0400] "GET /view/item/0170979269 HTTP/1.1" 404 33029 "-" "Mozilla/5.0 AppleWebKit/537.36 (KHTML, like Gecko; compatible; ClaudeBot/1.0; +claudebot@anthropic.com)"
216.73.216.125 - - [02/May/2026:01:23:07 -0400] "GET /view/item/011899591986 HTTP/1.1" 200 0 "-" "Mozilla/5.0 AppleWebKit/537.36 (KHTML, like Gecko; compatible; ClaudeBot/1.0; +claudebot@anthropic.com)"
216.73.216.125 - - [02/May/2026:01:23:11 -0400] "GET /view/item/012888242511 HTTP/1.1" 200 0 "-" "Mozilla/5.0 AppleWebKit/537.36 (KHTML, like Gecko; compatible; ClaudeBot/1.0; +claudebot@anthropic.com)"
47.128.63.204 - - [02/May/2026:01:23:11 -0400] "GET /product-category/home-entertainment/tvs/4k-ultra-hd-tvs/ HTTP/1.1" 200 31956 "-" "Mozilla/5.0 (compatible; Bytespider; spider-feedback@bytedance.com) AppleWebKit/537.36 (KHTML, like Gecko) Chrome/70.0.0.0 Safari/537.36"
216.73.216.125 - - [02/May/2026:01:23:24 -0400] "GET /view/item/01629545259 HTTP/1.1" 200 0 "-" "Mozilla/5.0 AppleWebKit/537.36 (KHTML, like Gecko; compatible; ClaudeBot/1.0; +claudebot@anthropic.com)"
47.128.63.204 - - [02/May/2026:01:23:35 -0400] "GET /wp-content/uploads/2018/10/electro-slider-placeholder-1.png HTTP/1.1" 206 500 "https://techfabasia.com/product-category/home-entertainment/tvs/4k-ultra-hd-tvs/" "Mozilla/5.0 (compatible; Bytespider; spider-feedback@bytedance.com) AppleWebKit/537.36 (KHTML, like Gecko) Chrome/70.0.0.0 Safari/537.36"
216.73.216.125 - - [02/May/2026:01:23:32 -0400] "GET /view/item/01899739883 HTTP/1.1" 200 0 "-" "Mozilla/5.0 AppleWebKit/537.36 (KHTML, like Gecko; compatible; ClaudeBot/1.0; +claudebot@anthropic.com)"
216.73.216.125 - - [02/May/2026:01:23:35 -0400] "GET /view/item/0180635673 HTTP/1.1" 200 0 "-" "Mozilla/5.0 AppleWebKit/537.36 (KHTML, like Gecko; compatible; ClaudeBot/1.0; +claudebot@anthropic.com)"
162.0.232.104 - - [02/May/2026:01:23:50 -0400] "POST /wp-cron.php?doing_wp_cron=1777699430.4362800121307373046875 HTTP/1.1" 200 0 "-" "WordPress/6.9.4; https://techfabasia.com"
47.128.63.201 - - [02/May/2026:01:23:38 -0400] "GET /shop/lx2000-130kv-inline-x-ray-inspection-equipment/ HTTP/1.1" 200 32917 "-" "Mozilla/5.0 (compatible; Bytespider; spider-feedback@bytedance.com) AppleWebKit/537.36 (KHTML, like Gecko) Chrome/70.0.0.0 Safari/537.36"
216.73.216.125 - - [02/May/2026:01:23:58 -0400] "GET /view/item/01653173115 HTTP/1.1" 404 33029 "-" "Mozilla/5.0 AppleWebKit/537.36 (KHTML, like Gecko; compatible; ClaudeBot/1.0; +claudebot@anthropic.com)"
216.73.216.125 - - [02/May/2026:01:24:09 -0400] "GET /view/item/012833976362 HTTP/1.1" 404 33020 "-" "Mozilla/5.0 AppleWebKit/537.36 (KHTML, like Gecko; compatible; ClaudeBot/1.0; +claudebot@anthropic.com)"
47.128.63.200 - - [02/May/2026:01:24:13 -0400] "GET /shop/57aim30integrated-servo-motor/ HTTP/1.1" 200 32905 "-" "Mozilla/5.0 (compatible; Bytespider; spider-feedback@bytedance.com) AppleWebKit/537.36 (KHTML, like Gecko) Chrome/70.0.0.0 Safari/537.36"
47.128.63.200 - - [02/May/2026:01:24:18 -0400] "GET /wp-content/themes/electro/assets/css/font-electro.css?ver=3.5.7 HTTP/1.1" 200 691 "https://techfabasia.com/shop/57aim30integrated-servo-motor/" "Mozilla/5.0 (compatible; Bytespider; spider-feedback@bytedance.com) AppleWebKit/537.36 (KHTML, like Gecko) Chrome/70.0.0.0 Safari/537.36"
47.128.63.200 - - [02/May/2026:01:24:19 -0400] "GET /wp-content/plugins/perfect-woocommerce-brands/build/frontend/css/style.css?ver=3.6.12 HTTP/1.1" 200 1335 "https://techfabasia.com/shop/57aim30integrated-servo-motor/" "Mozilla/5.0 (compatible; Bytespider; spider-feedback@bytedance.com) AppleWebKit/537.36 (KHTML, like Gecko) Chrome/70.0.0.0 Safari/537.36"
47.128.63.200 - - [02/May/2026:01:24:19 -0400] "GET /wp-content/plugins/woocommerce/assets/client/blocks/wc-blocks.css?ver=wc-10.7.0 HTTP/1.1" 200 2391 "https://techfabasia.com/shop/57aim30integrated-servo-motor/" "Mozilla/5.0 (compatible; Bytespider; spider-feedback@bytedance.com) AppleWebKit/537.36 (KHTML, like Gecko) Chrome/70.0.0.0 Safari/537.36"
47.128.63.200 - - [02/May/2026:01:24:19 -0400] "GET /wp-content/uploads/2017/02/patment-icon.png HTTP/1.1" 206 500 "https://techfabasia.com/shop/57aim30integrated-servo-motor/" "Mozilla/5.0 (compatible; Bytespider; spider-feedback@bytedance.com) AppleWebKit/537.36 (KHTML, like Gecko) Chrome/70.0.0.0 Safari/537.36"
47.128.63.200 - - [02/May/2026:01:24:20 -0400] "GET /wp-content/uploads/2025/05/unc160-100x100.webp HTTP/1.1" 206 500 "https://techfabasia.com/shop/57aim30integrated-servo-motor/" "Mozilla/5.0 (compatible; Bytespider; spider-feedback@bytedance.com) AppleWebKit/537.36 (KHTML, like Gecko) Chrome/70.0.0.0 Safari/537.36"
162.0.232.104 - - [02/May/2026:01:24:36 -0400] "POST /wp-cron.php?doing_wp_cron=1777699476.9004950523376464843750 HTTP/1.1" 200 0 "-" "WordPress/6.9.4; https://techfabasia.com"
216.73.216.125 - - [02/May/2026:01:24:32 -0400] "GET /view/item/012897539629 HTTP/1.1" 404 33045 "-" "Mozilla/5.0 AppleWebKit/537.36 (KHTML, like Gecko; compatible; ClaudeBot/1.0; +claudebot@anthropic.com)"
162.0.232.104 - - [02/May/2026:01:24:51 -0400] "POST /wp-cron.php?doing_wp_cron=1777699491.7554030418395996093750 HTTP/1.1" 200 0 "-" "WordPress/6.9.4; https://techfabasia.com"
216.73.216.125 - - [02/May/2026:01:24:47 -0400] "GET /view/item/011403697388 HTTP/1.1" 404 33040 "-" "Mozilla/5.0 AppleWebKit/537.36 (KHTML, like Gecko; compatible; ClaudeBot/1.0; +claudebot@anthropic.com)"
216.73.216.125 - - [02/May/2026:01:25:01 -0400] "GET /view/item/01915125628 HTTP/1.1" 404 32961 "-" "Mozilla/5.0 AppleWebKit/537.36 (KHTML, like Gecko; compatible; ClaudeBot/1.0; +claudebot@anthropic.com)"
216.73.216.125 - - [02/May/2026:01:25:21 -0400] "GET /view/item/01684845818 HTTP/1.1" 404 33040 "-" "Mozilla/5.0 AppleWebKit/537.36 (KHTML, like Gecko; compatible; ClaudeBot/1.0; +claudebot@anthropic.com)"
216.73.216.125 - - [02/May/2026:01:25:33 -0400] "GET /view/item/01805764501 HTTP/1.1" 200 0 "-" "Mozilla/5.0 AppleWebKit/537.36 (KHTML, like Gecko; compatible; ClaudeBot/1.0; +claudebot@anthropic.com)"
216.73.216.125 - - [02/May/2026:01:25:52 -0400] "GET /view/item/012501067906 HTTP/1.1" 200 0 "-" "Mozilla/5.0 AppleWebKit/537.36 (KHTML, like Gecko; compatible; ClaudeBot/1.0; +claudebot@anthropic.com)"
162.0.232.104 - - [02/May/2026:01:26:01 -0400] "POST /wp-cron.php?doing_wp_cron=1777699561.1391489505767822265625 HTTP/1.1" 200 0 "-" "WordPress/6.9.4; https://techfabasia.com"
216.73.216.125 - - [02/May/2026:01:26:04 -0400] "GET /view/item/01803194871 HTTP/1.1" 404 33051 "-" "Mozilla/5.0 AppleWebKit/537.36 (KHTML, like Gecko; compatible; ClaudeBot/1.0; +claudebot@anthropic.com)"
216.73.216.125 - - [02/May/2026:01:26:31 -0400] "GET /view/item/014012440965 HTTP/1.1" 404 33071 "-" "Mozilla/5.0 AppleWebKit/537.36 (KHTML, like Gecko; compatible; ClaudeBot/1.0; +claudebot@anthropic.com)"
162.0.232.104 - - [02/May/2026:01:26:53 -0400] "POST /wp-cron.php?doing_wp_cron=1777699613.3201920986175537109375 HTTP/1.1" 200 0 "-" "WordPress/6.9.4; https://techfabasia.com"
216.73.216.125 - - [02/May/2026:01:26:48 -0400] "GET /view/item/01646186586 HTTP/1.1" 404 33054 "-" "Mozilla/5.0 AppleWebKit/537.36 (KHTML, like Gecko; compatible; ClaudeBot/1.0; +claudebot@anthropic.com)"
216.73.216.125 - - [02/May/2026:01:27:01 -0400] "GET /view/item/01730609928 HTTP/1.1" 404 33067 "-" "Mozilla/5.0 AppleWebKit/537.36 (KHTML, like Gecko; compatible; ClaudeBot/1.0; +claudebot@anthropic.com)"
216.73.216.125 - - [02/May/2026:01:27:19 -0400] "GET /view/item/01197203214 HTTP/1.1" 404 33003 "-" "Mozilla/5.0 AppleWebKit/537.36 (KHTML, like Gecko; compatible; ClaudeBot/1.0; +claudebot@anthropic.com)"
47.128.63.190 - - [02/May/2026:01:27:24 -0400] "GET /?mas_static_content=cameras-audio-video-megamenu-item HTTP/1.1" 200 32573 "-" "Mozilla/5.0 (compatible; Bytespider; spider-feedback@bytedance.com) AppleWebKit/537.36 (KHTML, like Gecko) Chrome/70.0.0.0 Safari/537.36"
216.73.216.125 - - [02/May/2026:01:27:31 -0400] "GET /view/item/01205686085 HTTP/1.1" 404 33021 "-" "Mozilla/5.0 AppleWebKit/537.36 (KHTML, like Gecko; compatible; ClaudeBot/1.0; +claudebot@anthropic.com)"
162.0.232.104 - - [02/May/2026:01:27:54 -0400] "POST /wp-cron.php?doing_wp_cron=1777699674.5202660560607910156250 HTTP/1.1" 200 0 "-" "WordPress/6.9.4; https://techfabasia.com"
216.73.216.125 - - [02/May/2026:01:27:49 -0400] "GET /view/item/01366537385 HTTP/1.1" 404 32930 "-" "Mozilla/5.0 AppleWebKit/537.36 (KHTML, like Gecko; compatible; ClaudeBot/1.0; +claudebot@anthropic.com)"
47.128.63.210 - - [02/May/2026:01:27:58 -0400] "GET /shop/zm10t-15t-pcb-fpc-punching-cutting-machine/ HTTP/1.1" 200 32935 "-" "Mozilla/5.0 (compatible; Bytespider; spider-feedback@bytedance.com) AppleWebKit/537.36 (KHTML, like Gecko) Chrome/70.0.0.0 Safari/537.36"
47.128.63.210 - - [02/May/2026:01:28:05 -0400] "GET /wp-content/plugins/mas-woocommerce-brands/assets/css/style.css?ver=1.1.0 HTTP/1.1" 200 543 "https://techfabasia.com/shop/zm10t-15t-pcb-fpc-punching-cutting-machine/" "Mozilla/5.0 (compatible; Bytespider; spider-feedback@bytedance.com) AppleWebKit/537.36 (KHTML, like Gecko) Chrome/70.0.0.0 Safari/537.36"
47.128.63.210 - - [02/May/2026:01:28:05 -0400] "GET /wp-content/plugins/revslider/public/css/sr7.css?ver=6.7.34 HTTP/1.1" 200 1392 "https://techfabasia.com/shop/zm10t-15t-pcb-fpc-punching-cutting-machine/" "Mozilla/5.0 (compatible; Bytespider; spider-feedback@bytedance.com) AppleWebKit/537.36 (KHTML, like Gecko) Chrome/70.0.0.0 Safari/537.36"
47.128.63.210 - - [02/May/2026:01:28:05 -0400] "GET /wp-content/plugins/woocommerce/assets/css/brands.css?ver=10.7.0 HTTP/1.1" 200 579 "https://techfabasia.com/shop/zm10t-15t-pcb-fpc-punching-cutting-machine/" "Mozilla/5.0 (compatible; Bytespider; spider-feedback@bytedance.com) AppleWebKit/537.36 (KHTML, like Gecko) Chrome/70.0.0.0 Safari/537.36"
47.128.63.210 - - [02/May/2026:01:28:05 -0400] "GET /wp-content/plugins/woocommerce/assets/css/photoswipe/photoswipe.min.css?ver=10.7.0 HTTP/1.1" 200 846 "https://techfabasia.com/shop/zm10t-15t-pcb-fpc-punching-cutting-machine/" "Mozilla/5.0 (compatible; Bytespider; spider-feedback@bytedance.com) AppleWebKit/537.36 (KHTML, like Gecko) Chrome/70.0.0.0 Safari/537.36"
47.128.63.210 - - [02/May/2026:01:28:05 -0400] "GET /wp-content/themes/electro/assets/css/font-electro.css?ver=3.5.7 HTTP/1.1" 200 691 "https://techfabasia.com/shop/zm10t-15t-pcb-fpc-punching-cutting-machine/" "Mozilla/5.0 (compatible; Bytespider; spider-feedback@bytedance.com) AppleWebKit/537.36 (KHTML, like Gecko) Chrome/70.0.0.0 Safari/537.36"
47.128.63.210 - - [02/May/2026:01:28:05 -0400] "GET /wp-content/themes/electro/assets/vendor/fontawesome/css/all.min.css?ver=3.5.7 HTTP/1.1" 200 21985 "https://techfabasia.com/shop/zm10t-15t-pcb-fpc-punching-cutting-machine/" "Mozilla/5.0 (compatible; Bytespider; spider-feedback@bytedance.com) AppleWebKit/537.36 (KHTML, like Gecko) Chrome/70.0.0.0 Safari/537.36"
47.128.63.210 - - [02/May/2026:01:28:06 -0400] "GET /wp-content/plugins/yith-woocommerce-compare/assets/css/jquery.dataTables.css?ver=1.10.18 HTTP/1.1" 200 1866 "https://techfabasia.com/shop/zm10t-15t-pcb-fpc-punching-cutting-machine/" "Mozilla/5.0 (compatible; Bytespider; spider-feedback@bytedance.com) AppleWebKit/537.36 (KHTML, like Gecko) Chrome/70.0.0.0 Safari/537.36"
47.128.63.210 - - [02/May/2026:01:28:06 -0400] "GET /wp-content/plugins/perfect-woocommerce-brands/build/frontend/css/style.css?ver=3.6.12 HTTP/1.1" 200 1335 "https://techfabasia.com/shop/zm10t-15t-pcb-fpc-punching-cutting-machine/" "Mozilla/5.0 (compatible; Bytespider; spider-feedback@bytedance.com) AppleWebKit/537.36 (KHTML, like Gecko) Chrome/70.0.0.0 Safari/537.36"
47.128.63.210 - - [02/May/2026:01:28:08 -0400] "GET /wp-content/plugins/wpforms-lite/assets/css/frontend/modern/wpforms-full.min.css?ver=1.10.0.4 HTTP/1.1" 200 15488 "https://techfabasia.com/shop/zm10t-15t-pcb-fpc-punching-cutting-machine/" "Mozilla/5.0 (compatible; Bytespider; spider-feedback@bytedance.com) AppleWebKit/537.36 (KHTML, like Gecko) Chrome/70.0.0.0 Safari/537.36"
216.73.216.125 - - [02/May/2026:01:28:03 -0400] "GET /view/item/011543971199 HTTP/1.1" 404 32968 "-" "Mozilla/5.0 AppleWebKit/537.36 (KHTML, like Gecko; compatible; ClaudeBot/1.0; +claudebot@anthropic.com)"
47.128.63.210 - - [02/May/2026:01:28:10 -0400] "GET /wp-content/uploads/2025/05/unc160-100x100.webp HTTP/1.1" 206 500 "https://techfabasia.com/shop/zm10t-15t-pcb-fpc-punching-cutting-machine/" "Mozilla/5.0 (compatible; Bytespider; spider-feedback@bytedance.com) AppleWebKit/537.36 (KHTML, like Gecko) Chrome/70.0.0.0 Safari/537.36"
216.73.216.125 - - [02/May/2026:01:28:21 -0400] "GET /view/item/014130316574 HTTP/1.1" 404 32997 "-" "Mozilla/5.0 AppleWebKit/537.36 (KHTML, like Gecko; compatible; ClaudeBot/1.0; +claudebot@anthropic.com)"
216.73.216.125 - - [02/May/2026:01:28:33 -0400] "GET /view/item/01761875600 HTTP/1.1" 404 32941 "-" "Mozilla/5.0 AppleWebKit/537.36 (KHTML, like Gecko; compatible; ClaudeBot/1.0; +claudebot@anthropic.com)"
47.128.63.228 - - [02/May/2026:01:28:33 -0400] "GET /terms-and-conditions/ HTTP/1.1" 200 31979 "-" "Mozilla/5.0 (compatible; Bytespider; spider-feedback@bytedance.com) AppleWebKit/537.36 (KHTML, like Gecko) Chrome/70.0.0.0 Safari/537.36"
47.128.63.228 - - [02/May/2026:01:28:42 -0400] "GET /wp-content/themes/electro/assets/css/font-electro.css?ver=3.5.7 HTTP/1.1" 200 691 "https://techfabasia.com/terms-and-conditions/" "Mozilla/5.0 (compatible; Bytespider; spider-feedback@bytedance.com) AppleWebKit/537.36 (KHTML, like Gecko) Chrome/70.0.0.0 Safari/537.36"
47.128.63.228 - - [02/May/2026:01:28:42 -0400] "GET /wp-content/themes/electro/assets/vendor/fontawesome/css/all.min.css?ver=3.5.7 HTTP/1.1" 200 21985 "https://techfabasia.com/terms-and-conditions/" "Mozilla/5.0 (compatible; Bytespider; spider-feedback@bytedance.com) AppleWebKit/537.36 (KHTML, like Gecko) Chrome/70.0.0.0 Safari/537.36"
47.128.63.228 - - [02/May/2026:01:28:42 -0400] "GET /wp-content/themes/electro/assets/css/colors/blue.min.css?ver=3.5.7 HTTP/1.1" 200 5171 "https://techfabasia.com/terms-and-conditions/" "Mozilla/5.0 (compatible; Bytespider; spider-feedback@bytedance.com) AppleWebKit/537.36 (KHTML, like Gecko) Chrome/70.0.0.0 Safari/537.36"
47.128.63.228 - - [02/May/2026:01:28:42 -0400] "GET /wp-content/plugins/perfect-woocommerce-brands/build/frontend/css/style.css?ver=3.6.12 HTTP/1.1" 200 1335 "https://techfabasia.com/terms-and-conditions/" "Mozilla/5.0 (compatible; Bytespider; spider-feedback@bytedance.com) AppleWebKit/537.36 (KHTML, like Gecko) Chrome/70.0.0.0 Safari/537.36"
47.128.63.228 - - [02/May/2026:01:28:42 -0400] "GET /wp-content/plugins/woocommerce/assets/client/blocks/wc-blocks.css?ver=wc-10.7.0 HTTP/1.1" 200 2391 "https://techfabasia.com/terms-and-conditions/" "Mozilla/5.0 (compatible; Bytespider; spider-feedback@bytedance.com) AppleWebKit/537.36 (KHTML, like Gecko) Chrome/70.0.0.0 Safari/537.36"
47.128.63.228 - - [02/May/2026:01:28:42 -0400] "GET /wp-content/uploads/2025/05/ctlogo.png HTTP/1.1" 206 500 "https://techfabasia.com/terms-and-conditions/" "Mozilla/5.0 (compatible; Bytespider; spider-feedback@bytedance.com) AppleWebKit/537.36 (KHTML, like Gecko) Chrome/70.0.0.0 Safari/537.36"
47.128.63.228 - - [02/May/2026:01:28:43 -0400] "GET /wp-content/uploads/2018/10/electro-slider-placeholder-1.png HTTP/1.1" 206 500 "https://techfabasia.com/terms-and-conditions/" "Mozilla/5.0 (compatible; Bytespider; spider-feedback@bytedance.com) AppleWebKit/537.36 (KHTML, like Gecko) Chrome/70.0.0.0 Safari/537.36"
47.128.63.228 - - [02/May/2026:01:28:43 -0400] "GET /wp-content/plugins/wpforms-lite/assets/css/frontend/modern/wpforms-full.min.css?ver=1.10.0.4 HTTP/1.1" 200 15488 "https://techfabasia.com/terms-and-conditions/" "Mozilla/5.0 (compatible; Bytespider; spider-feedback@bytedance.com) AppleWebKit/537.36 (KHTML, like Gecko) Chrome/70.0.0.0 Safari/537.36"
47.128.63.228 - - [02/May/2026:01:28:43 -0400] "GET /wp-content/plugins/woocommerce/assets/client/blocks/coming-soon.css?ver=wc-10.7.0 HTTP/1.1" 200 594 "https://techfabasia.com/terms-and-conditions/" "Mozilla/5.0 (compatible; Bytespider; spider-feedback@bytedance.com) AppleWebKit/537.36 (KHTML, like Gecko) Chrome/70.0.0.0 Safari/537.36"
47.128.63.228 - - [02/May/2026:01:28:43 -0400] "GET /wp-content/plugins/js_composer/assets/css/js_composer.min.css?ver=8.4.1 HTTP/1.1" 200 41803 "https://techfabasia.com/terms-and-conditions/" "Mozilla/5.0 (compatible; Bytespider; spider-feedback@bytedance.com) AppleWebKit/537.36 (KHTML, like Gecko) Chrome/70.0.0.0 Safari/537.36"
47.128.63.228 - - [02/May/2026:01:28:43 -0400] "GET /wp-content/uploads/2018/10/electro-brand-placeholder.png HTTP/1.1" 206 337 "https://techfabasia.com/terms-and-conditions/" "Mozilla/5.0 (compatible; Bytespider; spider-feedback@bytedance.com) AppleWebKit/537.36 (KHTML, like Gecko) Chrome/70.0.0.0 Safari/537.36"
47.128.63.228 - - [02/May/2026:01:28:43 -0400] "GET /wp-content/uploads/2025/05/unc160-100x100.webp HTTP/1.1" 206 500 "https://techfabasia.com/terms-and-conditions/" "Mozilla/5.0 (compatible; Bytespider; spider-feedback@bytedance.com) AppleWebKit/537.36 (KHTML, like Gecko) Chrome/70.0.0.0 Safari/537.36"
47.128.63.228 - - [02/May/2026:01:28:43 -0400] "GET /wp-content/uploads/2020/11/footer-wdiget-banner.png HTTP/1.1" 206 500 "https://techfabasia.com/terms-and-conditions/" "Mozilla/5.0 (compatible; Bytespider; spider-feedback@bytedance.com) AppleWebKit/537.36 (KHTML, like Gecko) Chrome/70.0.0.0 Safari/537.36"
216.73.216.125 - - [02/May/2026:01:28:52 -0400] "GET /view/item/0176657176 HTTP/1.1" 404 32932 "-" "Mozilla/5.0 AppleWebKit/537.36 (KHTML, like Gecko; compatible; ClaudeBot/1.0; +claudebot@anthropic.com)"
216.73.216.125 - - [02/May/2026:01:29:11 -0400] "GET /view/item/012391893024 HTTP/1.1" 200 184 "-" "Mozilla/5.0 AppleWebKit/537.36 (KHTML, like Gecko; compatible; ClaudeBot/1.0; +claudebot@anthropic.com)"
216.73.216.125 - - [02/May/2026:01:29:29 -0400] "GET /view/item/01358701757 HTTP/1.1" 200 0 "-" "Mozilla/5.0 AppleWebKit/537.36 (KHTML, like Gecko; compatible; ClaudeBot/1.0; +claudebot@anthropic.com)"
216.73.216.125 - - [02/May/2026:01:29:45 -0400] "GET /view/item/014124569725 HTTP/1.1" 404 32988 "-" "Mozilla/5.0 AppleWebKit/537.36 (KHTML, like Gecko; compatible; ClaudeBot/1.0; +claudebot@anthropic.com)"
162.0.232.104 - - [02/May/2026:01:29:52 -0400] "POST /wp-cron.php?doing_wp_cron=1777699792.0738799571990966796875 HTTP/1.1" 200 0 "-" "WordPress/6.9.4; https://techfabasia.com"
216.73.216.125 - - [02/May/2026:01:30:01 -0400] "GET /view/item/01389856865 HTTP/1.1" 200 0 "-" "Mozilla/5.0 AppleWebKit/537.36 (KHTML, like Gecko; compatible; ClaudeBot/1.0; +claudebot@anthropic.com)"
162.0.232.104 - - [02/May/2026:01:30:12 -0400] "POST /wp-cron.php?doing_wp_cron=1777699812.6719739437103271484375 HTTP/1.1" 200 0 "-" "WordPress/6.9.4; https://techfabasia.com"
216.73.216.125 - - [02/May/2026:01:30:17 -0400] "GET /view/item/011748089906 HTTP/1.1" 404 33054 "-" "Mozilla/5.0 AppleWebKit/537.36 (KHTML, like Gecko; compatible; ClaudeBot/1.0; +claudebot@anthropic.com)"
216.73.216.125 - - [02/May/2026:01:30:33 -0400] "GET /view/item/012893362999 HTTP/1.1" 404 32958 "-" "Mozilla/5.0 AppleWebKit/537.36 (KHTML, like Gecko; compatible; ClaudeBot/1.0; +claudebot@anthropic.com)"
162.0.232.104 - - [02/May/2026:01:30:52 -0400] "POST /wp-cron.php?doing_wp_cron=1777699852.6049981117248535156250 HTTP/1.1" 200 0 "-" "WordPress/6.9.4; https://techfabasia.com"
216.73.216.125 - - [02/May/2026:01:30:48 -0400] "GET /view/item/01411441506 HTTP/1.1" 404 33057 "-" "Mozilla/5.0 AppleWebKit/537.36 (KHTML, like Gecko; compatible; ClaudeBot/1.0; +claudebot@anthropic.com)"
216.73.216.125 - - [02/May/2026:01:31:02 -0400] "GET /view/item/01874423547 HTTP/1.1" 404 32971 "-" "Mozilla/5.0 AppleWebKit/537.36 (KHTML, like Gecko; compatible; ClaudeBot/1.0; +claudebot@anthropic.com)"
216.73.216.125 - - [02/May/2026:01:31:20 -0400] "GET /view/item/01657247213 HTTP/1.1" 404 33023 "-" "Mozilla/5.0 AppleWebKit/537.36 (KHTML, like Gecko; compatible; ClaudeBot/1.0; +claudebot@anthropic.com)"
216.73.216.125 - - [02/May/2026:01:31:32 -0400] "GET /view/item/01461492791 HTTP/1.1" 404 33039 "-" "Mozilla/5.0 AppleWebKit/537.36 (KHTML, like Gecko; compatible; ClaudeBot/1.0; +claudebot@anthropic.com)"
162.0.232.104 - - [02/May/2026:01:31:54 -0400] "POST /wp-cron.php?doing_wp_cron=1777699914.8639369010925292968750 HTTP/1.1" 200 0 "-" "WordPress/6.9.4; https://techfabasia.com"
216.73.216.125 - - [02/May/2026:01:31:50 -0400] "GET /view/item/012886590965 HTTP/1.1" 404 32956 "-" "Mozilla/5.0 AppleWebKit/537.36 (KHTML, like Gecko; compatible; ClaudeBot/1.0; +claudebot@anthropic.com)"
62.72.51.46 - - [02/May/2026:01:31:59 -0400] "GET / HTTP/1.1" 200 48809 "-" "httpx - Open-source project (github.com/projectdiscovery/httpx)"
162.0.232.104 - - [02/May/2026:01:32:09 -0400] "POST /wp-cron.php?doing_wp_cron=1777699929.1508629322052001953125 HTTP/1.1" 200 0 "-" "WordPress/6.9.4; https://techfabasia.com"
216.73.216.125 - - [02/May/2026:01:32:05 -0400] "GET /view/item/01468496390 HTTP/1.1" 404 32931 "-" "Mozilla/5.0 AppleWebKit/537.36 (KHTML, like Gecko; compatible; ClaudeBot/1.0; +claudebot@anthropic.com)"
216.73.216.125 - - [02/May/2026:01:32:22 -0400] "GET /view/item/01757510180 HTTP/1.1" 404 33006 "-" "Mozilla/5.0 AppleWebKit/537.36 (KHTML, like Gecko; compatible; ClaudeBot/1.0; +claudebot@anthropic.com)"
216.73.216.125 - - [02/May/2026:01:32:34 -0400] "GET /view/item/014160924113 HTTP/1.1" 404 33053 "-" "Mozilla/5.0 AppleWebKit/537.36 (KHTML, like Gecko; compatible; ClaudeBot/1.0; +claudebot@anthropic.com)"
216.73.216.125 - - [02/May/2026:01:32:51 -0400] "GET /view/item/012397565344 HTTP/1.1" 200 0 "-" "Mozilla/5.0 AppleWebKit/537.36 (KHTML, like Gecko; compatible; ClaudeBot/1.0; +claudebot@anthropic.com)"
162.0.232.104 - - [02/May/2026:01:33:02 -0400] "POST /wp-cron.php?doing_wp_cron=1777699982.0371959209442138671875 HTTP/1.1" 200 0 "-" "WordPress/6.9.4; https://techfabasia.com"
216.73.216.125 - - [02/May/2026:01:33:03 -0400] "GET /view/item/011665407701 HTTP/1.1" 200 0 "-" "Mozilla/5.0 AppleWebKit/537.36 (KHTML, like Gecko; compatible; ClaudeBot/1.0; +claudebot@anthropic.com)"
216.73.216.125 - - [02/May/2026:01:33:23 -0400] "GET /view/item/013418316337 HTTP/1.1" 200 184 "-" "Mozilla/5.0 AppleWebKit/537.36 (KHTML, like Gecko; compatible; ClaudeBot/1.0; +claudebot@anthropic.com)"
216.73.216.125 - - [02/May/2026:01:33:34 -0400] "GET /view/item/013534396359 HTTP/1.1" 404 33056 "-" "Mozilla/5.0 AppleWebKit/537.36 (KHTML, like Gecko; compatible; ClaudeBot/1.0; +claudebot@anthropic.com)"
162.0.232.104 - - [02/May/2026:01:34:01 -0400] "POST /wp-cron.php?doing_wp_cron=1777700041.8471059799194335937500 HTTP/1.1" 200 0 "-" "WordPress/6.9.4; https://techfabasia.com"
216.73.216.125 - - [02/May/2026:01:33:52 -0400] "GET /view/item/012270107820 HTTP/1.1" 404 32996 "-" "Mozilla/5.0 AppleWebKit/537.36 (KHTML, like Gecko; compatible; ClaudeBot/1.0; +claudebot@anthropic.com)"
216.73.216.125 - - [02/May/2026:01:34:05 -0400] "GET /view/item/01695554494 HTTP/1.1" 200 184 "-" "Mozilla/5.0 AppleWebKit/537.36 (KHTML, like Gecko; compatible; ClaudeBot/1.0; +claudebot@anthropic.com)"
216.73.216.125 - - [02/May/2026:01:34:23 -0400] "GET /view/item/01205491286 HTTP/1.1" 404 33012 "-" "Mozilla/5.0 AppleWebKit/537.36 (KHTML, like Gecko; compatible; ClaudeBot/1.0; +claudebot@anthropic.com)"
216.73.216.125 - - [02/May/2026:01:34:41 -0400] "GET /view/item/012340095070 HTTP/1.1" 404 32989 "-" "Mozilla/5.0 AppleWebKit/537.36 (KHTML, like Gecko; compatible; ClaudeBot/1.0; +claudebot@anthropic.com)"
216.73.216.125 - - [02/May/2026:01:34:59 -0400] "GET /view/item/01217960077 HTTP/1.1" 404 33021 "-" "Mozilla/5.0 AppleWebKit/537.36 (KHTML, like Gecko; compatible; ClaudeBot/1.0; +claudebot@anthropic.com)"
162.0.232.104 - - [02/May/2026:01:35:06 -0400] "POST /wp-cron.php?doing_wp_cron=1777700106.0190980434417724609375 HTTP/1.1" 200 0 "-" "WordPress/6.9.4; https://techfabasia.com"
216.73.216.125 - - [02/May/2026:01:35:12 -0400] "GET /view/item/014287660550 HTTP/1.1" 404 33043 "-" "Mozilla/5.0 AppleWebKit/537.36 (KHTML, like Gecko; compatible; ClaudeBot/1.0; +claudebot@anthropic.com)"
216.73.216.125 - - [02/May/2026:01:35:30 -0400] "GET /view/item/012488022152 HTTP/1.1" 404 32968 "-" "Mozilla/5.0 AppleWebKit/537.36 (KHTML, like Gecko; compatible; ClaudeBot/1.0; +claudebot@anthropic.com)"
162.0.232.104 - - [02/May/2026:01:35:50 -0400] "POST /wp-cron.php?doing_wp_cron=1777700150.2096350193023681640625 HTTP/1.1" 200 0 "-" "WordPress/6.9.4; https://techfabasia.com"
216.73.216.125 - - [02/May/2026:01:35:45 -0400] "GET /view/item/013603474838 HTTP/1.1" 404 33039 "-" "Mozilla/5.0 AppleWebKit/537.36 (KHTML, like Gecko; compatible; ClaudeBot/1.0; +claudebot@anthropic.com)"
216.73.216.125 - - [02/May/2026:01:36:02 -0400] "GET /view/item/01431722348 HTTP/1.1" 404 32938 "-" "Mozilla/5.0 AppleWebKit/537.36 (KHTML, like Gecko; compatible; ClaudeBot/1.0; +claudebot@anthropic.com)"
216.73.216.125 - - [02/May/2026:01:36:20 -0400] "GET /view/item/013929955832 HTTP/1.1" 404 33063 "-" "Mozilla/5.0 AppleWebKit/537.36 (KHTML, like Gecko; compatible; ClaudeBot/1.0; +claudebot@anthropic.com)"
216.73.216.125 - - [02/May/2026:01:36:32 -0400] "GET /view/item/01217487680 HTTP/1.1" 404 33047 "-" "Mozilla/5.0 AppleWebKit/537.36 (KHTML, like Gecko; compatible; ClaudeBot/1.0; +claudebot@anthropic.com)"
162.0.232.104 - - [02/May/2026:01:36:49 -0400] "POST /wp-cron.php?doing_wp_cron=1777700209.2840690612792968750000 HTTP/1.1" 200 0 "-" "WordPress/6.9.4; https://techfabasia.com"
216.73.216.125 - - [02/May/2026:01:36:43 -0400] "GET /view/item/011613732145 HTTP/1.1" 404 33051 "-" "Mozilla/5.0 AppleWebKit/537.36 (KHTML, like Gecko; compatible; ClaudeBot/1.0; +claudebot@anthropic.com)"
216.73.216.125 - - [02/May/2026:01:37:00 -0400] "GET /view/item/012928986463 HTTP/1.1" 404 32963 "-" "Mozilla/5.0 AppleWebKit/537.36 (KHTML, like Gecko; compatible; ClaudeBot/1.0; +claudebot@anthropic.com)"
216.73.216.125 - - [02/May/2026:01:37:15 -0400] "GET /view/item/011751226953 HTTP/1.1" 404 33012 "-" "Mozilla/5.0 AppleWebKit/537.36 (KHTML, like Gecko; compatible; ClaudeBot/1.0; +claudebot@anthropic.com)"
216.73.216.125 - - [02/May/2026:01:37:33 -0400] "GET /view/item/01196137554 HTTP/1.1" 404 33002 "-" "Mozilla/5.0 AppleWebKit/537.36 (KHTML, like Gecko; compatible; ClaudeBot/1.0; +claudebot@anthropic.com)"
162.0.232.104 - - [02/May/2026:01:37:53 -0400] "POST /wp-cron.php?doing_wp_cron=1777700273.4484510421752929687500 HTTP/1.1" 200 0 "-" "WordPress/6.9.4; https://techfabasia.com"
216.73.216.125 - - [02/May/2026:01:37:49 -0400] "GET /view/item/014074007123 HTTP/1.1" 404 32970 "-" "Mozilla/5.0 AppleWebKit/537.36 (KHTML, like Gecko; compatible; ClaudeBot/1.0; +claudebot@anthropic.com)"
216.73.216.125 - - [02/May/2026:01:38:05 -0400] "GET /view/item/013453576292 HTTP/1.1" 404 33013 "-" "Mozilla/5.0 AppleWebKit/537.36 (KHTML, like Gecko; compatible; ClaudeBot/1.0; +claudebot@anthropic.com)"
216.73.216.125 - - [02/May/2026:01:38:18 -0400] "GET /view/item/012354086314 HTTP/1.1" 200 0 "-" "Mozilla/5.0 AppleWebKit/537.36 (KHTML, like Gecko; compatible; ClaudeBot/1.0; +claudebot@anthropic.com)"
216.73.216.125 - - [02/May/2026:01:38:36 -0400] "GET /view/item/013487197905 HTTP/1.1" 404 32958 "-" "Mozilla/5.0 AppleWebKit/537.36 (KHTML, like Gecko; compatible; ClaudeBot/1.0; +claudebot@anthropic.com)"
216.73.216.125 - - [02/May/2026:01:38:49 -0400] "GET /view/item/011505286061 HTTP/1.1" 200 0 "-" "Mozilla/5.0 AppleWebKit/537.36 (KHTML, like Gecko; compatible; ClaudeBot/1.0; +claudebot@anthropic.com)"
162.0.232.104 - - [02/May/2026:01:39:01 -0400] "POST /wp-cron.php?doing_wp_cron=1777700340.9405369758605957031250 HTTP/1.1" 200 0 "-" "WordPress/6.9.4; https://techfabasia.com"
216.73.216.125 - - [02/May/2026:01:38:59 -0400] "GET /view/item/012463915935 HTTP/1.1" 200 0 "-" "Mozilla/5.0 AppleWebKit/537.36 (KHTML, like Gecko; compatible; ClaudeBot/1.0; +claudebot@anthropic.com)"
162.0.232.104 - - [02/May/2026:01:39:16 -0400] "POST /wp-cron.php?doing_wp_cron=1777700356.2717831134796142578125 HTTP/1.1" 200 0 "-" "WordPress/6.9.4; https://techfabasia.com"
216.73.216.125 - - [02/May/2026:01:39:07 -0400] "GET /view/item/01429641136 HTTP/1.1" 200 0 "-" "Mozilla/5.0 AppleWebKit/537.36 (KHTML, like Gecko; compatible; ClaudeBot/1.0; +claudebot@anthropic.com)"
216.73.216.125 - - [02/May/2026:01:39:27 -0400] "GET /view/item/014151001467 HTTP/1.1" 404 33017 "-" "Mozilla/5.0 AppleWebKit/537.36 (KHTML, like Gecko; compatible; ClaudeBot/1.0; +claudebot@anthropic.com)"
216.73.216.125 - - [02/May/2026:01:39:39 -0400] "GET /view/item/013114532092 HTTP/1.1" 404 32989 "-" "Mozilla/5.0 AppleWebKit/537.36 (KHTML, like Gecko; compatible; ClaudeBot/1.0; +claudebot@anthropic.com)"
216.73.216.125 - - [02/May/2026:01:39:58 -0400] "GET /view/item/014175789753 HTTP/1.1" 404 33019 "-" "Mozilla/5.0 AppleWebKit/537.36 (KHTML, like Gecko; compatible; ClaudeBot/1.0; +claudebot@anthropic.com)"
162.0.232.104 - - [02/May/2026:01:40:18 -0400] "POST /wp-cron.php?doing_wp_cron=1777700418.7729830741882324218750 HTTP/1.1" 200 0 "-" "WordPress/6.9.4; https://techfabasia.com"
216.73.216.125 - - [02/May/2026:01:40:14 -0400] "GET /view/item/01308479187 HTTP/1.1" 404 32970 "-" "Mozilla/5.0 AppleWebKit/537.36 (KHTML, like Gecko; compatible; ClaudeBot/1.0; +claudebot@anthropic.com)"
216.73.216.125 - - [02/May/2026:01:40:32 -0400] "GET /view/item/01776057307 HTTP/1.1" 404 32969 "-" "Mozilla/5.0 AppleWebKit/537.36 (KHTML, like Gecko; compatible; ClaudeBot/1.0; +claudebot@anthropic.com)"
162.0.232.104 - - [02/May/2026:01:40:56 -0400] "POST /wp-cron.php?doing_wp_cron=1777700456.7734189033508300781250 HTTP/1.1" 200 0 "-" "WordPress/6.9.4; https://techfabasia.com"
216.73.216.125 - - [02/May/2026:01:40:51 -0400] "GET /view/item/014245531967 HTTP/1.1" 404 33043 "-" "Mozilla/5.0 AppleWebKit/537.36 (KHTML, like Gecko; compatible; ClaudeBot/1.0; +claudebot@anthropic.com)"
216.73.216.125 - - [02/May/2026:01:41:02 -0400] "GET /view/item/013485667183 HTTP/1.1" 404 33015 "-" "Mozilla/5.0 AppleWebKit/537.36 (KHTML, like Gecko; compatible; ClaudeBot/1.0; +claudebot@anthropic.com)"
216.73.216.125 - - [02/May/2026:01:41:21 -0400] "GET /view/item/014091527712 HTTP/1.1" 404 33065 "-" "Mozilla/5.0 AppleWebKit/537.36 (KHTML, like Gecko; compatible; ClaudeBot/1.0; +claudebot@anthropic.com)"
216.73.216.125 - - [02/May/2026:01:41:34 -0400] "GET /view/item/012911467448 HTTP/1.1" 404 33027 "-" "Mozilla/5.0 AppleWebKit/537.36 (KHTML, like Gecko; compatible; ClaudeBot/1.0; +claudebot@anthropic.com)"
216.73.216.125 - - [02/May/2026:01:41:39 -0400] "GET /view/item/01180455309 HTTP/1.1" 404 32938 "-" "Mozilla/5.0 AppleWebKit/537.36 (KHTML, like Gecko; compatible; ClaudeBot/1.0; +claudebot@anthropic.com)"
216.73.216.125 - - [02/May/2026:01:41:56 -0400] "GET /view/item/013086158271 HTTP/1.1" 200 184 "-" "Mozilla/5.0 AppleWebKit/537.36 (KHTML, like Gecko; compatible; ClaudeBot/1.0; +claudebot@anthropic.com)"
45.227.253.15 - - [02/May/2026:01:42:09 -0400] "GET /index.php/jk HTTP/1.1" 200 63 "-" "Mozilla/5.0 (iPad; U; CPU OS 4_2_1 like Mac OS X; ja) AppleWebKit/533.17.9 (KHTML, like Gecko) Version/5.0.2 Mobile/8C148 Safari/6533.18.5"
216.73.216.125 - - [02/May/2026:01:42:09 -0400] "GET /view/item/01530099719 HTTP/1.1" 200 0 "-" "Mozilla/5.0 AppleWebKit/537.36 (KHTML, like Gecko; compatible; ClaudeBot/1.0; +claudebot@anthropic.com)"
162.0.232.104 - - [02/May/2026:01:42:21 -0400] "POST /wp-cron.php?doing_wp_cron=1777700541.6355180740356445312500 HTTP/1.1" 200 0 "-" "WordPress/6.9.4; https://techfabasia.com"
216.73.216.125 - - [02/May/2026:01:42:27 -0400] "GET /view/item/011784891687 HTTP/1.1" 200 0 "-" "Mozilla/5.0 AppleWebKit/537.36 (KHTML, like Gecko; compatible; ClaudeBot/1.0; +claudebot@anthropic.com)"
162.0.232.104 - - [02/May/2026:01:42:50 -0400] "POST /wp-cron.php?doing_wp_cron=1777700570.4272170066833496093750 HTTP/1.1" 200 0 "-" "WordPress/6.9.4; https://techfabasia.com"
216.73.216.125 - - [02/May/2026:01:42:41 -0400] "GET /view/item/012889822787 HTTP/1.1" 404 33063 "-" "Mozilla/5.0 AppleWebKit/537.36 (KHTML, like Gecko; compatible; ClaudeBot/1.0; +claudebot@anthropic.com)"
69.63.184.115 - - [02/May/2026:01:42:55 -0400] "GET /robots.txt HTTP/1.1" 206 81 "-" "facebookexternalhit/1.1 (+http://www.facebook.com/externalhit_uatext.php)"
216.73.216.125 - - [02/May/2026:01:42:59 -0400] "GET /view/item/01693876913 HTTP/1.1" 404 32937 "-" "Mozilla/5.0 AppleWebKit/537.36 (KHTML, like Gecko; compatible; ClaudeBot/1.0; +claudebot@anthropic.com)"
216.73.216.125 - - [02/May/2026:01:43:12 -0400] "GET /view/item/01883223483 HTTP/1.1" 404 33042 "-" "Mozilla/5.0 AppleWebKit/537.36 (KHTML, like Gecko; compatible; ClaudeBot/1.0; +claudebot@anthropic.com)"
216.73.216.125 - - [02/May/2026:01:43:32 -0400] "GET /view/item/013797746359 HTTP/1.1" 404 32993 "-" "Mozilla/5.0 AppleWebKit/537.36 (KHTML, like Gecko; compatible; ClaudeBot/1.0; +claudebot@anthropic.com)"
216.73.216.125 - - [02/May/2026:01:43:41 -0400] "GET /view/item/01671277707 HTTP/1.1" 404 33001 "-" "Mozilla/5.0 AppleWebKit/537.36 (KHTML, like Gecko; compatible; ClaudeBot/1.0; +claudebot@anthropic.com)"
162.0.232.104 - - [02/May/2026:01:44:03 -0400] "POST /wp-cron.php?doing_wp_cron=1777700643.1456739902496337890625 HTTP/1.1" 200 0 "-" "WordPress/6.9.4; https://techfabasia.com"
216.73.216.125 - - [02/May/2026:01:43:58 -0400] "GET /view/item/01883840689 HTTP/1.1" 404 33012 "-" "Mozilla/5.0 AppleWebKit/537.36 (KHTML, like Gecko; compatible; ClaudeBot/1.0; +claudebot@anthropic.com)"
216.73.216.125 - - [02/May/2026:01:44:12 -0400] "GET /view/item/011303364766 HTTP/1.1" 404 33035 "-" "Mozilla/5.0 AppleWebKit/537.36 (KHTML, like Gecko; compatible; ClaudeBot/1.0; +claudebot@anthropic.com)"
216.73.216.125 - - [02/May/2026:01:44:29 -0400] "GET /view/item/011672850309 HTTP/1.1" 404 33041 "-" "Mozilla/5.0 AppleWebKit/537.36 (KHTML, like Gecko; compatible; ClaudeBot/1.0; +claudebot@anthropic.com)"
162.0.232.104 - - [02/May/2026:01:44:48 -0400] "POST /wp-cron.php?doing_wp_cron=1777700688.2165040969848632812500 HTTP/1.1" 200 0 "-" "WordPress/6.9.4; https://techfabasia.com"
216.73.216.125 - - [02/May/2026:01:44:43 -0400] "GET /view/item/01871336212 HTTP/1.1" 404 33041 "-" "Mozilla/5.0 AppleWebKit/537.36 (KHTML, like Gecko; compatible; ClaudeBot/1.0; +claudebot@anthropic.com)"
216.73.216.125 - - [02/May/2026:01:45:01 -0400] "GET /view/item/012209440184 HTTP/1.1" 200 0 "-" "Mozilla/5.0 AppleWebKit/537.36 (KHTML, like Gecko; compatible; ClaudeBot/1.0; +claudebot@anthropic.com)"
216.73.216.125 - - [02/May/2026:01:45:14 -0400] "GET /view/item/013304009003 HTTP/1.1" 404 32966 "-" "Mozilla/5.0 AppleWebKit/537.36 (KHTML, like Gecko; compatible; ClaudeBot/1.0; +claudebot@anthropic.com)"
216.73.216.125 - - [02/May/2026:01:45:33 -0400] "GET /view/item/01281225689 HTTP/1.1" 404 33019 "-" "Mozilla/5.0 AppleWebKit/537.36 (KHTML, like Gecko; compatible; ClaudeBot/1.0; +claudebot@anthropic.com)"
40.77.167.75 - - [02/May/2026:01:45:48 -0400] "GET /wp-sitemap-posts-product-1.xml HTTP/1.1" 200 12347 "-" "Mozilla/5.0 AppleWebKit/537.36 (KHTML, like Gecko; compatible; bingbot/2.0; +http://www.bing.com/bingbot.htm) Chrome/116.0.1938.76 Safari/537.36"
162.0.232.104 - - [02/May/2026:01:45:54 -0400] "POST /wp-cron.php?doing_wp_cron=1777700754.8790268898010253906250 HTTP/1.1" 200 0 "-" "WordPress/6.9.4; https://techfabasia.com"
216.73.216.125 - - [02/May/2026:01:45:51 -0400] "GET /view/item/01774503490 HTTP/1.1" 404 33053 "-" "Mozilla/5.0 AppleWebKit/537.36 (KHTML, like Gecko; compatible; ClaudeBot/1.0; +claudebot@anthropic.com)"
216.73.216.125 - - [02/May/2026:01:46:03 -0400] "GET /view/item/01180438223 HTTP/1.1" 404 33027 "-" "Mozilla/5.0 AppleWebKit/537.36 (KHTML, like Gecko; compatible; ClaudeBot/1.0; +claudebot@anthropic.com)"
216.73.216.125 - - [02/May/2026:01:46:21 -0400] "GET /view/item/012582655706 HTTP/1.1" 404 33000 "-" "Mozilla/5.0 AppleWebKit/537.36 (KHTML, like Gecko; compatible; ClaudeBot/1.0; +claudebot@anthropic.com)"
216.73.216.125 - - [02/May/2026:01:46:32 -0400] "GET /view/item/012391092255 HTTP/1.1" 404 32961 "-" "Mozilla/5.0 AppleWebKit/537.36 (KHTML, like Gecko; compatible; ClaudeBot/1.0; +claudebot@anthropic.com)"
162.0.232.104 - - [02/May/2026:01:46:54 -0400] "POST /wp-cron.php?doing_wp_cron=1777700814.2333350181579589843750 HTTP/1.1" 200 0 "-" "WordPress/6.9.4; https://techfabasia.com"
216.73.216.125 - - [02/May/2026:01:46:49 -0400] "GET /view/item/011886014456 HTTP/1.1" 404 32965 "-" "Mozilla/5.0 AppleWebKit/537.36 (KHTML, like Gecko; compatible; ClaudeBot/1.0; +claudebot@anthropic.com)"
66.249.74.110 - - [02/May/2026:01:47:04 -0400] "GET /view/item/074118059333 HTTP/1.1" 200 29751 "-" "Mozilla/5.0 (Linux; Android 6.0.1; Nexus 5X Build/MMB29P) AppleWebKit/537.36 (KHTML, like Gecko) Chrome/147.0.7727.137 Mobile Safari/537.36 (compatible; GoogleOther)"
216.73.216.125 - - [02/May/2026:01:47:02 -0400] "GET /view/item/01498078048 HTTP/1.1" 404 32982 "-" "Mozilla/5.0 AppleWebKit/537.36 (KHTML, like Gecko; compatible; ClaudeBot/1.0; +claudebot@anthropic.com)"
216.73.216.125 - - [02/May/2026:01:47:20 -0400] "GET /view/item/01310643793 HTTP/1.1" 404 33012 "-" "Mozilla/5.0 AppleWebKit/537.36 (KHTML, like Gecko; compatible; ClaudeBot/1.0; +claudebot@anthropic.com)"
216.73.216.125 - - [02/May/2026:01:47:32 -0400] "GET /view/item/012857578165 HTTP/1.1" 404 33031 "-" "Mozilla/5.0 AppleWebKit/537.36 (KHTML, like Gecko; compatible; ClaudeBot/1.0; +claudebot@anthropic.com)"
162.0.232.104 - - [02/May/2026:01:47:55 -0400] "POST /wp-cron.php?doing_wp_cron=1777700875.6378281116485595703125 HTTP/1.1" 200 0 "-" "WordPress/6.9.4; https://techfabasia.com"
216.73.216.125 - - [02/May/2026:01:47:50 -0400] "GET /view/item/011590007765 HTTP/1.1" 404 33056 "-" "Mozilla/5.0 AppleWebKit/537.36 (KHTML, like Gecko; compatible; ClaudeBot/1.0; +claudebot@anthropic.com)"
216.73.216.125 - - [02/May/2026:01:48:08 -0400] "GET /view/item/012251151344 HTTP/1.1" 404 32993 "-" "Mozilla/5.0 AppleWebKit/537.36 (KHTML, like Gecko; compatible; ClaudeBot/1.0; +claudebot@anthropic.com)"
216.73.216.125 - - [02/May/2026:01:48:26 -0400] "GET /view/item/01661999508 HTTP/1.1" 404 33005 "-" "Mozilla/5.0 AppleWebKit/537.36 (KHTML, like Gecko; compatible; ClaudeBot/1.0; +claudebot@anthropic.com)"
216.73.216.125 - - [02/May/2026:01:48:38 -0400] "GET /view/item/012595087107 HTTP/1.1" 404 33021 "-" "Mozilla/5.0 AppleWebKit/537.36 (KHTML, like Gecko; compatible; ClaudeBot/1.0; +claudebot@anthropic.com)"
88.88.156.124 - - [02/May/2026:01:48:44 -0400] "GET /robots.txt HTTP/1.1" 200 81 "-" "Mozilla/5.0 (compatible; MJ12bot/v1.4.8; http://mj12bot.com/)"
162.0.232.104 - - [02/May/2026:01:48:51 -0400] "POST /wp-cron.php?doing_wp_cron=1777700931.8982980251312255859375 HTTP/1.1" 200 0 "-" "WordPress/6.9.4; https://techfabasia.com"
88.88.156.124 - - [02/May/2026:01:48:48 -0400] "GET /shop/gam-300at-carrier-flowing-back-in-line-pcb-router-machine/ HTTP/1.1" 200 32949 "-" "Mozilla/5.0 (compatible; MJ12bot/v1.4.8; http://mj12bot.com/)"
216.73.216.125 - - [02/May/2026:01:48:55 -0400] "GET /view/item/01377441458 HTTP/1.1" 404 33004 "-" "Mozilla/5.0 AppleWebKit/537.36 (KHTML, like Gecko; compatible; ClaudeBot/1.0; +claudebot@anthropic.com)"
216.73.216.125 - - [02/May/2026:01:49:13 -0400] "GET /view/item/011825822712 HTTP/1.1" 404 33054 "-" "Mozilla/5.0 AppleWebKit/537.36 (KHTML, like Gecko; compatible; ClaudeBot/1.0; +claudebot@anthropic.com)"
216.73.216.125 - - [02/May/2026:01:49:31 -0400] "GET /view/item/01779720905 HTTP/1.1" 404 33052 "-" "Mozilla/5.0 AppleWebKit/537.36 (KHTML, like Gecko; compatible; ClaudeBot/1.0; +claudebot@anthropic.com)"
162.0.232.104 - - [02/May/2026:01:49:48 -0400] "POST /wp-cron.php?doing_wp_cron=1777700988.0657138824462890625000 HTTP/1.1" 200 0 "-" "WordPress/6.9.4; https://techfabasia.com"
216.73.216.125 - - [02/May/2026:01:49:44 -0400] "GET /view/item/011219675157 HTTP/1.1" 404 32988 "-" "Mozilla/5.0 AppleWebKit/537.36 (KHTML, like Gecko; compatible; ClaudeBot/1.0; +claudebot@anthropic.com)"
216.73.216.125 - - [02/May/2026:01:50:02 -0400] "GET /view/item/012730772397 HTTP/1.1" 200 0 "-" "Mozilla/5.0 AppleWebKit/537.36 (KHTML, like Gecko; compatible; ClaudeBot/1.0; +claudebot@anthropic.com)"
66.249.74.97 - - [02/May/2026:01:50:12 -0400] "GET /view/item/01450383472 HTTP/1.1" 200 29256 "-" "Mozilla/5.0 (Linux; Android 6.0.1; Nexus 5X Build/MMB29P) AppleWebKit/537.36 (KHTML, like Gecko) Chrome/147.0.7727.137 Mobile Safari/537.36 (compatible; GoogleOther)"
216.73.216.125 - - [02/May/2026:01:50:16 -0400] "GET /view/item/01990490136 HTTP/1.1" 404 33039 "-" "Mozilla/5.0 AppleWebKit/537.36 (KHTML, like Gecko; compatible; ClaudeBot/1.0; +claudebot@anthropic.com)"
52.167.144.159 - - [02/May/2026:01:50:22 -0400] "GET /sitemap.xml.gz HTTP/1.1" 200 12343 "-" "Mozilla/5.0 AppleWebKit/537.36 (KHTML, like Gecko; compatible; bingbot/2.0; +http://www.bing.com/bingbot.htm) Chrome/116.0.1938.76 Safari/537.36"
216.73.216.125 - - [02/May/2026:01:50:24 -0400] "GET /view/item/011863070449 HTTP/1.1" 404 33015 "-" "Mozilla/5.0 AppleWebKit/537.36 (KHTML, like Gecko; compatible; ClaudeBot/1.0; +claudebot@anthropic.com)"
216.73.216.125 - - [02/May/2026:01:50:31 -0400] "GET /view/item/012950829665 HTTP/1.1" 404 33054 "-" "Mozilla/5.0 AppleWebKit/537.36 (KHTML, like Gecko; compatible; ClaudeBot/1.0; +claudebot@anthropic.com)"
162.0.232.104 - - [02/May/2026:01:50:56 -0400] "POST /wp-cron.php?doing_wp_cron=1777701056.6418941020965576171875 HTTP/1.1" 200 0 "-" "WordPress/6.9.4; https://techfabasia.com"
216.73.216.125 - - [02/May/2026:01:50:49 -0400] "GET /view/item/013477220388 HTTP/1.1" 404 33063 "-" "Mozilla/5.0 AppleWebKit/537.36 (KHTML, like Gecko; compatible; ClaudeBot/1.0; +claudebot@anthropic.com)"
216.73.216.125 - - [02/May/2026:01:51:05 -0400] "GET /view/item/014054778861 HTTP/1.1" 404 33000 "-" "Mozilla/5.0 AppleWebKit/537.36 (KHTML, like Gecko; compatible; ClaudeBot/1.0; +claudebot@anthropic.com)"
216.73.216.125 - - [02/May/2026:01:51:22 -0400] "GET /view/item/013238605372 HTTP/1.1" 404 33032 "-" "Mozilla/5.0 AppleWebKit/537.36 (KHTML, like Gecko; compatible; ClaudeBot/1.0; +claudebot@anthropic.com)"
216.73.216.125 - - [02/May/2026:01:51:34 -0400] "GET /view/item/01573574766 HTTP/1.1" 404 32938 "-" "Mozilla/5.0 AppleWebKit/537.36 (KHTML, like Gecko; compatible; ClaudeBot/1.0; +claudebot@anthropic.com)"
162.0.232.104 - - [02/May/2026:01:51:58 -0400] "POST /wp-cron.php?doing_wp_cron=1777701118.2466199398040771484375 HTTP/1.1" 200 0 "-" "WordPress/6.9.4; https://techfabasia.com"
216.73.216.125 - - [02/May/2026:01:51:52 -0400] "GET /view/item/013501694305 HTTP/1.1" 404 32987 "-" "Mozilla/5.0 AppleWebKit/537.36 (KHTML, like Gecko; compatible; ClaudeBot/1.0; +claudebot@anthropic.com)"
216.73.216.125 - - [02/May/2026:01:52:05 -0400] "GET /view/item/012968239366 HTTP/1.1" 404 33024 "-" "Mozilla/5.0 AppleWebKit/537.36 (KHTML, like Gecko; compatible; ClaudeBot/1.0; +claudebot@anthropic.com)"
