216.73.216.125 - - [01/May/2026:18:33:54 -0400] "GET /view/item/011456888516 HTTP/1.1" 404 32989 "-" "Mozilla/5.0 AppleWebKit/537.36 (KHTML, like Gecko; compatible; ClaudeBot/1.0; +claudebot@anthropic.com)"
216.73.216.125 - - [01/May/2026:18:34:08 -0400] "GET /view/item/013212395619 HTTP/1.1" 404 33013 "-" "Mozilla/5.0 AppleWebKit/537.36 (KHTML, like Gecko; compatible; ClaudeBot/1.0; +claudebot@anthropic.com)"
148.113.128.159 - - [01/May/2026:18:34:18 -0400] "GET /shop/ys-bf460a-460as-smt-pcb-ng-ok-buffer/ HTTP/1.1" 200 32914 "-" "Mozilla/5.0 (compatible; AhrefsBot/7.0; +http://ahrefs.com/robot/)"
170.83.180.226 - - [01/May/2026:18:34:19 -0400] "GET /home-v3-full-color-background/ HTTP/1.1" 200 52761 "-" "Mozilla/5.0 (Windows NT 6.3; Win64; x64) AppleWebKit/537.36 (KHTML, like Gecko) Brave Chrome/86.0.4240.198 Safari/537.36"
216.73.216.125 - - [01/May/2026:18:34:27 -0400] "GET /view/item/012468161299 HTTP/1.1" 200 0 "-" "Mozilla/5.0 AppleWebKit/537.36 (KHTML, like Gecko; compatible; ClaudeBot/1.0; +claudebot@anthropic.com)"
66.249.74.110 - - [01/May/2026:18:34:42 -0400] "GET /view/item/01334759513 HTTP/1.1" 200 29993 "-" "Mozilla/5.0 (Linux; Android 6.0.1; Nexus 5X Build/MMB29P) AppleWebKit/537.36 (KHTML, like Gecko) Chrome/147.0.7727.137 Mobile Safari/537.36 (compatible; GoogleOther)"
216.73.216.125 - - [01/May/2026:18:34:40 -0400] "GET /view/item/012913530308 HTTP/1.1" 404 33038 "-" "Mozilla/5.0 AppleWebKit/537.36 (KHTML, like Gecko; compatible; ClaudeBot/1.0; +claudebot@anthropic.com)"
162.0.232.104 - - [01/May/2026:18:35:07 -0400] "POST /wp-cron.php?doing_wp_cron=1777674907.1475930213928222656250 HTTP/1.1" 200 0 "-" "WordPress/6.9.4; https://techfabasia.com"
216.73.216.125 - - [01/May/2026:18:34:58 -0400] "GET /view/item/012548645441 HTTP/1.1" 404 32991 "-" "Mozilla/5.0 AppleWebKit/537.36 (KHTML, like Gecko; compatible; ClaudeBot/1.0; +claudebot@anthropic.com)"
216.73.216.125 - - [01/May/2026:18:35:14 -0400] "GET /view/item/012023558488 HTTP/1.1" 404 32998 "-" "Mozilla/5.0 AppleWebKit/537.36 (KHTML, like Gecko; compatible; ClaudeBot/1.0; +claudebot@anthropic.com)"
66.249.74.110 - - [01/May/2026:18:35:33 -0400] "GET /view/item/011608142005 HTTP/1.1" 200 29228 "-" "Mozilla/5.0 (Linux; Android 6.0.1; Nexus 5X Build/MMB29P) AppleWebKit/537.36 (KHTML, like Gecko) Chrome/147.0.7727.137 Mobile Safari/537.36 (compatible; Googlebot/2.1; +http://www.google.com/bot.html)"
216.73.216.125 - - [01/May/2026:18:35:39 -0400] "GET /view/item/0197847388 HTTP/1.1" 404 32930 "-" "Mozilla/5.0 AppleWebKit/537.36 (KHTML, like Gecko; compatible; ClaudeBot/1.0; +claudebot@anthropic.com)"
162.0.232.104 - - [01/May/2026:18:36:02 -0400] "POST /wp-cron.php?doing_wp_cron=1777674962.2528018951416015625000 HTTP/1.1" 200 0 "-" "WordPress/6.9.4; https://techfabasia.com"
216.73.216.125 - - [01/May/2026:18:35:56 -0400] "GET /view/item/01519798852 HTTP/1.1" 404 32970 "-" "Mozilla/5.0 AppleWebKit/537.36 (KHTML, like Gecko; compatible; ClaudeBot/1.0; +claudebot@anthropic.com)"
216.73.216.125 - - [01/May/2026:18:36:11 -0400] "GET /view/item/01769523298 HTTP/1.1" 404 32929 "-" "Mozilla/5.0 AppleWebKit/537.36 (KHTML, like Gecko; compatible; ClaudeBot/1.0; +claudebot@anthropic.com)"
216.73.216.125 - - [01/May/2026:18:36:29 -0400] "GET /view/item/01169284907 HTTP/1.1" 404 33041 "-" "Mozilla/5.0 AppleWebKit/537.36 (KHTML, like Gecko; compatible; ClaudeBot/1.0; +claudebot@anthropic.com)"
216.73.216.125 - - [01/May/2026:18:36:44 -0400] "GET /view/item/012744332809 HTTP/1.1" 404 33038 "-" "Mozilla/5.0 AppleWebKit/537.36 (KHTML, like Gecko; compatible; ClaudeBot/1.0; +claudebot@anthropic.com)"
162.0.232.104 - - [01/May/2026:18:37:08 -0400] "POST /wp-cron.php?doing_wp_cron=1777675028.9604129791259765625000 HTTP/1.1" 200 0 "-" "WordPress/6.9.4; https://techfabasia.com"
216.73.216.125 - - [01/May/2026:18:37:03 -0400] "GET /view/item/012060670321 HTTP/1.1" 404 33011 "-" "Mozilla/5.0 AppleWebKit/537.36 (KHTML, like Gecko; compatible; ClaudeBot/1.0; +claudebot@anthropic.com)"
216.73.216.125 - - [01/May/2026:18:37:14 -0400] "GET /view/item/011898790795 HTTP/1.1" 404 32994 "-" "Mozilla/5.0 AppleWebKit/537.36 (KHTML, like Gecko; compatible; ClaudeBot/1.0; +claudebot@anthropic.com)"
216.73.216.125 - - [01/May/2026:18:37:32 -0400] "GET /view/item/013043918673 HTTP/1.1" 200 0 "-" "Mozilla/5.0 AppleWebKit/537.36 (KHTML, like Gecko; compatible; ClaudeBot/1.0; +claudebot@anthropic.com)"
216.73.216.125 - - [01/May/2026:18:37:46 -0400] "GET /view/item/013115994048 HTTP/1.1" 200 0 "-" "Mozilla/5.0 AppleWebKit/537.36 (KHTML, like Gecko; compatible; ClaudeBot/1.0; +claudebot@anthropic.com)"
162.0.232.104 - - [01/May/2026:18:37:59 -0400] "POST /wp-cron.php?doing_wp_cron=1777675078.9358339309692382812500 HTTP/1.1" 200 0 "-" "WordPress/6.9.4; https://techfabasia.com"
216.73.216.125 - - [01/May/2026:18:38:04 -0400] "GET /view/item/014039972162 HTTP/1.1" 200 0 "-" "Mozilla/5.0 AppleWebKit/537.36 (KHTML, like Gecko; compatible; ClaudeBot/1.0; +claudebot@anthropic.com)"
162.0.232.104 - - [01/May/2026:18:38:14 -0400] "POST /wp-cron.php?doing_wp_cron=1777675094.6319229602813720703125 HTTP/1.1" 200 0 "-" "WordPress/6.9.4; https://techfabasia.com"
45.184.152.8 - - [01/May/2026:18:37:56 -0400] "GET /tag/electronics/ HTTP/1.1" 200 40851 "-" "Mozilla/5.0 (Windows NT 6.1; WOW64) AppleWebKit/537.36 (KHTML, like Gecko) Chrome/86.0.4240.198 Safari/537.36"
216.73.216.125 - - [01/May/2026:18:38:15 -0400] "GET /view/item/013068947400 HTTP/1.1" 200 0 "-" "Mozilla/5.0 AppleWebKit/537.36 (KHTML, like Gecko; compatible; ClaudeBot/1.0; +claudebot@anthropic.com)"
216.73.216.125 - - [01/May/2026:18:38:23 -0400] "GET /view/item/012343927010 HTTP/1.1" 200 184 "-" "Mozilla/5.0 AppleWebKit/537.36 (KHTML, like Gecko; compatible; ClaudeBot/1.0; +claudebot@anthropic.com)"
216.73.216.125 - - [01/May/2026:18:38:39 -0400] "GET /view/item/01435098599 HTTP/1.1" 404 32972 "-" "Mozilla/5.0 AppleWebKit/537.36 (KHTML, like Gecko; compatible; ClaudeBot/1.0; +claudebot@anthropic.com)"
38.199.31.12 - - [01/May/2026:18:38:41 -0400] "GET /home-v3-full-color-background/ HTTP/1.1" 200 52778 "-" "Mozilla/5.0 (Macintosh; Intel Mac OS X 10_14_5) AppleWebKit/537.36 (KHTML, like Gecko) Chrome/89.0.4389.90 Safari/537.36"
216.73.216.125 - - [01/May/2026:18:38:57 -0400] "GET /view/item/01297167616 HTTP/1.1" 404 32979 "-" "Mozilla/5.0 AppleWebKit/537.36 (KHTML, like Gecko; compatible; ClaudeBot/1.0; +claudebot@anthropic.com)"
162.0.232.104 - - [01/May/2026:18:39:17 -0400] "POST /wp-cron.php?doing_wp_cron=1777675157.0475900173187255859375 HTTP/1.1" 200 0 "-" "WordPress/6.9.4; https://techfabasia.com"
216.73.216.125 - - [01/May/2026:18:39:13 -0400] "GET /view/item/01553865968 HTTP/1.1" 404 33041 "-" "Mozilla/5.0 AppleWebKit/537.36 (KHTML, like Gecko; compatible; ClaudeBot/1.0; +claudebot@anthropic.com)"
162.0.232.104 - - [01/May/2026:18:39:37 -0400] "POST /wp-cron.php?doing_wp_cron=1777675177.6605429649353027343750 HTTP/1.1" 200 0 "-" "WordPress/6.9.4; https://techfabasia.com"
216.73.216.125 - - [01/May/2026:18:39:33 -0400] "GET /view/item/013076173131 HTTP/1.1" 404 33039 "-" "Mozilla/5.0 AppleWebKit/537.36 (KHTML, like Gecko; compatible; ClaudeBot/1.0; +claudebot@anthropic.com)"
216.73.216.125 - - [01/May/2026:18:39:44 -0400] "GET /view/item/012517991574 HTTP/1.1" 404 33039 "-" "Mozilla/5.0 AppleWebKit/537.36 (KHTML, like Gecko; compatible; ClaudeBot/1.0; +claudebot@anthropic.com)"
162.0.232.104 - - [01/May/2026:18:40:08 -0400] "POST /wp-cron.php?doing_wp_cron=1777675208.4784588813781738281250 HTTP/1.1" 200 0 "-" "WordPress/6.9.4; https://techfabasia.com"
216.73.216.125 - - [01/May/2026:18:40:03 -0400] "GET /view/item/0191103863 HTTP/1.1" 404 32931 "-" "Mozilla/5.0 AppleWebKit/537.36 (KHTML, like Gecko; compatible; ClaudeBot/1.0; +claudebot@anthropic.com)"
216.73.216.125 - - [01/May/2026:18:40:21 -0400] "GET /view/item/01944717981 HTTP/1.1" 404 32940 "-" "Mozilla/5.0 AppleWebKit/537.36 (KHTML, like Gecko; compatible; ClaudeBot/1.0; +claudebot@anthropic.com)"
216.73.216.125 - - [01/May/2026:18:40:33 -0400] "GET /view/item/01352831304 HTTP/1.1" 404 32930 "-" "Mozilla/5.0 AppleWebKit/537.36 (KHTML, like Gecko; compatible; ClaudeBot/1.0; +claudebot@anthropic.com)"
162.0.232.104 - - [01/May/2026:18:41:08 -0400] "POST /wp-cron.php?doing_wp_cron=1777675268.0808598995208740234375 HTTP/1.1" 200 0 "-" "WordPress/6.9.4; https://techfabasia.com"
216.73.216.125 - - [01/May/2026:18:41:01 -0400] "GET /view/item/011505603402 HTTP/1.1" 404 33015 "-" "Mozilla/5.0 AppleWebKit/537.36 (KHTML, like Gecko; compatible; ClaudeBot/1.0; +claudebot@anthropic.com)"
216.73.216.125 - - [01/May/2026:18:41:19 -0400] "GET /view/item/01353347698 HTTP/1.1" 404 33022 "-" "Mozilla/5.0 AppleWebKit/537.36 (KHTML, like Gecko; compatible; ClaudeBot/1.0; +claudebot@anthropic.com)"
216.73.216.125 - - [01/May/2026:18:41:31 -0400] "GET /view/item/011500181783 HTTP/1.1" 404 32957 "-" "Mozilla/5.0 AppleWebKit/537.36 (KHTML, like Gecko; compatible; ClaudeBot/1.0; +claudebot@anthropic.com)"
162.0.232.104 - - [01/May/2026:18:41:51 -0400] "POST /wp-cron.php?doing_wp_cron=1777675311.0474069118499755859375 HTTP/1.1" 200 0 "-" "WordPress/6.9.4; https://techfabasia.com"
216.73.216.125 - - [01/May/2026:18:41:47 -0400] "GET /view/item/01830769973 HTTP/1.1" 404 33018 "-" "Mozilla/5.0 AppleWebKit/537.36 (KHTML, like Gecko; compatible; ClaudeBot/1.0; +claudebot@anthropic.com)"
123.23.123.159 - - [01/May/2026:18:41:52 -0400] "GET /tag/electronics/ HTTP/1.1" 200 40806 "-" "Mozilla/5.0 (Windows NT 10.0) AppleWebKit/537.36 (KHTML, like Gecko) Chrome/72.0.3626.92 Safari/537.36"
216.73.216.125 - - [01/May/2026:18:41:53 -0400] "GET /view/item/013115744191 HTTP/1.1" 404 33036 "-" "Mozilla/5.0 AppleWebKit/537.36 (KHTML, like Gecko; compatible; ClaudeBot/1.0; +claudebot@anthropic.com)"
216.73.216.125 - - [01/May/2026:18:42:11 -0400] "GET /view/item/01391849329 HTTP/1.1" 404 33011 "-" "Mozilla/5.0 AppleWebKit/537.36 (KHTML, like Gecko; compatible; ClaudeBot/1.0; +claudebot@anthropic.com)"
216.73.216.125 - - [01/May/2026:18:42:25 -0400] "GET /view/item/013708910865 HTTP/1.1" 404 32988 "-" "Mozilla/5.0 AppleWebKit/537.36 (KHTML, like Gecko; compatible; ClaudeBot/1.0; +claudebot@anthropic.com)"
216.73.216.125 - - [01/May/2026:18:42:29 -0400] "GET /view/item/01188592838 HTTP/1.1" 404 33004 "-" "Mozilla/5.0 AppleWebKit/537.36 (KHTML, like Gecko; compatible; ClaudeBot/1.0; +claudebot@anthropic.com)"
162.0.232.104 - - [01/May/2026:18:42:51 -0400] "POST /wp-cron.php?doing_wp_cron=1777675371.2801039218902587890625 HTTP/1.1" 200 0 "-" "WordPress/6.9.4; https://techfabasia.com"
216.73.216.125 - - [01/May/2026:18:42:47 -0400] "GET /view/item/013127316288 HTTP/1.1" 404 32997 "-" "Mozilla/5.0 AppleWebKit/537.36 (KHTML, like Gecko; compatible; ClaudeBot/1.0; +claudebot@anthropic.com)"
216.73.216.125 - - [01/May/2026:18:42:57 -0400] "GET /view/item/014147064479 HTTP/1.1" 404 33034 "-" "Mozilla/5.0 AppleWebKit/537.36 (KHTML, like Gecko; compatible; ClaudeBot/1.0; +claudebot@anthropic.com)"
216.73.216.125 - - [01/May/2026:18:43:15 -0400] "GET /view/item/01481312635 HTTP/1.1" 404 32988 "-" "Mozilla/5.0 AppleWebKit/537.36 (KHTML, like Gecko; compatible; ClaudeBot/1.0; +claudebot@anthropic.com)"
216.73.216.125 - - [01/May/2026:18:43:30 -0400] "GET /view/item/013656184825 HTTP/1.1" 404 32991 "-" "Mozilla/5.0 AppleWebKit/537.36 (KHTML, like Gecko; compatible; ClaudeBot/1.0; +claudebot@anthropic.com)"
66.249.74.110 - - [01/May/2026:18:43:54 -0400] "GET /view/item/072723840098 HTTP/1.1" 200 28382 "-" "Mozilla/5.0 (Linux; Android 6.0.1; Nexus 5X Build/MMB29P) AppleWebKit/537.36 (KHTML, like Gecko) Chrome/147.0.7727.137 Mobile Safari/537.36 (compatible; Googlebot/2.1; +http://www.google.com/bot.html)"
162.0.232.104 - - [01/May/2026:18:43:56 -0400] "POST /wp-cron.php?doing_wp_cron=1777675436.5588440895080566406250 HTTP/1.1" 200 0 "-" "WordPress/6.9.4; https://techfabasia.com"
216.73.216.125 - - [01/May/2026:18:43:49 -0400] "GET /view/item/012619898026 HTTP/1.1" 404 33021 "-" "Mozilla/5.0 AppleWebKit/537.36 (KHTML, like Gecko; compatible; ClaudeBot/1.0; +claudebot@anthropic.com)"
66.249.74.97 - - [01/May/2026:18:44:05 -0400] "GET /view/item/013731750277 HTTP/1.1" 200 29075 "-" "Mozilla/5.0 (Linux; Android 6.0.1; Nexus 5X Build/MMB29P) AppleWebKit/537.36 (KHTML, like Gecko) Chrome/147.0.7727.137 Mobile Safari/537.36 (compatible; GoogleOther)"
216.73.216.125 - - [01/May/2026:18:43:59 -0400] "GET /view/item/011539337762 HTTP/1.1" 404 32968 "-" "Mozilla/5.0 AppleWebKit/537.36 (KHTML, like Gecko; compatible; ClaudeBot/1.0; +claudebot@anthropic.com)"
103.30.72.102 - - [01/May/2026:18:44:08 -0400] "GET /wp-login.php HTTP/1.1" 302 0 "-" "Mozilla/5.0 (Windows NT 6.3; Win64; x64; Trident/7.0; Touch; TNJB; rv:11.0) like Gecko"
216.73.216.125 - - [01/May/2026:18:44:18 -0400] "GET /view/item/01562081226 HTTP/1.1" 404 33012 "-" "Mozilla/5.0 AppleWebKit/537.36 (KHTML, like Gecko; compatible; ClaudeBot/1.0; +claudebot@anthropic.com)"
216.73.216.125 - - [01/May/2026:18:44:31 -0400] "GET /view/item/01740090511 HTTP/1.1" 404 32987 "-" "Mozilla/5.0 AppleWebKit/537.36 (KHTML, like Gecko; compatible; ClaudeBot/1.0; +claudebot@anthropic.com)"
162.0.232.104 - - [01/May/2026:18:44:53 -0400] "POST /wp-cron.php?doing_wp_cron=1777675493.0646500587463378906250 HTTP/1.1" 200 0 "-" "WordPress/6.9.4; https://techfabasia.com"
216.73.216.125 - - [01/May/2026:18:44:50 -0400] "GET /view/item/012589286236 HTTP/1.1" 404 33038 "-" "Mozilla/5.0 AppleWebKit/537.36 (KHTML, like Gecko; compatible; ClaudeBot/1.0; +claudebot@anthropic.com)"
216.73.216.125 - - [01/May/2026:18:45:02 -0400] "GET /view/item/014149950825 HTTP/1.1" 404 32989 "-" "Mozilla/5.0 AppleWebKit/537.36 (KHTML, like Gecko; compatible; ClaudeBot/1.0; +claudebot@anthropic.com)"
216.73.216.125 - - [01/May/2026:18:45:21 -0400] "GET /view/item/014189444998 HTTP/1.1" 200 0 "-" "Mozilla/5.0 AppleWebKit/537.36 (KHTML, like Gecko; compatible; ClaudeBot/1.0; +claudebot@anthropic.com)"
216.73.216.125 - - [01/May/2026:18:45:38 -0400] "GET /view/item/01969631168 HTTP/1.1" 404 32972 "-" "Mozilla/5.0 AppleWebKit/537.36 (KHTML, like Gecko; compatible; ClaudeBot/1.0; +claudebot@anthropic.com)"
45.227.253.15 - - [01/May/2026:18:45:44 -0400] "GET /wp-admin/js/widgets/widgets/index.php?ARRAY=7o2230223n313737373637393632392p2231223n22687474703n5p2s5p2s7n733838397631332r65646974652r696r6o5p2s3s6p633q7068705s636s64655s6n6326743q313737373637363032392q3131316635633365646234356337316534653739343864366561343562323535222p2232223n226263356265353932663564373265663966316338333936366435376138613933222p2233223n223938383633363430623431383065623061613663653330623236356137346638222p2262696r675s70617373223n2232382q33312q35372q37302q37332q38372q3234227q HTTP/1.1" 200 102 "-" "Mozilla/5.0 (iPad; U; CPU OS 4_2_1 like Mac OS X; ja) AppleWebKit/533.17.9 (KHTML, like Gecko) Version/5.0.2 Mobile/8C148 Safari/6533.18.5"
162.0.232.104 - - [01/May/2026:18:45:59 -0400] "POST /wp-cron.php?doing_wp_cron=1777675559.8510088920593261718750 HTTP/1.1" 200 0 "-" "WordPress/6.9.4; https://techfabasia.com"
216.73.216.125 - - [01/May/2026:18:45:56 -0400] "GET /view/item/013472047302 HTTP/1.1" 404 32994 "-" "Mozilla/5.0 AppleWebKit/537.36 (KHTML, like Gecko; compatible; ClaudeBot/1.0; +claudebot@anthropic.com)"
216.73.216.125 - - [01/May/2026:18:46:13 -0400] "GET /view/item/011694781373 HTTP/1.1" 404 33015 "-" "Mozilla/5.0 AppleWebKit/537.36 (KHTML, like Gecko; compatible; ClaudeBot/1.0; +claudebot@anthropic.com)"
216.73.216.125 - - [01/May/2026:18:46:31 -0400] "GET /view/item/013615969242 HTTP/1.1" 200 0 "-" "Mozilla/5.0 AppleWebKit/537.36 (KHTML, like Gecko; compatible; ClaudeBot/1.0; +claudebot@anthropic.com)"
162.0.232.104 - - [01/May/2026:18:46:48 -0400] "POST /wp-cron.php?doing_wp_cron=1777675608.3502728939056396484375 HTTP/1.1" 200 0 "-" "WordPress/6.9.4; https://techfabasia.com"
216.73.216.125 - - [01/May/2026:18:46:44 -0400] "GET /view/item/012464379729 HTTP/1.1" 404 32991 "-" "Mozilla/5.0 AppleWebKit/537.36 (KHTML, like Gecko; compatible; ClaudeBot/1.0; +claudebot@anthropic.com)"
216.73.216.125 - - [01/May/2026:18:47:03 -0400] "GET /view/item/011621604839 HTTP/1.1" 404 32959 "-" "Mozilla/5.0 AppleWebKit/537.36 (KHTML, like Gecko; compatible; ClaudeBot/1.0; +claudebot@anthropic.com)"
216.73.216.125 - - [01/May/2026:18:47:21 -0400] "GET /view/item/01682149512 HTTP/1.1" 404 33012 "-" "Mozilla/5.0 AppleWebKit/537.36 (KHTML, like Gecko; compatible; ClaudeBot/1.0; +claudebot@anthropic.com)"
216.73.216.125 - - [01/May/2026:18:47:38 -0400] "GET /view/item/012103216654 HTTP/1.1" 404 33040 "-" "Mozilla/5.0 AppleWebKit/537.36 (KHTML, like Gecko; compatible; ClaudeBot/1.0; +claudebot@anthropic.com)"
216.73.216.125 - - [01/May/2026:18:47:51 -0400] "GET /view/item/01525503654 HTTP/1.1" 404 33019 "-" "Mozilla/5.0 AppleWebKit/537.36 (KHTML, like Gecko; compatible; ClaudeBot/1.0; +claudebot@anthropic.com)"
162.0.232.104 - - [01/May/2026:18:47:58 -0400] "POST /wp-cron.php?doing_wp_cron=1777675677.9519538879394531250000 HTTP/1.1" 200 0 "-" "WordPress/6.9.4; https://techfabasia.com"
216.73.216.125 - - [01/May/2026:18:48:09 -0400] "GET /view/item/01884958815 HTTP/1.1" 404 33012 "-" "Mozilla/5.0 AppleWebKit/537.36 (KHTML, like Gecko; compatible; ClaudeBot/1.0; +claudebot@anthropic.com)"
216.73.216.125 - - [01/May/2026:18:48:21 -0400] "GET /view/item/014078396062 HTTP/1.1" 404 32955 "-" "Mozilla/5.0 AppleWebKit/537.36 (KHTML, like Gecko; compatible; ClaudeBot/1.0; +claudebot@anthropic.com)"
216.73.216.125 - - [01/May/2026:18:48:38 -0400] "GET /view/item/011273491802 HTTP/1.1" 404 33020 "-" "Mozilla/5.0 AppleWebKit/537.36 (KHTML, like Gecko; compatible; ClaudeBot/1.0; +claudebot@anthropic.com)"
216.73.216.125 - - [01/May/2026:18:48:56 -0400] "GET /view/item/012834303528 HTTP/1.1" 404 32996 "-" "Mozilla/5.0 AppleWebKit/537.36 (KHTML, like Gecko; compatible; ClaudeBot/1.0; +claudebot@anthropic.com)"
162.0.232.104 - - [01/May/2026:18:49:04 -0400] "POST /wp-cron.php?doing_wp_cron=1777675744.5454831123352050781250 HTTP/1.1" 200 0 "-" "WordPress/6.9.4; https://techfabasia.com"
216.73.216.125 - - [01/May/2026:18:49:08 -0400] "GET /view/item/013634279290 HTTP/1.1" 404 32971 "-" "Mozilla/5.0 AppleWebKit/537.36 (KHTML, like Gecko; compatible; ClaudeBot/1.0; +claudebot@anthropic.com)"
216.73.216.125 - - [01/May/2026:18:49:25 -0400] "GET /view/item/013335222628 HTTP/1.1" 404 32998 "-" "Mozilla/5.0 AppleWebKit/537.36 (KHTML, like Gecko; compatible; ClaudeBot/1.0; +claudebot@anthropic.com)"
216.73.216.125 - - [01/May/2026:18:49:43 -0400] "GET /view/item/013076741113 HTTP/1.1" 404 32993 "-" "Mozilla/5.0 AppleWebKit/537.36 (KHTML, like Gecko; compatible; ClaudeBot/1.0; +claudebot@anthropic.com)"
162.0.232.104 - - [01/May/2026:18:49:58 -0400] "POST /wp-cron.php?doing_wp_cron=1777675798.1798079013824462890625 HTTP/1.1" 200 0 "-" "WordPress/6.9.4; https://techfabasia.com"
216.73.216.125 - - [01/May/2026:18:49:55 -0400] "GET /view/item/014062629595 HTTP/1.1" 404 33023 "-" "Mozilla/5.0 AppleWebKit/537.36 (KHTML, like Gecko; compatible; ClaudeBot/1.0; +claudebot@anthropic.com)"
216.73.216.125 - - [01/May/2026:18:50:27 -0400] "GET /view/item/014254228543 HTTP/1.1" 404 32988 "-" "Mozilla/5.0 AppleWebKit/537.36 (KHTML, like Gecko; compatible; ClaudeBot/1.0; +claudebot@anthropic.com)"
216.73.216.125 - - [01/May/2026:18:50:45 -0400] "GET /view/item/013786647443 HTTP/1.1" 404 33042 "-" "Mozilla/5.0 AppleWebKit/537.36 (KHTML, like Gecko; compatible; ClaudeBot/1.0; +claudebot@anthropic.com)"
162.0.232.104 - - [01/May/2026:18:50:50 -0400] "POST /wp-cron.php?doing_wp_cron=1777675850.1526439189910888671875 HTTP/1.1" 200 0 "-" "WordPress/6.9.4; https://techfabasia.com"
216.73.216.125 - - [01/May/2026:18:51:17 -0400] "GET /view/item/014228139523 HTTP/1.1" 404 32991 "-" "Mozilla/5.0 AppleWebKit/537.36 (KHTML, like Gecko; compatible; ClaudeBot/1.0; +claudebot@anthropic.com)"
216.73.216.125 - - [01/May/2026:18:51:34 -0400] "GET /view/item/01244964182 HTTP/1.1" 404 32990 "-" "Mozilla/5.0 AppleWebKit/537.36 (KHTML, like Gecko; compatible; ClaudeBot/1.0; +claudebot@anthropic.com)"
162.0.232.104 - - [01/May/2026:18:52:12 -0400] "POST /wp-cron.php?doing_wp_cron=1777675932.0431098937988281250000 HTTP/1.1" 200 0 "-" "WordPress/6.9.4; https://techfabasia.com"
216.73.216.125 - - [01/May/2026:18:52:06 -0400] "GET /view/item/012867744456 HTTP/1.1" 404 33019 "-" "Mozilla/5.0 AppleWebKit/537.36 (KHTML, like Gecko; compatible; ClaudeBot/1.0; +claudebot@anthropic.com)"
216.73.216.125 - - [01/May/2026:18:52:38 -0400] "GET /view/item/012439980517 HTTP/1.1" 404 33000 "-" "Mozilla/5.0 AppleWebKit/537.36 (KHTML, like Gecko; compatible; ClaudeBot/1.0; +claudebot@anthropic.com)"
162.0.232.104 - - [01/May/2026:18:53:15 -0400] "POST /wp-cron.php?doing_wp_cron=1777675995.0768749713897705078125 HTTP/1.1" 200 0 "-" "WordPress/6.9.4; https://techfabasia.com"
216.73.216.125 - - [01/May/2026:18:53:11 -0400] "GET /view/item/013704193976 HTTP/1.1" 404 33013 "-" "Mozilla/5.0 AppleWebKit/537.36 (KHTML, like Gecko; compatible; ClaudeBot/1.0; +claudebot@anthropic.com)"
216.73.216.125 - - [01/May/2026:18:53:39 -0400] "GET /view/item/01573575594 HTTP/1.1" 404 33041 "-" "Mozilla/5.0 AppleWebKit/537.36 (KHTML, like Gecko; compatible; ClaudeBot/1.0; +claudebot@anthropic.com)"
162.0.232.104 - - [01/May/2026:18:54:12 -0400] "POST /wp-cron.php?doing_wp_cron=1777676052.6402390003204345703125 HTTP/1.1" 200 0 "-" "WordPress/6.9.4; https://techfabasia.com"
52.3.104.214 - - [01/May/2026:18:54:06 -0400] "GET /product-category/smart-phones-tablets/accessories-smart-phones-tablets/feed/ HTTP/1.1" 200 506 "-" "Mozilla/5.0 AppleWebKit/537.36 (KHTML, like Gecko; compatible; Amazonbot/0.1; +https://developer.amazon.com/support/amazonbot) Chrome/119.0.6045.214 Safari/537.36"
216.73.216.125 - - [01/May/2026:18:54:09 -0400] "GET /view/item/011683619076 HTTP/1.1" 200 0 "-" "Mozilla/5.0 AppleWebKit/537.36 (KHTML, like Gecko; compatible; ClaudeBot/1.0; +claudebot@anthropic.com)"
18.215.77.19 - - [01/May/2026:18:54:09 -0400] "GET /product-category/gadgets-accesories-2/feed/ HTTP/1.1" 200 0 "-" "Mozilla/5.0 AppleWebKit/537.36 (KHTML, like Gecko; compatible; Amazonbot/0.1; +https://developer.amazon.com/support/amazonbot) Chrome/119.0.6045.214 Safari/537.36"
162.0.232.104 - - [01/May/2026:18:54:21 -0400] "POST /wp-cron.php?doing_wp_cron=1777676061.4533529281616210937500 HTTP/1.1" 200 0 "-" "WordPress/6.9.4; https://techfabasia.com"
66.249.74.97 - - [01/May/2026:18:54:30 -0400] "GET /view/item/011026699441 HTTP/1.1" 200 29317 "-" "Mozilla/5.0 (Linux; Android 6.0.1; Nexus 5X Build/MMB29P) AppleWebKit/537.36 (KHTML, like Gecko) Chrome/147.0.7727.137 Mobile Safari/537.36 (compatible; Googlebot/2.1; +http://www.google.com/bot.html)"
216.73.216.125 - - [01/May/2026:18:54:40 -0400] "GET /view/item/012409981157 HTTP/1.1" 404 33000 "-" "Mozilla/5.0 AppleWebKit/537.36 (KHTML, like Gecko; compatible; ClaudeBot/1.0; +claudebot@anthropic.com)"
216.73.216.125 - - [01/May/2026:18:55:14 -0400] "GET /view/item/012054646896 HTTP/1.1" 404 33019 "-" "Mozilla/5.0 AppleWebKit/537.36 (KHTML, like Gecko; compatible; ClaudeBot/1.0; +claudebot@anthropic.com)"
162.0.232.104 - - [01/May/2026:18:55:45 -0400] "POST /wp-cron.php?doing_wp_cron=1777676145.4382770061492919921875 HTTP/1.1" 200 0 "-" "WordPress/6.9.4; https://techfabasia.com"
123.16.136.78 - - [01/May/2026:18:55:40 -0400] "GET /?action=yith-woocompare-add-product&id=6009 HTTP/1.1" 302 0 "-" "Mozilla/5.0 (Macintosh; Intel Mac OS X 10_11_2) AppleWebKit/537.36 (KHTML, like Gecko) Chrome/67.0.3396.8 Safari/537.36"
52.202.233.37 - - [01/May/2026:18:55:41 -0400] "GET /wp-json/wp/v2/product_cat/245 HTTP/1.1" 200 0 "-" "Mozilla/5.0 AppleWebKit/537.36 (KHTML, like Gecko; compatible; Amazonbot/0.1; +https://developer.amazon.com/support/amazonbot) Chrome/119.0.6045.214 Safari/537.36"
162.0.232.104 - - [01/May/2026:18:55:53 -0400] "POST /wp-cron.php?doing_wp_cron=1777676153.4382190704345703125000 HTTP/1.1" 200 0 "-" "WordPress/6.9.4; https://techfabasia.com"
216.73.216.125 - - [01/May/2026:18:55:46 -0400] "GET /view/item/013349479215 HTTP/1.1" 200 0 "-" "Mozilla/5.0 AppleWebKit/537.36 (KHTML, like Gecko; compatible; ClaudeBot/1.0; +claudebot@anthropic.com)"
123.16.136.78 - - [01/May/2026:18:55:45 -0400] "GET / HTTP/1.1" 200 0 "-" "Mozilla/5.0 (Macintosh; Intel Mac OS X 10_11_2) AppleWebKit/537.36 (KHTML, like Gecko) Chrome/67.0.3396.8 Safari/537.36"
159.100.13.237 - - [01/May/2026:18:56:06 -0400] "GET /wp-login.php HTTP/1.1" 302 0 "-" "Mozilla/5.0 (Windows NT 10.0; WOW64; Trident/7.0; ASTE; rv:11.0) like Gecko"
216.73.216.125 - - [01/May/2026:18:56:11 -0400] "GET /view/item/012394816092 HTTP/1.1" 200 0 "-" "Mozilla/5.0 AppleWebKit/537.36 (KHTML, like Gecko; compatible; ClaudeBot/1.0; +claudebot@anthropic.com)"
159.100.13.237 - - [01/May/2026:18:56:17 -0400] "GET /wp-login.php HTTP/1.1" 200 0 "https://techfabasia.com/wp-login.php" "Mozilla/5.0 (Windows NT 10.0; WOW64; Trident/7.0; ASTE; rv:11.0) like Gecko"
216.73.216.125 - - [01/May/2026:18:56:23 -0400] "GET /view/item/011217682329 HTTP/1.1" 404 32990 "-" "Mozilla/5.0 AppleWebKit/537.36 (KHTML, like Gecko; compatible; ClaudeBot/1.0; +claudebot@anthropic.com)"
216.73.216.125 - - [01/May/2026:18:56:57 -0400] "GET /view/item/0193842884 HTTP/1.1" 200 0 "-" "Mozilla/5.0 AppleWebKit/537.36 (KHTML, like Gecko; compatible; ClaudeBot/1.0; +claudebot@anthropic.com)"
66.249.74.110 - - [01/May/2026:18:57:06 -0400] "GET /view/item/01557537281 HTTP/1.1" 200 29772 "-" "Mozilla/5.0 (Linux; Android 6.0.1; Nexus 5X Build/MMB29P) AppleWebKit/537.36 (KHTML, like Gecko) Chrome/147.0.7727.137 Mobile Safari/537.36 (compatible; GoogleOther)"
162.0.232.104 - - [01/May/2026:18:57:06 -0400] "POST /wp-cron.php?doing_wp_cron=1777676226.8619010448455810546875 HTTP/1.1" 200 0 "-" "WordPress/6.9.4; https://techfabasia.com"
216.73.216.125 - - [01/May/2026:18:57:26 -0400] "GET /view/item/01845359489 HTTP/1.1" 200 0 "-" "Mozilla/5.0 AppleWebKit/537.36 (KHTML, like Gecko; compatible; ClaudeBot/1.0; +claudebot@anthropic.com)"
20.66.80.126 - - [01/May/2026:18:57:28 -0400] "GET /author/hukjh HTTP/1.1" 301 0 "-" "Mozilla/5.0 (Macintosh; Intel Mac OS X 13_0) AppleWebKit/605.1.15 (KHTML, like Gecko) Version/16.0 Safari/605.1.15"
20.66.80.126 - - [01/May/2026:18:57:35 -0400] "GET /author/hukjh/ HTTP/1.1" 200 0 "https://techfabasia.com/author/hukjh" "Mozilla/5.0 (Macintosh; Intel Mac OS X 13_0) AppleWebKit/605.1.15 (KHTML, like Gecko) Version/16.0 Safari/605.1.15"
20.66.80.126 - - [01/May/2026:18:57:39 -0400] "GET /author/hukjh HTTP/1.1" 301 0 "-" "Mozilla/5.0 (Windows NT 10.0; Win64; x64) AppleWebKit/537.36 (KHTML, like Gecko) Chrome/133.0.0.0 Safari/537.36"
20.66.80.126 - - [01/May/2026:18:57:47 -0400] "GET /author/hukjh/ HTTP/1.1" 200 0 "https://techfabasia.com/author/hukjh" "Mozilla/5.0 (Windows NT 10.0; Win64; x64) AppleWebKit/537.36 (KHTML, like Gecko) Chrome/133.0.0.0 Safari/537.36"
162.0.232.104 - - [01/May/2026:18:57:55 -0400] "POST /wp-cron.php?doing_wp_cron=1777676274.9518330097198486328125 HTTP/1.1" 200 0 "-" "WordPress/6.9.4; https://techfabasia.com"
216.73.216.125 - - [01/May/2026:18:57:58 -0400] "GET /view/item/012393216166 HTTP/1.1" 200 0 "-" "Mozilla/5.0 AppleWebKit/537.36 (KHTML, like Gecko; compatible; ClaudeBot/1.0; +claudebot@anthropic.com)"
216.73.216.125 - - [01/May/2026:18:58:02 -0400] "GET /view/item/011890180433 HTTP/1.1" 200 0 "-" "Mozilla/5.0 AppleWebKit/537.36 (KHTML, like Gecko; compatible; ClaudeBot/1.0; +claudebot@anthropic.com)"
216.73.216.125 - - [01/May/2026:18:58:37 -0400] "GET /view/item/013133528487 HTTP/1.1" 404 33000 "-" "Mozilla/5.0 AppleWebKit/537.36 (KHTML, like Gecko; compatible; ClaudeBot/1.0; +claudebot@anthropic.com)"
162.0.232.104 - - [01/May/2026:18:59:01 -0400] "POST /wp-cron.php?doing_wp_cron=1777676341.6500020027160644531250 HTTP/1.1" 200 0 "-" "WordPress/6.9.4; https://techfabasia.com"
14.174.236.130 - - [01/May/2026:18:58:57 -0400] "GET /?action=yith-woocompare-add-product&id=6009 HTTP/1.1" 302 0 "-" "Mozilla/5.0 (Macintosh; Intel Mac OS X 10_15_7) AppleWebKit/537.36 (KHTML, like Gecko) Chrome/99.0.4844.84 Safari/537.36"
14.174.236.130 - - [01/May/2026:18:59:02 -0400] "GET / HTTP/1.1" 200 48832 "-" "Mozilla/5.0 (Macintosh; Intel Mac OS X 10_15_7) AppleWebKit/537.36 (KHTML, like Gecko) Chrome/99.0.4844.84 Safari/537.36"
216.73.216.125 - - [01/May/2026:18:59:07 -0400] "GET /view/item/01433156969 HTTP/1.1" 404 33011 "-" "Mozilla/5.0 AppleWebKit/537.36 (KHTML, like Gecko; compatible; ClaudeBot/1.0; +claudebot@anthropic.com)"
216.73.216.125 - - [01/May/2026:18:59:41 -0400] "GET /view/item/01974818486 HTTP/1.1" 404 33021 "-" "Mozilla/5.0 AppleWebKit/537.36 (KHTML, like Gecko; compatible; ClaudeBot/1.0; +claudebot@anthropic.com)"
66.249.74.96 - - [01/May/2026:19:00:07 -0400] "GET /view/item/062557264127 HTTP/1.1" 200 29408 "-" "Mozilla/5.0 (Linux; Android 6.0.1; Nexus 5X Build/MMB29P) AppleWebKit/537.36 (KHTML, like Gecko) Chrome/147.0.7727.137 Mobile Safari/537.36 (compatible; GoogleOther)"
216.73.216.125 - - [01/May/2026:19:00:06 -0400] "GET /view/item/01901019044 HTTP/1.1" 200 0 "-" "Mozilla/5.0 AppleWebKit/537.36 (KHTML, like Gecko; compatible; ClaudeBot/1.0; +claudebot@anthropic.com)"
162.0.232.104 - - [01/May/2026:19:00:14 -0400] "POST /wp-cron.php?doing_wp_cron=1777676414.1322131156921386718750 HTTP/1.1" 200 0 "-" "WordPress/6.9.4; https://techfabasia.com"
216.73.216.125 - - [01/May/2026:19:00:32 -0400] "GET /view/item/014119818258 HTTP/1.1" 404 33000 "-" "Mozilla/5.0 AppleWebKit/537.36 (KHTML, like Gecko; compatible; ClaudeBot/1.0; +claudebot@anthropic.com)"
162.0.232.104 - - [01/May/2026:19:01:08 -0400] "POST /wp-cron.php?doing_wp_cron=1777676467.9566841125488281250000 HTTP/1.1" 200 0 "-" "WordPress/6.9.4; https://techfabasia.com"
216.73.216.125 - - [01/May/2026:19:01:03 -0400] "GET /view/item/012499787449 HTTP/1.1" 404 32990 "-" "Mozilla/5.0 AppleWebKit/537.36 (KHTML, like Gecko; compatible; ClaudeBot/1.0; +claudebot@anthropic.com)"
216.73.216.125 - - [01/May/2026:19:01:38 -0400] "GET /view/item/01679184997 HTTP/1.1" 404 32931 "-" "Mozilla/5.0 AppleWebKit/537.36 (KHTML, like Gecko; compatible; ClaudeBot/1.0; +claudebot@anthropic.com)"
162.0.232.104 - - [01/May/2026:19:01:48 -0400] "POST /wp-cron.php?doing_wp_cron=1777676508.3292460441589355468750 HTTP/1.1" 200 0 "-" "WordPress/6.9.4; https://techfabasia.com"
216.73.216.125 - - [01/May/2026:19:01:45 -0400] "GET /view/item/01919059662 HTTP/1.1" 404 33031 "-" "Mozilla/5.0 AppleWebKit/537.36 (KHTML, like Gecko; compatible; ClaudeBot/1.0; +claudebot@anthropic.com)"
216.73.216.125 - - [01/May/2026:19:02:14 -0400] "GET /view/item/01650370055 HTTP/1.1" 404 32969 "-" "Mozilla/5.0 AppleWebKit/537.36 (KHTML, like Gecko; compatible; ClaudeBot/1.0; +claudebot@anthropic.com)"
216.73.216.125 - - [01/May/2026:19:02:42 -0400] "GET /view/item/01574486594 HTTP/1.1" 404 33041 "-" "Mozilla/5.0 AppleWebKit/537.36 (KHTML, like Gecko; compatible; ClaudeBot/1.0; +claudebot@anthropic.com)"
66.249.74.96 - - [01/May/2026:19:03:15 -0400] "GET /view/item/012368206635 HTTP/1.1" 200 28909 "-" "Mozilla/5.0 (Linux; Android 6.0.1; Nexus 5X Build/MMB29P) AppleWebKit/537.36 (KHTML, like Gecko) Chrome/147.0.7727.137 Mobile Safari/537.36 (compatible; Googlebot/2.1; +http://www.google.com/bot.html)"
162.0.232.104 - - [01/May/2026:19:03:16 -0400] "POST /wp-cron.php?doing_wp_cron=1777676596.5831270217895507812500 HTTP/1.1" 200 0 "-" "WordPress/6.9.4; https://techfabasia.com"
216.73.216.125 - - [01/May/2026:19:03:09 -0400] "GET /view/item/012463648992 HTTP/1.1" 404 33037 "-" "Mozilla/5.0 AppleWebKit/537.36 (KHTML, like Gecko; compatible; ClaudeBot/1.0; +claudebot@anthropic.com)"
216.73.216.125 - - [01/May/2026:19:03:17 -0400] "GET /view/item/01411029756 HTTP/1.1" 404 33013 "-" "Mozilla/5.0 AppleWebKit/537.36 (KHTML, like Gecko; compatible; ClaudeBot/1.0; +claudebot@anthropic.com)"
216.73.216.125 - - [01/May/2026:19:03:35 -0400] "GET /view/item/012807320801 HTTP/1.1" 404 33014 "-" "Mozilla/5.0 AppleWebKit/537.36 (KHTML, like Gecko; compatible; ClaudeBot/1.0; +claudebot@anthropic.com)"
162.0.232.104 - - [01/May/2026:19:04:10 -0400] "POST /wp-cron.php?doing_wp_cron=1777676650.4917900562286376953125 HTTP/1.1" 200 0 "-" "WordPress/6.9.4; https://techfabasia.com"
216.73.216.125 - - [01/May/2026:19:04:07 -0400] "GET /view/item/014201429707 HTTP/1.1" 404 32992 "-" "Mozilla/5.0 AppleWebKit/537.36 (KHTML, like Gecko; compatible; ClaudeBot/1.0; +claudebot@anthropic.com)"
45.227.253.15 - - [01/May/2026:19:04:19 -0400] "GET /?of=1 HTTP/1.1" 200 8699 "-" "Mozilla/5.0 (iPhone; CPU iPhone OS 12_3 like Mac OS X) AppleWebKit/605.1.15 (KHTML, like Gecko) Version/12.0.4 Mobile/15E148 Safari/604.1"
216.73.216.125 - - [01/May/2026:19:04:42 -0400] "GET /view/item/0175233192 HTTP/1.1" 404 32985 "-" "Mozilla/5.0 AppleWebKit/537.36 (KHTML, like Gecko; compatible; ClaudeBot/1.0; +claudebot@anthropic.com)"
216.73.216.125 - - [01/May/2026:19:05:14 -0400] "GET /view/item/011546660652 HTTP/1.1" 404 32998 "-" "Mozilla/5.0 AppleWebKit/537.36 (KHTML, like Gecko; compatible; ClaudeBot/1.0; +claudebot@anthropic.com)"
162.0.232.104 - - [01/May/2026:19:05:22 -0400] "POST /wp-cron.php?doing_wp_cron=1777676722.5572590827941894531250 HTTP/1.1" 200 0 "-" "WordPress/6.9.4; https://techfabasia.com"
162.0.232.104 - - [01/May/2026:19:05:51 -0400] "POST /wp-cron.php?doing_wp_cron=1777676751.7429339885711669921875 HTTP/1.1" 200 0 "-" "WordPress/6.9.4; https://techfabasia.com"
216.73.216.125 - - [01/May/2026:19:05:48 -0400] "GET /view/item/01269623933 HTTP/1.1" 404 33046 "-" "Mozilla/5.0 AppleWebKit/537.36 (KHTML, like Gecko; compatible; ClaudeBot/1.0; +claudebot@anthropic.com)"
216.73.216.125 - - [01/May/2026:19:06:19 -0400] "GET /view/item/013218807293 HTTP/1.1" 404 33021 "-" "Mozilla/5.0 AppleWebKit/537.36 (KHTML, like Gecko; compatible; ClaudeBot/1.0; +claudebot@anthropic.com)"
216.73.216.125 - - [01/May/2026:19:06:32 -0400] "GET /view/item/011668656203 HTTP/1.1" 404 32991 "-" "Mozilla/5.0 AppleWebKit/537.36 (KHTML, like Gecko; compatible; ClaudeBot/1.0; +claudebot@anthropic.com)"
216.73.216.125 - - [01/May/2026:19:07:04 -0400] "GET /view/item/012434566191 HTTP/1.1" 404 32957 "-" "Mozilla/5.0 AppleWebKit/537.36 (KHTML, like Gecko; compatible; ClaudeBot/1.0; +claudebot@anthropic.com)"
162.0.232.104 - - [01/May/2026:19:07:10 -0400] "POST /wp-cron.php?doing_wp_cron=1777676830.2475008964538574218750 HTTP/1.1" 200 0 "-" "WordPress/6.9.4; https://techfabasia.com"
216.73.216.125 - - [01/May/2026:19:07:40 -0400] "GET /view/item/0136818242 HTTP/1.1" 404 32964 "-" "Mozilla/5.0 AppleWebKit/537.36 (KHTML, like Gecko; compatible; ClaudeBot/1.0; +claudebot@anthropic.com)"
162.0.232.104 - - [01/May/2026:19:08:00 -0400] "POST /wp-cron.php?doing_wp_cron=1777676880.6765649318695068359375 HTTP/1.1" 200 0 "-" "WordPress/6.9.4; https://techfabasia.com"
216.73.216.125 - - [01/May/2026:19:07:57 -0400] "GET /view/item/01284775290 HTTP/1.1" 404 32978 "-" "Mozilla/5.0 AppleWebKit/537.36 (KHTML, like Gecko; compatible; ClaudeBot/1.0; +claudebot@anthropic.com)"
216.73.216.125 - - [01/May/2026:19:08:32 -0400] "GET /view/item/013708103225 HTTP/1.1" 404 32998 "-" "Mozilla/5.0 AppleWebKit/537.36 (KHTML, like Gecko; compatible; ClaudeBot/1.0; +claudebot@anthropic.com)"
162.0.232.104 - - [01/May/2026:19:09:09 -0400] "POST /wp-cron.php?doing_wp_cron=1777676949.7752139568328857421875 HTTP/1.1" 200 0 "-" "WordPress/6.9.4; https://techfabasia.com"
216.73.216.125 - - [01/May/2026:19:09:06 -0400] "GET /view/item/013036749803 HTTP/1.1" 404 32990 "-" "Mozilla/5.0 AppleWebKit/537.36 (KHTML, like Gecko; compatible; ClaudeBot/1.0; +claudebot@anthropic.com)"
216.73.216.125 - - [01/May/2026:19:09:17 -0400] "GET /view/item/011978784594 HTTP/1.1" 404 33054 "-" "Mozilla/5.0 AppleWebKit/537.36 (KHTML, like Gecko; compatible; ClaudeBot/1.0; +claudebot@anthropic.com)"
162.0.232.104 - - [01/May/2026:19:09:51 -0400] "POST /wp-cron.php?doing_wp_cron=1777676991.4994161128997802734375 HTTP/1.1" 200 0 "-" "WordPress/6.9.4; https://techfabasia.com"
216.73.216.125 - - [01/May/2026:19:09:48 -0400] "GET /view/item/0149612057 HTTP/1.1" 404 33002 "-" "Mozilla/5.0 AppleWebKit/537.36 (KHTML, like Gecko; compatible; ClaudeBot/1.0; +claudebot@anthropic.com)"
216.73.216.125 - - [01/May/2026:19:10:21 -0400] "GET /view/item/013962742415 HTTP/1.1" 404 32957 "-" "Mozilla/5.0 AppleWebKit/537.36 (KHTML, like Gecko; compatible; ClaudeBot/1.0; +claudebot@anthropic.com)"
162.0.232.104 - - [01/May/2026:19:10:58 -0400] "POST /wp-cron.php?doing_wp_cron=1777677058.2413790225982666015625 HTTP/1.1" 200 0 "-" "WordPress/6.9.4; https://techfabasia.com"
216.73.216.125 - - [01/May/2026:19:10:54 -0400] "GET /view/item/01568206763 HTTP/1.1" 404 32972 "-" "Mozilla/5.0 AppleWebKit/537.36 (KHTML, like Gecko; compatible; ClaudeBot/1.0; +claudebot@anthropic.com)"
216.73.216.125 - - [01/May/2026:19:11:25 -0400] "GET /view/item/01828649364 HTTP/1.1" 404 32973 "-" "Mozilla/5.0 AppleWebKit/537.36 (KHTML, like Gecko; compatible; ClaudeBot/1.0; +claudebot@anthropic.com)"
162.0.232.104 - - [01/May/2026:19:11:59 -0400] "POST /wp-cron.php?doing_wp_cron=1777677119.5156009197235107421875 HTTP/1.1" 200 0 "-" "WordPress/6.9.4; https://techfabasia.com"
216.73.216.125 - - [01/May/2026:19:11:55 -0400] "GET /view/item/01446284151 HTTP/1.1" 404 33039 "-" "Mozilla/5.0 AppleWebKit/537.36 (KHTML, like Gecko; compatible; ClaudeBot/1.0; +claudebot@anthropic.com)"
216.73.216.125 - - [01/May/2026:19:12:26 -0400] "GET /view/item/011661479694 HTTP/1.1" 404 33051 "-" "Mozilla/5.0 AppleWebKit/537.36 (KHTML, like Gecko; compatible; ClaudeBot/1.0; +claudebot@anthropic.com)"
162.0.232.104 - - [01/May/2026:19:13:03 -0400] "POST /wp-cron.php?doing_wp_cron=1777677183.3629970550537109375000 HTTP/1.1" 200 0 "-" "WordPress/6.9.4; https://techfabasia.com"
216.73.216.125 - - [01/May/2026:19:12:59 -0400] "GET /view/item/013882096597 HTTP/1.1" 404 33015 "-" "Mozilla/5.0 AppleWebKit/537.36 (KHTML, like Gecko; compatible; ClaudeBot/1.0; +claudebot@anthropic.com)"
216.73.216.125 - - [01/May/2026:19:13:30 -0400] "GET /view/item/01972270131 HTTP/1.1" 404 33042 "-" "Mozilla/5.0 AppleWebKit/537.36 (KHTML, like Gecko; compatible; ClaudeBot/1.0; +claudebot@anthropic.com)"
162.0.232.104 - - [01/May/2026:19:13:57 -0400] "POST /wp-cron.php?doing_wp_cron=1777677237.8542990684509277343750 HTTP/1.1" 200 0 "-" "WordPress/6.9.4; https://techfabasia.com"
77.137.69.203 - - [01/May/2026:19:13:55 -0400] "GET /?action=yith-woocompare-add-product&id=6006 HTTP/1.1" 302 0 "-" "Mozilla/5.0 (Macintosh; Intel Mac OS X 11_2_1) AppleWebKit/537.36 (KHTML, like Gecko) Chrome/89.0.4389.90 Safari/537.36"
77.137.69.203 - - [01/May/2026:19:13:58 -0400] "GET / HTTP/1.1" 200 48844 "-" "Mozilla/5.0 (Macintosh; Intel Mac OS X 11_2_1) AppleWebKit/537.36 (KHTML, like Gecko) Chrome/89.0.4389.90 Safari/537.36"
216.73.216.125 - - [01/May/2026:19:14:01 -0400] "GET /view/item/012283159334 HTTP/1.1" 404 33040 "-" "Mozilla/5.0 AppleWebKit/537.36 (KHTML, like Gecko; compatible; ClaudeBot/1.0; +claudebot@anthropic.com)"
216.73.216.125 - - [01/May/2026:19:14:11 -0400] "GET /view/item/013106103243 HTTP/1.1" 404 32988 "-" "Mozilla/5.0 AppleWebKit/537.36 (KHTML, like Gecko; compatible; ClaudeBot/1.0; +claudebot@anthropic.com)"
216.73.216.125 - - [01/May/2026:19:14:28 -0400] "GET /view/item/01828285976 HTTP/1.1" 404 32930 "-" "Mozilla/5.0 AppleWebKit/537.36 (KHTML, like Gecko; compatible; ClaudeBot/1.0; +claudebot@anthropic.com)"
162.0.232.104 - - [01/May/2026:19:15:04 -0400] "POST /wp-cron.php?doing_wp_cron=1777677304.4086410999298095703125 HTTP/1.1" 200 0 "-" "WordPress/6.9.4; https://techfabasia.com"
216.73.216.125 - - [01/May/2026:19:14:59 -0400] "GET /view/item/014027089947 HTTP/1.1" 404 32976 "-" "Mozilla/5.0 AppleWebKit/537.36 (KHTML, like Gecko; compatible; ClaudeBot/1.0; +claudebot@anthropic.com)"
216.73.216.125 - - [01/May/2026:19:15:05 -0400] "GET /view/item/013604232064 HTTP/1.1" 200 0 "-" "Mozilla/5.0 AppleWebKit/537.36 (KHTML, like Gecko; compatible; ClaudeBot/1.0; +claudebot@anthropic.com)"
216.73.216.125 - - [01/May/2026:19:15:36 -0400] "GET /view/item/013979808083 HTTP/1.1" 404 32960 "-" "Mozilla/5.0 AppleWebKit/537.36 (KHTML, like Gecko; compatible; ClaudeBot/1.0; +claudebot@anthropic.com)"
162.0.232.104 - - [01/May/2026:19:16:15 -0400] "POST /wp-cron.php?doing_wp_cron=1777677375.8502070903778076171875 HTTP/1.1" 200 0 "-" "WordPress/6.9.4; https://techfabasia.com"
216.73.216.125 - - [01/May/2026:19:16:10 -0400] "GET /view/item/011625048622 HTTP/1.1" 404 32967 "-" "Mozilla/5.0 AppleWebKit/537.36 (KHTML, like Gecko; compatible; ClaudeBot/1.0; +claudebot@anthropic.com)"
162.0.232.104 - - [01/May/2026:19:16:21 -0400] "POST /wp-cron.php?doing_wp_cron=1777677381.2412919998168945312500 HTTP/1.1" 200 0 "-" "WordPress/6.9.4; https://techfabasia.com"
47.128.63.151 - - [01/May/2026:19:16:13 -0400] "GET /?mas_static_content=movies-music-video-games-megamenu-item HTTP/1.1" 200 32563 "-" "Mozilla/5.0 (compatible; Bytespider; spider-feedback@bytedance.com) AppleWebKit/537.36 (KHTML, like Gecko) Chrome/70.0.0.0 Safari/537.36"
47.128.63.151 - - [01/May/2026:19:16:21 -0400] "GET /wp-content/themes/electro/style.min.css?ver=3.5.7 HTTP/1.1" 200 125971 "https://techfabasia.com/?mas_static_content=movies-music-video-games-megamenu-item" "Mozilla/5.0 (compatible; Bytespider; spider-feedback@bytedance.com) AppleWebKit/537.36 (KHTML, like Gecko) Chrome/70.0.0.0 Safari/537.36"
47.128.63.151 - - [01/May/2026:19:16:23 -0400] "GET /wp-content/uploads/2018/10/electro-placeholder-blog-2-100x100.png HTTP/1.1" 206 500 "https://techfabasia.com/?mas_static_content=movies-music-video-games-megamenu-item" "Mozilla/5.0 (compatible; Bytespider; spider-feedback@bytedance.com) AppleWebKit/537.36 (KHTML, like Gecko) Chrome/70.0.0.0 Safari/537.36"
47.128.63.151 - - [01/May/2026:19:16:23 -0400] "GET /wp-content/uploads/2025/05/6538c90e4ece2-100x100.jpg HTTP/1.1" 206 500 "https://techfabasia.com/?mas_static_content=movies-music-video-games-megamenu-item" "Mozilla/5.0 (compatible; Bytespider; spider-feedback@bytedance.com) AppleWebKit/537.36 (KHTML, like Gecko) Chrome/70.0.0.0 Safari/537.36"
66.249.74.97 - - [01/May/2026:19:16:26 -0400] "GET /view/item/011477581733 HTTP/1.1" 200 29562 "-" "Mozilla/5.0 (Linux; Android 6.0.1; Nexus 5X Build/MMB29P) AppleWebKit/537.36 (KHTML, like Gecko) Chrome/147.0.7727.137 Mobile Safari/537.36 (compatible; GoogleOther)"
216.73.216.125 - - [01/May/2026:19:16:29 -0400] "GET /view/item/01452299835 HTTP/1.1" 200 0 "-" "Mozilla/5.0 AppleWebKit/537.36 (KHTML, like Gecko; compatible; ClaudeBot/1.0; +claudebot@anthropic.com)"
91.224.92.14 - - [01/May/2026:19:16:32 -0400] "GET / HTTP/1.1" 200 0 "-" "Mozilla/5.0 (Macintosh; Intel Mac OS X 10_15_7) AppleWebKit/537.36 (KHTML, like Gecko) Chrome/121.0.0.0 Safari/537.36"
47.128.63.149 - - [01/May/2026:19:16:48 -0400] "GET /product-category/gps-navi/ HTTP/1.1" 200 31882 "-" "Mozilla/5.0 (compatible; Bytespider; spider-feedback@bytedance.com) AppleWebKit/537.36 (KHTML, like Gecko) Chrome/70.0.0.0 Safari/537.36"
47.128.63.149 - - [01/May/2026:19:16:53 -0400] "GET /wp-content/plugins/yith-woocommerce-wishlist/assets/css/frontend/add-to-wishlist.css?ver=4.14.0 HTTP/1.1" 200 3034 "https://techfabasia.com/product-category/gps-navi/" "Mozilla/5.0 (compatible; Bytespider; spider-feedback@bytedance.com) AppleWebKit/537.36 (KHTML, like Gecko) Chrome/70.0.0.0 Safari/537.36"
47.128.63.149 - - [01/May/2026:19:16:53 -0400] "GET /wp-content/themes/electro/assets/vendor/fontawesome/css/all.min.css?ver=3.5.7 HTTP/1.1" 200 21985 "https://techfabasia.com/product-category/gps-navi/" "Mozilla/5.0 (compatible; Bytespider; spider-feedback@bytedance.com) AppleWebKit/537.36 (KHTML, like Gecko) Chrome/70.0.0.0 Safari/537.36"
47.128.63.149 - - [01/May/2026:19:16:53 -0400] "GET /wp-content/themes/electro/assets/css/colors/blue.min.css?ver=3.5.7 HTTP/1.1" 200 5171 "https://techfabasia.com/product-category/gps-navi/" "Mozilla/5.0 (compatible; Bytespider; spider-feedback@bytedance.com) AppleWebKit/537.36 (KHTML, like Gecko) Chrome/70.0.0.0 Safari/537.36"
47.128.63.149 - - [01/May/2026:19:16:53 -0400] "GET /wp-content/plugins/yith-woocommerce-compare/assets/css/compare.css?ver=3.9.0 HTTP/1.1" 200 3190 "https://techfabasia.com/product-category/gps-navi/" "Mozilla/5.0 (compatible; Bytespider; spider-feedback@bytedance.com) AppleWebKit/537.36 (KHTML, like Gecko) Chrome/70.0.0.0 Safari/537.36"
47.128.63.149 - - [01/May/2026:19:16:54 -0400] "GET /wp-content/plugins/js_composer/assets/css/js_composer.min.css?ver=8.4.1 HTTP/1.1" 200 41803 "https://techfabasia.com/product-category/gps-navi/" "Mozilla/5.0 (compatible; Bytespider; spider-feedback@bytedance.com) AppleWebKit/537.36 (KHTML, like Gecko) Chrome/70.0.0.0 Safari/537.36"
47.128.63.149 - - [01/May/2026:19:16:54 -0400] "GET /wp-content/plugins/woocommerce/assets/client/blocks/coming-soon.css?ver=wc-10.7.0 HTTP/1.1" 200 594 "https://techfabasia.com/product-category/gps-navi/" "Mozilla/5.0 (compatible; Bytespider; spider-feedback@bytedance.com) AppleWebKit/537.36 (KHTML, like Gecko) Chrome/70.0.0.0 Safari/537.36"
47.128.63.149 - - [01/May/2026:19:16:54 -0400] "GET /wp-content/uploads/2018/10/electro-slider-placeholder-1.png HTTP/1.1" 206 500 "https://techfabasia.com/product-category/gps-navi/" "Mozilla/5.0 (compatible; Bytespider; spider-feedback@bytedance.com) AppleWebKit/537.36 (KHTML, like Gecko) Chrome/70.0.0.0 Safari/537.36"
47.128.63.149 - - [01/May/2026:19:16:54 -0400] "GET /wp-content/uploads/2017/02/patment-icon.png HTTP/1.1" 206 500 "https://techfabasia.com/product-category/gps-navi/" "Mozilla/5.0 (compatible; Bytespider; spider-feedback@bytedance.com) AppleWebKit/537.36 (KHTML, like Gecko) Chrome/70.0.0.0 Safari/537.36"
47.128.63.149 - - [01/May/2026:19:16:55 -0400] "GET /wp-content/uploads/2020/11/footer-wdiget-banner.png HTTP/1.1" 206 500 "https://techfabasia.com/product-category/gps-navi/" "Mozilla/5.0 (compatible; Bytespider; spider-feedback@bytedance.com) AppleWebKit/537.36 (KHTML, like Gecko) Chrome/70.0.0.0 Safari/537.36"
216.73.216.125 - - [01/May/2026:19:17:03 -0400] "GET /view/item/01408640980 HTTP/1.1" 404 33011 "-" "Mozilla/5.0 AppleWebKit/537.36 (KHTML, like Gecko; compatible; ClaudeBot/1.0; +claudebot@anthropic.com)"
162.0.232.104 - - [01/May/2026:19:17:30 -0400] "POST /wp-cron.php?doing_wp_cron=1777677450.9345679283142089843750 HTTP/1.1" 200 0 "-" "WordPress/6.9.4; https://techfabasia.com"
47.128.63.16 - - [01/May/2026:19:17:24 -0400] "GET /?mas_static_content=car-motorbike-industrial HTTP/1.1" 200 32600 "-" "Mozilla/5.0 (compatible; Bytespider; spider-feedback@bytedance.com) AppleWebKit/537.36 (KHTML, like Gecko) Chrome/70.0.0.0 Safari/537.36"
47.128.63.16 - - [01/May/2026:19:17:32 -0400] "GET /wp-content/themes/electro/assets/vendor/fontawesome/css/all.min.css?ver=3.5.7 HTTP/1.1" 200 21985 "https://techfabasia.com/?mas_static_content=car-motorbike-industrial" "Mozilla/5.0 (compatible; Bytespider; spider-feedback@bytedance.com) AppleWebKit/537.36 (KHTML, like Gecko) Chrome/70.0.0.0 Safari/537.36"
47.128.63.16 - - [01/May/2026:19:17:32 -0400] "GET /wp-content/themes/electro/assets/css/colors/blue.min.css?ver=3.5.7 HTTP/1.1" 200 5171 "https://techfabasia.com/?mas_static_content=car-motorbike-industrial" "Mozilla/5.0 (compatible; Bytespider; spider-feedback@bytedance.com) AppleWebKit/537.36 (KHTML, like Gecko) Chrome/70.0.0.0 Safari/537.36"
47.128.63.16 - - [01/May/2026:19:17:32 -0400] "GET /wp-content/themes/electro/style.min.css?ver=3.5.7 HTTP/1.1" 200 125971 "https://techfabasia.com/?mas_static_content=car-motorbike-industrial" "Mozilla/5.0 (compatible; Bytespider; spider-feedback@bytedance.com) AppleWebKit/537.36 (KHTML, like Gecko) Chrome/70.0.0.0 Safari/537.36"
47.128.63.16 - - [01/May/2026:19:17:36 -0400] "GET /wp-content/uploads/2018/10/electro-placeholder-blog-1-100x100.png HTTP/1.1" 206 500 "https://techfabasia.com/?mas_static_content=car-motorbike-industrial" "Mozilla/5.0 (compatible; Bytespider; spider-feedback@bytedance.com) AppleWebKit/537.36 (KHTML, like Gecko) Chrome/70.0.0.0 Safari/537.36"
47.128.63.16 - - [01/May/2026:19:17:37 -0400] "GET /wp-content/uploads/2025/05/6538c90e4ece2-100x100.jpg HTTP/1.1" 206 500 "https://techfabasia.com/?mas_static_content=car-motorbike-industrial" "Mozilla/5.0 (compatible; Bytespider; spider-feedback@bytedance.com) AppleWebKit/537.36 (KHTML, like Gecko) Chrome/70.0.0.0 Safari/537.36"
216.73.216.125 - - [01/May/2026:19:17:35 -0400] "GET /view/item/0166997646 HTTP/1.1" 404 33010 "-" "Mozilla/5.0 AppleWebKit/537.36 (KHTML, like Gecko; compatible; ClaudeBot/1.0; +claudebot@anthropic.com)"
162.0.232.104 - - [01/May/2026:19:17:49 -0400] "POST /wp-cron.php?doing_wp_cron=1777677469.2707500457763671875000 HTTP/1.1" 200 0 "-" "WordPress/6.9.4; https://techfabasia.com"
216.73.216.125 - - [01/May/2026:19:17:45 -0400] "GET /view/item/011242580893 HTTP/1.1" 404 32992 "-" "Mozilla/5.0 AppleWebKit/537.36 (KHTML, like Gecko; compatible; ClaudeBot/1.0; +claudebot@anthropic.com)"
47.128.63.18 - - [01/May/2026:19:17:58 -0400] "GET /product-category/laptops-computers/peripherals/ HTTP/1.1" 200 31907 "-" "Mozilla/5.0 (compatible; Bytespider; spider-feedback@bytedance.com) AppleWebKit/537.36 (KHTML, like Gecko) Chrome/70.0.0.0 Safari/537.36"
47.128.63.18 - - [01/May/2026:19:18:03 -0400] "GET /wp-content/plugins/woocommerce/assets/client/blocks/wc-blocks.css?ver=wc-10.7.0 HTTP/1.1" 200 2391 "https://techfabasia.com/product-category/laptops-computers/peripherals/" "Mozilla/5.0 (compatible; Bytespider; spider-feedback@bytedance.com) AppleWebKit/537.36 (KHTML, like Gecko) Chrome/70.0.0.0 Safari/537.36"
216.73.216.125 - - [01/May/2026:19:18:18 -0400] "GET /view/item/01384589848 HTTP/1.1" 404 33011 "-" "Mozilla/5.0 AppleWebKit/537.36 (KHTML, like Gecko; compatible; ClaudeBot/1.0; +claudebot@anthropic.com)"
