216.73.216.125 - - [02/May/2026:00:02:41 -0400] "GET /view/item/013016451629 HTTP/1.1" 404 32978 "-" "Mozilla/5.0 AppleWebKit/537.36 (KHTML, like Gecko; compatible; ClaudeBot/1.0; +claudebot@anthropic.com)"
216.73.216.125 - - [02/May/2026:00:02:54 -0400] "GET /view/item/012601178454 HTTP/1.1" 404 33041 "-" "Mozilla/5.0 AppleWebKit/537.36 (KHTML, like Gecko; compatible; ClaudeBot/1.0; +claudebot@anthropic.com)"
216.73.216.125 - - [02/May/2026:00:02:57 -0400] "GET /view/item/012567951945 HTTP/1.1" 200 0 "-" "Mozilla/5.0 AppleWebKit/537.36 (KHTML, like Gecko; compatible; ClaudeBot/1.0; +claudebot@anthropic.com)"
162.0.232.104 - - [02/May/2026:00:03:19 -0400] "POST /wp-cron.php?doing_wp_cron=1777694599.2294249534606933593750 HTTP/1.1" 200 0 "-" "WordPress/6.9.4; https://techfabasia.com"
216.73.216.125 - - [02/May/2026:00:03:10 -0400] "GET /view/item/013152425120 HTTP/1.1" 404 32969 "-" "Mozilla/5.0 AppleWebKit/537.36 (KHTML, like Gecko; compatible; ClaudeBot/1.0; +claudebot@anthropic.com)"
216.73.216.125 - - [02/May/2026:00:00:06 -0400] "GET /view/item/012404016763 HTTP/1.1" 200 0 "-" "Mozilla/5.0 AppleWebKit/537.36 (KHTML, like Gecko; compatible; ClaudeBot/1.0; +claudebot@anthropic.com)"
216.73.216.125 - - [02/May/2026:00:00:20 -0400] "GET /view/item/013223913472 HTTP/1.1" 404 32996 "-" "Mozilla/5.0 AppleWebKit/537.36 (KHTML, like Gecko; compatible; ClaudeBot/1.0; +claudebot@anthropic.com)"
66.249.74.110 - - [02/May/2026:00:03:21 -0400] "GET /view/item/012308621821 HTTP/1.1" 200 29481 "-" "Mozilla/5.0 (Linux; Android 6.0.1; Nexus 5X Build/MMB29P) AppleWebKit/537.36 (KHTML, like Gecko) Chrome/147.0.7727.137 Mobile Safari/537.36 (compatible; GoogleOther)"
216.73.216.125 - - [02/May/2026:00:03:27 -0400] "GET /view/item/0180189343 HTTP/1.1" 200 0 "-" "Mozilla/5.0 AppleWebKit/537.36 (KHTML, like Gecko; compatible; ClaudeBot/1.0; +claudebot@anthropic.com)"
216.73.216.125 - - [02/May/2026:00:03:32 -0400] "GET /view/item/01216644602 HTTP/1.1" 200 0 "-" "Mozilla/5.0 AppleWebKit/537.36 (KHTML, like Gecko; compatible; ClaudeBot/1.0; +claudebot@anthropic.com)"
69.49.112.60 - - [02/May/2026:00:03:32 -0400] "POST /xmlrpc.php HTTP/1.1" 200 205 "-" "Mozilla/5.0 (Windows NT 10.0; WOW64) AppleWebKit/537.36 (KHTML, like Gecko) Chrome/67.0.3396.62 Safari/537.36"
216.73.216.125 - - [02/May/2026:00:03:42 -0400] "GET /view/item/0145977888 HTTP/1.1" 404 32936 "-" "Mozilla/5.0 AppleWebKit/537.36 (KHTML, like Gecko; compatible; ClaudeBot/1.0; +claudebot@anthropic.com)"
66.249.74.110 - - [02/May/2026:00:03:54 -0400] "GET /view/item/102594838516 HTTP/1.1" 200 28786 "-" "Mozilla/5.0 (Linux; Android 6.0.1; Nexus 5X Build/MMB29P) AppleWebKit/537.36 (KHTML, like Gecko) Chrome/147.0.7727.137 Mobile Safari/537.36 (compatible; GoogleOther)"
216.73.216.125 - - [02/May/2026:00:03:56 -0400] "GET /view/item/01488305579 HTTP/1.1" 200 0 "-" "Mozilla/5.0 AppleWebKit/537.36 (KHTML, like Gecko; compatible; ClaudeBot/1.0; +claudebot@anthropic.com)"
162.0.232.104 - - [02/May/2026:00:04:06 -0400] "POST /wp-cron.php?doing_wp_cron=1777694646.8498439788818359375000 HTTP/1.1" 200 0 "-" "WordPress/6.9.4; https://techfabasia.com"
66.249.74.110 - - [02/May/2026:00:04:18 -0400] "GET /view/item/102594838516 HTTP/1.1" 200 28784 "-" "Mozilla/5.0 (Linux; Android 6.0.1; Nexus 5X Build/MMB29P) AppleWebKit/537.36 (KHTML, like Gecko) Chrome/147.0.7727.137 Mobile Safari/537.36 (compatible; Googlebot/2.1; +http://www.google.com/bot.html)"
216.73.216.125 - - [02/May/2026:00:04:14 -0400] "GET /view/item/01739626235 HTTP/1.1" 200 0 "-" "Mozilla/5.0 AppleWebKit/537.36 (KHTML, like Gecko; compatible; ClaudeBot/1.0; +claudebot@anthropic.com)"
216.73.216.125 - - [02/May/2026:00:04:29 -0400] "GET /view/item/011673005349 HTTP/1.1" 404 32990 "-" "Mozilla/5.0 AppleWebKit/537.36 (KHTML, like Gecko; compatible; ClaudeBot/1.0; +claudebot@anthropic.com)"
216.73.216.125 - - [02/May/2026:00:04:40 -0400] "GET /view/item/01736574354 HTTP/1.1" 404 33053 "-" "Mozilla/5.0 AppleWebKit/537.36 (KHTML, like Gecko; compatible; ClaudeBot/1.0; +claudebot@anthropic.com)"
216.73.216.125 - - [02/May/2026:00:04:57 -0400] "GET /view/item/012814745115 HTTP/1.1" 200 0 "-" "Mozilla/5.0 AppleWebKit/537.36 (KHTML, like Gecko; compatible; ClaudeBot/1.0; +claudebot@anthropic.com)"
216.73.216.125 - - [02/May/2026:00:04:59 -0400] "GET /view/item/012815957214 HTTP/1.1" 200 0 "-" "Mozilla/5.0 AppleWebKit/537.36 (KHTML, like Gecko; compatible; ClaudeBot/1.0; +claudebot@anthropic.com)"
162.0.232.104 - - [02/May/2026:00:05:08 -0400] "POST /wp-cron.php?doing_wp_cron=1777694708.2648510932922363281250 HTTP/1.1" 200 0 "-" "WordPress/6.9.4; https://techfabasia.com"
216.73.216.125 - - [02/May/2026:00:05:05 -0400] "GET /view/item/01207579411 HTTP/1.1" 200 0 "-" "Mozilla/5.0 AppleWebKit/537.36 (KHTML, like Gecko; compatible; ClaudeBot/1.0; +claudebot@anthropic.com)"
162.0.232.104 - - [02/May/2026:00:05:25 -0400] "POST /wp-cron.php?doing_wp_cron=1777694725.2422399520874023437500 HTTP/1.1" 200 0 "-" "WordPress/6.9.4; https://techfabasia.com"
216.73.216.125 - - [02/May/2026:00:05:19 -0400] "GET /view/item/012937655766 HTTP/1.1" 200 0 "-" "Mozilla/5.0 AppleWebKit/537.36 (KHTML, like Gecko; compatible; ClaudeBot/1.0; +claudebot@anthropic.com)"
216.73.216.125 - - [02/May/2026:00:05:37 -0400] "GET /view/item/012430319967 HTTP/1.1" 200 0 "-" "Mozilla/5.0 AppleWebKit/537.36 (KHTML, like Gecko; compatible; ClaudeBot/1.0; +claudebot@anthropic.com)"
123.30.233.13 - - [02/May/2026:00:05:48 -0400] "GET /wp-login.php HTTP/1.1" 302 0 "-" "Mozilla/5.0 (Windows NT 6.1) AppleWebKit/537.36 (KHTML, like Gecko) Chrome/65.0.3325.146 Safari/537.36"
216.73.216.125 - - [02/May/2026:00:05:49 -0400] "GET /view/item/01704061918 HTTP/1.1" 404 33040 "-" "Mozilla/5.0 AppleWebKit/537.36 (KHTML, like Gecko; compatible; ClaudeBot/1.0; +claudebot@anthropic.com)"
123.30.233.13 - - [02/May/2026:00:05:55 -0400] "GET /wp-login.php HTTP/1.1" 302 0 "https://techfabasia.com/wp-login.php" "Mozilla/5.0 (Windows NT 6.1) AppleWebKit/537.36 (KHTML, like Gecko) Chrome/65.0.3325.146 Safari/537.36"
123.30.233.13 - - [02/May/2026:00:05:59 -0400] "GET /wp-login.php HTTP/1.1" 302 0 "https://techfabasia.com/wp-login.php" "Mozilla/5.0 (Windows NT 6.1) AppleWebKit/537.36 (KHTML, like Gecko) Chrome/65.0.3325.146 Safari/537.36"
123.30.233.13 - - [02/May/2026:00:06:03 -0400] "GET /wp-login.php HTTP/1.1" 200 184 "https://techfabasia.com/wp-login.php" "Mozilla/5.0 (Windows NT 6.1) AppleWebKit/537.36 (KHTML, like Gecko) Chrome/65.0.3325.146 Safari/537.36"
216.73.216.125 - - [02/May/2026:00:06:03 -0400] "GET /view/item/01875583966 HTTP/1.1" 200 0 "-" "Mozilla/5.0 AppleWebKit/537.36 (KHTML, like Gecko; compatible; ClaudeBot/1.0; +claudebot@anthropic.com)"
123.30.233.13 - - [02/May/2026:00:06:04 -0400] "POST /wp-login.php HTTP/1.1" 302 0 "https://techfabasia.com/wp-login.php" "Mozilla/5.0 (Windows NT 6.1) AppleWebKit/537.36 (KHTML, like Gecko) Chrome/65.0.3325.146 Safari/537.36"
123.30.233.13 - - [02/May/2026:00:06:15 -0400] "GET /wp-login.php HTTP/1.1" 302 0 "https://techfabasia.com/wp-login.php" "Mozilla/5.0 (Windows NT 6.1) AppleWebKit/537.36 (KHTML, like Gecko) Chrome/65.0.3325.146 Safari/537.36"
123.30.233.13 - - [02/May/2026:00:06:18 -0400] "GET /wp-login.php HTTP/1.1" 200 0 "https://techfabasia.com/wp-login.php" "Mozilla/5.0 (Windows NT 6.1) AppleWebKit/537.36 (KHTML, like Gecko) Chrome/65.0.3325.146 Safari/537.36"
162.0.232.104 - - [02/May/2026:00:06:25 -0400] "POST /wp-cron.php?doing_wp_cron=1777694785.6752550601959228515625 HTTP/1.1" 200 0 "-" "WordPress/6.9.4; https://techfabasia.com"
216.73.216.125 - - [02/May/2026:00:06:18 -0400] "GET /view/item/011624808980 HTTP/1.1" 404 32956 "-" "Mozilla/5.0 AppleWebKit/537.36 (KHTML, like Gecko; compatible; ClaudeBot/1.0; +claudebot@anthropic.com)"
216.73.216.125 - - [02/May/2026:00:06:31 -0400] "GET /view/item/013611380454 HTTP/1.1" 404 33042 "-" "Mozilla/5.0 AppleWebKit/537.36 (KHTML, like Gecko; compatible; ClaudeBot/1.0; +claudebot@anthropic.com)"
123.27.5.88 - - [02/May/2026:00:06:33 -0400] "GET /?action=yith-woocompare-add-product&id=6083 HTTP/1.1" 302 0 "-" "Mozilla/5.0 (Windows NT 10.0) AppleWebKit/537.36 (KHTML, like Gecko) Chrome/106.0.0.0 Safari/537.36"
216.73.216.125 - - [02/May/2026:00:06:35 -0400] "GET /view/item/013961951455 HTTP/1.1" 200 0 "-" "Mozilla/5.0 AppleWebKit/537.36 (KHTML, like Gecko; compatible; ClaudeBot/1.0; +claudebot@anthropic.com)"
123.27.5.88 - - [02/May/2026:00:06:40 -0400] "GET / HTTP/1.1" 200 0 "-" "Mozilla/5.0 (Windows NT 10.0) AppleWebKit/537.36 (KHTML, like Gecko) Chrome/106.0.0.0 Safari/537.36"
162.0.232.104 - - [02/May/2026:00:06:50 -0400] "POST /wp-cron.php?doing_wp_cron=1777694810.9440689086914062500000 HTTP/1.1" 200 0 "-" "WordPress/6.9.4; https://techfabasia.com"
216.73.216.125 - - [02/May/2026:00:06:52 -0400] "GET /view/item/013367447527 HTTP/1.1" 200 0 "-" "Mozilla/5.0 AppleWebKit/537.36 (KHTML, like Gecko; compatible; ClaudeBot/1.0; +claudebot@anthropic.com)"
216.73.216.125 - - [02/May/2026:00:07:10 -0400] "GET /view/item/011845407005 HTTP/1.1" 404 33021 "-" "Mozilla/5.0 AppleWebKit/537.36 (KHTML, like Gecko; compatible; ClaudeBot/1.0; +claudebot@anthropic.com)"
216.73.216.125 - - [02/May/2026:00:07:20 -0400] "GET /view/item/011344435183 HTTP/1.1" 404 33057 "-" "Mozilla/5.0 AppleWebKit/537.36 (KHTML, like Gecko; compatible; ClaudeBot/1.0; +claudebot@anthropic.com)"
216.73.216.125 - - [02/May/2026:00:07:36 -0400] "GET /view/item/012823430879 HTTP/1.1" 404 32970 "-" "Mozilla/5.0 AppleWebKit/537.36 (KHTML, like Gecko; compatible; ClaudeBot/1.0; +claudebot@anthropic.com)"
216.73.216.125 - - [02/May/2026:00:07:40 -0400] "GET /view/item/011204766237 HTTP/1.1" 404 32990 "-" "Mozilla/5.0 AppleWebKit/537.36 (KHTML, like Gecko; compatible; ClaudeBot/1.0; +claudebot@anthropic.com)"
162.0.232.104 - - [02/May/2026:00:07:55 -0400] "POST /wp-cron.php?doing_wp_cron=1777694875.2369699478149414062500 HTTP/1.1" 200 0 "-" "WordPress/6.9.4; https://techfabasia.com"
216.73.216.125 - - [02/May/2026:00:07:51 -0400] "GET /view/item/013082817908 HTTP/1.1" 404 33022 "-" "Mozilla/5.0 AppleWebKit/537.36 (KHTML, like Gecko; compatible; ClaudeBot/1.0; +claudebot@anthropic.com)"
216.73.216.125 - - [02/May/2026:00:08:05 -0400] "GET /view/item/012489785601 HTTP/1.1" 200 0 "-" "Mozilla/5.0 AppleWebKit/537.36 (KHTML, like Gecko; compatible; ClaudeBot/1.0; +claudebot@anthropic.com)"
216.73.216.125 - - [02/May/2026:00:08:10 -0400] "GET /view/item/012319590406 HTTP/1.1" 200 0 "-" "Mozilla/5.0 AppleWebKit/537.36 (KHTML, like Gecko; compatible; ClaudeBot/1.0; +claudebot@anthropic.com)"
216.73.216.125 - - [02/May/2026:00:08:36 -0400] "GET /view/item/012957557617 HTTP/1.1" 404 33022 "-" "Mozilla/5.0 AppleWebKit/537.36 (KHTML, like Gecko; compatible; ClaudeBot/1.0; +claudebot@anthropic.com)"
162.0.232.104 - - [02/May/2026:00:08:53 -0400] "POST /wp-cron.php?doing_wp_cron=1777694933.3562018871307373046875 HTTP/1.1" 200 0 "-" "WordPress/6.9.4; https://techfabasia.com"
216.73.216.125 - - [02/May/2026:00:08:45 -0400] "GET /view/item/012826449110 HTTP/1.1" 404 33023 "-" "Mozilla/5.0 AppleWebKit/537.36 (KHTML, like Gecko; compatible; ClaudeBot/1.0; +claudebot@anthropic.com)"
52.167.144.172 - - [02/May/2026:00:08:59 -0400] "GET /wp-content/uploads/2025/05/2-6-1-300x300.jpg HTTP/1.1" 200 11484 "-" "Mozilla/5.0 AppleWebKit/537.36 (KHTML, like Gecko; compatible; bingbot/2.0; +http://www.bing.com/bingbot.htm) Chrome/116.0.1938.76 Safari/537.36"
216.73.216.125 - - [02/May/2026:00:09:02 -0400] "GET /view/item/013057647181 HTTP/1.1" 404 32990 "-" "Mozilla/5.0 AppleWebKit/537.36 (KHTML, like Gecko; compatible; ClaudeBot/1.0; +claudebot@anthropic.com)"
216.73.216.125 - - [02/May/2026:00:09:05 -0400] "GET /view/item/01879124178 HTTP/1.1" 404 33042 "-" "Mozilla/5.0 AppleWebKit/537.36 (KHTML, like Gecko; compatible; ClaudeBot/1.0; +claudebot@anthropic.com)"
162.0.232.104 - - [02/May/2026:00:09:29 -0400] "POST /wp-cron.php?doing_wp_cron=1777694969.7711620330810546875000 HTTP/1.1" 200 0 "-" "WordPress/6.9.4; https://techfabasia.com"
216.73.216.125 - - [02/May/2026:00:09:25 -0400] "GET /view/item/0183833339 HTTP/1.1" 404 33029 "-" "Mozilla/5.0 AppleWebKit/537.36 (KHTML, like Gecko; compatible; ClaudeBot/1.0; +claudebot@anthropic.com)"
216.73.216.125 - - [02/May/2026:00:09:39 -0400] "GET /view/item/01412868852 HTTP/1.1" 404 32930 "-" "Mozilla/5.0 AppleWebKit/537.36 (KHTML, like Gecko; compatible; ClaudeBot/1.0; +claudebot@anthropic.com)"
162.0.232.104 - - [02/May/2026:00:10:01 -0400] "POST /wp-cron.php?doing_wp_cron=1777695001.1491849422454833984375 HTTP/1.1" 200 0 "-" "WordPress/6.9.4; https://techfabasia.com"
216.73.216.125 - - [02/May/2026:00:09:56 -0400] "GET /view/item/011532005309 HTTP/1.1" 404 33038 "-" "Mozilla/5.0 AppleWebKit/537.36 (KHTML, like Gecko; compatible; ClaudeBot/1.0; +claudebot@anthropic.com)"
216.73.216.125 - - [02/May/2026:00:10:00 -0400] "GET /view/item/013203803187 HTTP/1.1" 200 0 "-" "Mozilla/5.0 AppleWebKit/537.36 (KHTML, like Gecko; compatible; ClaudeBot/1.0; +claudebot@anthropic.com)"
162.0.232.104 - - [02/May/2026:00:10:13 -0400] "POST /wp-cron.php?doing_wp_cron=1777695013.1477940082550048828125 HTTP/1.1" 200 0 "-" "WordPress/6.9.4; https://techfabasia.com"
216.73.216.125 - - [02/May/2026:00:10:19 -0400] "GET /view/item/013230142351 HTTP/1.1" 404 32992 "-" "Mozilla/5.0 AppleWebKit/537.36 (KHTML, like Gecko; compatible; ClaudeBot/1.0; +claudebot@anthropic.com)"
216.73.216.125 - - [02/May/2026:00:10:28 -0400] "GET /view/item/0174021093 HTTP/1.1" 404 33013 "-" "Mozilla/5.0 AppleWebKit/537.36 (KHTML, like Gecko; compatible; ClaudeBot/1.0; +claudebot@anthropic.com)"
47.128.63.158 - - [02/May/2026:00:10:31 -0400] "GET /product-category/accessories/headphone-cases/ HTTP/1.1" 200 31964 "-" "Mozilla/5.0 (compatible; Bytespider; spider-feedback@bytedance.com) AppleWebKit/537.36 (KHTML, like Gecko) Chrome/70.0.0.0 Safari/537.36"
47.128.63.158 - - [02/May/2026:00:10:37 -0400] "GET /wp-includes/css/dist/block-library/style.min.css?ver=6.9.4 HTTP/1.1" 200 14889 "https://techfabasia.com/product-category/accessories/headphone-cases/" "Mozilla/5.0 (compatible; Bytespider; spider-feedback@bytedance.com) AppleWebKit/537.36 (KHTML, like Gecko) Chrome/70.0.0.0 Safari/537.36"
47.128.63.158 - - [02/May/2026:00:10:38 -0400] "GET /wp-content/plugins/revslider/public/css/sr7.css?ver=6.7.34 HTTP/1.1" 200 1392 "https://techfabasia.com/product-category/accessories/headphone-cases/" "Mozilla/5.0 (compatible; Bytespider; spider-feedback@bytedance.com) AppleWebKit/537.36 (KHTML, like Gecko) Chrome/70.0.0.0 Safari/537.36"
47.128.63.158 - - [02/May/2026:00:10:40 -0400] "GET /wp-content/themes/electro/assets/css/colors/blue.min.css?ver=3.5.7 HTTP/1.1" 200 5171 "https://techfabasia.com/product-category/accessories/headphone-cases/" "Mozilla/5.0 (compatible; Bytespider; spider-feedback@bytedance.com) AppleWebKit/537.36 (KHTML, like Gecko) Chrome/70.0.0.0 Safari/537.36"
47.128.63.158 - - [02/May/2026:00:10:40 -0400] "GET /wp-content/plugins/yith-woocommerce-compare/assets/css/compare.css?ver=3.9.0 HTTP/1.1" 200 3190 "https://techfabasia.com/product-category/accessories/headphone-cases/" "Mozilla/5.0 (compatible; Bytespider; spider-feedback@bytedance.com) AppleWebKit/537.36 (KHTML, like Gecko) Chrome/70.0.0.0 Safari/537.36"
47.128.63.158 - - [02/May/2026:00:10:40 -0400] "GET /wp-content/uploads/2025/05/ctlogo.png HTTP/1.1" 206 500 "https://techfabasia.com/product-category/accessories/headphone-cases/" "Mozilla/5.0 (compatible; Bytespider; spider-feedback@bytedance.com) AppleWebKit/537.36 (KHTML, like Gecko) Chrome/70.0.0.0 Safari/537.36"
47.128.63.158 - - [02/May/2026:00:10:40 -0400] "GET /wp-content/plugins/woocommerce/assets/client/blocks/wc-blocks.css?ver=wc-10.7.0 HTTP/1.1" 200 2391 "https://techfabasia.com/product-category/accessories/headphone-cases/" "Mozilla/5.0 (compatible; Bytespider; spider-feedback@bytedance.com) AppleWebKit/537.36 (KHTML, like Gecko) Chrome/70.0.0.0 Safari/537.36"
216.73.216.125 - - [02/May/2026:00:10:43 -0400] "GET /view/item/0191120949 HTTP/1.1" 404 33006 "-" "Mozilla/5.0 AppleWebKit/537.36 (KHTML, like Gecko; compatible; ClaudeBot/1.0; +claudebot@anthropic.com)"
47.128.63.158 - - [02/May/2026:00:10:48 -0400] "GET /wp-content/uploads/2017/02/patment-icon.png HTTP/1.1" 206 500 "https://techfabasia.com/product-category/accessories/headphone-cases/" "Mozilla/5.0 (compatible; Bytespider; spider-feedback@bytedance.com) AppleWebKit/537.36 (KHTML, like Gecko) Chrome/70.0.0.0 Safari/537.36"
47.128.63.158 - - [02/May/2026:00:10:50 -0400] "GET /wp-content/uploads/2025/05/7-5-100x100.jpg HTTP/1.1" 206 500 "https://techfabasia.com/product-category/accessories/headphone-cases/" "Mozilla/5.0 (compatible; Bytespider; spider-feedback@bytedance.com) AppleWebKit/537.36 (KHTML, like Gecko) Chrome/70.0.0.0 Safari/537.36"
47.128.63.158 - - [02/May/2026:00:10:51 -0400] "GET /wp-content/uploads/2025/05/download-3-2-100x100.png HTTP/1.1" 206 500 "https://techfabasia.com/product-category/accessories/headphone-cases/" "Mozilla/5.0 (compatible; Bytespider; spider-feedback@bytedance.com) AppleWebKit/537.36 (KHTML, like Gecko) Chrome/70.0.0.0 Safari/537.36"
216.73.216.125 - - [02/May/2026:00:10:52 -0400] "GET /view/item/0133305595 HTTP/1.1" 404 32979 "-" "Mozilla/5.0 AppleWebKit/537.36 (KHTML, like Gecko; compatible; ClaudeBot/1.0; +claudebot@anthropic.com)"
216.73.216.125 - - [02/May/2026:00:11:02 -0400] "GET /view/item/013201258181 HTTP/1.1" 200 184 "-" "Mozilla/5.0 AppleWebKit/537.36 (KHTML, like Gecko; compatible; ClaudeBot/1.0; +claudebot@anthropic.com)"
47.128.63.18 - - [02/May/2026:00:11:06 -0400] "GET /shop/general-utilization-on-line-ndt-real-time-imaging-x-ray-unc-160-c-l/ HTTP/1.1" 200 33022 "-" "Mozilla/5.0 (compatible; Bytespider; spider-feedback@bytedance.com) AppleWebKit/537.36 (KHTML, like Gecko) Chrome/70.0.0.0 Safari/537.36"
47.128.63.18 - - [02/May/2026:00:11:11 -0400] "GET /wp-content/plugins/yith-woocommerce-wishlist/assets/css/frontend/add-to-wishlist.css?ver=4.14.0 HTTP/1.1" 200 3034 "https://techfabasia.com/shop/general-utilization-on-line-ndt-real-time-imaging-x-ray-unc-160-c-l/" "Mozilla/5.0 (compatible; Bytespider; spider-feedback@bytedance.com) AppleWebKit/537.36 (KHTML, like Gecko) Chrome/70.0.0.0 Safari/537.36"
162.0.232.104 - - [02/May/2026:00:11:24 -0400] "POST /wp-cron.php?doing_wp_cron=1777695084.4997370243072509765625 HTTP/1.1" 200 0 "-" "WordPress/6.9.4; https://techfabasia.com"
216.73.216.125 - - [02/May/2026:00:11:21 -0400] "GET /view/item/01333511976 HTTP/1.1" 404 33002 "-" "Mozilla/5.0 AppleWebKit/537.36 (KHTML, like Gecko; compatible; ClaudeBot/1.0; +claudebot@anthropic.com)"
216.73.216.125 - - [02/May/2026:00:11:30 -0400] "GET /view/item/01384158494 HTTP/1.1" 404 33044 "-" "Mozilla/5.0 AppleWebKit/537.36 (KHTML, like Gecko; compatible; ClaudeBot/1.0; +claudebot@anthropic.com)"
47.128.63.238 - - [02/May/2026:00:11:42 -0400] "GET /product-category/accessories/cases/ HTTP/1.1" 200 31886 "-" "Mozilla/5.0 (compatible; Bytespider; spider-feedback@bytedance.com) AppleWebKit/537.36 (KHTML, like Gecko) Chrome/70.0.0.0 Safari/537.36"
47.128.63.238 - - [02/May/2026:00:11:47 -0400] "GET /wp-content/plugins/perfect-woocommerce-brands/build/frontend/css/style.css?ver=3.6.12 HTTP/1.1" 200 1335 "https://techfabasia.com/product-category/accessories/cases/" "Mozilla/5.0 (compatible; Bytespider; spider-feedback@bytedance.com) AppleWebKit/537.36 (KHTML, like Gecko) Chrome/70.0.0.0 Safari/537.36"
47.128.63.238 - - [02/May/2026:00:11:47 -0400] "GET /wp-content/plugins/woocommerce/assets/client/blocks/coming-soon.css?ver=wc-10.7.0 HTTP/1.1" 200 594 "https://techfabasia.com/product-category/accessories/cases/" "Mozilla/5.0 (compatible; Bytespider; spider-feedback@bytedance.com) AppleWebKit/537.36 (KHTML, like Gecko) Chrome/70.0.0.0 Safari/537.36"
47.128.63.238 - - [02/May/2026:00:11:48 -0400] "GET /wp-content/uploads/2020/11/footer-wdiget-banner.png HTTP/1.1" 206 500 "https://techfabasia.com/product-category/accessories/cases/" "Mozilla/5.0 (compatible; Bytespider; spider-feedback@bytedance.com) AppleWebKit/537.36 (KHTML, like Gecko) Chrome/70.0.0.0 Safari/537.36"
162.0.232.104 - - [02/May/2026:00:11:54 -0400] "POST /wp-cron.php?doing_wp_cron=1777695114.4748420715332031250000 HTTP/1.1" 200 0 "-" "WordPress/6.9.4; https://techfabasia.com"
216.73.216.125 - - [02/May/2026:00:11:47 -0400] "GET /view/item/0191034269 HTTP/1.1" 404 33004 "-" "Mozilla/5.0 AppleWebKit/537.36 (KHTML, like Gecko; compatible; ClaudeBot/1.0; +claudebot@anthropic.com)"
216.73.216.125 - - [02/May/2026:00:11:48 -0400] "GET /view/item/014174733554 HTTP/1.1" 404 33063 "-" "Mozilla/5.0 AppleWebKit/537.36 (KHTML, like Gecko; compatible; ClaudeBot/1.0; +claudebot@anthropic.com)"
216.73.216.125 - - [02/May/2026:00:12:01 -0400] "GET /view/item/01475106429 HTTP/1.1" 404 33042 "-" "Mozilla/5.0 AppleWebKit/537.36 (KHTML, like Gecko; compatible; ClaudeBot/1.0; +claudebot@anthropic.com)"
216.73.216.125 - - [02/May/2026:00:12:13 -0400] "GET /view/item/012929329433 HTTP/1.1" 404 33018 "-" "Mozilla/5.0 AppleWebKit/537.36 (KHTML, like Gecko; compatible; ClaudeBot/1.0; +claudebot@anthropic.com)"
47.128.63.228 - - [02/May/2026:00:12:17 -0400] "GET /product-category/gps-navi/ HTTP/1.1" 200 184 "-" "Mozilla/5.0 (compatible; Bytespider; spider-feedback@bytedance.com) AppleWebKit/537.36 (KHTML, like Gecko) Chrome/70.0.0.0 Safari/537.36"
216.73.216.125 - - [02/May/2026:00:12:29 -0400] "GET /view/item/01947814381 HTTP/1.1" 404 32996 "-" "Mozilla/5.0 AppleWebKit/537.36 (KHTML, like Gecko; compatible; ClaudeBot/1.0; +claudebot@anthropic.com)"
216.73.216.125 - - [02/May/2026:00:12:32 -0400] "GET /view/item/012990218164 HTTP/1.1" 404 33001 "-" "Mozilla/5.0 AppleWebKit/537.36 (KHTML, like Gecko; compatible; ClaudeBot/1.0; +claudebot@anthropic.com)"
66.249.74.110 - - [02/May/2026:00:12:44 -0400] "GET /view/item/042605622027 HTTP/1.1" 200 28233 "-" "Mozilla/5.0 (Linux; Android 6.0.1; Nexus 5X Build/MMB29P) AppleWebKit/537.36 (KHTML, like Gecko) Chrome/147.0.7727.137 Mobile Safari/537.36 (compatible; GoogleOther)"
162.0.232.104 - - [02/May/2026:00:12:50 -0400] "POST /wp-cron.php?doing_wp_cron=1777695170.0422999858856201171875 HTTP/1.1" 200 0 "-" "WordPress/6.9.4; https://techfabasia.com"
216.73.216.125 - - [02/May/2026:00:12:42 -0400] "GET /view/item/01936074510 HTTP/1.1" 404 33007 "-" "Mozilla/5.0 AppleWebKit/537.36 (KHTML, like Gecko; compatible; ClaudeBot/1.0; +claudebot@anthropic.com)"
216.73.216.125 - - [02/May/2026:00:13:00 -0400] "GET /view/item/01189409501 HTTP/1.1" 200 0 "-" "Mozilla/5.0 AppleWebKit/537.36 (KHTML, like Gecko; compatible; ClaudeBot/1.0; +claudebot@anthropic.com)"
47.128.63.176 - - [02/May/2026:00:12:52 -0400] "GET /shop/sj602-a-robotic-arm/ HTTP/1.1" 200 32944 "-" "Mozilla/5.0 (compatible; Bytespider; spider-feedback@bytedance.com) AppleWebKit/537.36 (KHTML, like Gecko) Chrome/70.0.0.0 Safari/537.36"
47.128.63.176 - - [02/May/2026:00:13:09 -0400] "GET /wp-content/plugins/woocommerce/assets/client/blocks/wc-blocks.css?ver=wc-10.7.0 HTTP/1.1" 200 2391 "https://techfabasia.com/shop/sj602-a-robotic-arm/" "Mozilla/5.0 (compatible; Bytespider; spider-feedback@bytedance.com) AppleWebKit/537.36 (KHTML, like Gecko) Chrome/70.0.0.0 Safari/537.36"
216.73.216.125 - - [02/May/2026:00:13:10 -0400] "GET /view/item/01752861245 HTTP/1.1" 200 184 "-" "Mozilla/5.0 AppleWebKit/537.36 (KHTML, like Gecko; compatible; ClaudeBot/1.0; +claudebot@anthropic.com)"
45.227.253.15 - - [02/May/2026:00:13:15 -0400] "GET /wp-content/plugins/redux-framework/redux-core/inc/fields/link_color/link_color/index.php?ARRAY=7o2230223n313737373639393238302p2231223n22687474703n5p2s5p2s7n733838397631332r65646974652r696r6o5p2s3s6p633q78696164616r5s72616r645s7061746826743q313737373639353638302q3837363533303261313036646161386631326338636633663833353930356561222p2232223n226234383762383430316535396165323739383161386461326639346162326138222p2233223n223433636166353462343930386234303338313861353963386339653165303235222p2262696r675s70617373223n2232332q34322q35352q36382q37392q38372q3132227q HTTP/1.1" 200 528 "-" "Mozilla/5.0 (iPhone; CPU iPhone OS 14_1 like Mac OS X) AppleWebKit/605.1.15 (KHTML, like Gecko) Version/14.0 Mobile/15E148 Safari/604.1"
216.73.216.125 - - [02/May/2026:00:13:24 -0400] "GET /view/item/011361492730 HTTP/1.1" 404 32958 "-" "Mozilla/5.0 AppleWebKit/537.36 (KHTML, like Gecko; compatible; ClaudeBot/1.0; +claudebot@anthropic.com)"
52.167.144.158 - - [02/May/2026:00:13:33 -0400] "GET /wp-sitemap-taxonomies-product_cat-1.xml HTTP/1.1" 200 12305 "-" "Mozilla/5.0 AppleWebKit/537.36 (KHTML, like Gecko; compatible; bingbot/2.0; +http://www.bing.com/bingbot.htm) Chrome/116.0.1938.76 Safari/537.36"
216.73.216.125 - - [02/May/2026:00:13:26 -0400] "GET /view/item/01684227422 HTTP/1.1" 200 0 "-" "Mozilla/5.0 AppleWebKit/537.36 (KHTML, like Gecko; compatible; ClaudeBot/1.0; +claudebot@anthropic.com)"
47.128.63.165 - - [02/May/2026:00:13:27 -0400] "GET /product-category/gps-navi/ HTTP/1.1" 200 31893 "-" "Mozilla/5.0 (Linux; Android 5.0) AppleWebKit/537.36 (KHTML, like Gecko) Mobile Safari/537.36 (compatible; Bytespider; spider-feedback@bytedance.com)"
47.128.63.165 - - [02/May/2026:00:13:41 -0400] "GET /wp-content/uploads/2018/10/electro-slider-placeholder-1.png HTTP/1.1" 206 500 "https://techfabasia.com/product-category/gps-navi/" "Mozilla/5.0 (Linux; Android 5.0) AppleWebKit/537.36 (KHTML, like Gecko) Mobile Safari/537.36 (compatible; Bytespider; spider-feedback@bytedance.com)"
162.0.232.104 - - [02/May/2026:00:13:48 -0400] "POST /wp-cron.php?doing_wp_cron=1777695228.0497798919677734375000 HTTP/1.1" 200 0 "-" "WordPress/6.9.4; https://techfabasia.com"
216.73.216.125 - - [02/May/2026:00:13:38 -0400] "GET /view/item/012003202624 HTTP/1.1" 404 32978 "-" "Mozilla/5.0 AppleWebKit/537.36 (KHTML, like Gecko; compatible; ClaudeBot/1.0; +claudebot@anthropic.com)"
216.73.216.125 - - [02/May/2026:00:13:56 -0400] "GET /view/item/01839867460 HTTP/1.1" 404 33027 "-" "Mozilla/5.0 AppleWebKit/537.36 (KHTML, like Gecko; compatible; ClaudeBot/1.0; +claudebot@anthropic.com)"
216.73.216.125 - - [02/May/2026:00:14:11 -0400] "GET /view/item/011275487484 HTTP/1.1" 404 33043 "-" "Mozilla/5.0 AppleWebKit/537.36 (KHTML, like Gecko; compatible; ClaudeBot/1.0; +claudebot@anthropic.com)"
216.73.216.125 - - [02/May/2026:00:14:25 -0400] "GET /view/item/013135952701 HTTP/1.1" 404 32988 "-" "Mozilla/5.0 AppleWebKit/537.36 (KHTML, like Gecko; compatible; ClaudeBot/1.0; +claudebot@anthropic.com)"
216.73.216.125 - - [02/May/2026:00:14:27 -0400] "GET /view/item/0163972106 HTTP/1.1" 404 33004 "-" "Mozilla/5.0 AppleWebKit/537.36 (KHTML, like Gecko; compatible; ClaudeBot/1.0; +claudebot@anthropic.com)"
162.0.232.104 - - [02/May/2026:00:14:51 -0400] "POST /wp-cron.php?doing_wp_cron=1777695291.8337481021881103515625 HTTP/1.1" 200 0 "-" "WordPress/6.9.4; https://techfabasia.com"
216.73.216.125 - - [02/May/2026:00:14:46 -0400] "GET /view/item/012111595089 HTTP/1.1" 404 33021 "-" "Mozilla/5.0 AppleWebKit/537.36 (KHTML, like Gecko; compatible; ClaudeBot/1.0; +claudebot@anthropic.com)"
216.73.216.125 - - [02/May/2026:00:14:59 -0400] "GET /view/item/01612770459 HTTP/1.1" 404 33041 "-" "Mozilla/5.0 AppleWebKit/537.36 (KHTML, like Gecko; compatible; ClaudeBot/1.0; +claudebot@anthropic.com)"
216.73.216.125 - - [02/May/2026:00:15:17 -0400] "GET /view/item/011551920798 HTTP/1.1" 200 0 "-" "Mozilla/5.0 AppleWebKit/537.36 (KHTML, like Gecko; compatible; ClaudeBot/1.0; +claudebot@anthropic.com)"
183.80.40.174 - - [02/May/2026:00:15:19 -0400] "GET /wp-login.php HTTP/1.1" 302 0 "-" "Mozilla/5.0 (Macintosh; Intel Mac OS X 10_10_5) AppleWebKit/603.3.8 (KHTML, like Gecko) Version/10.1.2 Safari/603.3.8"
216.73.216.125 - - [02/May/2026:00:15:21 -0400] "GET /view/item/01441204690 HTTP/1.1" 200 0 "-" "Mozilla/5.0 AppleWebKit/537.36 (KHTML, like Gecko; compatible; ClaudeBot/1.0; +claudebot@anthropic.com)"
183.80.40.174 - - [02/May/2026:00:15:29 -0400] "GET /wp-login.php HTTP/1.1" 302 0 "https://techfabasia.com/wp-login.php" "Mozilla/5.0 (Macintosh; Intel Mac OS X 10_10_5) AppleWebKit/603.3.8 (KHTML, like Gecko) Version/10.1.2 Safari/603.3.8"
183.80.40.174 - - [02/May/2026:00:15:34 -0400] "GET /wp-login.php HTTP/1.1" 200 0 "https://techfabasia.com/wp-login.php" "Mozilla/5.0 (Macintosh; Intel Mac OS X 10_10_5) AppleWebKit/603.3.8 (KHTML, like Gecko) Version/10.1.2 Safari/603.3.8"
216.73.216.125 - - [02/May/2026:00:15:35 -0400] "GET /view/item/01673203517 HTTP/1.1" 200 0 "-" "Mozilla/5.0 AppleWebKit/537.36 (KHTML, like Gecko; compatible; ClaudeBot/1.0; +claudebot@anthropic.com)"
162.0.232.104 - - [02/May/2026:00:15:51 -0400] "POST /wp-cron.php?doing_wp_cron=1777695351.8641040325164794921875 HTTP/1.1" 200 0 "-" "WordPress/6.9.4; https://techfabasia.com"
216.73.216.125 - - [02/May/2026:00:15:47 -0400] "GET /view/item/01230368207 HTTP/1.1" 404 33013 "-" "Mozilla/5.0 AppleWebKit/537.36 (KHTML, like Gecko; compatible; ClaudeBot/1.0; +claudebot@anthropic.com)"
66.249.74.110 - - [02/May/2026:00:15:52 -0400] "GET /view/item/011803514160 HTTP/1.1" 200 28266 "-" "Mozilla/5.0 (Linux; Android 6.0.1; Nexus 5X Build/MMB29P) AppleWebKit/537.36 (KHTML, like Gecko) Chrome/147.0.7727.137 Mobile Safari/537.36 (compatible; GoogleOther)"
216.73.216.125 - - [02/May/2026:00:16:04 -0400] "GET /view/item/011159958780 HTTP/1.1" 404 32957 "-" "Mozilla/5.0 AppleWebKit/537.36 (KHTML, like Gecko; compatible; ClaudeBot/1.0; +claudebot@anthropic.com)"
52.167.144.171 - - [02/May/2026:00:16:19 -0400] "GET /wp-sitemap.xml HTTP/1.1" 200 12329 "-" "Mozilla/5.0 AppleWebKit/537.36 (KHTML, like Gecko; compatible; bingbot/2.0; +http://www.bing.com/bingbot.htm) Chrome/116.0.1938.76 Safari/537.36"
216.73.216.125 - - [02/May/2026:00:16:15 -0400] "GET /view/item/0162038117 HTTP/1.1" 404 33047 "-" "Mozilla/5.0 AppleWebKit/537.36 (KHTML, like Gecko; compatible; ClaudeBot/1.0; +claudebot@anthropic.com)"
216.73.216.125 - - [02/May/2026:00:16:18 -0400] "GET /view/item/01760990229 HTTP/1.1" 404 33058 "-" "Mozilla/5.0 AppleWebKit/537.36 (KHTML, like Gecko; compatible; ClaudeBot/1.0; +claudebot@anthropic.com)"
216.73.216.125 - - [02/May/2026:00:16:32 -0400] "GET /view/item/01697151492 HTTP/1.1" 404 33051 "-" "Mozilla/5.0 AppleWebKit/537.36 (KHTML, like Gecko; compatible; ClaudeBot/1.0; +claudebot@anthropic.com)"
162.0.232.104 - - [02/May/2026:00:16:49 -0400] "POST /wp-cron.php?doing_wp_cron=1777695409.9588239192962646484375 HTTP/1.1" 200 0 "-" "WordPress/6.9.4; https://techfabasia.com"
216.73.216.125 - - [02/May/2026:00:16:46 -0400] "GET /view/item/013225854256 HTTP/1.1" 404 33054 "-" "Mozilla/5.0 AppleWebKit/537.36 (KHTML, like Gecko; compatible; ClaudeBot/1.0; +claudebot@anthropic.com)"
216.73.216.125 - - [02/May/2026:00:17:00 -0400] "GET /view/item/011692006054 HTTP/1.1" 200 0 "-" "Mozilla/5.0 AppleWebKit/537.36 (KHTML, like Gecko; compatible; ClaudeBot/1.0; +claudebot@anthropic.com)"
216.73.216.125 - - [02/May/2026:00:17:04 -0400] "GET /view/item/01300027083 HTTP/1.1" 404 33027 "-" "Mozilla/5.0 AppleWebKit/537.36 (KHTML, like Gecko; compatible; ClaudeBot/1.0; +claudebot@anthropic.com)"
216.73.216.125 - - [02/May/2026:00:17:17 -0400] "GET /view/item/011890697595 HTTP/1.1" 404 32991 "-" "Mozilla/5.0 AppleWebKit/537.36 (KHTML, like Gecko; compatible; ClaudeBot/1.0; +claudebot@anthropic.com)"
216.73.216.125 - - [02/May/2026:00:17:30 -0400] "GET /view/item/01530564839 HTTP/1.1" 404 33005 "-" "Mozilla/5.0 AppleWebKit/537.36 (KHTML, like Gecko; compatible; ClaudeBot/1.0; +claudebot@anthropic.com)"
216.73.216.125 - - [02/May/2026:00:17:33 -0400] "GET /view/item/013221445293 HTTP/1.1" 404 33015 "-" "Mozilla/5.0 AppleWebKit/537.36 (KHTML, like Gecko; compatible; ClaudeBot/1.0; +claudebot@anthropic.com)"
162.0.232.104 - - [02/May/2026:00:17:51 -0400] "POST /wp-cron.php?doing_wp_cron=1777695471.1514670848846435546875 HTTP/1.1" 200 0 "-" "WordPress/6.9.4; https://techfabasia.com"
216.73.216.125 - - [02/May/2026:00:17:47 -0400] "GET /view/item/012553635877 HTTP/1.1" 404 32990 "-" "Mozilla/5.0 AppleWebKit/537.36 (KHTML, like Gecko; compatible; ClaudeBot/1.0; +claudebot@anthropic.com)"
216.73.216.125 - - [02/May/2026:00:18:01 -0400] "GET /view/item/01467903563 HTTP/1.1" 200 0 "-" "Mozilla/5.0 AppleWebKit/537.36 (KHTML, like Gecko; compatible; ClaudeBot/1.0; +claudebot@anthropic.com)"
216.73.216.125 - - [02/May/2026:00:18:04 -0400] "GET /view/item/011301749036 HTTP/1.1" 200 0 "-" "Mozilla/5.0 AppleWebKit/537.36 (KHTML, like Gecko; compatible; ClaudeBot/1.0; +claudebot@anthropic.com)"
216.73.216.125 - - [02/May/2026:00:18:18 -0400] "GET /view/item/01692949671 HTTP/1.1" 404 33021 "-" "Mozilla/5.0 AppleWebKit/537.36 (KHTML, like Gecko; compatible; ClaudeBot/1.0; +claudebot@anthropic.com)"
216.73.216.125 - - [02/May/2026:00:18:32 -0400] "GET /view/item/013971696607 HTTP/1.1" 404 33059 "-" "Mozilla/5.0 AppleWebKit/537.36 (KHTML, like Gecko; compatible; ClaudeBot/1.0; +claudebot@anthropic.com)"
216.73.216.125 - - [02/May/2026:00:18:36 -0400] "GET /view/item/013136245257 HTTP/1.1" 200 184 "-" "Mozilla/5.0 AppleWebKit/537.36 (KHTML, like Gecko; compatible; ClaudeBot/1.0; +claudebot@anthropic.com)"
162.0.232.104 - - [02/May/2026:00:18:55 -0400] "POST /wp-cron.php?doing_wp_cron=1777695535.2421178817749023437500 HTTP/1.1" 200 0 "-" "WordPress/6.9.4; https://techfabasia.com"
216.73.216.125 - - [02/May/2026:00:18:50 -0400] "GET /view/item/012505467904 HTTP/1.1" 404 32969 "-" "Mozilla/5.0 AppleWebKit/537.36 (KHTML, like Gecko; compatible; ClaudeBot/1.0; +claudebot@anthropic.com)"
216.73.216.125 - - [02/May/2026:00:19:04 -0400] "GET /view/item/012512908460 HTTP/1.1" 404 33020 "-" "Mozilla/5.0 AppleWebKit/537.36 (KHTML, like Gecko; compatible; ClaudeBot/1.0; +claudebot@anthropic.com)"
216.73.216.125 - - [02/May/2026:00:19:07 -0400] "GET /view/item/014195628804 HTTP/1.1" 404 33067 "-" "Mozilla/5.0 AppleWebKit/537.36 (KHTML, like Gecko; compatible; ClaudeBot/1.0; +claudebot@anthropic.com)"
216.73.216.125 - - [02/May/2026:00:19:21 -0400] "GET /view/item/012006579313 HTTP/1.1" 404 33068 "-" "Mozilla/5.0 AppleWebKit/537.36 (KHTML, like Gecko; compatible; ClaudeBot/1.0; +claudebot@anthropic.com)"
216.73.216.125 - - [02/May/2026:00:19:34 -0400] "GET /view/item/01972182607 HTTP/1.1" 404 33059 "-" "Mozilla/5.0 AppleWebKit/537.36 (KHTML, like Gecko; compatible; ClaudeBot/1.0; +claudebot@anthropic.com)"
216.73.216.125 - - [02/May/2026:00:19:40 -0400] "GET /robots.txt HTTP/1.1" 200 81 "-" "Mozilla/5.0 AppleWebKit/537.36 (KHTML, like Gecko; compatible; ClaudeBot/1.0; +claudebot@anthropic.com)"
162.0.232.104 - - [02/May/2026:00:19:51 -0400] "POST /wp-cron.php?doing_wp_cron=1777695591.8635330200195312500000 HTTP/1.1" 200 0 "-" "WordPress/6.9.4; https://techfabasia.com"
216.73.216.125 - - [02/May/2026:00:19:48 -0400] "GET /view/item/01681332501 HTTP/1.1" 404 33051 "-" "Mozilla/5.0 AppleWebKit/537.36 (KHTML, like Gecko; compatible; ClaudeBot/1.0; +claudebot@anthropic.com)"
216.73.216.125 - - [02/May/2026:00:20:02 -0400] "GET /view/item/011373067201 HTTP/1.1" 200 0 "-" "Mozilla/5.0 AppleWebKit/537.36 (KHTML, like Gecko; compatible; ClaudeBot/1.0; +claudebot@anthropic.com)"
216.73.216.125 - - [02/May/2026:00:20:05 -0400] "GET /view/item/01352016783 HTTP/1.1" 200 0 "-" "Mozilla/5.0 AppleWebKit/537.36 (KHTML, like Gecko; compatible; ClaudeBot/1.0; +claudebot@anthropic.com)"
216.73.216.125 - - [02/May/2026:00:20:19 -0400] "GET /view/item/011018396205 HTTP/1.1" 404 33062 "-" "Mozilla/5.0 AppleWebKit/537.36 (KHTML, like Gecko; compatible; ClaudeBot/1.0; +claudebot@anthropic.com)"
216.73.216.125 - - [02/May/2026:00:20:33 -0400] "GET /view/item/013445935449 HTTP/1.1" 404 32991 "-" "Mozilla/5.0 AppleWebKit/537.36 (KHTML, like Gecko; compatible; ClaudeBot/1.0; +claudebot@anthropic.com)"
216.73.216.125 - - [02/May/2026:00:20:36 -0400] "GET /view/item/013597056763 HTTP/1.1" 404 33024 "-" "Mozilla/5.0 AppleWebKit/537.36 (KHTML, like Gecko; compatible; ClaudeBot/1.0; +claudebot@anthropic.com)"
162.0.232.104 - - [02/May/2026:00:20:54 -0400] "POST /wp-cron.php?doing_wp_cron=1777695654.2405369281768798828125 HTTP/1.1" 200 0 "-" "WordPress/6.9.4; https://techfabasia.com"
216.73.216.125 - - [02/May/2026:00:20:50 -0400] "GET /view/item/01604297629 HTTP/1.1" 404 32968 "-" "Mozilla/5.0 AppleWebKit/537.36 (KHTML, like Gecko; compatible; ClaudeBot/1.0; +claudebot@anthropic.com)"
216.73.216.125 - - [02/May/2026:00:21:06 -0400] "GET /view/item/0175130270 HTTP/1.1" 404 33053 "-" "Mozilla/5.0 AppleWebKit/537.36 (KHTML, like Gecko; compatible; ClaudeBot/1.0; +claudebot@anthropic.com)"
216.73.216.125 - - [02/May/2026:00:21:22 -0400] "GET /view/item/01304157358 HTTP/1.1" 404 33020 "-" "Mozilla/5.0 AppleWebKit/537.36 (KHTML, like Gecko; compatible; ClaudeBot/1.0; +claudebot@anthropic.com)"
66.249.74.97 - - [02/May/2026:00:21:38 -0400] "GET /view/item/01379683703 HTTP/1.1" 200 29095 "-" "Mozilla/5.0 (Linux; Android 6.0.1; Nexus 5X Build/MMB29P) AppleWebKit/537.36 (KHTML, like Gecko) Chrome/147.0.7727.137 Mobile Safari/537.36 (compatible; GoogleOther)"
216.73.216.125 - - [02/May/2026:00:21:35 -0400] "GET /view/item/014198464348 HTTP/1.1" 404 32992 "-" "Mozilla/5.0 AppleWebKit/537.36 (KHTML, like Gecko; compatible; ClaudeBot/1.0; +claudebot@anthropic.com)"
162.0.232.104 - - [02/May/2026:00:21:54 -0400] "POST /wp-cron.php?doing_wp_cron=1777695714.2090899944305419921875 HTTP/1.1" 200 0 "-" "WordPress/6.9.4; https://techfabasia.com"
216.73.216.125 - - [02/May/2026:00:21:50 -0400] "GET /view/item/01360490019 HTTP/1.1" 404 32995 "-" "Mozilla/5.0 AppleWebKit/537.36 (KHTML, like Gecko; compatible; ClaudeBot/1.0; +claudebot@anthropic.com)"
216.73.216.125 - - [02/May/2026:00:22:03 -0400] "GET /view/item/01407463069 HTTP/1.1" 404 33062 "-" "Mozilla/5.0 AppleWebKit/537.36 (KHTML, like Gecko; compatible; ClaudeBot/1.0; +claudebot@anthropic.com)"
216.73.216.125 - - [02/May/2026:00:22:06 -0400] "GET /view/item/0198329156 HTTP/1.1" 404 33009 "-" "Mozilla/5.0 AppleWebKit/537.36 (KHTML, like Gecko; compatible; ClaudeBot/1.0; +claudebot@anthropic.com)"
216.73.216.125 - - [02/May/2026:00:22:20 -0400] "GET /view/item/01799818182 HTTP/1.1" 404 33057 "-" "Mozilla/5.0 AppleWebKit/537.36 (KHTML, like Gecko; compatible; ClaudeBot/1.0; +claudebot@anthropic.com)"
216.73.216.125 - - [02/May/2026:00:22:34 -0400] "GET /view/item/01461939153 HTTP/1.1" 404 33006 "-" "Mozilla/5.0 AppleWebKit/537.36 (KHTML, like Gecko; compatible; ClaudeBot/1.0; +claudebot@anthropic.com)"
216.73.216.125 - - [02/May/2026:00:22:46 -0400] "GET /view/item/01347727422 HTTP/1.1" 200 184 "-" "Mozilla/5.0 AppleWebKit/537.36 (KHTML, like Gecko; compatible; ClaudeBot/1.0; +claudebot@anthropic.com)"
216.73.216.125 - - [02/May/2026:00:23:00 -0400] "GET /view/item/01829904194 HTTP/1.1" 200 0 "-" "Mozilla/5.0 AppleWebKit/537.36 (KHTML, like Gecko; compatible; ClaudeBot/1.0; +claudebot@anthropic.com)"
216.73.216.125 - - [02/May/2026:00:23:05 -0400] "GET /view/item/01554476725 HTTP/1.1" 200 0 "-" "Mozilla/5.0 AppleWebKit/537.36 (KHTML, like Gecko; compatible; ClaudeBot/1.0; +claudebot@anthropic.com)"
162.0.232.104 - - [02/May/2026:00:23:24 -0400] "POST /wp-cron.php?doing_wp_cron=1777695804.2404410839080810546875 HTTP/1.1" 200 0 "-" "WordPress/6.9.4; https://techfabasia.com"
216.73.216.125 - - [02/May/2026:00:23:19 -0400] "GET /view/item/013708997545 HTTP/1.1" 200 0 "-" "Mozilla/5.0 AppleWebKit/537.36 (KHTML, like Gecko; compatible; ClaudeBot/1.0; +claudebot@anthropic.com)"
216.73.216.125 - - [02/May/2026:00:23:29 -0400] "GET /view/item/01778637389 HTTP/1.1" 200 0 "-" "Mozilla/5.0 AppleWebKit/537.36 (KHTML, like Gecko; compatible; ClaudeBot/1.0; +claudebot@anthropic.com)"
216.73.216.125 - - [02/May/2026:00:23:43 -0400] "GET /view/item/014253789534 HTTP/1.1" 404 32959 "-" "Mozilla/5.0 AppleWebKit/537.36 (KHTML, like Gecko; compatible; ClaudeBot/1.0; +claudebot@anthropic.com)"
216.73.216.125 - - [02/May/2026:00:23:55 -0400] "GET /view/item/011746474658 HTTP/1.1" 404 33055 "-" "Mozilla/5.0 AppleWebKit/537.36 (KHTML, like Gecko; compatible; ClaudeBot/1.0; +claudebot@anthropic.com)"
216.73.216.125 - - [02/May/2026:00:24:08 -0400] "GET /view/item/013972031472 HTTP/1.1" 404 32991 "-" "Mozilla/5.0 AppleWebKit/537.36 (KHTML, like Gecko; compatible; ClaudeBot/1.0; +claudebot@anthropic.com)"
216.73.216.125 - - [02/May/2026:00:24:19 -0400] "GET /view/item/013671631577 HTTP/1.1" 404 32959 "-" "Mozilla/5.0 AppleWebKit/537.36 (KHTML, like Gecko; compatible; ClaudeBot/1.0; +claudebot@anthropic.com)"
162.0.232.104 - - [02/May/2026:00:24:38 -0400] "POST /wp-cron.php?doing_wp_cron=1777695878.1499319076538085937500 HTTP/1.1" 200 0 "-" "WordPress/6.9.4; https://techfabasia.com"
216.73.216.125 - - [02/May/2026:00:24:34 -0400] "GET /view/item/011448596355 HTTP/1.1" 404 33002 "-" "Mozilla/5.0 AppleWebKit/537.36 (KHTML, like Gecko; compatible; ClaudeBot/1.0; +claudebot@anthropic.com)"
162.0.232.104 - - [02/May/2026:00:24:52 -0400] "POST /wp-cron.php?doing_wp_cron=1777695891.9973549842834472656250 HTTP/1.1" 200 0 "-" "WordPress/6.9.4; https://techfabasia.com"
216.73.216.125 - - [02/May/2026:00:24:47 -0400] "GET /view/item/011154070819 HTTP/1.1" 404 33002 "-" "Mozilla/5.0 AppleWebKit/537.36 (KHTML, like Gecko; compatible; ClaudeBot/1.0; +claudebot@anthropic.com)"
216.73.216.125 - - [02/May/2026:00:25:04 -0400] "GET /view/item/012467052982 HTTP/1.1" 404 32960 "-" "Mozilla/5.0 AppleWebKit/537.36 (KHTML, like Gecko; compatible; ClaudeBot/1.0; +claudebot@anthropic.com)"
66.249.74.96 - - [02/May/2026:00:25:14 -0400] "GET /view/item/011043427058 HTTP/1.1" 200 30902 "-" "Mozilla/5.0 (Linux; Android 6.0.1; Nexus 5X Build/MMB29P) AppleWebKit/537.36 (KHTML, like Gecko) Chrome/147.0.7727.137 Mobile Safari/537.36 (compatible; GoogleOther)"
216.73.216.125 - - [02/May/2026:00:25:16 -0400] "GET /view/item/01107049019 HTTP/1.1" 200 0 "-" "Mozilla/5.0 AppleWebKit/537.36 (KHTML, like Gecko; compatible; ClaudeBot/1.0; +claudebot@anthropic.com)"
216.73.216.125 - - [02/May/2026:00:25:22 -0400] "GET /view/item/013533097580 HTTP/1.1" 200 0 "-" "Mozilla/5.0 AppleWebKit/537.36 (KHTML, like Gecko; compatible; ClaudeBot/1.0; +claudebot@anthropic.com)"
216.73.216.125 - - [02/May/2026:00:25:34 -0400] "GET /view/item/0120261891 HTTP/1.1" 404 33015 "-" "Mozilla/5.0 AppleWebKit/537.36 (KHTML, like Gecko; compatible; ClaudeBot/1.0; +claudebot@anthropic.com)"
216.73.216.125 - - [02/May/2026:00:25:48 -0400] "GET /view/item/01895064021 HTTP/1.1" 200 0 "-" "Mozilla/5.0 AppleWebKit/537.36 (KHTML, like Gecko; compatible; ClaudeBot/1.0; +claudebot@anthropic.com)"
162.0.232.104 - - [02/May/2026:00:25:59 -0400] "POST /wp-cron.php?doing_wp_cron=1777695959.0390799045562744140625 HTTP/1.1" 200 0 "-" "WordPress/6.9.4; https://techfabasia.com"
216.73.216.125 - - [02/May/2026:00:25:52 -0400] "GET /view/item/012882291563 HTTP/1.1" 200 0 "-" "Mozilla/5.0 AppleWebKit/537.36 (KHTML, like Gecko; compatible; ClaudeBot/1.0; +claudebot@anthropic.com)"
216.73.216.125 - - [02/May/2026:00:26:07 -0400] "GET /view/item/011370360648 HTTP/1.1" 200 184 "-" "Mozilla/5.0 AppleWebKit/537.36 (KHTML, like Gecko; compatible; ClaudeBot/1.0; +claudebot@anthropic.com)"
216.73.216.125 - - [02/May/2026:00:26:16 -0400] "GET /view/item/011052208264 HTTP/1.1" 404 33000 "-" "Mozilla/5.0 AppleWebKit/537.36 (KHTML, like Gecko; compatible; ClaudeBot/1.0; +claudebot@anthropic.com)"
216.73.216.125 - - [02/May/2026:00:26:34 -0400] "GET /view/item/012380046767 HTTP/1.1" 404 32962 "-" "Mozilla/5.0 AppleWebKit/537.36 (KHTML, like Gecko; compatible; ClaudeBot/1.0; +claudebot@anthropic.com)"
216.73.216.125 - - [02/May/2026:00:26:47 -0400] "GET /view/item/012332918561 HTTP/1.1" 200 0 "-" "Mozilla/5.0 AppleWebKit/537.36 (KHTML, like Gecko; compatible; ClaudeBot/1.0; +claudebot@anthropic.com)"
216.73.216.125 - - [02/May/2026:00:26:49 -0400] "GET /view/item/012852116207 HTTP/1.1" 200 0 "-" "Mozilla/5.0 AppleWebKit/537.36 (KHTML, like Gecko; compatible; ClaudeBot/1.0; +claudebot@anthropic.com)"
66.249.74.110 - - [02/May/2026:00:26:58 -0400] "GET /?category/list/index.html?spe_id=mm_ctglist HTTP/1.1" 200 30065 "-" "Mozilla/5.0 (Linux; Android 6.0.1; Nexus 5X Build/MMB29P) AppleWebKit/537.36 (KHTML, like Gecko) Chrome/147.0.7727.137 Mobile Safari/537.36 (compatible; Googlebot/2.1; +http://www.google.com/bot.html)"
162.0.232.104 - - [02/May/2026:00:27:02 -0400] "POST /wp-cron.php?doing_wp_cron=1777696022.7449529170989990234375 HTTP/1.1" 200 0 "-" "WordPress/6.9.4; https://techfabasia.com"
216.73.216.125 - - [02/May/2026:00:27:01 -0400] "GET /view/item/01808161382 HTTP/1.1" 200 0 "-" "Mozilla/5.0 AppleWebKit/537.36 (KHTML, like Gecko; compatible; ClaudeBot/1.0; +claudebot@anthropic.com)"
162.0.232.104 - - [02/May/2026:00:27:14 -0400] "POST /wp-cron.php?doing_wp_cron=1777696034.0634570121765136718750 HTTP/1.1" 200 0 "-" "WordPress/6.9.4; https://techfabasia.com"
216.73.216.125 - - [02/May/2026:00:27:15 -0400] "GET /view/item/012919980651 HTTP/1.1" 200 0 "-" "Mozilla/5.0 AppleWebKit/537.36 (KHTML, like Gecko; compatible; ClaudeBot/1.0; +claudebot@anthropic.com)"
216.73.216.125 - - [02/May/2026:00:27:21 -0400] "GET /view/item/011898466161 HTTP/1.1" 404 32961 "-" "Mozilla/5.0 AppleWebKit/537.36 (KHTML, like Gecko; compatible; ClaudeBot/1.0; +claudebot@anthropic.com)"
216.73.216.125 - - [02/May/2026:00:27:38 -0400] "GET /view/item/011731970079 HTTP/1.1" 200 0 "-" "Mozilla/5.0 AppleWebKit/537.36 (KHTML, like Gecko; compatible; ClaudeBot/1.0; +claudebot@anthropic.com)"
216.73.216.125 - - [02/May/2026:00:27:55 -0400] "GET /view/item/01786423041 HTTP/1.1" 404 33050 "-" "Mozilla/5.0 AppleWebKit/537.36 (KHTML, like Gecko; compatible; ClaudeBot/1.0; +claudebot@anthropic.com)"
216.73.216.125 - - [02/May/2026:00:28:09 -0400] "GET /view/item/012952034065 HTTP/1.1" 200 0 "-" "Mozilla/5.0 AppleWebKit/537.36 (KHTML, like Gecko; compatible; ClaudeBot/1.0; +claudebot@anthropic.com)"
162.0.232.104 - - [02/May/2026:00:28:20 -0400] "POST /wp-cron.php?doing_wp_cron=1777696100.9366090297698974609375 HTTP/1.1" 200 0 "-" "WordPress/6.9.4; https://techfabasia.com"
216.73.216.125 - - [02/May/2026:00:28:25 -0400] "GET /view/item/013763230880 HTTP/1.1" 404 33018 "-" "Mozilla/5.0 AppleWebKit/537.36 (KHTML, like Gecko; compatible; ClaudeBot/1.0; +claudebot@anthropic.com)"
216.73.216.125 - - [02/May/2026:00:28:39 -0400] "GET /view/item/01212398816 HTTP/1.1" 404 33041 "-" "Mozilla/5.0 AppleWebKit/537.36 (KHTML, like Gecko; compatible; ClaudeBot/1.0; +claudebot@anthropic.com)"
66.249.74.110 - - [02/May/2026:00:28:48 -0400] "GET /view/item/011220356400 HTTP/1.1" 200 29189 "-" "Mozilla/5.0 (Linux; Android 6.0.1; Nexus 5X Build/MMB29P) AppleWebKit/537.36 (KHTML, like Gecko) Chrome/147.0.7727.137 Mobile Safari/537.36 (compatible; GoogleOther)"
162.0.232.104 - - [02/May/2026:00:28:58 -0400] "POST /wp-cron.php?doing_wp_cron=1777696138.8302230834960937500000 HTTP/1.1" 200 0 "-" "WordPress/6.9.4; https://techfabasia.com"
216.73.216.125 - - [02/May/2026:00:28:50 -0400] "GET /view/item/011933915779 HTTP/1.1" 404 32956 "-" "Mozilla/5.0 AppleWebKit/537.36 (KHTML, like Gecko; compatible; ClaudeBot/1.0; +claudebot@anthropic.com)"
216.73.216.125 - - [02/May/2026:00:29:04 -0400] "GET /view/item/01108622440 HTTP/1.1" 404 33057 "-" "Mozilla/5.0 AppleWebKit/537.36 (KHTML, like Gecko; compatible; ClaudeBot/1.0; +claudebot@anthropic.com)"
52.167.144.219 - - [02/May/2026:00:29:19 -0400] "GET /?action=yith-woocompare-add-product&id=5875 HTTP/1.1" 200 30154 "-" "Mozilla/5.0 AppleWebKit/537.36 (KHTML, like Gecko; compatible; bingbot/2.0; +http://www.bing.com/bingbot.htm) Chrome/116.0.1938.76 Safari/537.36"
216.73.216.125 - - [02/May/2026:00:29:21 -0400] "GET /view/item/012709877131 HTTP/1.1" 200 0 "-" "Mozilla/5.0 AppleWebKit/537.36 (KHTML, like Gecko; compatible; ClaudeBot/1.0; +claudebot@anthropic.com)"
216.73.216.125 - - [02/May/2026:00:29:23 -0400] "GET /view/item/012005711028 HTTP/1.1" 200 0 "-" "Mozilla/5.0 AppleWebKit/537.36 (KHTML, like Gecko; compatible; ClaudeBot/1.0; +claudebot@anthropic.com)"
216.73.216.125 - - [02/May/2026:00:29:35 -0400] "GET /view/item/013446709761 HTTP/1.1" 404 33054 "-" "Mozilla/5.0 AppleWebKit/537.36 (KHTML, like Gecko; compatible; ClaudeBot/1.0; +claudebot@anthropic.com)"
216.73.216.125 - - [02/May/2026:00:30:01 -0400] "GET /view/item/0141045254 HTTP/1.1" 200 0 "-" "Mozilla/5.0 AppleWebKit/537.36 (KHTML, like Gecko; compatible; ClaudeBot/1.0; +claudebot@anthropic.com)"
162.0.232.104 - - [02/May/2026:00:30:14 -0400] "POST /wp-cron.php?doing_wp_cron=1777696214.3526520729064941406250 HTTP/1.1" 200 0 "-" "WordPress/6.9.4; https://techfabasia.com"
216.73.216.125 - - [02/May/2026:00:30:11 -0400] "GET /view/item/0151028824 HTTP/1.1" 200 0 "-" "Mozilla/5.0 AppleWebKit/537.36 (KHTML, like Gecko; compatible; ClaudeBot/1.0; +claudebot@anthropic.com)"
216.73.216.125 - - [02/May/2026:00:30:21 -0400] "GET /view/item/01768628978 HTTP/1.1" 200 0 "-" "Mozilla/5.0 AppleWebKit/537.36 (KHTML, like Gecko; compatible; ClaudeBot/1.0; +claudebot@anthropic.com)"
216.73.216.125 - - [02/May/2026:00:30:47 -0400] "GET /view/item/011875840323 HTTP/1.1" 200 0 "-" "Mozilla/5.0 AppleWebKit/537.36 (KHTML, like Gecko; compatible; ClaudeBot/1.0; +claudebot@anthropic.com)"
216.73.216.125 - - [02/May/2026:00:30:55 -0400] "GET /view/item/0133288509 HTTP/1.1" 200 0 "-" "Mozilla/5.0 AppleWebKit/537.36 (KHTML, like Gecko; compatible; ClaudeBot/1.0; +claudebot@anthropic.com)"
162.0.232.104 - - [02/May/2026:00:31:00 -0400] "POST /wp-cron.php?doing_wp_cron=1777696260.7844550609588623046875 HTTP/1.1" 200 0 "-" "WordPress/6.9.4; https://techfabasia.com"
216.73.216.125 - - [02/May/2026:00:31:02 -0400] "GET /view/item/01938353055 HTTP/1.1" 404 32968 "-" "Mozilla/5.0 AppleWebKit/537.36 (KHTML, like Gecko; compatible; ClaudeBot/1.0; +claudebot@anthropic.com)"
66.249.74.110 - - [02/May/2026:00:30:50 -0400] "GET /view/item/051401455969 HTTP/1.1" 404 33063 "-" "Mozilla/5.0 (Linux; Android 6.0.1; Nexus 5X Build/MMB29P) AppleWebKit/537.36 (KHTML, like Gecko) Chrome/147.0.7727.137 Mobile Safari/537.36 (compatible; Googlebot/2.1; +http://www.google.com/bot.html)"
