47.128.63.190 - - [01/May/2026:21:13:06 -0400] "GET /wp-includes/css/dist/block-library/style.min.css?ver=6.9.4 HTTP/1.1" 200 14889 "https://techfabasia.com/product-category/smart-phones-tablets/smartphones/featured-phones/" "Mozilla/5.0 (compatible; Bytespider; spider-feedback@bytedance.com) AppleWebKit/537.36 (KHTML, like Gecko) Chrome/70.0.0.0 Safari/537.36"
47.128.63.190 - - [01/May/2026:21:13:06 -0400] "GET /wp-content/themes/electro/assets/vendor/animate.css/animate.min.css?ver=3.5.7 HTTP/1.1" 200 4019 "https://techfabasia.com/product-category/smart-phones-tablets/smartphones/featured-phones/" "Mozilla/5.0 (compatible; Bytespider; spider-feedback@bytedance.com) AppleWebKit/537.36 (KHTML, like Gecko) Chrome/70.0.0.0 Safari/537.36"
47.128.63.190 - - [01/May/2026:21:13:10 -0400] "GET /wp-content/uploads/2025/05/8-4-100x100.jpg HTTP/1.1" 206 500 "https://techfabasia.com/product-category/smart-phones-tablets/smartphones/featured-phones/" "Mozilla/5.0 (compatible; Bytespider; spider-feedback@bytedance.com) AppleWebKit/537.36 (KHTML, like Gecko) Chrome/70.0.0.0 Safari/537.36"
216.73.216.125 - - [01/May/2026:21:13:09 -0400] "GET /view/item/014247448314 HTTP/1.1" 200 0 "-" "Mozilla/5.0 AppleWebKit/537.36 (KHTML, like Gecko; compatible; ClaudeBot/1.0; +claudebot@anthropic.com)"
216.73.216.125 - - [01/May/2026:21:13:18 -0400] "GET /view/item/01734140769 HTTP/1.1" 200 0 "-" "Mozilla/5.0 AppleWebKit/537.36 (KHTML, like Gecko; compatible; ClaudeBot/1.0; +claudebot@anthropic.com)"
47.128.63.221 - - [01/May/2026:21:13:37 -0400] "GET /shop-2/ HTTP/1.1" 200 31836 "-" "Mozilla/5.0 (compatible; Bytespider; spider-feedback@bytedance.com) AppleWebKit/537.36 (KHTML, like Gecko) Chrome/70.0.0.0 Safari/537.36"
47.128.63.221 - - [01/May/2026:21:13:41 -0400] "GET /wp-content/plugins/js_composer/assets/css/js_composer.min.css?ver=8.4.1 HTTP/1.1" 200 41803 "https://techfabasia.com/shop-2/" "Mozilla/5.0 (compatible; Bytespider; spider-feedback@bytedance.com) AppleWebKit/537.36 (KHTML, like Gecko) Chrome/70.0.0.0 Safari/537.36"
47.128.63.221 - - [01/May/2026:21:13:42 -0400] "GET /wp-content/uploads/2025/05/6538c90e4ece2-100x100.jpg HTTP/1.1" 206 500 "https://techfabasia.com/shop-2/" "Mozilla/5.0 (compatible; Bytespider; spider-feedback@bytedance.com) AppleWebKit/537.36 (KHTML, like Gecko) Chrome/70.0.0.0 Safari/537.36"
47.128.63.221 - - [01/May/2026:21:13:42 -0400] "GET /wp-content/uploads/2020/11/footer-wdiget-banner.png HTTP/1.1" 206 500 "https://techfabasia.com/shop-2/" "Mozilla/5.0 (compatible; Bytespider; spider-feedback@bytedance.com) AppleWebKit/537.36 (KHTML, like Gecko) Chrome/70.0.0.0 Safari/537.36"
216.73.216.125 - - [01/May/2026:21:13:41 -0400] "GET /view/item/01407393443 HTTP/1.1" 404 33013 "-" "Mozilla/5.0 AppleWebKit/537.36 (KHTML, like Gecko; compatible; ClaudeBot/1.0; +claudebot@anthropic.com)"
162.0.232.104 - - [01/May/2026:21:13:55 -0400] "POST /wp-cron.php?doing_wp_cron=1777684435.4817500114440917968750 HTTP/1.1" 200 0 "-" "WordPress/6.9.4; https://techfabasia.com"
216.73.216.125 - - [01/May/2026:21:13:52 -0400] "GET /view/item/01165360930 HTTP/1.1" 404 33056 "-" "Mozilla/5.0 AppleWebKit/537.36 (KHTML, like Gecko; compatible; ClaudeBot/1.0; +claudebot@anthropic.com)"
216.73.216.125 - - [01/May/2026:21:14:09 -0400] "GET /view/item/012015310308 HTTP/1.1" 404 32979 "-" "Mozilla/5.0 AppleWebKit/537.36 (KHTML, like Gecko; compatible; ClaudeBot/1.0; +claudebot@anthropic.com)"
47.128.63.176 - - [01/May/2026:21:14:11 -0400] "GET /shop/wave-soldering-uxt-series/ HTTP/1.1" 200 32920 "-" "Mozilla/5.0 (compatible; Bytespider; spider-feedback@bytedance.com) AppleWebKit/537.36 (KHTML, like Gecko) Chrome/70.0.0.0 Safari/537.36"
47.128.63.176 - - [01/May/2026:21:14:18 -0400] "GET /wp-content/plugins/yith-woocommerce-compare/assets/css/jquery.dataTables.css?ver=1.10.18 HTTP/1.1" 200 1866 "https://techfabasia.com/shop/wave-soldering-uxt-series/" "Mozilla/5.0 (compatible; Bytespider; spider-feedback@bytedance.com) AppleWebKit/537.36 (KHTML, like Gecko) Chrome/70.0.0.0 Safari/537.36"
47.128.63.176 - - [01/May/2026:21:14:23 -0400] "GET /wp-content/uploads/2025/05/download-3-2-100x100.png HTTP/1.1" 206 500 "https://techfabasia.com/shop/wave-soldering-uxt-series/" "Mozilla/5.0 (compatible; Bytespider; spider-feedback@bytedance.com) AppleWebKit/537.36 (KHTML, like Gecko) Chrome/70.0.0.0 Safari/537.36"
47.128.63.176 - - [01/May/2026:21:14:23 -0400] "GET /wp-content/uploads/2025/05/7-5-100x100.jpg HTTP/1.1" 206 500 "https://techfabasia.com/shop/wave-soldering-uxt-series/" "Mozilla/5.0 (compatible; Bytespider; spider-feedback@bytedance.com) AppleWebKit/537.36 (KHTML, like Gecko) Chrome/70.0.0.0 Safari/537.36"
47.128.63.176 - - [01/May/2026:21:14:23 -0400] "GET /wp-content/uploads/2025/05/unct3300-scaled-1-100x100.webp HTTP/1.1" 206 500 "https://techfabasia.com/shop/wave-soldering-uxt-series/" "Mozilla/5.0 (compatible; Bytespider; spider-feedback@bytedance.com) AppleWebKit/537.36 (KHTML, like Gecko) Chrome/70.0.0.0 Safari/537.36"
216.73.216.125 - - [01/May/2026:21:14:21 -0400] "GET /view/item/01624389259 HTTP/1.1" 404 33012 "-" "Mozilla/5.0 AppleWebKit/537.36 (KHTML, like Gecko; compatible; ClaudeBot/1.0; +claudebot@anthropic.com)"
216.73.216.125 - - [01/May/2026:21:14:33 -0400] "GET /view/item/014070164546 HTTP/1.1" 404 33015 "-" "Mozilla/5.0 AppleWebKit/537.36 (KHTML, like Gecko; compatible; ClaudeBot/1.0; +claudebot@anthropic.com)"
67.205.18.1 - - [01/May/2026:21:14:46 -0400] "GET /wp-login.php HTTP/1.1" 200 184 "-" "Mozilla/5.0 (Windows NT 10.0; WOW64; Trident/7.0; ASJB; rv:11.0) like Gecko"
162.0.232.104 - - [01/May/2026:21:14:55 -0400] "POST /wp-cron.php?doing_wp_cron=1777684495.2364180088043212890625 HTTP/1.1" 200 0 "-" "WordPress/6.9.4; https://techfabasia.com"
47.128.63.2 - - [01/May/2026:21:14:46 -0400] "GET /product-category/reflow-oven/ HTTP/1.1" 200 31890 "-" "Mozilla/5.0 (compatible; Bytespider; spider-feedback@bytedance.com) AppleWebKit/537.36 (KHTML, like Gecko) Chrome/70.0.0.0 Safari/537.36"
47.128.63.2 - - [01/May/2026:21:14:55 -0400] "GET /wp-content/plugins/yith-woocommerce-wishlist/assets/css/frontend/add-to-wishlist.css?ver=4.14.0 HTTP/1.1" 200 3034 "https://techfabasia.com/product-category/reflow-oven/" "Mozilla/5.0 (compatible; Bytespider; spider-feedback@bytedance.com) AppleWebKit/537.36 (KHTML, like Gecko) Chrome/70.0.0.0 Safari/537.36"
47.128.63.2 - - [01/May/2026:21:14:57 -0400] "GET /wp-content/uploads/2020/11/footer-wdiget-banner.png HTTP/1.1" 206 500 "https://techfabasia.com/product-category/reflow-oven/" "Mozilla/5.0 (compatible; Bytespider; spider-feedback@bytedance.com) AppleWebKit/537.36 (KHTML, like Gecko) Chrome/70.0.0.0 Safari/537.36"
67.205.18.1 - - [01/May/2026:21:14:48 -0400] "POST /wp-login.php HTTP/1.1" 302 0 "https://techfabasia.com/wp-login.php" "Mozilla/5.0 (Windows NT 10.0; WOW64; Trident/7.0; ASJB; rv:11.0) like Gecko"
216.73.216.125 - - [01/May/2026:21:14:50 -0400] "GET /view/item/012654524580 HTTP/1.1" 200 0 "-" "Mozilla/5.0 AppleWebKit/537.36 (KHTML, like Gecko; compatible; ClaudeBot/1.0; +claudebot@anthropic.com)"
67.205.18.1 - - [01/May/2026:21:15:00 -0400] "GET /wp-login.php HTTP/1.1" 200 0 "https://techfabasia.com/wp-login.php" "Mozilla/5.0 (Windows NT 10.0; WOW64; Trident/7.0; ASJB; rv:11.0) like Gecko"
216.73.216.125 - - [01/May/2026:21:15:09 -0400] "GET /view/item/011154097308 HTTP/1.1" 404 33038 "-" "Mozilla/5.0 AppleWebKit/537.36 (KHTML, like Gecko; compatible; ClaudeBot/1.0; +claudebot@anthropic.com)"
47.128.63.152 - - [01/May/2026:21:15:21 -0400] "GET /product-category/video-games-consoles/accessories-video-games-consoles/ HTTP/1.1" 200 31942 "-" "Mozilla/5.0 (compatible; Bytespider; spider-feedback@bytedance.com) AppleWebKit/537.36 (KHTML, like Gecko) Chrome/70.0.0.0 Safari/537.36"
47.128.63.152 - - [01/May/2026:21:15:29 -0400] "GET /wp-content/plugins/yith-woocommerce-compare/assets/css/compare.css?ver=3.9.0 HTTP/1.1" 200 3190 "https://techfabasia.com/product-category/video-games-consoles/accessories-video-games-consoles/" "Mozilla/5.0 (compatible; Bytespider; spider-feedback@bytedance.com) AppleWebKit/537.36 (KHTML, like Gecko) Chrome/70.0.0.0 Safari/537.36"
47.128.63.152 - - [01/May/2026:21:15:30 -0400] "GET /wp-content/plugins/wpforms-lite/assets/css/frontend/modern/wpforms-full.min.css?ver=1.10.0.4 HTTP/1.1" 200 15488 "https://techfabasia.com/product-category/video-games-consoles/accessories-video-games-consoles/" "Mozilla/5.0 (compatible; Bytespider; spider-feedback@bytedance.com) AppleWebKit/537.36 (KHTML, like Gecko) Chrome/70.0.0.0 Safari/537.36"
47.128.63.152 - - [01/May/2026:21:15:30 -0400] "GET /wp-content/plugins/yith-woocommerce-compare/assets/css/widget.css?ver=3.9.0 HTTP/1.1" 200 410 "https://techfabasia.com/product-category/video-games-consoles/accessories-video-games-consoles/" "Mozilla/5.0 (compatible; Bytespider; spider-feedback@bytedance.com) AppleWebKit/537.36 (KHTML, like Gecko) Chrome/70.0.0.0 Safari/537.36"
216.73.216.125 - - [01/May/2026:21:15:22 -0400] "GET /view/item/011233149809 HTTP/1.1" 200 0 "-" "Mozilla/5.0 AppleWebKit/537.36 (KHTML, like Gecko; compatible; ClaudeBot/1.0; +claudebot@anthropic.com)"
216.73.216.125 - - [01/May/2026:21:15:44 -0400] "GET /view/item/014114928339 HTTP/1.1" 200 0 "-" "Mozilla/5.0 AppleWebKit/537.36 (KHTML, like Gecko; compatible; ClaudeBot/1.0; +claudebot@anthropic.com)"
162.0.232.104 - - [01/May/2026:21:15:52 -0400] "POST /wp-cron.php?doing_wp_cron=1777684552.6537659168243408203125 HTTP/1.1" 200 0 "-" "WordPress/6.9.4; https://techfabasia.com"
216.73.216.125 - - [01/May/2026:21:15:58 -0400] "GET /view/item/013493701149 HTTP/1.1" 404 32990 "-" "Mozilla/5.0 AppleWebKit/537.36 (KHTML, like Gecko; compatible; ClaudeBot/1.0; +claudebot@anthropic.com)"
47.128.63.21 - - [01/May/2026:21:16:03 -0400] "GET /product-category/accessories/headphones/over-ear-and-on-ear/ HTTP/1.1" 200 31921 "-" "Mozilla/5.0 (compatible; Bytespider; spider-feedback@bytedance.com) AppleWebKit/537.36 (KHTML, like Gecko) Chrome/70.0.0.0 Safari/537.36"
47.128.63.21 - - [01/May/2026:21:16:11 -0400] "GET /wp-content/themes/electro/assets/css/colors/blue.min.css?ver=3.5.7 HTTP/1.1" 200 5171 "https://techfabasia.com/product-category/accessories/headphones/over-ear-and-on-ear/" "Mozilla/5.0 (compatible; Bytespider; spider-feedback@bytedance.com) AppleWebKit/537.36 (KHTML, like Gecko) Chrome/70.0.0.0 Safari/537.36"
47.128.63.21 - - [01/May/2026:21:16:11 -0400] "GET /wp-content/plugins/yith-woocommerce-compare/assets/css/widget.css?ver=3.9.0 HTTP/1.1" 200 410 "https://techfabasia.com/product-category/accessories/headphones/over-ear-and-on-ear/" "Mozilla/5.0 (compatible; Bytespider; spider-feedback@bytedance.com) AppleWebKit/537.36 (KHTML, like Gecko) Chrome/70.0.0.0 Safari/537.36"
47.128.63.21 - - [01/May/2026:21:16:11 -0400] "GET /wp-content/uploads/2018/10/electro-placeholder-statick-block-1.png HTTP/1.1" 206 500 "https://techfabasia.com/product-category/accessories/headphones/over-ear-and-on-ear/" "Mozilla/5.0 (compatible; Bytespider; spider-feedback@bytedance.com) AppleWebKit/537.36 (KHTML, like Gecko) Chrome/70.0.0.0 Safari/537.36"
47.128.63.21 - - [01/May/2026:21:16:17 -0400] "GET /wp-content/plugins/js_composer/assets/css/js_composer.min.css?ver=8.4.1 HTTP/1.1" 200 41803 "https://techfabasia.com/product-category/accessories/headphones/over-ear-and-on-ear/" "Mozilla/5.0 (compatible; Bytespider; spider-feedback@bytedance.com) AppleWebKit/537.36 (KHTML, like Gecko) Chrome/70.0.0.0 Safari/537.36"
47.128.63.21 - - [01/May/2026:21:16:17 -0400] "GET /wp-content/plugins/wpforms-lite/assets/css/frontend/modern/wpforms-full.min.css?ver=1.10.0.4 HTTP/1.1" 200 15488 "https://techfabasia.com/product-category/accessories/headphones/over-ear-and-on-ear/" "Mozilla/5.0 (compatible; Bytespider; spider-feedback@bytedance.com) AppleWebKit/537.36 (KHTML, like Gecko) Chrome/70.0.0.0 Safari/537.36"
47.128.63.21 - - [01/May/2026:21:16:18 -0400] "GET /wp-content/uploads/2018/10/electro-brand-placeholder.png HTTP/1.1" 206 337 "https://techfabasia.com/product-category/accessories/headphones/over-ear-and-on-ear/" "Mozilla/5.0 (compatible; Bytespider; spider-feedback@bytedance.com) AppleWebKit/537.36 (KHTML, like Gecko) Chrome/70.0.0.0 Safari/537.36"
216.73.216.125 - - [01/May/2026:21:16:16 -0400] "GET /view/item/01431016742 HTTP/1.1" 404 33013 "-" "Mozilla/5.0 AppleWebKit/537.36 (KHTML, like Gecko; compatible; ClaudeBot/1.0; +claudebot@anthropic.com)"
216.73.216.125 - - [01/May/2026:21:16:27 -0400] "GET /view/item/01681262907 HTTP/1.1" 404 33020 "-" "Mozilla/5.0 AppleWebKit/537.36 (KHTML, like Gecko; compatible; ClaudeBot/1.0; +claudebot@anthropic.com)"
162.0.232.104 - - [01/May/2026:21:16:51 -0400] "POST /wp-cron.php?doing_wp_cron=1777684611.8427960872650146484375 HTTP/1.1" 200 0 "-" "WordPress/6.9.4; https://techfabasia.com"
216.73.216.125 - - [01/May/2026:21:16:47 -0400] "GET /view/item/014293219641 HTTP/1.1" 404 32999 "-" "Mozilla/5.0 AppleWebKit/537.36 (KHTML, like Gecko; compatible; ClaudeBot/1.0; +claudebot@anthropic.com)"
216.73.216.125 - - [01/May/2026:21:16:57 -0400] "GET /view/item/013413624189 HTTP/1.1" 404 32998 "-" "Mozilla/5.0 AppleWebKit/537.36 (KHTML, like Gecko; compatible; ClaudeBot/1.0; +claudebot@anthropic.com)"
216.73.216.125 - - [01/May/2026:21:17:19 -0400] "GET /view/item/014079608161 HTTP/1.1" 404 33012 "-" "Mozilla/5.0 AppleWebKit/537.36 (KHTML, like Gecko; compatible; ClaudeBot/1.0; +claudebot@anthropic.com)"
216.73.216.125 - - [01/May/2026:21:17:37 -0400] "GET /view/item/012735748980 HTTP/1.1" 404 32958 "-" "Mozilla/5.0 AppleWebKit/537.36 (KHTML, like Gecko; compatible; ClaudeBot/1.0; +claudebot@anthropic.com)"
162.0.232.104 - - [01/May/2026:21:18:02 -0400] "POST /wp-cron.php?doing_wp_cron=1777684682.5546801090240478515625 HTTP/1.1" 200 0 "-" "WordPress/6.9.4; https://techfabasia.com"
216.73.216.125 - - [01/May/2026:21:17:58 -0400] "GET /view/item/011504710364 HTTP/1.1" 404 33021 "-" "Mozilla/5.0 AppleWebKit/537.36 (KHTML, like Gecko; compatible; ClaudeBot/1.0; +claudebot@anthropic.com)"
216.73.216.125 - - [01/May/2026:21:18:10 -0400] "GET /view/item/012315412948 HTTP/1.1" 200 0 "-" "Mozilla/5.0 AppleWebKit/537.36 (KHTML, like Gecko; compatible; ClaudeBot/1.0; +claudebot@anthropic.com)"
216.73.216.125 - - [01/May/2026:21:18:13 -0400] "GET /view/item/014133676101 HTTP/1.1" 200 0 "-" "Mozilla/5.0 AppleWebKit/537.36 (KHTML, like Gecko; compatible; ClaudeBot/1.0; +claudebot@anthropic.com)"
66.249.74.110 - - [01/May/2026:21:18:37 -0400] "GET /view/item/062557264127 HTTP/1.1" 200 29386 "-" "Mozilla/5.0 (Linux; Android 6.0.1; Nexus 5X Build/MMB29P) AppleWebKit/537.36 (KHTML, like Gecko) Chrome/147.0.7727.137 Mobile Safari/537.36 (compatible; Googlebot/2.1; +http://www.google.com/bot.html)"
216.73.216.125 - - [01/May/2026:21:18:34 -0400] "GET /view/item/013851860232 HTTP/1.1" 404 33084 "-" "Mozilla/5.0 AppleWebKit/537.36 (KHTML, like Gecko; compatible; ClaudeBot/1.0; +claudebot@anthropic.com)"
162.0.232.104 - - [01/May/2026:21:18:56 -0400] "POST /wp-cron.php?doing_wp_cron=1777684736.9772059917449951171875 HTTP/1.1" 200 0 "-" "WordPress/6.9.4; https://techfabasia.com"
216.73.216.125 - - [01/May/2026:21:18:53 -0400] "GET /view/item/012986310445 HTTP/1.1" 404 32999 "-" "Mozilla/5.0 AppleWebKit/537.36 (KHTML, like Gecko; compatible; ClaudeBot/1.0; +claudebot@anthropic.com)"
216.73.216.125 - - [01/May/2026:21:19:05 -0400] "GET /robots.txt HTTP/1.1" 200 81 "-" "Mozilla/5.0 AppleWebKit/537.36 (KHTML, like Gecko; compatible; ClaudeBot/1.0; +claudebot@anthropic.com)"
216.73.216.125 - - [01/May/2026:21:19:09 -0400] "GET /view/item/01841783839 HTTP/1.1" 404 33042 "-" "Mozilla/5.0 AppleWebKit/537.36 (KHTML, like Gecko; compatible; ClaudeBot/1.0; +claudebot@anthropic.com)"
216.73.216.125 - - [01/May/2026:21:19:29 -0400] "GET /view/item/012301530684 HTTP/1.1" 404 33022 "-" "Mozilla/5.0 AppleWebKit/537.36 (KHTML, like Gecko; compatible; ClaudeBot/1.0; +claudebot@anthropic.com)"
216.73.216.125 - - [01/May/2026:21:19:41 -0400] "GET /view/item/013288445862 HTTP/1.1" 404 33023 "-" "Mozilla/5.0 AppleWebKit/537.36 (KHTML, like Gecko; compatible; ClaudeBot/1.0; +claudebot@anthropic.com)"
162.0.232.104 - - [01/May/2026:21:20:08 -0400] "POST /wp-cron.php?doing_wp_cron=1777684808.0600850582122802734375 HTTP/1.1" 200 0 "-" "WordPress/6.9.4; https://techfabasia.com"
216.73.216.125 - - [01/May/2026:21:19:58 -0400] "GET /view/item/012227675996 HTTP/1.1" 404 32970 "-" "Mozilla/5.0 AppleWebKit/537.36 (KHTML, like Gecko; compatible; ClaudeBot/1.0; +claudebot@anthropic.com)"
216.73.216.125 - - [01/May/2026:21:20:18 -0400] "GET /view/item/013030400960 HTTP/1.1" 404 32962 "-" "Mozilla/5.0 AppleWebKit/537.36 (KHTML, like Gecko; compatible; ClaudeBot/1.0; +claudebot@anthropic.com)"
216.73.216.125 - - [01/May/2026:21:20:30 -0400] "GET /view/item/014109878669 HTTP/1.1" 404 32969 "-" "Mozilla/5.0 AppleWebKit/537.36 (KHTML, like Gecko; compatible; ClaudeBot/1.0; +claudebot@anthropic.com)"
66.249.74.96 - - [01/May/2026:21:20:37 -0400] "GET /view/item/011401455969 HTTP/1.1" 200 29094 "-" "Mozilla/5.0 (Linux; Android 6.0.1; Nexus 5X Build/MMB29P) AppleWebKit/537.36 (KHTML, like Gecko) Chrome/147.0.7727.137 Mobile Safari/537.36 (compatible; Googlebot/2.1; +http://www.google.com/bot.html)"
162.0.232.104 - - [01/May/2026:21:20:55 -0400] "POST /wp-cron.php?doing_wp_cron=1777684855.2469749450683593750000 HTTP/1.1" 200 0 "-" "WordPress/6.9.4; https://techfabasia.com"
216.73.216.125 - - [01/May/2026:21:20:50 -0400] "GET /view/item/012883048757 HTTP/1.1" 404 33044 "-" "Mozilla/5.0 AppleWebKit/537.36 (KHTML, like Gecko; compatible; ClaudeBot/1.0; +claudebot@anthropic.com)"
216.73.216.125 - - [01/May/2026:21:21:03 -0400] "GET /view/item/012506593307 HTTP/1.1" 404 32970 "-" "Mozilla/5.0 AppleWebKit/537.36 (KHTML, like Gecko; compatible; ClaudeBot/1.0; +claudebot@anthropic.com)"
66.249.74.96 - - [01/May/2026:21:21:11 -0400] "GET /view/item/033722945378 HTTP/1.1" 200 28042 "-" "Mozilla/5.0 (Linux; Android 6.0.1; Nexus 5X Build/MMB29P) AppleWebKit/537.36 (KHTML, like Gecko) Chrome/147.0.7727.137 Mobile Safari/537.36 (compatible; GoogleOther)"
216.73.216.125 - - [01/May/2026:21:21:23 -0400] "GET /view/item/011126878797 HTTP/1.1" 404 32971 "-" "Mozilla/5.0 AppleWebKit/537.36 (KHTML, like Gecko; compatible; ClaudeBot/1.0; +claudebot@anthropic.com)"
216.73.216.125 - - [01/May/2026:21:21:34 -0400] "GET /view/item/01560852059 HTTP/1.1" 404 33041 "-" "Mozilla/5.0 AppleWebKit/537.36 (KHTML, like Gecko; compatible; ClaudeBot/1.0; +claudebot@anthropic.com)"
162.0.232.104 - - [01/May/2026:21:21:54 -0400] "POST /wp-cron.php?doing_wp_cron=1777684914.7453649044036865234375 HTTP/1.1" 200 0 "-" "WordPress/6.9.4; https://techfabasia.com"
216.73.216.125 - - [01/May/2026:21:21:51 -0400] "GET /view/item/01538665011 HTTP/1.1" 404 32971 "-" "Mozilla/5.0 AppleWebKit/537.36 (KHTML, like Gecko; compatible; ClaudeBot/1.0; +claudebot@anthropic.com)"
216.73.216.125 - - [01/May/2026:21:22:11 -0400] "GET /view/item/0120787656 HTTP/1.1" 404 33006 "-" "Mozilla/5.0 AppleWebKit/537.36 (KHTML, like Gecko; compatible; ClaudeBot/1.0; +claudebot@anthropic.com)"
216.73.216.125 - - [01/May/2026:21:22:23 -0400] "GET /view/item/011539953684 HTTP/1.1" 404 33062 "-" "Mozilla/5.0 AppleWebKit/537.36 (KHTML, like Gecko; compatible; ClaudeBot/1.0; +claudebot@anthropic.com)"
216.73.216.125 - - [01/May/2026:21:22:43 -0400] "GET /view/item/01404764215 HTTP/1.1" 404 33049 "-" "Mozilla/5.0 AppleWebKit/537.36 (KHTML, like Gecko; compatible; ClaudeBot/1.0; +claudebot@anthropic.com)"
162.0.232.104 - - [01/May/2026:21:22:58 -0400] "POST /wp-cron.php?doing_wp_cron=1777684978.8578369617462158203125 HTTP/1.1" 200 0 "-" "WordPress/6.9.4; https://techfabasia.com"
216.73.216.125 - - [01/May/2026:21:22:53 -0400] "GET /view/item/01324935846 HTTP/1.1" 404 33061 "-" "Mozilla/5.0 AppleWebKit/537.36 (KHTML, like Gecko; compatible; ClaudeBot/1.0; +claudebot@anthropic.com)"
66.249.74.97 - - [01/May/2026:21:23:05 -0400] "GET /view/item/012093894313 HTTP/1.1" 200 29014 "-" "Mozilla/5.0 (Linux; Android 6.0.1; Nexus 5X Build/MMB29P) AppleWebKit/537.36 (KHTML, like Gecko) Chrome/147.0.7727.137 Mobile Safari/537.36 (compatible; Googlebot/2.1; +http://www.google.com/bot.html)"
216.73.216.125 - - [01/May/2026:21:23:13 -0400] "GET /view/item/0125100536 HTTP/1.1" 404 32979 "-" "Mozilla/5.0 AppleWebKit/537.36 (KHTML, like Gecko; compatible; ClaudeBot/1.0; +claudebot@anthropic.com)"
216.73.216.125 - - [01/May/2026:21:23:24 -0400] "GET /view/item/012426437175 HTTP/1.1" 404 33040 "-" "Mozilla/5.0 AppleWebKit/537.36 (KHTML, like Gecko; compatible; ClaudeBot/1.0; +claudebot@anthropic.com)"
216.73.216.125 - - [01/May/2026:21:23:44 -0400] "GET /view/item/012807964886 HTTP/1.1" 404 32990 "-" "Mozilla/5.0 AppleWebKit/537.36 (KHTML, like Gecko; compatible; ClaudeBot/1.0; +claudebot@anthropic.com)"
162.0.232.104 - - [01/May/2026:21:23:50 -0400] "POST /wp-cron.php?doing_wp_cron=1777685029.9539849758148193359375 HTTP/1.1" 200 0 "-" "WordPress/6.9.4; https://techfabasia.com"
66.249.74.110 - - [01/May/2026:21:23:50 -0400] "GET /view/item/024118059333 HTTP/1.1" 200 29804 "-" "Mozilla/5.0 (Linux; Android 6.0.1; Nexus 5X Build/MMB29P) AppleWebKit/537.36 (KHTML, like Gecko) Chrome/147.0.7727.137 Mobile Safari/537.36 (compatible; GoogleOther)"
216.73.216.125 - - [01/May/2026:21:23:54 -0400] "GET /view/item/012641741244 HTTP/1.1" 200 0 "-" "Mozilla/5.0 AppleWebKit/537.36 (KHTML, like Gecko; compatible; ClaudeBot/1.0; +claudebot@anthropic.com)"
216.73.216.125 - - [01/May/2026:21:24:14 -0400] "GET /view/item/013763566935 HTTP/1.1" 404 33064 "-" "Mozilla/5.0 AppleWebKit/537.36 (KHTML, like Gecko; compatible; ClaudeBot/1.0; +claudebot@anthropic.com)"
162.0.232.104 - - [01/May/2026:21:24:31 -0400] "POST /wp-cron.php?doing_wp_cron=1777685071.9361848831176757812500 HTTP/1.1" 200 0 "-" "WordPress/6.9.4; https://techfabasia.com"
216.73.216.125 - - [01/May/2026:21:24:26 -0400] "GET /view/item/012984186502 HTTP/1.1" 404 33020 "-" "Mozilla/5.0 AppleWebKit/537.36 (KHTML, like Gecko; compatible; ClaudeBot/1.0; +claudebot@anthropic.com)"
162.0.232.104 - - [01/May/2026:21:24:49 -0400] "POST /wp-cron.php?doing_wp_cron=1777685089.3851909637451171875000 HTTP/1.1" 200 0 "-" "WordPress/6.9.4; https://techfabasia.com"
216.73.216.125 - - [01/May/2026:21:24:46 -0400] "GET /view/item/013605812340 HTTP/1.1" 404 33025 "-" "Mozilla/5.0 AppleWebKit/537.36 (KHTML, like Gecko; compatible; ClaudeBot/1.0; +claudebot@anthropic.com)"
216.73.216.125 - - [01/May/2026:21:24:57 -0400] "GET /view/item/014256524174 HTTP/1.1" 200 0 "-" "Mozilla/5.0 AppleWebKit/537.36 (KHTML, like Gecko; compatible; ClaudeBot/1.0; +claudebot@anthropic.com)"
216.73.216.125 - - [01/May/2026:21:25:16 -0400] "GET /view/item/011997230499 HTTP/1.1" 404 32993 "-" "Mozilla/5.0 AppleWebKit/537.36 (KHTML, like Gecko; compatible; ClaudeBot/1.0; +claudebot@anthropic.com)"
216.73.216.125 - - [01/May/2026:21:25:28 -0400] "GET /view/item/013219338149 HTTP/1.1" 404 32993 "-" "Mozilla/5.0 AppleWebKit/537.36 (KHTML, like Gecko; compatible; ClaudeBot/1.0; +claudebot@anthropic.com)"
216.73.216.125 - - [01/May/2026:21:25:48 -0400] "GET /view/item/012991738231 HTTP/1.1" 404 32993 "-" "Mozilla/5.0 AppleWebKit/537.36 (KHTML, like Gecko; compatible; ClaudeBot/1.0; +claudebot@anthropic.com)"
162.0.232.104 - - [01/May/2026:21:25:57 -0400] "POST /wp-cron.php?doing_wp_cron=1777685157.0275599956512451171875 HTTP/1.1" 200 0 "-" "WordPress/6.9.4; https://techfabasia.com"
216.73.216.125 - - [01/May/2026:21:25:58 -0400] "GET /view/item/012780549451 HTTP/1.1" 404 32989 "-" "Mozilla/5.0 AppleWebKit/537.36 (KHTML, like Gecko; compatible; ClaudeBot/1.0; +claudebot@anthropic.com)"
216.73.216.125 - - [01/May/2026:21:26:29 -0400] "GET /view/item/012472209362 HTTP/1.1" 404 33057 "-" "Mozilla/5.0 AppleWebKit/537.36 (KHTML, like Gecko; compatible; ClaudeBot/1.0; +claudebot@anthropic.com)"
66.249.74.110 - - [01/May/2026:21:26:33 -0400] "GET /view/item/011917444642 HTTP/1.1" 200 29224 "-" "Mozilla/5.0 (Linux; Android 6.0.1; Nexus 5X Build/MMB29P) AppleWebKit/537.36 (KHTML, like Gecko) Chrome/147.0.7727.137 Mobile Safari/537.36 (compatible; Googlebot/2.1; +http://www.google.com/bot.html)"
66.249.74.110 - - [01/May/2026:21:26:44 -0400] "GET /view/item/012305967326 HTTP/1.1" 200 29466 "-" "Mozilla/5.0 (Linux; Android 6.0.1; Nexus 5X Build/MMB29P) AppleWebKit/537.36 (KHTML, like Gecko) Chrome/147.0.7727.137 Mobile Safari/537.36 (compatible; GoogleOther)"
162.0.232.104 - - [01/May/2026:21:27:03 -0400] "POST /wp-cron.php?doing_wp_cron=1777685223.4602088928222656250000 HTTP/1.1" 200 0 "-" "WordPress/6.9.4; https://techfabasia.com"
216.73.216.125 - - [01/May/2026:21:27:00 -0400] "GET /view/item/013873640853 HTTP/1.1" 404 33021 "-" "Mozilla/5.0 AppleWebKit/537.36 (KHTML, like Gecko; compatible; ClaudeBot/1.0; +claudebot@anthropic.com)"
216.73.216.125 - - [01/May/2026:21:27:32 -0400] "GET /view/item/013762765760 HTTP/1.1" 404 32988 "-" "Mozilla/5.0 AppleWebKit/537.36 (KHTML, like Gecko; compatible; ClaudeBot/1.0; +claudebot@anthropic.com)"
162.0.232.104 - - [01/May/2026:21:27:52 -0400] "POST /wp-cron.php?doing_wp_cron=1777685272.1511230468750000000000 HTTP/1.1" 200 0 "-" "WordPress/6.9.4; https://techfabasia.com"
216.73.216.125 - - [01/May/2026:21:27:48 -0400] "GET /view/item/013767853358 HTTP/1.1" 404 33063 "-" "Mozilla/5.0 AppleWebKit/537.36 (KHTML, like Gecko; compatible; ClaudeBot/1.0; +claudebot@anthropic.com)"
216.73.216.125 - - [01/May/2026:21:28:21 -0400] "GET /view/item/014131990821 HTTP/1.1" 404 32995 "-" "Mozilla/5.0 AppleWebKit/537.36 (KHTML, like Gecko; compatible; ClaudeBot/1.0; +claudebot@anthropic.com)"
66.249.74.110 - - [01/May/2026:21:28:32 -0400] "GET /view/item/01620567550 HTTP/1.1" 200 29876 "-" "Mozilla/5.0 (Linux; Android 6.0.1; Nexus 5X Build/MMB29P) AppleWebKit/537.36 (KHTML, like Gecko) Chrome/147.0.7727.137 Mobile Safari/537.36 (compatible; Googlebot/2.1; +http://www.google.com/bot.html)"
162.0.232.104 - - [01/May/2026:21:29:02 -0400] "POST /wp-cron.php?doing_wp_cron=1777685342.7420699596405029296875 HTTP/1.1" 200 0 "-" "WordPress/6.9.4; https://techfabasia.com"
216.73.216.125 - - [01/May/2026:21:28:56 -0400] "GET /view/item/011900002894 HTTP/1.1" 404 33014 "-" "Mozilla/5.0 AppleWebKit/537.36 (KHTML, like Gecko; compatible; ClaudeBot/1.0; +claudebot@anthropic.com)"
216.73.216.125 - - [01/May/2026:21:29:16 -0400] "GET /view/item/011833048005 HTTP/1.1" 404 32962 "-" "Mozilla/5.0 AppleWebKit/537.36 (KHTML, like Gecko; compatible; ClaudeBot/1.0; +claudebot@anthropic.com)"
162.0.232.104 - - [01/May/2026:21:29:49 -0400] "POST /wp-cron.php?doing_wp_cron=1777685389.8987550735473632812500 HTTP/1.1" 200 0 "-" "WordPress/6.9.4; https://techfabasia.com"
216.73.216.125 - - [01/May/2026:21:29:46 -0400] "GET /view/item/012767263183 HTTP/1.1" 404 33062 "-" "Mozilla/5.0 AppleWebKit/537.36 (KHTML, like Gecko; compatible; ClaudeBot/1.0; +claudebot@anthropic.com)"
162.0.232.104 - - [01/May/2026:21:30:22 -0400] "POST /wp-cron.php?doing_wp_cron=1777685422.2642691135406494140625 HTTP/1.1" 200 0 "-" "WordPress/6.9.4; https://techfabasia.com"
216.73.216.125 - - [01/May/2026:21:30:17 -0400] "GET /view/item/01388309463 HTTP/1.1" 404 33006 "-" "Mozilla/5.0 AppleWebKit/537.36 (KHTML, like Gecko; compatible; ClaudeBot/1.0; +claudebot@anthropic.com)"
216.73.216.125 - - [01/May/2026:21:30:31 -0400] "GET /view/item/014183480604 HTTP/1.1" 404 33021 "-" "Mozilla/5.0 AppleWebKit/537.36 (KHTML, like Gecko; compatible; ClaudeBot/1.0; +claudebot@anthropic.com)"
162.0.232.104 - - [01/May/2026:21:30:53 -0400] "POST /wp-cron.php?doing_wp_cron=1777685453.3616340160369873046875 HTTP/1.1" 200 0 "-" "WordPress/6.9.4; https://techfabasia.com"
216.73.216.125 - - [01/May/2026:21:30:46 -0400] "GET /view/item/012590266830 HTTP/1.1" 404 32990 "-" "Mozilla/5.0 AppleWebKit/537.36 (KHTML, like Gecko; compatible; ClaudeBot/1.0; +claudebot@anthropic.com)"
216.73.216.125 - - [01/May/2026:21:31:21 -0400] "GET /view/item/011131701546 HTTP/1.1" 404 32989 "-" "Mozilla/5.0 AppleWebKit/537.36 (KHTML, like Gecko; compatible; ClaudeBot/1.0; +claudebot@anthropic.com)"
66.249.74.96 - - [01/May/2026:21:31:59 -0400] "GET /view/item/013422012011 HTTP/1.1" 200 29549 "-" "Mozilla/5.0 (Linux; Android 6.0.1; Nexus 5X Build/MMB29P) AppleWebKit/537.36 (KHTML, like Gecko) Chrome/147.0.7727.137 Mobile Safari/537.36 (compatible; Googlebot/2.1; +http://www.google.com/bot.html)"
162.0.232.104 - - [01/May/2026:21:32:01 -0400] "POST /wp-cron.php?doing_wp_cron=1777685521.8593740463256835937500 HTTP/1.1" 200 0 "-" "WordPress/6.9.4; https://techfabasia.com"
216.73.216.125 - - [01/May/2026:21:31:52 -0400] "GET /view/item/013636608247 HTTP/1.1" 404 33065 "-" "Mozilla/5.0 AppleWebKit/537.36 (KHTML, like Gecko; compatible; ClaudeBot/1.0; +claudebot@anthropic.com)"
66.249.74.96 - - [01/May/2026:21:32:18 -0400] "GET /view/item/011205619092 HTTP/1.1" 200 28593 "-" "Mozilla/5.0 (Linux; Android 6.0.1; Nexus 5X Build/MMB29P) AppleWebKit/537.36 (KHTML, like Gecko) Chrome/147.0.7727.137 Mobile Safari/537.36 (compatible; GoogleOther)"
162.0.232.104 - - [01/May/2026:21:32:27 -0400] "POST /wp-cron.php?doing_wp_cron=1777685547.9598200321197509765625 HTTP/1.1" 200 0 "-" "WordPress/6.9.4; https://techfabasia.com"
216.73.216.125 - - [01/May/2026:21:32:23 -0400] "GET /view/item/0171904881 HTTP/1.1" 404 33049 "-" "Mozilla/5.0 AppleWebKit/537.36 (KHTML, like Gecko; compatible; ClaudeBot/1.0; +claudebot@anthropic.com)"
216.73.216.125 - - [01/May/2026:21:32:36 -0400] "GET /view/item/014034654267 HTTP/1.1" 404 33071 "-" "Mozilla/5.0 AppleWebKit/537.36 (KHTML, like Gecko; compatible; ClaudeBot/1.0; +claudebot@anthropic.com)"
216.73.216.125 - - [01/May/2026:21:33:09 -0400] "GET /view/item/014081748794 HTTP/1.1" 200 0 "-" "Mozilla/5.0 AppleWebKit/537.36 (KHTML, like Gecko; compatible; ClaudeBot/1.0; +claudebot@anthropic.com)"
162.0.232.104 - - [01/May/2026:21:33:20 -0400] "POST /wp-cron.php?doing_wp_cron=1777685600.5369429588317871093750 HTTP/1.1" 200 0 "-" "WordPress/6.9.4; https://techfabasia.com"
216.73.216.125 - - [01/May/2026:21:33:38 -0400] "GET /view/item/01242368238 HTTP/1.1" 404 33011 "-" "Mozilla/5.0 AppleWebKit/537.36 (KHTML, like Gecko; compatible; ClaudeBot/1.0; +claudebot@anthropic.com)"
162.0.232.104 - - [01/May/2026:21:34:14 -0400] "POST /wp-cron.php?doing_wp_cron=1777685654.5378820896148681640625 HTTP/1.1" 200 0 "-" "WordPress/6.9.4; https://techfabasia.com"
216.73.216.125 - - [01/May/2026:21:34:10 -0400] "GET /view/item/013488898161 HTTP/1.1" 404 32968 "-" "Mozilla/5.0 AppleWebKit/537.36 (KHTML, like Gecko; compatible; ClaudeBot/1.0; +claudebot@anthropic.com)"
66.249.74.110 - - [01/May/2026:21:34:28 -0400] "GET /view/item/013613392538 HTTP/1.1" 200 28691 "-" "Mozilla/5.0 (Linux; Android 6.0.1; Nexus 5X Build/MMB29P) AppleWebKit/537.36 (KHTML, like Gecko) Chrome/147.0.7727.137 Mobile Safari/537.36 (compatible; Googlebot/2.1; +http://www.google.com/bot.html)"
162.0.232.104 - - [01/May/2026:21:34:57 -0400] "POST /wp-cron.php?doing_wp_cron=1777685697.2709341049194335937500 HTTP/1.1" 200 0 "-" "WordPress/6.9.4; https://techfabasia.com"
216.73.216.125 - - [01/May/2026:21:34:51 -0400] "GET /view/item/013765146399 HTTP/1.1" 404 32997 "-" "Mozilla/5.0 AppleWebKit/537.36 (KHTML, like Gecko; compatible; ClaudeBot/1.0; +claudebot@anthropic.com)"
216.73.216.125 - - [01/May/2026:21:35:24 -0400] "GET /view/item/01584238583 HTTP/1.1" 404 33043 "-" "Mozilla/5.0 AppleWebKit/537.36 (KHTML, like Gecko; compatible; ClaudeBot/1.0; +claudebot@anthropic.com)"
162.0.232.104 - - [01/May/2026:21:35:48 -0400] "POST /wp-cron.php?doing_wp_cron=1777685748.7054951190948486328125 HTTP/1.1" 200 0 "-" "WordPress/6.9.4; https://techfabasia.com"
216.73.216.125 - - [01/May/2026:21:35:45 -0400] "GET /view/item/013528920950 HTTP/1.1" 404 33055 "-" "Mozilla/5.0 AppleWebKit/537.36 (KHTML, like Gecko; compatible; ClaudeBot/1.0; +claudebot@anthropic.com)"
52.167.144.232 - - [01/May/2026:21:35:54 -0400] "GET /wp-sitemap-posts-page-1.xml HTTP/1.1" 200 12307 "-" "Mozilla/5.0 AppleWebKit/537.36 (KHTML, like Gecko; compatible; bingbot/2.0; +http://www.bing.com/bingbot.htm) Chrome/116.0.1938.76 Safari/537.36"
216.73.216.125 - - [01/May/2026:21:36:19 -0400] "GET /view/item/013572432495 HTTP/1.1" 404 32968 "-" "Mozilla/5.0 AppleWebKit/537.36 (KHTML, like Gecko; compatible; ClaudeBot/1.0; +claudebot@anthropic.com)"
162.0.232.104 - - [01/May/2026:21:36:57 -0400] "POST /wp-cron.php?doing_wp_cron=1777685817.2495911121368408203125 HTTP/1.1" 200 0 "-" "WordPress/6.9.4; https://techfabasia.com"
216.73.216.125 - - [01/May/2026:21:36:53 -0400] "GET /view/item/012547019118 HTTP/1.1" 404 33063 "-" "Mozilla/5.0 AppleWebKit/537.36 (KHTML, like Gecko; compatible; ClaudeBot/1.0; +claudebot@anthropic.com)"
216.73.216.125 - - [01/May/2026:21:37:20 -0400] "GET /view/item/01819375359 HTTP/1.1" 404 33047 "-" "Mozilla/5.0 AppleWebKit/537.36 (KHTML, like Gecko; compatible; ClaudeBot/1.0; +claudebot@anthropic.com)"
66.249.74.110 - - [01/May/2026:21:37:27 -0400] "GET /view/item/01732450686 HTTP/1.1" 200 29132 "-" "Mozilla/5.0 (Linux; Android 6.0.1; Nexus 5X Build/MMB29P) AppleWebKit/537.36 (KHTML, like Gecko) Chrome/147.0.7727.137 Mobile Safari/537.36 (compatible; Googlebot/2.1; +http://www.google.com/bot.html)"
216.73.216.125 - - [01/May/2026:21:37:34 -0400] "GET /view/item/01952890540 HTTP/1.1" 404 32968 "-" "Mozilla/5.0 AppleWebKit/537.36 (KHTML, like Gecko; compatible; ClaudeBot/1.0; +claudebot@anthropic.com)"
216.73.216.125 - - [01/May/2026:21:38:07 -0400] "GET /view/item/014007688670 HTTP/1.1" 200 0 "-" "Mozilla/5.0 AppleWebKit/537.36 (KHTML, like Gecko; compatible; ClaudeBot/1.0; +claudebot@anthropic.com)"
162.0.232.104 - - [01/May/2026:21:38:17 -0400] "POST /wp-cron.php?doing_wp_cron=1777685897.8369739055633544921875 HTTP/1.1" 200 0 "-" "WordPress/6.9.4; https://techfabasia.com"
216.73.216.125 - - [01/May/2026:21:38:40 -0400] "GET /view/item/013432272505 HTTP/1.1" 404 33066 "-" "Mozilla/5.0 AppleWebKit/537.36 (KHTML, like Gecko; compatible; ClaudeBot/1.0; +claudebot@anthropic.com)"
162.0.232.104 - - [01/May/2026:21:39:17 -0400] "POST /wp-cron.php?doing_wp_cron=1777685957.2555599212646484375000 HTTP/1.1" 200 0 "-" "WordPress/6.9.4; https://techfabasia.com"
216.73.216.125 - - [01/May/2026:21:39:11 -0400] "GET /view/item/014002163253 HTTP/1.1" 404 32955 "-" "Mozilla/5.0 AppleWebKit/537.36 (KHTML, like Gecko; compatible; ClaudeBot/1.0; +claudebot@anthropic.com)"
216.73.216.125 - - [01/May/2026:21:39:17 -0400] "GET /view/item/012772177871 HTTP/1.1" 404 32990 "-" "Mozilla/5.0 AppleWebKit/537.36 (KHTML, like Gecko; compatible; ClaudeBot/1.0; +claudebot@anthropic.com)"
162.0.232.104 - - [01/May/2026:21:39:56 -0400] "POST /wp-cron.php?doing_wp_cron=1777685996.2501549720764160156250 HTTP/1.1" 200 0 "-" "WordPress/6.9.4; https://techfabasia.com"
216.73.216.125 - - [01/May/2026:21:39:52 -0400] "GET /view/item/01428361943 HTTP/1.1" 404 33052 "-" "Mozilla/5.0 AppleWebKit/537.36 (KHTML, like Gecko; compatible; ClaudeBot/1.0; +claudebot@anthropic.com)"
66.249.74.97 - - [01/May/2026:21:39:56 -0400] "GET /view/item/011631881359 HTTP/1.1" 200 30323 "-" "Mozilla/5.0 (Linux; Android 6.0.1; Nexus 5X Build/MMB29P) AppleWebKit/537.36 (KHTML, like Gecko) Chrome/147.0.7727.137 Mobile Safari/537.36 (compatible; Googlebot/2.1; +http://www.google.com/bot.html)"
216.73.216.125 - - [01/May/2026:21:40:22 -0400] "GET /view/item/012710213668 HTTP/1.1" 404 33055 "-" "Mozilla/5.0 AppleWebKit/537.36 (KHTML, like Gecko; compatible; ClaudeBot/1.0; +claudebot@anthropic.com)"
162.0.232.104 - - [01/May/2026:21:40:56 -0400] "POST /wp-cron.php?doing_wp_cron=1777686056.1515510082244873046875 HTTP/1.1" 200 0 "-" "WordPress/6.9.4; https://techfabasia.com"
216.73.216.125 - - [01/May/2026:21:40:52 -0400] "GET /view/item/01534233634 HTTP/1.1" 404 33025 "-" "Mozilla/5.0 AppleWebKit/537.36 (KHTML, like Gecko; compatible; ClaudeBot/1.0; +claudebot@anthropic.com)"
216.73.216.125 - - [01/May/2026:21:41:14 -0400] "GET /view/item/013447825397 HTTP/1.1" 404 33042 "-" "Mozilla/5.0 AppleWebKit/537.36 (KHTML, like Gecko; compatible; ClaudeBot/1.0; +claudebot@anthropic.com)"
66.249.74.96 - - [01/May/2026:21:41:29 -0400] "GET /view/item/01921761380 HTTP/1.1" 200 29924 "-" "Mozilla/5.0 (Linux; Android 6.0.1; Nexus 5X Build/MMB29P) AppleWebKit/537.36 (KHTML, like Gecko) Chrome/147.0.7727.137 Mobile Safari/537.36 (compatible; GoogleOther)"
162.0.232.104 - - [01/May/2026:21:41:48 -0400] "POST /wp-cron.php?doing_wp_cron=1777686108.8592240810394287109375 HTTP/1.1" 200 0 "-" "WordPress/6.9.4; https://techfabasia.com"
216.73.216.125 - - [01/May/2026:21:41:44 -0400] "GET /view/item/013675462689 HTTP/1.1" 404 32992 "-" "Mozilla/5.0 AppleWebKit/537.36 (KHTML, like Gecko; compatible; ClaudeBot/1.0; +claudebot@anthropic.com)"
216.73.216.125 - - [01/May/2026:21:42:14 -0400] "GET /view/item/012731589814 HTTP/1.1" 404 33040 "-" "Mozilla/5.0 AppleWebKit/537.36 (KHTML, like Gecko; compatible; ClaudeBot/1.0; +claudebot@anthropic.com)"
162.0.232.104 - - [01/May/2026:21:42:51 -0400] "POST /wp-cron.php?doing_wp_cron=1777686171.0578110218048095703125 HTTP/1.1" 200 0 "-" "WordPress/6.9.4; https://techfabasia.com"
216.73.216.125 - - [01/May/2026:21:42:45 -0400] "GET /view/item/014101069270 HTTP/1.1" 404 33032 "-" "Mozilla/5.0 AppleWebKit/537.36 (KHTML, like Gecko; compatible; ClaudeBot/1.0; +claudebot@anthropic.com)"
216.73.216.125 - - [01/May/2026:21:43:18 -0400] "GET /view/item/011571236426 HTTP/1.1" 404 33017 "-" "Mozilla/5.0 AppleWebKit/537.36 (KHTML, like Gecko; compatible; ClaudeBot/1.0; +claudebot@anthropic.com)"
66.249.74.97 - - [01/May/2026:21:43:26 -0400] "GET /view/item/012384349574 HTTP/1.1" 200 28997 "-" "Mozilla/5.0 (Linux; Android 6.0.1; Nexus 5X Build/MMB29P) AppleWebKit/537.36 (KHTML, like Gecko) Chrome/147.0.7727.137 Mobile Safari/537.36 (compatible; Googlebot/2.1; +http://www.google.com/bot.html)"
162.0.232.104 - - [01/May/2026:21:43:53 -0400] "POST /wp-cron.php?doing_wp_cron=1777686233.2417891025543212890625 HTTP/1.1" 200 0 "-" "WordPress/6.9.4; https://techfabasia.com"
216.73.216.125 - - [01/May/2026:21:43:47 -0400] "GET /view/item/0194661161 HTTP/1.1" 404 32930 "-" "Mozilla/5.0 AppleWebKit/537.36 (KHTML, like Gecko; compatible; ClaudeBot/1.0; +claudebot@anthropic.com)"
216.73.216.125 - - [01/May/2026:21:44:17 -0400] "GET /view/item/01170065620 HTTP/1.1" 404 32972 "-" "Mozilla/5.0 AppleWebKit/537.36 (KHTML, like Gecko; compatible; ClaudeBot/1.0; +claudebot@anthropic.com)"
162.0.232.104 - - [01/May/2026:21:44:52 -0400] "POST /wp-cron.php?doing_wp_cron=1777686292.4697771072387695312500 HTTP/1.1" 200 0 "-" "WordPress/6.9.4; https://techfabasia.com"
216.73.216.125 - - [01/May/2026:21:44:48 -0400] "GET /view/item/013437161580 HTTP/1.1" 404 33002 "-" "Mozilla/5.0 AppleWebKit/537.36 (KHTML, like Gecko; compatible; ClaudeBot/1.0; +claudebot@anthropic.com)"
216.73.216.125 - - [01/May/2026:21:45:06 -0400] "GET /view/item/014108494006 HTTP/1.1" 404 33054 "-" "Mozilla/5.0 AppleWebKit/537.36 (KHTML, like Gecko; compatible; ClaudeBot/1.0; +claudebot@anthropic.com)"
66.249.74.96 - - [01/May/2026:21:45:41 -0400] "GET /view/item/01672258707 HTTP/1.1" 200 28748 "-" "Mozilla/5.0 (Linux; Android 6.0.1; Nexus 5X Build/MMB29P) AppleWebKit/537.36 (KHTML, like Gecko) Chrome/147.0.7727.137 Mobile Safari/537.36 (compatible; Googlebot/2.1; +http://www.google.com/bot.html)"
216.73.216.125 - - [01/May/2026:21:45:35 -0400] "GET /view/item/014183815875 HTTP/1.1" 404 32974 "-" "Mozilla/5.0 AppleWebKit/537.36 (KHTML, like Gecko; compatible; ClaudeBot/1.0; +claudebot@anthropic.com)"
162.0.232.104 - - [01/May/2026:21:46:08 -0400] "POST /wp-cron.php?doing_wp_cron=1777686368.8903639316558837890625 HTTP/1.1" 200 0 "-" "WordPress/6.9.4; https://techfabasia.com"
216.73.216.125 - - [01/May/2026:21:46:05 -0400] "GET /view/item/013426756915 HTTP/1.1" 404 33042 "-" "Mozilla/5.0 AppleWebKit/537.36 (KHTML, like Gecko; compatible; ClaudeBot/1.0; +claudebot@anthropic.com)"
216.73.216.125 - - [01/May/2026:21:46:36 -0400] "GET /view/item/013373660164 HTTP/1.1" 404 32957 "-" "Mozilla/5.0 AppleWebKit/537.36 (KHTML, like Gecko; compatible; ClaudeBot/1.0; +claudebot@anthropic.com)"
162.0.232.104 - - [01/May/2026:21:47:16 -0400] "POST /wp-cron.php?doing_wp_cron=1777686436.7494380474090576171875 HTTP/1.1" 200 0 "-" "WordPress/6.9.4; https://techfabasia.com"
216.73.216.125 - - [01/May/2026:21:47:10 -0400] "GET /view/item/013697456434 HTTP/1.1" 404 33053 "-" "Mozilla/5.0 AppleWebKit/537.36 (KHTML, like Gecko; compatible; ClaudeBot/1.0; +claudebot@anthropic.com)"
47.128.63.217 - - [01/May/2026:21:47:12 -0400] "GET /product-category/home-entertainment/projectors/ HTTP/1.1" 200 31907 "-" "Mozilla/5.0 (compatible; Bytespider; spider-feedback@bytedance.com) AppleWebKit/537.36 (KHTML, like Gecko) Chrome/70.0.0.0 Safari/537.36"
47.128.63.217 - - [01/May/2026:21:47:21 -0400] "GET /wp-content/plugins/yith-woocommerce-wishlist/assets/css/frontend/add-to-wishlist.css?ver=4.14.0 HTTP/1.1" 200 3034 "https://techfabasia.com/product-category/home-entertainment/projectors/" "Mozilla/5.0 (compatible; Bytespider; spider-feedback@bytedance.com) AppleWebKit/537.36 (KHTML, like Gecko) Chrome/70.0.0.0 Safari/537.36"
47.128.63.217 - - [01/May/2026:21:47:21 -0400] "GET /wp-content/plugins/yith-woocommerce-compare/assets/css/jquery.dataTables.css?ver=1.10.18 HTTP/1.1" 200 1866 "https://techfabasia.com/product-category/home-entertainment/projectors/" "Mozilla/5.0 (compatible; Bytespider; spider-feedback@bytedance.com) AppleWebKit/537.36 (KHTML, like Gecko) Chrome/70.0.0.0 Safari/537.36"
47.128.63.217 - - [01/May/2026:21:47:22 -0400] "GET /wp-content/uploads/2025/05/unc160-100x100.webp HTTP/1.1" 206 500 "https://techfabasia.com/product-category/home-entertainment/projectors/" "Mozilla/5.0 (compatible; Bytespider; spider-feedback@bytedance.com) AppleWebKit/537.36 (KHTML, like Gecko) Chrome/70.0.0.0 Safari/537.36"
47.128.63.217 - - [01/May/2026:21:47:22 -0400] "GET /wp-content/uploads/2025/05/12-2-1-100x100.jpg HTTP/1.1" 206 500 "https://techfabasia.com/product-category/home-entertainment/projectors/" "Mozilla/5.0 (compatible; Bytespider; spider-feedback@bytedance.com) AppleWebKit/537.36 (KHTML, like Gecko) Chrome/70.0.0.0 Safari/537.36"
162.0.232.104 - - [01/May/2026:21:47:48 -0400] "POST /wp-cron.php?doing_wp_cron=1777686468.3364748954772949218750 HTTP/1.1" 200 0 "-" "WordPress/6.9.4; https://techfabasia.com"
216.73.216.125 - - [01/May/2026:21:47:43 -0400] "GET /view/item/0127504692 HTTP/1.1" 404 32982 "-" "Mozilla/5.0 AppleWebKit/537.36 (KHTML, like Gecko; compatible; ClaudeBot/1.0; +claudebot@anthropic.com)"
162.0.232.104 - - [01/May/2026:21:47:57 -0400] "POST /wp-cron.php?doing_wp_cron=1777686477.2721300125122070312500 HTTP/1.1" 200 0 "-" "WordPress/6.9.4; https://techfabasia.com"
47.128.63.168 - - [01/May/2026:21:47:47 -0400] "GET /brand/therlicon/ HTTP/1.1" 200 31913 "-" "Mozilla/5.0 (compatible; Bytespider; spider-feedback@bytedance.com) AppleWebKit/537.36 (KHTML, like Gecko) Chrome/70.0.0.0 Safari/537.36"
216.73.216.125 - - [01/May/2026:21:48:16 -0400] "GET /view/item/0144757246 HTTP/1.1" 200 0 "-" "Mozilla/5.0 AppleWebKit/537.36 (KHTML, like Gecko; compatible; ClaudeBot/1.0; +claudebot@anthropic.com)"
216.73.216.125 - - [01/May/2026:21:48:23 -0400] "GET /view/item/014285178181 HTTP/1.1" 200 0 "-" "Mozilla/5.0 AppleWebKit/537.36 (KHTML, like Gecko; compatible; ClaudeBot/1.0; +claudebot@anthropic.com)"
62.146.233.9 - - [01/May/2026:21:48:28 -0400] "POST /xmlrpc.php HTTP/1.1" 200 0 "-" "Mozilla/5.0 (Windows NT 10.0; Win64; x64) AppleWebKit/537.36 (KHTML, like Gecko) Chrome/64.0.3282.168 Safari/537.36 OPR/51.0.2830.40"
47.128.63.236 - - [01/May/2026:21:48:24 -0400] "GET /shop/ys-ldz250-ys-uldz250-smt-pcb-fixture-loadingunloading-machine/ HTTP/1.1" 200 32976 "-" "Mozilla/5.0 (compatible; Bytespider; spider-feedback@bytedance.com) AppleWebKit/537.36 (KHTML, like Gecko) Chrome/70.0.0.0 Safari/537.36"
162.0.232.104 - - [01/May/2026:21:48:59 -0400] "POST /wp-cron.php?doing_wp_cron=1777686539.0678670406341552734375 HTTP/1.1" 200 0 "-" "WordPress/6.9.4; https://techfabasia.com"
216.73.216.125 - - [01/May/2026:21:48:54 -0400] "GET /view/item/011131631952 HTTP/1.1" 404 33067 "-" "Mozilla/5.0 AppleWebKit/537.36 (KHTML, like Gecko; compatible; ClaudeBot/1.0; +claudebot@anthropic.com)"
162.0.232.104 - - [01/May/2026:21:49:04 -0400] "POST /wp-cron.php?doing_wp_cron=1777686544.9356160163879394531250 HTTP/1.1" 200 0 "-" "WordPress/6.9.4; https://techfabasia.com"
47.128.63.192 - - [01/May/2026:21:48:57 -0400] "GET /product-category/video-games-consoles/video-games-consoles-2/ HTTP/1.1" 200 31934 "-" "Mozilla/5.0 (compatible; Bytespider; spider-feedback@bytedance.com) AppleWebKit/537.36 (KHTML, like Gecko) Chrome/70.0.0.0 Safari/537.36"
66.249.74.110 - - [01/May/2026:21:49:09 -0400] "GET /view/item/011811084473 HTTP/1.1" 200 30362 "-" "Mozilla/5.0 (Linux; Android 6.0.1; Nexus 5X Build/MMB29P) AppleWebKit/537.36 (KHTML, like Gecko) Chrome/147.0.7727.137 Mobile Safari/537.36 (compatible; Googlebot/2.1; +http://www.google.com/bot.html)"
216.73.216.125 - - [01/May/2026:21:49:11 -0400] "GET /view/item/01124235149 HTTP/1.1" 404 32969 "-" "Mozilla/5.0 AppleWebKit/537.36 (KHTML, like Gecko; compatible; ClaudeBot/1.0; +claudebot@anthropic.com)"
47.128.63.190 - - [01/May/2026:21:49:33 -0400] "GET /tag/awesome/ HTTP/1.1" 200 34094 "-" "Mozilla/5.0 (compatible; Bytespider; spider-feedback@bytedance.com) AppleWebKit/537.36 (KHTML, like Gecko) Chrome/70.0.0.0 Safari/537.36"
47.128.63.190 - - [01/May/2026:21:49:39 -0400] "GET /wp-content/uploads/2018/10/electro-placeholder-blog.png HTTP/1.1" 206 500 "https://techfabasia.com/tag/awesome/" "Mozilla/5.0 (compatible; Bytespider; spider-feedback@bytedance.com) AppleWebKit/537.36 (KHTML, like Gecko) Chrome/70.0.0.0 Safari/537.36"
162.0.232.104 - - [01/May/2026:21:49:48 -0400] "POST /wp-cron.php?doing_wp_cron=1777686588.4621849060058593750000 HTTP/1.1" 200 0 "-" "WordPress/6.9.4; https://techfabasia.com"
216.73.216.125 - - [01/May/2026:21:49:44 -0400] "GET /view/item/014129259077 HTTP/1.1" 404 32997 "-" "Mozilla/5.0 AppleWebKit/537.36 (KHTML, like Gecko; compatible; ClaudeBot/1.0; +claudebot@anthropic.com)"
66.249.74.96 - - [01/May/2026:21:50:18 -0400] "GET /view/item/013520358209 HTTP/1.1" 200 29760 "-" "Mozilla/5.0 (Linux; Android 6.0.1; Nexus 5X Build/MMB29P) AppleWebKit/537.36 (KHTML, like Gecko) Chrome/147.0.7727.137 Mobile Safari/537.36 (compatible; GoogleOther)"
216.73.216.125 - - [01/May/2026:21:50:20 -0400] "GET /view/item/01409276900 HTTP/1.1" 404 33042 "-" "Mozilla/5.0 AppleWebKit/537.36 (KHTML, like Gecko; compatible; ClaudeBot/1.0; +claudebot@anthropic.com)"
216.73.216.125 - - [01/May/2026:21:50:37 -0400] "GET /view/item/012701422653 HTTP/1.1" 404 32995 "-" "Mozilla/5.0 AppleWebKit/537.36 (KHTML, like Gecko; compatible; ClaudeBot/1.0; +claudebot@anthropic.com)"
216.73.216.125 - - [01/May/2026:21:50:44 -0400] "GET /view/item/011533200322 HTTP/1.1" 200 0 "-" "Mozilla/5.0 AppleWebKit/537.36 (KHTML, like Gecko; compatible; ClaudeBot/1.0; +claudebot@anthropic.com)"
162.0.232.104 - - [01/May/2026:21:50:54 -0400] "POST /wp-cron.php?doing_wp_cron=1777686654.3356490135192871093750 HTTP/1.1" 200 0 "-" "WordPress/6.9.4; https://techfabasia.com"
216.73.216.125 - - [01/May/2026:21:50:53 -0400] "GET /view/item/01396972365 HTTP/1.1" 200 0 "-" "Mozilla/5.0 AppleWebKit/537.36 (KHTML, like Gecko; compatible; ClaudeBot/1.0; +claudebot@anthropic.com)"
85.208.96.201 - - [01/May/2026:21:51:13 -0400] "GET /robots.txt HTTP/1.1" 200 81 "-" "Mozilla/5.0 (compatible; SemrushBot/7~bl; +http://www.semrush.com/bot.html)"
85.208.96.210 - - [01/May/2026:21:51:14 -0400] "GET /product-category/controller/ HTTP/1.1" 200 39815 "-" "Mozilla/5.0 (compatible; SemrushBot/7~bl; +http://www.semrush.com/bot.html)"
216.73.216.125 - - [01/May/2026:21:51:25 -0400] "GET /view/item/01604634166 HTTP/1.1" 404 33051 "-" "Mozilla/5.0 AppleWebKit/537.36 (KHTML, like Gecko; compatible; ClaudeBot/1.0; +claudebot@anthropic.com)"
162.0.232.104 - - [01/May/2026:21:52:02 -0400] "POST /wp-cron.php?doing_wp_cron=1777686722.5561680793762207031250 HTTP/1.1" 200 0 "-" "WordPress/6.9.4; https://techfabasia.com"
216.73.216.125 - - [01/May/2026:21:51:58 -0400] "GET /view/item/01670454002 HTTP/1.1" 404 33025 "-" "Mozilla/5.0 AppleWebKit/537.36 (KHTML, like Gecko; compatible; ClaudeBot/1.0; +claudebot@anthropic.com)"
216.73.216.125 - - [01/May/2026:21:52:24 -0400] "GET /view/item/01730307985 HTTP/1.1" 404 33047 "-" "Mozilla/5.0 AppleWebKit/537.36 (KHTML, like Gecko; compatible; ClaudeBot/1.0; +claudebot@anthropic.com)"
162.0.232.104 - - [01/May/2026:21:52:58 -0400] "POST /wp-cron.php?doing_wp_cron=1777686778.3920879364013671875000 HTTP/1.1" 200 0 "-" "WordPress/6.9.4; https://techfabasia.com"
216.73.216.125 - - [01/May/2026:21:52:55 -0400] "GET /view/item/012013470772 HTTP/1.1" 404 33050 "-" "Mozilla/5.0 AppleWebKit/537.36 (KHTML, like Gecko; compatible; ClaudeBot/1.0; +claudebot@anthropic.com)"
216.73.216.125 - - [01/May/2026:21:53:00 -0400] "GET /view/item/01798633400 HTTP/1.1" 404 33036 "-" "Mozilla/5.0 AppleWebKit/537.36 (KHTML, like Gecko; compatible; ClaudeBot/1.0; +claudebot@anthropic.com)"
216.73.216.125 - - [01/May/2026:21:53:39 -0400] "GET /view/item/01143233277 HTTP/1.1" 404 33024 "-" "Mozilla/5.0 AppleWebKit/537.36 (KHTML, like Gecko; compatible; ClaudeBot/1.0; +claudebot@anthropic.com)"
162.0.232.104 - - [01/May/2026:21:54:12 -0400] "POST /wp-cron.php?doing_wp_cron=1777686852.8909740447998046875000 HTTP/1.1" 200 0 "-" "WordPress/6.9.4; https://techfabasia.com"
216.73.216.125 - - [01/May/2026:21:54:09 -0400] "GET /view/item/014132300495 HTTP/1.1" 404 33067 "-" "Mozilla/5.0 AppleWebKit/537.36 (KHTML, like Gecko; compatible; ClaudeBot/1.0; +claudebot@anthropic.com)"
216.73.216.125 - - [01/May/2026:21:54:26 -0400] "GET /view/item/01697719084 HTTP/1.1" 404 33063 "-" "Mozilla/5.0 AppleWebKit/537.36 (KHTML, like Gecko; compatible; ClaudeBot/1.0; +claudebot@anthropic.com)"
