216.73.216.125 - - [02/May/2026:02:19:55 -0400] "GET /view/item/011335626485 HTTP/1.1" 404 32960 "-" "Mozilla/5.0 AppleWebKit/537.36 (KHTML, like Gecko; compatible; ClaudeBot/1.0; +claudebot@anthropic.com)"
162.0.232.104 - - [02/May/2026:02:20:14 -0400] "POST /wp-cron.php?doing_wp_cron=1777702814.4416770935058593750000 HTTP/1.1" 200 0 "-" "WordPress/6.9.4; https://techfabasia.com"
216.73.216.125 - - [02/May/2026:02:20:09 -0400] "GET /view/item/013763203563 HTTP/1.1" 404 32967 "-" "Mozilla/5.0 AppleWebKit/537.36 (KHTML, like Gecko; compatible; ClaudeBot/1.0; +claudebot@anthropic.com)"
216.73.216.125 - - [02/May/2026:02:20:23 -0400] "GET /robots.txt HTTP/1.1" 200 81 "-" "Mozilla/5.0 AppleWebKit/537.36 (KHTML, like Gecko; compatible; ClaudeBot/1.0; +claudebot@anthropic.com)"
216.73.216.125 - - [02/May/2026:02:20:19 -0400] "GET /view/item/012531690816 HTTP/1.1" 200 0 "-" "Mozilla/5.0 AppleWebKit/537.36 (KHTML, like Gecko; compatible; ClaudeBot/1.0; +claudebot@anthropic.com)"
162.0.232.104 - - [02/May/2026:02:20:49 -0400] "POST /wp-cron.php?doing_wp_cron=1777702849.1056349277496337890625 HTTP/1.1" 200 0 "-" "WordPress/6.9.4; https://techfabasia.com"
216.73.216.125 - - [02/May/2026:02:20:45 -0400] "GET /view/item/012006967108 HTTP/1.1" 404 33044 "-" "Mozilla/5.0 AppleWebKit/537.36 (KHTML, like Gecko; compatible; ClaudeBot/1.0; +claudebot@anthropic.com)"
216.73.216.125 - - [02/May/2026:02:20:51 -0400] "GET /view/item/011540926173 HTTP/1.1" 404 32988 "-" "Mozilla/5.0 AppleWebKit/537.36 (KHTML, like Gecko; compatible; ClaudeBot/1.0; +claudebot@anthropic.com)"
216.73.216.125 - - [02/May/2026:02:21:15 -0400] "GET /view/item/011830498196 HTTP/1.1" 404 32996 "-" "Mozilla/5.0 AppleWebKit/537.36 (KHTML, like Gecko; compatible; ClaudeBot/1.0; +claudebot@anthropic.com)"
216.73.216.125 - - [02/May/2026:02:21:26 -0400] "GET /view/item/01641711407 HTTP/1.1" 404 33056 "-" "Mozilla/5.0 AppleWebKit/537.36 (KHTML, like Gecko; compatible; ClaudeBot/1.0; +claudebot@anthropic.com)"
216.73.216.125 - - [02/May/2026:02:21:42 -0400] "GET /sitemap.xml HTTP/1.1" 200 12339 "-" "Mozilla/5.0 AppleWebKit/537.36 (KHTML, like Gecko; compatible; ClaudeBot/1.0; +claudebot@anthropic.com)"
162.0.232.104 - - [02/May/2026:02:22:10 -0400] "POST /wp-cron.php?doing_wp_cron=1777702930.6472558975219726562500 HTTP/1.1" 200 0 "-" "WordPress/6.9.4; https://techfabasia.com"
216.73.216.125 - - [02/May/2026:02:22:06 -0400] "GET /view/item/011142230265 HTTP/1.1" 404 33018 "-" "Mozilla/5.0 AppleWebKit/537.36 (KHTML, like Gecko; compatible; ClaudeBot/1.0; +claudebot@anthropic.com)"
216.73.216.125 - - [02/May/2026:02:22:26 -0400] "GET /view/item/011790975775 HTTP/1.1" 404 33056 "-" "Mozilla/5.0 AppleWebKit/537.36 (KHTML, like Gecko; compatible; ClaudeBot/1.0; +claudebot@anthropic.com)"
162.0.232.104 - - [02/May/2026:02:22:49 -0400] "POST /wp-cron.php?doing_wp_cron=1777702969.7980000972747802734375 HTTP/1.1" 200 0 "-" "WordPress/6.9.4; https://techfabasia.com"
216.73.216.125 - - [02/May/2026:02:22:46 -0400] "GET /view/item/012391471101 HTTP/1.1" 404 32994 "-" "Mozilla/5.0 AppleWebKit/537.36 (KHTML, like Gecko; compatible; ClaudeBot/1.0; +claudebot@anthropic.com)"
216.73.216.125 - - [02/May/2026:02:23:11 -0400] "GET /view/item/01620282255 HTTP/1.1" 404 33010 "-" "Mozilla/5.0 AppleWebKit/537.36 (KHTML, like Gecko; compatible; ClaudeBot/1.0; +claudebot@anthropic.com)"
216.73.216.125 - - [02/May/2026:02:23:16 -0400] "GET /view/item/01758670599 HTTP/1.1" 404 32928 "-" "Mozilla/5.0 AppleWebKit/537.36 (KHTML, like Gecko; compatible; ClaudeBot/1.0; +claudebot@anthropic.com)"
216.73.216.125 - - [02/May/2026:02:23:42 -0400] "GET /view/item/011111884136 HTTP/1.1" 404 32955 "-" "Mozilla/5.0 AppleWebKit/537.36 (KHTML, like Gecko; compatible; ClaudeBot/1.0; +claudebot@anthropic.com)"
162.0.232.104 - - [02/May/2026:02:23:53 -0400] "POST /wp-cron.php?doing_wp_cron=1777703033.5723791122436523437500 HTTP/1.1" 200 0 "-" "WordPress/6.9.4; https://techfabasia.com"
216.73.216.125 - - [02/May/2026:02:23:49 -0400] "GET /view/item/01652063532 HTTP/1.1" 404 32968 "-" "Mozilla/5.0 AppleWebKit/537.36 (KHTML, like Gecko; compatible; ClaudeBot/1.0; +claudebot@anthropic.com)"
79.137.67.30 - - [02/May/2026:02:24:09 -0400] "GET /robots.txt HTTP/1.1" 200 81 "-" "Mozilla/5.0 (compatible; MJ12bot/v1.4.8; http://mj12bot.com/)"
216.73.216.125 - - [02/May/2026:02:24:12 -0400] "GET /view/item/01167697572 HTTP/1.1" 404 33018 "-" "Mozilla/5.0 AppleWebKit/537.36 (KHTML, like Gecko; compatible; ClaudeBot/1.0; +claudebot@anthropic.com)"
79.137.67.30 - - [02/May/2026:02:24:13 -0400] "GET /shop/3d-inline-automatic-inspection%EF%BC%88axi%EF%BC%89lx9200/ HTTP/1.1" 200 33054 "-" "Mozilla/5.0 (compatible; MJ12bot/v1.4.8; http://mj12bot.com/)"
216.73.216.125 - - [02/May/2026:02:24:19 -0400] "GET /view/item/01426652258 HTTP/1.1" 404 33041 "-" "Mozilla/5.0 AppleWebKit/537.36 (KHTML, like Gecko; compatible; ClaudeBot/1.0; +claudebot@anthropic.com)"
162.0.232.104 - - [02/May/2026:02:24:31 -0400] "POST /wp-cron.php?doing_wp_cron=1777703071.9415700435638427734375 HTTP/1.1" 200 0 "-" "WordPress/6.9.4; https://techfabasia.com"
216.73.216.125 - - [02/May/2026:02:24:23 -0400] "GET /view/item/01263060874 HTTP/1.1" 404 33054 "-" "Mozilla/5.0 AppleWebKit/537.36 (KHTML, like Gecko; compatible; ClaudeBot/1.0; +claudebot@anthropic.com)"
79.137.67.30 - - [02/May/2026:02:24:27 -0400] "GET /shop/hy-agv250-smt-agv-equipment%EF%BC%88magazine-type%EF%BC%89/ HTTP/1.1" 200 33041 "-" "Mozilla/5.0 (compatible; MJ12bot/v1.4.8; http://mj12bot.com/)"
79.137.67.30 - - [02/May/2026:02:24:39 -0400] "GET /shop/tunnel-type-full-sealing-nitrogen-%EF%AC%81lled-wave-soldering-machine-perfectflow-series/ HTTP/1.1" 200 33056 "-" "Mozilla/5.0 (compatible; MJ12bot/v1.4.8; http://mj12bot.com/)"
162.0.232.104 - - [02/May/2026:02:24:53 -0400] "POST /wp-cron.php?doing_wp_cron=1777703093.1527340412139892578125 HTTP/1.1" 200 0 "-" "WordPress/6.9.4; https://techfabasia.com"
79.137.67.30 - - [02/May/2026:02:24:47 -0400] "GET /shop/unl-series-ndt-x-ray-machine-for-tire-inspection%EF%BC%88dr%EF%BC%89/feed/ HTTP/1.1" 200 486 "-" "Mozilla/5.0 (compatible; MJ12bot/v1.4.8; http://mj12bot.com/)"
216.73.216.125 - - [02/May/2026:02:24:47 -0400] "GET /view/item/012576167641 HTTP/1.1" 404 32990 "-" "Mozilla/5.0 AppleWebKit/537.36 (KHTML, like Gecko; compatible; ClaudeBot/1.0; +claudebot@anthropic.com)"
79.137.67.30 - - [02/May/2026:02:24:56 -0400] "GET /shop/unl-series-ndt-x-ray-machine-for-tire-inspection%EF%BC%88dr%EF%BC%89/ HTTP/1.1" 200 33087 "-" "Mozilla/5.0 (compatible; MJ12bot/v1.4.8; http://mj12bot.com/)"
216.73.216.125 - - [02/May/2026:02:24:59 -0400] "GET /view/item/011915734941 HTTP/1.1" 404 33033 "-" "Mozilla/5.0 AppleWebKit/537.36 (KHTML, like Gecko; compatible; ClaudeBot/1.0; +claudebot@anthropic.com)"
216.73.216.125 - - [02/May/2026:02:25:23 -0400] "GET /view/item/013814916203 HTTP/1.1" 404 33013 "-" "Mozilla/5.0 AppleWebKit/537.36 (KHTML, like Gecko; compatible; ClaudeBot/1.0; +claudebot@anthropic.com)"
216.73.216.125 - - [02/May/2026:02:25:43 -0400] "GET /view/item/01754236851 HTTP/1.1" 404 33011 "-" "Mozilla/5.0 AppleWebKit/537.36 (KHTML, like Gecko; compatible; ClaudeBot/1.0; +claudebot@anthropic.com)"
162.0.232.104 - - [02/May/2026:02:26:09 -0400] "POST /wp-cron.php?doing_wp_cron=1777703169.9666590690612792968750 HTTP/1.1" 200 0 "-" "WordPress/6.9.4; https://techfabasia.com"
216.73.216.125 - - [02/May/2026:02:26:05 -0400] "GET /view/item/013801277200 HTTP/1.1" 404 32969 "-" "Mozilla/5.0 AppleWebKit/537.36 (KHTML, like Gecko; compatible; ClaudeBot/1.0; +claudebot@anthropic.com)"
216.73.216.125 - - [02/May/2026:02:26:18 -0400] "GET /view/item/013000846635 HTTP/1.1" 404 32956 "-" "Mozilla/5.0 AppleWebKit/537.36 (KHTML, like Gecko; compatible; ClaudeBot/1.0; +claudebot@anthropic.com)"
216.73.216.125 - - [02/May/2026:02:26:42 -0400] "GET /view/item/013028648104 HTTP/1.1" 404 32993 "-" "Mozilla/5.0 AppleWebKit/537.36 (KHTML, like Gecko; compatible; ClaudeBot/1.0; +claudebot@anthropic.com)"
162.0.232.104 - - [02/May/2026:02:26:53 -0400] "POST /wp-cron.php?doing_wp_cron=1777703213.5557758808135986328125 HTTP/1.1" 200 0 "-" "WordPress/6.9.4; https://techfabasia.com"
216.73.216.125 - - [02/May/2026:02:26:49 -0400] "GET /view/item/013023794079 HTTP/1.1" 404 33020 "-" "Mozilla/5.0 AppleWebKit/537.36 (KHTML, like Gecko; compatible; ClaudeBot/1.0; +claudebot@anthropic.com)"
216.73.216.125 - - [02/May/2026:02:27:06 -0400] "GET /view/item/012244296178 HTTP/1.1" 404 32989 "-" "Mozilla/5.0 AppleWebKit/537.36 (KHTML, like Gecko; compatible; ClaudeBot/1.0; +claudebot@anthropic.com)"
216.73.216.125 - - [02/May/2026:02:27:30 -0400] "GET /view/item/011265009179 HTTP/1.1" 404 32994 "-" "Mozilla/5.0 AppleWebKit/537.36 (KHTML, like Gecko; compatible; ClaudeBot/1.0; +claudebot@anthropic.com)"
216.73.216.125 - - [02/May/2026:02:27:38 -0400] "GET /view/item/013340018920 HTTP/1.1" 404 32958 "-" "Mozilla/5.0 AppleWebKit/537.36 (KHTML, like Gecko; compatible; ClaudeBot/1.0; +claudebot@anthropic.com)"
162.0.232.104 - - [02/May/2026:02:28:04 -0400] "POST /wp-cron.php?doing_wp_cron=1777703284.5700509548187255859375 HTTP/1.1" 200 0 "-" "WordPress/6.9.4; https://techfabasia.com"
216.73.216.125 - - [02/May/2026:02:28:00 -0400] "GET /view/item/013665316424 HTTP/1.1" 404 32995 "-" "Mozilla/5.0 AppleWebKit/537.36 (KHTML, like Gecko; compatible; ClaudeBot/1.0; +claudebot@anthropic.com)"
216.73.216.125 - - [02/May/2026:02:28:09 -0400] "GET /view/item/01639604988 HTTP/1.1" 404 33019 "-" "Mozilla/5.0 AppleWebKit/537.36 (KHTML, like Gecko; compatible; ClaudeBot/1.0; +claudebot@anthropic.com)"
216.73.216.125 - - [02/May/2026:02:28:33 -0400] "GET /view/item/012085945938 HTTP/1.1" 404 33030 "-" "Mozilla/5.0 AppleWebKit/537.36 (KHTML, like Gecko; compatible; ClaudeBot/1.0; +claudebot@anthropic.com)"
162.0.232.104 - - [02/May/2026:02:28:48 -0400] "POST /wp-cron.php?doing_wp_cron=1777703328.5729289054870605468750 HTTP/1.1" 200 0 "-" "WordPress/6.9.4; https://techfabasia.com"
216.73.216.125 - - [02/May/2026:02:28:39 -0400] "GET /view/item/012397538027 HTTP/1.1" 404 33013 "-" "Mozilla/5.0 AppleWebKit/537.36 (KHTML, like Gecko; compatible; ClaudeBot/1.0; +claudebot@anthropic.com)"
216.73.216.125 - - [02/May/2026:02:29:05 -0400] "GET /view/item/012560485338 HTTP/1.1" 404 32957 "-" "Mozilla/5.0 AppleWebKit/537.36 (KHTML, like Gecko; compatible; ClaudeBot/1.0; +claudebot@anthropic.com)"
216.73.216.125 - - [02/May/2026:02:29:29 -0400] "GET /view/item/011651040029 HTTP/1.1" 404 32964 "-" "Mozilla/5.0 AppleWebKit/537.36 (KHTML, like Gecko; compatible; ClaudeBot/1.0; +claudebot@anthropic.com)"
216.73.216.125 - - [02/May/2026:02:29:38 -0400] "GET /view/item/012306636618 HTTP/1.1" 404 32994 "-" "Mozilla/5.0 AppleWebKit/537.36 (KHTML, like Gecko; compatible; ClaudeBot/1.0; +claudebot@anthropic.com)"
162.0.232.104 - - [02/May/2026:02:30:11 -0400] "POST /wp-cron.php?doing_wp_cron=1777703411.0801620483398437500000 HTTP/1.1" 200 0 "-" "WordPress/6.9.4; https://techfabasia.com"
216.73.216.125 - - [02/May/2026:02:30:05 -0400] "GET /view/item/013671622206 HTTP/1.1" 404 32995 "-" "Mozilla/5.0 AppleWebKit/537.36 (KHTML, like Gecko; compatible; ClaudeBot/1.0; +claudebot@anthropic.com)"
216.73.216.125 - - [02/May/2026:02:30:26 -0400] "GET /view/item/013367534239 HTTP/1.1" 404 32989 "-" "Mozilla/5.0 AppleWebKit/537.36 (KHTML, like Gecko; compatible; ClaudeBot/1.0; +claudebot@anthropic.com)"
216.73.216.125 - - [02/May/2026:02:30:34 -0400] "GET /view/item/011968025142 HTTP/1.1" 404 32969 "-" "Mozilla/5.0 AppleWebKit/537.36 (KHTML, like Gecko; compatible; ClaudeBot/1.0; +claudebot@anthropic.com)"
162.0.232.104 - - [02/May/2026:02:31:02 -0400] "POST /wp-cron.php?doing_wp_cron=1777703462.2966060638427734375000 HTTP/1.1" 200 0 "-" "WordPress/6.9.4; https://techfabasia.com"
216.73.216.125 - - [02/May/2026:02:30:58 -0400] "GET /view/item/011351686527 HTTP/1.1" 404 33042 "-" "Mozilla/5.0 AppleWebKit/537.36 (KHTML, like Gecko; compatible; ClaudeBot/1.0; +claudebot@anthropic.com)"
216.73.216.125 - - [02/May/2026:02:31:06 -0400] "GET /view/item/012082129802 HTTP/1.1" 404 33070 "-" "Mozilla/5.0 AppleWebKit/537.36 (KHTML, like Gecko; compatible; ClaudeBot/1.0; +claudebot@anthropic.com)"
216.73.216.125 - - [02/May/2026:02:31:24 -0400] "GET /view/item/012164432136 HTTP/1.1" 404 33040 "-" "Mozilla/5.0 AppleWebKit/537.36 (KHTML, like Gecko; compatible; ClaudeBot/1.0; +claudebot@anthropic.com)"
162.0.232.104 - - [02/May/2026:02:31:51 -0400] "POST /wp-cron.php?doing_wp_cron=1777703511.2417020797729492187500 HTTP/1.1" 200 0 "-" "WordPress/6.9.4; https://techfabasia.com"
216.73.216.125 - - [02/May/2026:02:31:47 -0400] "GET /view/item/01968729935 HTTP/1.1" 404 33055 "-" "Mozilla/5.0 AppleWebKit/537.36 (KHTML, like Gecko; compatible; ClaudeBot/1.0; +claudebot@anthropic.com)"
162.0.232.104 - - [02/May/2026:02:32:18 -0400] "POST /wp-cron.php?doing_wp_cron=1777703538.7593710422515869140625 HTTP/1.1" 200 0 "-" "WordPress/6.9.4; https://techfabasia.com"
216.73.216.125 - - [02/May/2026:02:32:11 -0400] "GET /view/item/014004156097 HTTP/1.1" 404 33020 "-" "Mozilla/5.0 AppleWebKit/537.36 (KHTML, like Gecko; compatible; ClaudeBot/1.0; +claudebot@anthropic.com)"
216.73.216.125 - - [02/May/2026:02:32:19 -0400] "GET /view/item/011374192604 HTTP/1.1" 404 33040 "-" "Mozilla/5.0 AppleWebKit/537.36 (KHTML, like Gecko; compatible; ClaudeBot/1.0; +claudebot@anthropic.com)"
216.73.216.125 - - [02/May/2026:02:32:39 -0400] "GET /view/item/01439040084 HTTP/1.1" 404 33042 "-" "Mozilla/5.0 AppleWebKit/537.36 (KHTML, like Gecko; compatible; ClaudeBot/1.0; +claudebot@anthropic.com)"
162.0.232.104 - - [02/May/2026:02:33:07 -0400] "POST /wp-cron.php?doing_wp_cron=1777703587.5279569625854492187500 HTTP/1.1" 200 0 "-" "WordPress/6.9.4; https://techfabasia.com"
216.73.216.125 - - [02/May/2026:02:33:03 -0400] "GET /view/item/014224844656 HTTP/1.1" 404 33062 "-" "Mozilla/5.0 AppleWebKit/537.36 (KHTML, like Gecko; compatible; ClaudeBot/1.0; +claudebot@anthropic.com)"
66.249.74.110 - - [02/May/2026:02:33:14 -0400] "GET /view/item/011397357086 HTTP/1.1" 200 29998 "-" "Mozilla/5.0 (Linux; Android 6.0.1; Nexus 5X Build/MMB29P) AppleWebKit/537.36 (KHTML, like Gecko) Chrome/147.0.7727.137 Mobile Safari/537.36 (compatible; Googlebot/2.1; +http://www.google.com/bot.html)"
216.73.216.125 - - [02/May/2026:02:33:10 -0400] "GET /view/item/012584757309 HTTP/1.1" 200 0 "-" "Mozilla/5.0 AppleWebKit/537.36 (KHTML, like Gecko; compatible; ClaudeBot/1.0; +claudebot@anthropic.com)"
216.73.216.125 - - [02/May/2026:02:33:34 -0400] "GET /view/item/014220186318 HTTP/1.1" 404 32967 "-" "Mozilla/5.0 AppleWebKit/537.36 (KHTML, like Gecko; compatible; ClaudeBot/1.0; +claudebot@anthropic.com)"
216.73.216.125 - - [02/May/2026:02:33:41 -0400] "GET /view/item/01365325286 HTTP/1.1" 404 32938 "-" "Mozilla/5.0 AppleWebKit/537.36 (KHTML, like Gecko; compatible; ClaudeBot/1.0; +claudebot@anthropic.com)"
162.0.232.104 - - [02/May/2026:02:33:57 -0400] "POST /wp-cron.php?doing_wp_cron=1777703637.2565419673919677734375 HTTP/1.1" 200 0 "-" "WordPress/6.9.4; https://techfabasia.com"
216.73.216.125 - - [02/May/2026:02:33:53 -0400] "GET /view/item/013088460580 HTTP/1.1" 404 33013 "-" "Mozilla/5.0 AppleWebKit/537.36 (KHTML, like Gecko; compatible; ClaudeBot/1.0; +claudebot@anthropic.com)"
216.73.216.125 - - [02/May/2026:02:34:17 -0400] "GET /view/item/012265956819 HTTP/1.1" 404 33059 "-" "Mozilla/5.0 AppleWebKit/537.36 (KHTML, like Gecko; compatible; ClaudeBot/1.0; +claudebot@anthropic.com)"
216.73.216.125 - - [02/May/2026:02:34:26 -0400] "GET /view/item/013174487193 HTTP/1.1" 404 33053 "-" "Mozilla/5.0 AppleWebKit/537.36 (KHTML, like Gecko; compatible; ClaudeBot/1.0; +claudebot@anthropic.com)"
216.73.216.125 - - [02/May/2026:02:34:36 -0400] "GET /view/item/01104118660 HTTP/1.1" 404 32971 "-" "Mozilla/5.0 AppleWebKit/537.36 (KHTML, like Gecko; compatible; ClaudeBot/1.0; +claudebot@anthropic.com)"
162.0.232.104 - - [02/May/2026:02:35:03 -0400] "POST /wp-cron.php?doing_wp_cron=1777703703.2783579826354980468750 HTTP/1.1" 200 0 "-" "WordPress/6.9.4; https://techfabasia.com"
216.73.216.125 - - [02/May/2026:02:34:59 -0400] "GET /view/item/01231311311 HTTP/1.1" 404 32967 "-" "Mozilla/5.0 AppleWebKit/537.36 (KHTML, like Gecko; compatible; ClaudeBot/1.0; +claudebot@anthropic.com)"
216.73.216.125 - - [02/May/2026:02:35:24 -0400] "GET /view/item/011772046906 HTTP/1.1" 404 32967 "-" "Mozilla/5.0 AppleWebKit/537.36 (KHTML, like Gecko; compatible; ClaudeBot/1.0; +claudebot@anthropic.com)"
162.0.232.104 - - [02/May/2026:02:35:50 -0400] "POST /wp-cron.php?doing_wp_cron=1777703750.9364750385284423828125 HTTP/1.1" 200 0 "-" "WordPress/6.9.4; https://techfabasia.com"
216.73.216.125 - - [02/May/2026:02:35:47 -0400] "GET /view/item/012227238193 HTTP/1.1" 404 33013 "-" "Mozilla/5.0 AppleWebKit/537.36 (KHTML, like Gecko; compatible; ClaudeBot/1.0; +claudebot@anthropic.com)"
216.73.216.125 - - [02/May/2026:02:35:55 -0400] "GET /view/item/012797362498 HTTP/1.1" 404 32958 "-" "Mozilla/5.0 AppleWebKit/537.36 (KHTML, like Gecko; compatible; ClaudeBot/1.0; +claudebot@anthropic.com)"
216.73.216.125 - - [02/May/2026:02:36:12 -0400] "GET /view/item/013933065578 HTTP/1.1" 404 32968 "-" "Mozilla/5.0 AppleWebKit/537.36 (KHTML, like Gecko; compatible; ClaudeBot/1.0; +claudebot@anthropic.com)"
216.73.216.125 - - [02/May/2026:02:36:36 -0400] "GET /view/item/014275466357 HTTP/1.1" 404 32999 "-" "Mozilla/5.0 AppleWebKit/537.36 (KHTML, like Gecko; compatible; ClaudeBot/1.0; +claudebot@anthropic.com)"
47.128.63.185 - - [02/May/2026:02:36:37 -0400] "GET /shop/ax9100-max-x-ray-inspection-equipment/ HTTP/1.1" 200 32932 "-" "Mozilla/5.0 (compatible; Bytespider; spider-feedback@bytedance.com) AppleWebKit/537.36 (KHTML, like Gecko) Chrome/70.0.0.0 Safari/537.36"
47.128.63.185 - - [02/May/2026:02:36:45 -0400] "GET /wp-content/plugins/revslider/public/css/sr7.css?ver=6.7.34 HTTP/1.1" 200 1392 "https://techfabasia.com/shop/ax9100-max-x-ray-inspection-equipment/" "Mozilla/5.0 (compatible; Bytespider; spider-feedback@bytedance.com) AppleWebKit/537.36 (KHTML, like Gecko) Chrome/70.0.0.0 Safari/537.36"
47.128.63.185 - - [02/May/2026:02:36:46 -0400] "GET /wp-content/plugins/woocommerce/assets/css/photoswipe/default-skin/default-skin.min.css?ver=10.7.0 HTTP/1.1" 200 1759 "https://techfabasia.com/shop/ax9100-max-x-ray-inspection-equipment/" "Mozilla/5.0 (compatible; Bytespider; spider-feedback@bytedance.com) AppleWebKit/537.36 (KHTML, like Gecko) Chrome/70.0.0.0 Safari/537.36"
47.128.63.185 - - [02/May/2026:02:36:46 -0400] "GET /wp-content/plugins/yith-woocommerce-compare/assets/css/compare.css?ver=3.9.0 HTTP/1.1" 200 3190 "https://techfabasia.com/shop/ax9100-max-x-ray-inspection-equipment/" "Mozilla/5.0 (compatible; Bytespider; spider-feedback@bytedance.com) AppleWebKit/537.36 (KHTML, like Gecko) Chrome/70.0.0.0 Safari/537.36"
47.128.63.185 - - [02/May/2026:02:36:46 -0400] "GET /wp-content/plugins/woocommerce/assets/client/blocks/coming-soon.css?ver=wc-10.7.0 HTTP/1.1" 200 594 "https://techfabasia.com/shop/ax9100-max-x-ray-inspection-equipment/" "Mozilla/5.0 (compatible; Bytespider; spider-feedback@bytedance.com) AppleWebKit/537.36 (KHTML, like Gecko) Chrome/70.0.0.0 Safari/537.36"
162.0.232.104 - - [02/May/2026:02:36:48 -0400] "POST /wp-cron.php?doing_wp_cron=1777703808.7758460044860839843750 HTTP/1.1" 200 0 "-" "WordPress/6.9.4; https://techfabasia.com"
216.73.216.125 - - [02/May/2026:02:36:43 -0400] "GET /view/item/011833340593 HTTP/1.1" 404 33000 "-" "Mozilla/5.0 AppleWebKit/537.36 (KHTML, like Gecko; compatible; ClaudeBot/1.0; +claudebot@anthropic.com)"
216.73.216.125 - - [02/May/2026:02:37:08 -0400] "GET /view/item/01778912875 HTTP/1.1" 404 33040 "-" "Mozilla/5.0 AppleWebKit/537.36 (KHTML, like Gecko; compatible; ClaudeBot/1.0; +claudebot@anthropic.com)"
216.73.216.125 - - [02/May/2026:02:37:14 -0400] "GET /view/item/011836375910 HTTP/1.1" 404 32988 "-" "Mozilla/5.0 AppleWebKit/537.36 (KHTML, like Gecko; compatible; ClaudeBot/1.0; +claudebot@anthropic.com)"
47.128.63.164 - - [02/May/2026:02:37:29 -0400] "GET /product-category/laptops-computers/servers/ HTTP/1.1" 200 31877 "-" "Mozilla/5.0 (compatible; Bytespider; spider-feedback@bytedance.com) AppleWebKit/537.36 (KHTML, like Gecko) Chrome/70.0.0.0 Safari/537.36"
216.73.216.125 - - [02/May/2026:02:37:38 -0400] "GET /view/item/014273138622 HTTP/1.1" 200 184 "-" "Mozilla/5.0 AppleWebKit/537.36 (KHTML, like Gecko; compatible; ClaudeBot/1.0; +claudebot@anthropic.com)"
47.128.63.164 - - [02/May/2026:02:37:42 -0400] "GET /wp-content/plugins/revslider/public/css/sr7.css?ver=6.7.34 HTTP/1.1" 200 1392 "https://techfabasia.com/product-category/laptops-computers/servers/" "Mozilla/5.0 (compatible; Bytespider; spider-feedback@bytedance.com) AppleWebKit/537.36 (KHTML, like Gecko) Chrome/70.0.0.0 Safari/537.36"
47.128.63.164 - - [02/May/2026:02:37:42 -0400] "GET /wp-content/plugins/yith-woocommerce-compare/assets/css/compare.css?ver=3.9.0 HTTP/1.1" 200 3190 "https://techfabasia.com/product-category/laptops-computers/servers/" "Mozilla/5.0 (compatible; Bytespider; spider-feedback@bytedance.com) AppleWebKit/537.36 (KHTML, like Gecko) Chrome/70.0.0.0 Safari/537.36"
47.128.63.164 - - [02/May/2026:02:37:42 -0400] "GET /wp-content/themes/electro/assets/vendor/animate.css/animate.min.css?ver=3.5.7 HTTP/1.1" 200 4019 "https://techfabasia.com/product-category/laptops-computers/servers/" "Mozilla/5.0 (compatible; Bytespider; spider-feedback@bytedance.com) AppleWebKit/537.36 (KHTML, like Gecko) Chrome/70.0.0.0 Safari/537.36"
47.128.63.164 - - [02/May/2026:02:37:44 -0400] "GET /wp-content/plugins/js_composer/assets/css/js_composer.min.css?ver=8.4.1 HTTP/1.1" 200 41803 "https://techfabasia.com/product-category/laptops-computers/servers/" "Mozilla/5.0 (compatible; Bytespider; spider-feedback@bytedance.com) AppleWebKit/537.36 (KHTML, like Gecko) Chrome/70.0.0.0 Safari/537.36"
162.0.232.104 - - [02/May/2026:02:37:49 -0400] "POST /wp-cron.php?doing_wp_cron=1777703869.7959589958190917968750 HTTP/1.1" 200 0 "-" "WordPress/6.9.4; https://techfabasia.com"
216.73.216.125 - - [02/May/2026:02:37:45 -0400] "GET /view/item/0118190926 HTTP/1.1" 404 32935 "-" "Mozilla/5.0 AppleWebKit/537.36 (KHTML, like Gecko; compatible; ClaudeBot/1.0; +claudebot@anthropic.com)"
47.128.63.164 - - [02/May/2026:02:37:50 -0400] "GET /wp-content/uploads/2018/10/electro-brand-placeholder.png HTTP/1.1" 206 337 "https://techfabasia.com/product-category/laptops-computers/servers/" "Mozilla/5.0 (compatible; Bytespider; spider-feedback@bytedance.com) AppleWebKit/537.36 (KHTML, like Gecko) Chrome/70.0.0.0 Safari/537.36"
47.128.63.162 - - [02/May/2026:02:38:05 -0400] "GET /shop/3d-inline-automatic-inspection%EF%BC%88axi%EF%BC%89lx9200/ HTTP/1.1" 200 33054 "-" "Mozilla/5.0 (compatible; Bytespider; spider-feedback@bytedance.com) AppleWebKit/537.36 (KHTML, like Gecko) Chrome/70.0.0.0 Safari/537.36"
216.73.216.125 - - [02/May/2026:02:38:09 -0400] "GET /view/item/012747529673 HTTP/1.1" 200 0 "-" "Mozilla/5.0 AppleWebKit/537.36 (KHTML, like Gecko; compatible; ClaudeBot/1.0; +claudebot@anthropic.com)"
47.128.63.162 - - [02/May/2026:02:38:24 -0400] "GET /wp-content/plugins/revslider/public/css/sr7.css?ver=6.7.34 HTTP/1.1" 200 1392 "https://techfabasia.com/shop/3d-inline-automatic-inspection%EF%BC%88axi%EF%BC%89lx9200/" "Mozilla/5.0 (compatible; Bytespider; spider-feedback@bytedance.com) AppleWebKit/537.36 (KHTML, like Gecko) Chrome/70.0.0.0 Safari/537.36"
47.128.63.162 - - [02/May/2026:02:38:24 -0400] "GET /wp-content/themes/electro/assets/css/font-electro.css?ver=3.5.7 HTTP/1.1" 200 691 "https://techfabasia.com/shop/3d-inline-automatic-inspection%EF%BC%88axi%EF%BC%89lx9200/" "Mozilla/5.0 (compatible; Bytespider; spider-feedback@bytedance.com) AppleWebKit/537.36 (KHTML, like Gecko) Chrome/70.0.0.0 Safari/537.36"
47.128.63.162 - - [02/May/2026:02:38:25 -0400] "GET /wp-content/themes/electro/assets/vendor/fontawesome/css/all.min.css?ver=3.5.7 HTTP/1.1" 200 21985 "https://techfabasia.com/shop/3d-inline-automatic-inspection%EF%BC%88axi%EF%BC%89lx9200/" "Mozilla/5.0 (compatible; Bytespider; spider-feedback@bytedance.com) AppleWebKit/537.36 (KHTML, like Gecko) Chrome/70.0.0.0 Safari/537.36"
47.128.63.162 - - [02/May/2026:02:38:26 -0400] "GET /wp-content/plugins/yith-woocommerce-compare/assets/css/jquery.dataTables.css?ver=1.10.18 HTTP/1.1" 200 1866 "https://techfabasia.com/shop/3d-inline-automatic-inspection%EF%BC%88axi%EF%BC%89lx9200/" "Mozilla/5.0 (compatible; Bytespider; spider-feedback@bytedance.com) AppleWebKit/537.36 (KHTML, like Gecko) Chrome/70.0.0.0 Safari/537.36"
47.128.63.162 - - [02/May/2026:02:38:27 -0400] "GET /wp-content/uploads/2018/10/electro-placeholder-statick-block-1.png HTTP/1.1" 206 500 "https://techfabasia.com/shop/3d-inline-automatic-inspection%EF%BC%88axi%EF%BC%89lx9200/" "Mozilla/5.0 (compatible; Bytespider; spider-feedback@bytedance.com) AppleWebKit/537.36 (KHTML, like Gecko) Chrome/70.0.0.0 Safari/537.36"
216.73.216.125 - - [02/May/2026:02:38:18 -0400] "GET /view/item/0165802617 HTTP/1.1" 200 0 "-" "Mozilla/5.0 AppleWebKit/537.36 (KHTML, like Gecko; compatible; ClaudeBot/1.0; +claudebot@anthropic.com)"
47.128.63.177 - - [02/May/2026:02:38:25 -0400] "GET /product-category/accessories/headphones/wireless-and-bluetooth/ HTTP/1.1" 200 31947 "-" "Mozilla/5.0 (compatible; Bytespider; spider-feedback@bytedance.com) AppleWebKit/537.36 (KHTML, like Gecko) Chrome/70.0.0.0 Safari/537.36"
47.128.63.177 - - [02/May/2026:02:38:34 -0400] "GET /wp-content/plugins/yith-woocommerce-compare/assets/css/jquery.dataTables.css?ver=1.10.18 HTTP/1.1" 200 1866 "https://techfabasia.com/product-category/accessories/headphones/wireless-and-bluetooth/" "Mozilla/5.0 (compatible; Bytespider; spider-feedback@bytedance.com) AppleWebKit/537.36 (KHTML, like Gecko) Chrome/70.0.0.0 Safari/537.36"
47.128.63.177 - - [02/May/2026:02:38:35 -0400] "GET /wp-content/plugins/yith-woocommerce-compare/assets/css/widget.css?ver=3.9.0 HTTP/1.1" 200 410 "https://techfabasia.com/product-category/accessories/headphones/wireless-and-bluetooth/" "Mozilla/5.0 (compatible; Bytespider; spider-feedback@bytedance.com) AppleWebKit/537.36 (KHTML, like Gecko) Chrome/70.0.0.0 Safari/537.36"
47.128.63.177 - - [02/May/2026:02:38:35 -0400] "GET /wp-content/plugins/wpforms-lite/assets/css/frontend/modern/wpforms-full.min.css?ver=1.10.0.4 HTTP/1.1" 200 15488 "https://techfabasia.com/product-category/accessories/headphones/wireless-and-bluetooth/" "Mozilla/5.0 (compatible; Bytespider; spider-feedback@bytedance.com) AppleWebKit/537.36 (KHTML, like Gecko) Chrome/70.0.0.0 Safari/537.36"
47.128.63.177 - - [02/May/2026:02:38:37 -0400] "GET /wp-content/uploads/2018/10/electro-slider-placeholder-1.png HTTP/1.1" 206 500 "https://techfabasia.com/product-category/accessories/headphones/wireless-and-bluetooth/" "Mozilla/5.0 (compatible; Bytespider; spider-feedback@bytedance.com) AppleWebKit/537.36 (KHTML, like Gecko) Chrome/70.0.0.0 Safari/537.36"
47.128.63.177 - - [02/May/2026:02:38:38 -0400] "GET /wp-content/uploads/2025/05/8-4-100x100.jpg HTTP/1.1" 206 500 "https://techfabasia.com/product-category/accessories/headphones/wireless-and-bluetooth/" "Mozilla/5.0 (compatible; Bytespider; spider-feedback@bytedance.com) AppleWebKit/537.36 (KHTML, like Gecko) Chrome/70.0.0.0 Safari/537.36"
47.128.63.177 - - [02/May/2026:02:38:39 -0400] "GET /wp-content/uploads/2020/11/footer-wdiget-banner.png HTTP/1.1" 206 500 "https://techfabasia.com/product-category/accessories/headphones/wireless-and-bluetooth/" "Mozilla/5.0 (compatible; Bytespider; spider-feedback@bytedance.com) AppleWebKit/537.36 (KHTML, like Gecko) Chrome/70.0.0.0 Safari/537.36"
216.73.216.125 - - [02/May/2026:02:38:42 -0400] "GET /view/item/0143209844 HTTP/1.1" 404 32935 "-" "Mozilla/5.0 AppleWebKit/537.36 (KHTML, like Gecko; compatible; ClaudeBot/1.0; +claudebot@anthropic.com)"
47.128.63.162 - - [02/May/2026:02:38:47 -0400] "GET /wp-content/uploads/2018/10/electro-slider-placeholder-1.png HTTP/1.1" 206 500 "https://techfabasia.com/shop/3d-inline-automatic-inspection%EF%BC%88axi%EF%BC%89lx9200/" "Mozilla/5.0 (compatible; Bytespider; spider-feedback@bytedance.com) AppleWebKit/537.36 (KHTML, like Gecko) Chrome/70.0.0.0 Safari/537.36"
47.128.63.162 - - [02/May/2026:02:38:47 -0400] "GET /wp-content/uploads/2018/10/electro-brand-placeholder.png HTTP/1.1" 206 337 "https://techfabasia.com/shop/3d-inline-automatic-inspection%EF%BC%88axi%EF%BC%89lx9200/" "Mozilla/5.0 (compatible; Bytespider; spider-feedback@bytedance.com) AppleWebKit/537.36 (KHTML, like Gecko) Chrome/70.0.0.0 Safari/537.36"
216.73.216.125 - - [02/May/2026:02:38:51 -0400] "GET /view/item/012896008123 HTTP/1.1" 200 184 "-" "Mozilla/5.0 AppleWebKit/537.36 (KHTML, like Gecko; compatible; ClaudeBot/1.0; +claudebot@anthropic.com)"
162.0.232.104 - - [02/May/2026:02:39:03 -0400] "POST /wp-cron.php?doing_wp_cron=1777703943.8480629920959472656250 HTTP/1.1" 200 0 "-" "WordPress/6.9.4; https://techfabasia.com"
47.128.63.2 - - [02/May/2026:02:39:00 -0400] "GET /product-category/laptops-computers/desktop-computers/ HTTP/1.1" 200 31943 "-" "Mozilla/5.0 (compatible; Bytespider; spider-feedback@bytedance.com) AppleWebKit/537.36 (KHTML, like Gecko) Chrome/70.0.0.0 Safari/537.36"
47.128.63.2 - - [02/May/2026:02:39:04 -0400] "GET /wp-content/themes/electro/assets/css/colors/blue.min.css?ver=3.5.7 HTTP/1.1" 200 5171 "https://techfabasia.com/product-category/laptops-computers/desktop-computers/" "Mozilla/5.0 (compatible; Bytespider; spider-feedback@bytedance.com) AppleWebKit/537.36 (KHTML, like Gecko) Chrome/70.0.0.0 Safari/537.36"
47.128.63.2 - - [02/May/2026:02:39:04 -0400] "GET /wp-content/plugins/yith-woocommerce-compare/assets/css/jquery.dataTables.css?ver=1.10.18 HTTP/1.1" 200 1866 "https://techfabasia.com/product-category/laptops-computers/desktop-computers/" "Mozilla/5.0 (compatible; Bytespider; spider-feedback@bytedance.com) AppleWebKit/537.36 (KHTML, like Gecko) Chrome/70.0.0.0 Safari/537.36"
47.128.63.2 - - [02/May/2026:02:39:05 -0400] "GET /wp-content/uploads/2025/05/ctlogo.png HTTP/1.1" 206 500 "https://techfabasia.com/product-category/laptops-computers/desktop-computers/" "Mozilla/5.0 (compatible; Bytespider; spider-feedback@bytedance.com) AppleWebKit/537.36 (KHTML, like Gecko) Chrome/70.0.0.0 Safari/537.36"
47.128.63.2 - - [02/May/2026:02:39:05 -0400] "GET /wp-content/uploads/2018/10/electro-brand-placeholder.png HTTP/1.1" 206 337 "https://techfabasia.com/product-category/laptops-computers/desktop-computers/" "Mozilla/5.0 (compatible; Bytespider; spider-feedback@bytedance.com) AppleWebKit/537.36 (KHTML, like Gecko) Chrome/70.0.0.0 Safari/537.36"
216.73.216.125 - - [02/May/2026:02:39:15 -0400] "GET /view/item/013733819206 HTTP/1.1" 404 32971 "-" "Mozilla/5.0 AppleWebKit/537.36 (KHTML, like Gecko; compatible; ClaudeBot/1.0; +claudebot@anthropic.com)"
216.73.216.125 - - [02/May/2026:02:39:21 -0400] "GET /view/item/014218839989 HTTP/1.1" 404 32990 "-" "Mozilla/5.0 AppleWebKit/537.36 (KHTML, like Gecko; compatible; ClaudeBot/1.0; +claudebot@anthropic.com)"
162.0.232.104 - - [02/May/2026:02:39:33 -0400] "POST /wp-cron.php?doing_wp_cron=1777703973.5447559356689453125000 HTTP/1.1" 200 0 "-" "WordPress/6.9.4; https://techfabasia.com"
216.73.216.125 - - [02/May/2026:02:39:29 -0400] "GET /view/item/01914085597 HTTP/1.1" 404 33054 "-" "Mozilla/5.0 AppleWebKit/537.36 (KHTML, like Gecko; compatible; ClaudeBot/1.0; +claudebot@anthropic.com)"
47.128.63.215 - - [02/May/2026:02:39:34 -0400] "GET /shop/3d-inline-automatic-inspection%EF%BC%88axi%EF%BC%89lx9200/ HTTP/1.1" 200 33056 "-" "Mozilla/5.0 (Linux; Android 5.0) AppleWebKit/537.36 (KHTML, like Gecko) Mobile Safari/537.36 (compatible; Bytespider; spider-feedback@bytedance.com)"
47.128.63.215 - - [02/May/2026:02:39:41 -0400] "GET /wp-content/plugins/yith-woocommerce-wishlist/assets/css/frontend/add-to-wishlist.css?ver=4.14.0 HTTP/1.1" 200 3034 "https://techfabasia.com/shop/3d-inline-automatic-inspection%EF%BC%88axi%EF%BC%89lx9200/" "Mozilla/5.0 (Linux; Android 5.0) AppleWebKit/537.36 (KHTML, like Gecko) Mobile Safari/537.36 (compatible; Bytespider; spider-feedback@bytedance.com)"
47.128.63.215 - - [02/May/2026:02:39:42 -0400] "GET /wp-content/plugins/woocommerce/assets/css/brands.css?ver=10.7.0 HTTP/1.1" 200 579 "https://techfabasia.com/shop/3d-inline-automatic-inspection%EF%BC%88axi%EF%BC%89lx9200/" "Mozilla/5.0 (Linux; Android 5.0) AppleWebKit/537.36 (KHTML, like Gecko) Mobile Safari/537.36 (compatible; Bytespider; spider-feedback@bytedance.com)"
47.128.63.215 - - [02/May/2026:02:39:42 -0400] "GET /wp-content/plugins/yith-woocommerce-compare/assets/css/widget.css?ver=3.9.0 HTTP/1.1" 200 410 "https://techfabasia.com/shop/3d-inline-automatic-inspection%EF%BC%88axi%EF%BC%89lx9200/" "Mozilla/5.0 (Linux; Android 5.0) AppleWebKit/537.36 (KHTML, like Gecko) Mobile Safari/537.36 (compatible; Bytespider; spider-feedback@bytedance.com)"
47.128.63.215 - - [02/May/2026:02:39:42 -0400] "GET /wp-content/uploads/2018/10/electro-slider-placeholder-1.png HTTP/1.1" 206 500 "https://techfabasia.com/shop/3d-inline-automatic-inspection%EF%BC%88axi%EF%BC%89lx9200/" "Mozilla/5.0 (Linux; Android 5.0) AppleWebKit/537.36 (KHTML, like Gecko) Mobile Safari/537.36 (compatible; Bytespider; spider-feedback@bytedance.com)"
162.0.232.104 - - [02/May/2026:02:39:56 -0400] "POST /wp-cron.php?doing_wp_cron=1777703996.8949570655822753906250 HTTP/1.1" 200 0 "-" "WordPress/6.9.4; https://techfabasia.com"
216.73.216.125 - - [02/May/2026:02:39:52 -0400] "GET /view/item/0132524866 HTTP/1.1" 404 33051 "-" "Mozilla/5.0 AppleWebKit/537.36 (KHTML, like Gecko; compatible; ClaudeBot/1.0; +claudebot@anthropic.com)"
216.73.216.125 - - [02/May/2026:02:40:00 -0400] "GET /view/item/012269831896 HTTP/1.1" 404 33014 "-" "Mozilla/5.0 AppleWebKit/537.36 (KHTML, like Gecko; compatible; ClaudeBot/1.0; +claudebot@anthropic.com)"
216.73.216.125 - - [02/May/2026:02:40:24 -0400] "GET /view/item/01119482822 HTTP/1.1" 404 33010 "-" "Mozilla/5.0 AppleWebKit/537.36 (KHTML, like Gecko; compatible; ClaudeBot/1.0; +claudebot@anthropic.com)"
216.73.216.125 - - [02/May/2026:02:40:30 -0400] "GET /view/item/011229446434 HTTP/1.1" 404 33037 "-" "Mozilla/5.0 AppleWebKit/537.36 (KHTML, like Gecko; compatible; ClaudeBot/1.0; +claudebot@anthropic.com)"
162.0.232.104 - - [02/May/2026:02:40:51 -0400] "POST /wp-cron.php?doing_wp_cron=1777704051.6800150871276855468750 HTTP/1.1" 200 0 "-" "WordPress/6.9.4; https://techfabasia.com"
216.73.216.125 - - [02/May/2026:02:40:47 -0400] "GET /view/item/011788198782 HTTP/1.1" 404 33065 "-" "Mozilla/5.0 AppleWebKit/537.36 (KHTML, like Gecko; compatible; ClaudeBot/1.0; +claudebot@anthropic.com)"
216.73.216.125 - - [02/May/2026:02:41:11 -0400] "GET /view/item/01436615902 HTTP/1.1" 404 33023 "-" "Mozilla/5.0 AppleWebKit/537.36 (KHTML, like Gecko; compatible; ClaudeBot/1.0; +claudebot@anthropic.com)"
216.73.216.125 - - [02/May/2026:02:41:35 -0400] "GET /view/item/012052222682 HTTP/1.1" 200 0 "-" "Mozilla/5.0 AppleWebKit/537.36 (KHTML, like Gecko; compatible; ClaudeBot/1.0; +claudebot@anthropic.com)"
162.0.232.104 - - [02/May/2026:02:41:50 -0400] "POST /wp-cron.php?doing_wp_cron=1777704110.1533141136169433593750 HTTP/1.1" 200 0 "-" "WordPress/6.9.4; https://techfabasia.com"
216.73.216.125 - - [02/May/2026:02:41:50 -0400] "GET /view/item/01601167157 HTTP/1.1" 404 33062 "-" "Mozilla/5.0 AppleWebKit/537.36 (KHTML, like Gecko; compatible; ClaudeBot/1.0; +claudebot@anthropic.com)"
216.73.216.125 - - [02/May/2026:02:42:16 -0400] "GET /view/item/01657933969 HTTP/1.1" 404 33042 "-" "Mozilla/5.0 AppleWebKit/537.36 (KHTML, like Gecko; compatible; ClaudeBot/1.0; +claudebot@anthropic.com)"
216.73.216.125 - - [02/May/2026:02:42:24 -0400] "GET /view/item/011908374458 HTTP/1.1" 404 32989 "-" "Mozilla/5.0 AppleWebKit/537.36 (KHTML, like Gecko; compatible; ClaudeBot/1.0; +claudebot@anthropic.com)"
216.73.216.125 - - [02/May/2026:02:42:33 -0400] "GET /view/item/011787364685 HTTP/1.1" 404 33040 "-" "Mozilla/5.0 AppleWebKit/537.36 (KHTML, like Gecko; compatible; ClaudeBot/1.0; +claudebot@anthropic.com)"
216.73.216.125 - - [02/May/2026:02:42:37 -0400] "GET /view/item/011156090964 HTTP/1.1" 404 32989 "-" "Mozilla/5.0 AppleWebKit/537.36 (KHTML, like Gecko; compatible; ClaudeBot/1.0; +claudebot@anthropic.com)"
216.73.216.125 - - [02/May/2026:02:42:48 -0400] "GET /view/item/01580167017 HTTP/1.1" 200 0 "-" "Mozilla/5.0 AppleWebKit/537.36 (KHTML, like Gecko; compatible; ClaudeBot/1.0; +claudebot@anthropic.com)"
162.0.232.104 - - [02/May/2026:02:42:54 -0400] "POST /wp-cron.php?doing_wp_cron=1777704174.6456670761108398437500 HTTP/1.1" 200 0 "-" "WordPress/6.9.4; https://techfabasia.com"
216.73.216.125 - - [02/May/2026:02:42:56 -0400] "GET /view/item/0128872675 HTTP/1.1" 200 0 "-" "Mozilla/5.0 AppleWebKit/537.36 (KHTML, like Gecko; compatible; ClaudeBot/1.0; +claudebot@anthropic.com)"
107.175.136.30 - - [02/May/2026:02:43:16 -0400] "GET /.env HTTP/1.1" 403 1242 "-" "Mozilla/5.0 (Linux; Android 10; K) AppleWebKit/537.36 (KHTML, like Gecko) Chrome/143.0.0.0 Mobile Safari/537.36"
216.73.216.125 - - [02/May/2026:02:43:09 -0400] "GET /view/item/01160720868 HTTP/1.1" 200 0 "-" "Mozilla/5.0 AppleWebKit/537.36 (KHTML, like Gecko; compatible; ClaudeBot/1.0; +claudebot@anthropic.com)"
216.73.216.125 - - [02/May/2026:02:43:15 -0400] "GET /view/item/01614447678 HTTP/1.1" 200 0 "-" "Mozilla/5.0 AppleWebKit/537.36 (KHTML, like Gecko; compatible; ClaudeBot/1.0; +claudebot@anthropic.com)"
216.73.216.125 - - [02/May/2026:02:43:31 -0400] "GET /view/item/0177250879 HTTP/1.1" 200 0 "-" "Mozilla/5.0 AppleWebKit/537.36 (KHTML, like Gecko; compatible; ClaudeBot/1.0; +claudebot@anthropic.com)"
216.73.216.125 - - [02/May/2026:02:43:40 -0400] "GET /view/item/012778656607 HTTP/1.1" 200 0 "-" "Mozilla/5.0 AppleWebKit/537.36 (KHTML, like Gecko; compatible; ClaudeBot/1.0; +claudebot@anthropic.com)"
162.0.232.104 - - [02/May/2026:02:43:48 -0400] "POST /wp-cron.php?doing_wp_cron=1777704228.7529129981994628906250 HTTP/1.1" 200 0 "-" "WordPress/6.9.4; https://techfabasia.com"
216.73.216.125 - - [02/May/2026:02:43:48 -0400] "GET /view/item/012903552807 HTTP/1.1" 404 33017 "-" "Mozilla/5.0 AppleWebKit/537.36 (KHTML, like Gecko; compatible; ClaudeBot/1.0; +claudebot@anthropic.com)"
216.73.216.125 - - [02/May/2026:02:43:54 -0400] "GET /view/item/012643037565 HTTP/1.1" 200 184 "-" "Mozilla/5.0 AppleWebKit/537.36 (KHTML, like Gecko; compatible; ClaudeBot/1.0; +claudebot@anthropic.com)"
216.73.216.125 - - [02/May/2026:02:44:04 -0400] "GET /view/item/011165587119 HTTP/1.1" 404 32989 "-" "Mozilla/5.0 AppleWebKit/537.36 (KHTML, like Gecko; compatible; ClaudeBot/1.0; +claudebot@anthropic.com)"
216.73.216.125 - - [02/May/2026:02:44:09 -0400] "GET /view/item/012392039927 HTTP/1.1" 404 33060 "-" "Mozilla/5.0 AppleWebKit/537.36 (KHTML, like Gecko; compatible; ClaudeBot/1.0; +claudebot@anthropic.com)"
216.73.216.125 - - [02/May/2026:02:44:15 -0400] "GET /view/item/012204164656 HTTP/1.1" 200 184 "-" "Mozilla/5.0 AppleWebKit/537.36 (KHTML, like Gecko; compatible; ClaudeBot/1.0; +claudebot@anthropic.com)"
216.73.216.125 - - [02/May/2026:02:44:24 -0400] "GET /view/item/01794672065 HTTP/1.1" 404 33039 "-" "Mozilla/5.0 AppleWebKit/537.36 (KHTML, like Gecko; compatible; ClaudeBot/1.0; +claudebot@anthropic.com)"
216.73.216.125 - - [02/May/2026:02:44:30 -0400] "GET /view/item/011200978640 HTTP/1.1" 200 0 "-" "Mozilla/5.0 AppleWebKit/537.36 (KHTML, like Gecko; compatible; ClaudeBot/1.0; +claudebot@anthropic.com)"
162.0.232.104 - - [02/May/2026:02:44:50 -0400] "POST /wp-cron.php?doing_wp_cron=1777704290.2114589214324951171875 HTTP/1.1" 200 0 "-" "WordPress/6.9.4; https://techfabasia.com"
216.73.216.125 - - [02/May/2026:02:44:46 -0400] "GET /view/item/011542016966 HTTP/1.1" 404 33075 "-" "Mozilla/5.0 AppleWebKit/537.36 (KHTML, like Gecko; compatible; ClaudeBot/1.0; +claudebot@anthropic.com)"
216.73.216.125 - - [02/May/2026:02:44:52 -0400] "GET /view/item/013403346883 HTTP/1.1" 404 32996 "-" "Mozilla/5.0 AppleWebKit/537.36 (KHTML, like Gecko; compatible; ClaudeBot/1.0; +claudebot@anthropic.com)"
216.73.216.125 - - [02/May/2026:02:44:59 -0400] "GET /view/item/013482633464 HTTP/1.1" 404 32992 "-" "Mozilla/5.0 AppleWebKit/537.36 (KHTML, like Gecko; compatible; ClaudeBot/1.0; +claudebot@anthropic.com)"
216.73.216.125 - - [02/May/2026:02:45:05 -0400] "GET /view/item/011199766541 HTTP/1.1" 404 33072 "-" "Mozilla/5.0 AppleWebKit/537.36 (KHTML, like Gecko; compatible; ClaudeBot/1.0; +claudebot@anthropic.com)"
216.73.216.125 - - [02/May/2026:02:45:11 -0400] "GET /view/item/012431368889 HTTP/1.1" 404 33041 "-" "Mozilla/5.0 AppleWebKit/537.36 (KHTML, like Gecko; compatible; ClaudeBot/1.0; +claudebot@anthropic.com)"
216.73.216.125 - - [02/May/2026:02:45:17 -0400] "GET /view/item/012995741513 HTTP/1.1" 404 33013 "-" "Mozilla/5.0 AppleWebKit/537.36 (KHTML, like Gecko; compatible; ClaudeBot/1.0; +claudebot@anthropic.com)"
216.73.216.125 - - [02/May/2026:02:45:24 -0400] "GET /view/item/012765028663 HTTP/1.1" 404 33057 "-" "Mozilla/5.0 AppleWebKit/537.36 (KHTML, like Gecko; compatible; ClaudeBot/1.0; +claudebot@anthropic.com)"
216.73.216.125 - - [02/May/2026:02:45:31 -0400] "GET /view/item/014181514597 HTTP/1.1" 404 33054 "-" "Mozilla/5.0 AppleWebKit/537.36 (KHTML, like Gecko; compatible; ClaudeBot/1.0; +claudebot@anthropic.com)"
216.73.216.125 - - [02/May/2026:02:45:37 -0400] "GET /view/item/013045645038 HTTP/1.1" 404 33013 "-" "Mozilla/5.0 AppleWebKit/537.36 (KHTML, like Gecko; compatible; ClaudeBot/1.0; +claudebot@anthropic.com)"
162.0.232.104 - - [02/May/2026:02:45:49 -0400] "POST /wp-cron.php?doing_wp_cron=1777704349.9381999969482421875000 HTTP/1.1" 200 0 "-" "WordPress/6.9.4; https://techfabasia.com"
216.73.216.125 - - [02/May/2026:02:45:43 -0400] "GET /view/item/011460187490 HTTP/1.1" 404 33021 "-" "Mozilla/5.0 AppleWebKit/537.36 (KHTML, like Gecko; compatible; ClaudeBot/1.0; +claudebot@anthropic.com)"
3.213.85.234 - - [02/May/2026:02:45:45 -0400] "GET /shop/ai-robot-coffee-vending-machine-white/feed/ HTTP/1.1" 200 462 "-" "Mozilla/5.0 AppleWebKit/537.36 (KHTML, like Gecko; compatible; Amazonbot/0.1; +https://developer.amazon.com/support/amazonbot) Chrome/119.0.6045.214 Safari/537.36"
216.73.216.125 - - [02/May/2026:02:45:57 -0400] "GET /view/item/013244569766 HTTP/1.1" 404 33064 "-" "Mozilla/5.0 AppleWebKit/537.36 (KHTML, like Gecko; compatible; ClaudeBot/1.0; +claudebot@anthropic.com)"
216.73.216.125 - - [02/May/2026:02:46:01 -0400] "GET /view/item/01564754031 HTTP/1.1" 404 33042 "-" "Mozilla/5.0 AppleWebKit/537.36 (KHTML, like Gecko; compatible; ClaudeBot/1.0; +claudebot@anthropic.com)"
216.73.216.125 - - [02/May/2026:02:46:13 -0400] "GET /view/item/013403423348 HTTP/1.1" 404 33018 "-" "Mozilla/5.0 AppleWebKit/537.36 (KHTML, like Gecko; compatible; ClaudeBot/1.0; +claudebot@anthropic.com)"
216.73.216.125 - - [02/May/2026:02:46:18 -0400] "GET /view/item/011375958482 HTTP/1.1" 404 32988 "-" "Mozilla/5.0 AppleWebKit/537.36 (KHTML, like Gecko; compatible; ClaudeBot/1.0; +claudebot@anthropic.com)"
216.73.216.125 - - [02/May/2026:02:46:24 -0400] "GET /view/item/01352033869 HTTP/1.1" 200 0 "-" "Mozilla/5.0 AppleWebKit/537.36 (KHTML, like Gecko; compatible; ClaudeBot/1.0; +claudebot@anthropic.com)"
216.73.216.125 - - [02/May/2026:02:46:34 -0400] "GET /view/item/01672239949 HTTP/1.1" 200 0 "-" "Mozilla/5.0 AppleWebKit/537.36 (KHTML, like Gecko; compatible; ClaudeBot/1.0; +claudebot@anthropic.com)"
216.73.216.125 - - [02/May/2026:02:46:42 -0400] "GET /view/item/01196154640 HTTP/1.1" 404 33012 "-" "Mozilla/5.0 AppleWebKit/537.36 (KHTML, like Gecko; compatible; ClaudeBot/1.0; +claudebot@anthropic.com)"
162.0.232.104 - - [02/May/2026:02:46:51 -0400] "POST /wp-cron.php?doing_wp_cron=1777704411.9854888916015625000000 HTTP/1.1" 200 0 "-" "WordPress/6.9.4; https://techfabasia.com"
216.73.216.125 - - [02/May/2026:02:46:48 -0400] "GET /view/item/01609230231 HTTP/1.1" 404 33041 "-" "Mozilla/5.0 AppleWebKit/537.36 (KHTML, like Gecko; compatible; ClaudeBot/1.0; +claudebot@anthropic.com)"
216.73.216.125 - - [02/May/2026:02:46:54 -0400] "GET /view/item/0115759453 HTTP/1.1" 404 33004 "-" "Mozilla/5.0 AppleWebKit/537.36 (KHTML, like Gecko; compatible; ClaudeBot/1.0; +claudebot@anthropic.com)"
216.73.216.125 - - [02/May/2026:02:47:00 -0400] "GET /view/item/013136733414 HTTP/1.1" 404 33054 "-" "Mozilla/5.0 AppleWebKit/537.36 (KHTML, like Gecko; compatible; ClaudeBot/1.0; +claudebot@anthropic.com)"
216.73.216.125 - - [02/May/2026:02:47:06 -0400] "GET /view/item/012892631418 HTTP/1.1" 404 32997 "-" "Mozilla/5.0 AppleWebKit/537.36 (KHTML, like Gecko; compatible; ClaudeBot/1.0; +claudebot@anthropic.com)"
216.73.216.125 - - [02/May/2026:02:47:13 -0400] "GET /view/item/012741361455 HTTP/1.1" 404 33039 "-" "Mozilla/5.0 AppleWebKit/537.36 (KHTML, like Gecko; compatible; ClaudeBot/1.0; +claudebot@anthropic.com)"
216.73.216.125 - - [02/May/2026:02:47:21 -0400] "GET /view/item/013442301280 HTTP/1.1" 404 32997 "-" "Mozilla/5.0 AppleWebKit/537.36 (KHTML, like Gecko; compatible; ClaudeBot/1.0; +claudebot@anthropic.com)"
216.73.216.125 - - [02/May/2026:02:47:30 -0400] "GET /view/item/01703270958 HTTP/1.1" 404 32967 "-" "Mozilla/5.0 AppleWebKit/537.36 (KHTML, like Gecko; compatible; ClaudeBot/1.0; +claudebot@anthropic.com)"
216.73.216.125 - - [02/May/2026:02:47:43 -0400] "GET /view/item/012176575873 HTTP/1.1" 404 33014 "-" "Mozilla/5.0 AppleWebKit/537.36 (KHTML, like Gecko; compatible; ClaudeBot/1.0; +claudebot@anthropic.com)"
162.0.232.104 - - [02/May/2026:02:47:52 -0400] "POST /wp-cron.php?doing_wp_cron=1777704472.7605330944061279296875 HTTP/1.1" 200 0 "-" "WordPress/6.9.4; https://techfabasia.com"
216.73.216.125 - - [02/May/2026:02:47:49 -0400] "GET /view/item/011310345965 HTTP/1.1" 404 32966 "-" "Mozilla/5.0 AppleWebKit/537.36 (KHTML, like Gecko; compatible; ClaudeBot/1.0; +claudebot@anthropic.com)"
216.73.216.125 - - [02/May/2026:02:47:58 -0400] "GET /view/item/012993550466 HTTP/1.1" 404 33063 "-" "Mozilla/5.0 AppleWebKit/537.36 (KHTML, like Gecko; compatible; ClaudeBot/1.0; +claudebot@anthropic.com)"
216.73.216.125 - - [02/May/2026:02:48:07 -0400] "GET /view/item/012746534889 HTTP/1.1" 200 0 "-" "Mozilla/5.0 AppleWebKit/537.36 (KHTML, like Gecko; compatible; ClaudeBot/1.0; +claudebot@anthropic.com)"
216.73.216.125 - - [02/May/2026:02:48:12 -0400] "GET /view/item/011701700386 HTTP/1.1" 200 0 "-" "Mozilla/5.0 AppleWebKit/537.36 (KHTML, like Gecko; compatible; ClaudeBot/1.0; +claudebot@anthropic.com)"
216.73.216.125 - - [02/May/2026:02:48:23 -0400] "GET /view/item/013746477193 HTTP/1.1" 404 33014 "-" "Mozilla/5.0 AppleWebKit/537.36 (KHTML, like Gecko; compatible; ClaudeBot/1.0; +claudebot@anthropic.com)"
216.73.216.125 - - [02/May/2026:02:48:32 -0400] "GET /view/item/011031622672 HTTP/1.1" 404 32953 "-" "Mozilla/5.0 AppleWebKit/537.36 (KHTML, like Gecko; compatible; ClaudeBot/1.0; +claudebot@anthropic.com)"
216.73.216.125 - - [02/May/2026:02:48:41 -0400] "GET /view/item/0110362619 HTTP/1.1" 404 32928 "-" "Mozilla/5.0 AppleWebKit/537.36 (KHTML, like Gecko; compatible; ClaudeBot/1.0; +claudebot@anthropic.com)"
162.0.232.104 - - [02/May/2026:02:48:54 -0400] "POST /wp-cron.php?doing_wp_cron=1777704534.2617259025573730468750 HTTP/1.1" 200 0 "-" "WordPress/6.9.4; https://techfabasia.com"
216.73.216.125 - - [02/May/2026:02:48:50 -0400] "GET /view/item/01299553902 HTTP/1.1" 404 32939 "-" "Mozilla/5.0 AppleWebKit/537.36 (KHTML, like Gecko; compatible; ClaudeBot/1.0; +claudebot@anthropic.com)"
216.73.216.125 - - [02/May/2026:02:48:59 -0400] "GET /view/item/011807337541 HTTP/1.1" 404 33031 "-" "Mozilla/5.0 AppleWebKit/537.36 (KHTML, like Gecko; compatible; ClaudeBot/1.0; +claudebot@anthropic.com)"
216.73.216.125 - - [02/May/2026:02:49:11 -0400] "GET /view/item/01572098256 HTTP/1.1" 404 32950 "-" "Mozilla/5.0 AppleWebKit/537.36 (KHTML, like Gecko; compatible; ClaudeBot/1.0; +claudebot@anthropic.com)"
216.73.216.125 - - [02/May/2026:02:49:16 -0400] "GET /view/item/011151896842 HTTP/1.1" 404 32998 "-" "Mozilla/5.0 AppleWebKit/537.36 (KHTML, like Gecko; compatible; ClaudeBot/1.0; +claudebot@anthropic.com)"
216.73.216.125 - - [02/May/2026:02:49:23 -0400] "GET /view/item/012715335016 HTTP/1.1" 404 33039 "-" "Mozilla/5.0 AppleWebKit/537.36 (KHTML, like Gecko; compatible; ClaudeBot/1.0; +claudebot@anthropic.com)"
216.73.216.125 - - [02/May/2026:02:49:35 -0400] "GET /view/item/01613982558 HTTP/1.1" 404 33053 "-" "Mozilla/5.0 AppleWebKit/537.36 (KHTML, like Gecko; compatible; ClaudeBot/1.0; +claudebot@anthropic.com)"
216.73.216.125 - - [02/May/2026:02:49:43 -0400] "GET /view/item/011512200166 HTTP/1.1" 404 33041 "-" "Mozilla/5.0 AppleWebKit/537.36 (KHTML, like Gecko; compatible; ClaudeBot/1.0; +claudebot@anthropic.com)"
162.0.232.104 - - [02/May/2026:02:50:10 -0400] "POST /wp-cron.php?doing_wp_cron=1777704610.2786529064178466796875 HTTP/1.1" 200 0 "-" "WordPress/6.9.4; https://techfabasia.com"
216.73.216.125 - - [02/May/2026:02:50:05 -0400] "GET /view/item/012075733716 HTTP/1.1" 404 33065 "-" "Mozilla/5.0 AppleWebKit/537.36 (KHTML, like Gecko; compatible; ClaudeBot/1.0; +claudebot@anthropic.com)"
216.73.216.125 - - [02/May/2026:02:50:14 -0400] "GET /view/item/01913278817 HTTP/1.1" 404 33042 "-" "Mozilla/5.0 AppleWebKit/537.36 (KHTML, like Gecko; compatible; ClaudeBot/1.0; +claudebot@anthropic.com)"
216.73.216.125 - - [02/May/2026:02:50:34 -0400] "GET /view/item/012215234522 HTTP/1.1" 404 33043 "-" "Mozilla/5.0 AppleWebKit/537.36 (KHTML, like Gecko; compatible; ClaudeBot/1.0; +claudebot@anthropic.com)"
162.0.232.104 - - [02/May/2026:02:50:50 -0400] "POST /wp-cron.php?doing_wp_cron=1777704650.1996939182281494140625 HTTP/1.1" 200 0 "-" "WordPress/6.9.4; https://techfabasia.com"
216.73.216.125 - - [02/May/2026:02:50:46 -0400] "GET /view/item/013526308808 HTTP/1.1" 404 32966 "-" "Mozilla/5.0 AppleWebKit/537.36 (KHTML, like Gecko; compatible; ClaudeBot/1.0; +claudebot@anthropic.com)"
