216.73.216.216 - - [01/May/2026:10:03:24 -0400] "GET /view/item/011129930836 HTTP/1.1" 404 32968 "-" "Mozilla/5.0 AppleWebKit/537.36 (KHTML, like Gecko; compatible; ClaudeBot/1.0; +claudebot@anthropic.com)"
216.73.216.216 - - [01/May/2026:10:03:32 -0400] "GET /view/item/011965216451 HTTP/1.1" 404 32993 "-" "Mozilla/5.0 AppleWebKit/537.36 (KHTML, like Gecko; compatible; ClaudeBot/1.0; +claudebot@anthropic.com)"
216.73.216.216 - - [01/May/2026:10:04:00 -0400] "GET /view/item/013900768403 HTTP/1.1" 200 0 "-" "Mozilla/5.0 AppleWebKit/537.36 (KHTML, like Gecko; compatible; ClaudeBot/1.0; +claudebot@anthropic.com)"
216.73.216.216 - - [01/May/2026:10:04:03 -0400] "GET /view/item/012676729616 HTTP/1.1" 200 0 "-" "Mozilla/5.0 AppleWebKit/537.36 (KHTML, like Gecko; compatible; ClaudeBot/1.0; +claudebot@anthropic.com)"
162.0.232.104 - - [01/May/2026:10:04:13 -0400] "POST /wp-cron.php?doing_wp_cron=1777644253.4405040740966796875000 HTTP/1.1" 200 0 "-" "WordPress/6.9.4; https://techfabasia.com"
216.73.216.216 - - [01/May/2026:10:04:32 -0400] "GET /view/item/014139734560 HTTP/1.1" 404 33039 "-" "Mozilla/5.0 AppleWebKit/537.36 (KHTML, like Gecko; compatible; ClaudeBot/1.0; +claudebot@anthropic.com)"
216.73.216.216 - - [01/May/2026:10:05:03 -0400] "GET /view/item/01481855004 HTTP/1.1" 200 0 "-" "Mozilla/5.0 AppleWebKit/537.36 (KHTML, like Gecko; compatible; ClaudeBot/1.0; +claudebot@anthropic.com)"
216.73.216.216 - - [01/May/2026:10:05:04 -0400] "GET /view/item/013059975294 HTTP/1.1" 200 0 "-" "Mozilla/5.0 AppleWebKit/537.36 (KHTML, like Gecko; compatible; ClaudeBot/1.0; +claudebot@anthropic.com)"
162.0.232.104 - - [01/May/2026:10:05:16 -0400] "POST /wp-cron.php?doing_wp_cron=1777644316.2445089817047119140625 HTTP/1.1" 200 0 "-" "WordPress/6.9.4; https://techfabasia.com"
216.73.216.216 - - [01/May/2026:10:05:31 -0400] "GET /view/item/012525682409 HTTP/1.1" 404 33052 "-" "Mozilla/5.0 AppleWebKit/537.36 (KHTML, like Gecko; compatible; ClaudeBot/1.0; +claudebot@anthropic.com)"
216.73.216.216 - - [01/May/2026:10:05:39 -0400] "GET /view/item/012890130755 HTTP/1.1" 404 32974 "-" "Mozilla/5.0 AppleWebKit/537.36 (KHTML, like Gecko; compatible; ClaudeBot/1.0; +claudebot@anthropic.com)"
162.0.232.104 - - [01/May/2026:10:06:12 -0400] "POST /wp-cron.php?doing_wp_cron=1777644372.7274498939514160156250 HTTP/1.1" 200 0 "-" "WordPress/6.9.4; https://techfabasia.com"
216.73.216.216 - - [01/May/2026:10:06:07 -0400] "GET /view/item/012831879346 HTTP/1.1" 404 32987 "-" "Mozilla/5.0 AppleWebKit/537.36 (KHTML, like Gecko; compatible; ClaudeBot/1.0; +claudebot@anthropic.com)"
216.73.216.216 - - [01/May/2026:10:06:09 -0400] "GET /view/item/013293334499 HTTP/1.1" 404 32987 "-" "Mozilla/5.0 AppleWebKit/537.36 (KHTML, like Gecko; compatible; ClaudeBot/1.0; +claudebot@anthropic.com)"
216.73.216.216 - - [01/May/2026:10:06:37 -0400] "GET /view/item/011689833359 HTTP/1.1" 404 32999 "-" "Mozilla/5.0 AppleWebKit/537.36 (KHTML, like Gecko; compatible; ClaudeBot/1.0; +claudebot@anthropic.com)"
216.73.216.216 - - [01/May/2026:10:06:40 -0400] "GET /view/item/011654579863 HTTP/1.1" 404 32991 "-" "Mozilla/5.0 AppleWebKit/537.36 (KHTML, like Gecko; compatible; ClaudeBot/1.0; +claudebot@anthropic.com)"
162.0.232.104 - - [01/May/2026:10:06:50 -0400] "POST /wp-cron.php?doing_wp_cron=1777644410.4975481033325195312500 HTTP/1.1" 200 0 "-" "WordPress/6.9.4; https://techfabasia.com"
216.73.216.216 - - [01/May/2026:10:06:47 -0400] "GET /view/item/012800763956 HTTP/1.1" 404 33038 "-" "Mozilla/5.0 AppleWebKit/537.36 (KHTML, like Gecko; compatible; ClaudeBot/1.0; +claudebot@anthropic.com)"
47.128.63.155 - - [01/May/2026:10:06:51 -0400] "GET /shop/new-generation-robot-coffee-bar/ HTTP/1.1" 200 32913 "-" "Mozilla/5.0 (compatible; Bytespider; spider-feedback@bytedance.com) AppleWebKit/537.36 (KHTML, like Gecko) Chrome/70.0.0.0 Safari/537.36"
47.128.63.155 - - [01/May/2026:10:06:57 -0400] "GET /wp-content/plugins/mas-woocommerce-brands/assets/css/style.css?ver=1.1.0 HTTP/1.1" 200 543 "https://techfabasia.com/shop/new-generation-robot-coffee-bar/" "Mozilla/5.0 (compatible; Bytespider; spider-feedback@bytedance.com) AppleWebKit/537.36 (KHTML, like Gecko) Chrome/70.0.0.0 Safari/537.36"
47.128.63.155 - - [01/May/2026:10:06:57 -0400] "GET /wp-content/plugins/revslider/public/css/sr7.css?ver=6.7.34 HTTP/1.1" 200 1392 "https://techfabasia.com/shop/new-generation-robot-coffee-bar/" "Mozilla/5.0 (compatible; Bytespider; spider-feedback@bytedance.com) AppleWebKit/537.36 (KHTML, like Gecko) Chrome/70.0.0.0 Safari/537.36"
47.128.63.155 - - [01/May/2026:10:06:59 -0400] "GET /wp-content/themes/electro/assets/css/colors/blue.min.css?ver=3.5.7 HTTP/1.1" 200 5171 "https://techfabasia.com/shop/new-generation-robot-coffee-bar/" "Mozilla/5.0 (compatible; Bytespider; spider-feedback@bytedance.com) AppleWebKit/537.36 (KHTML, like Gecko) Chrome/70.0.0.0 Safari/537.36"
47.128.63.155 - - [01/May/2026:10:07:00 -0400] "GET /wp-content/plugins/woocommerce/assets/client/blocks/wc-blocks.css?ver=wc-10.7.0 HTTP/1.1" 200 2391 "https://techfabasia.com/shop/new-generation-robot-coffee-bar/" "Mozilla/5.0 (compatible; Bytespider; spider-feedback@bytedance.com) AppleWebKit/537.36 (KHTML, like Gecko) Chrome/70.0.0.0 Safari/537.36"
47.128.63.155 - - [01/May/2026:10:07:03 -0400] "GET /wp-content/plugins/wpforms-lite/assets/css/frontend/modern/wpforms-full.min.css?ver=1.10.0.4 HTTP/1.1" 200 15488 "https://techfabasia.com/shop/new-generation-robot-coffee-bar/" "Mozilla/5.0 (compatible; Bytespider; spider-feedback@bytedance.com) AppleWebKit/537.36 (KHTML, like Gecko) Chrome/70.0.0.0 Safari/537.36"
47.128.63.155 - - [01/May/2026:10:07:06 -0400] "GET /wp-content/uploads/2018/10/electro-brand-placeholder.png HTTP/1.1" 206 337 "https://techfabasia.com/shop/new-generation-robot-coffee-bar/" "Mozilla/5.0 (compatible; Bytespider; spider-feedback@bytedance.com) AppleWebKit/537.36 (KHTML, like Gecko) Chrome/70.0.0.0 Safari/537.36"
216.73.216.216 - - [01/May/2026:10:07:15 -0400] "GET /view/item/013011433583 HTTP/1.1" 404 33027 "-" "Mozilla/5.0 AppleWebKit/537.36 (KHTML, like Gecko; compatible; ClaudeBot/1.0; +claudebot@anthropic.com)"
216.73.216.216 - - [01/May/2026:10:07:18 -0400] "GET /view/item/012847535946 HTTP/1.1" 404 33038 "-" "Mozilla/5.0 AppleWebKit/537.36 (KHTML, like Gecko; compatible; ClaudeBot/1.0; +claudebot@anthropic.com)"
74.7.228.6 - - [01/May/2026:10:07:30 -0400] "GET /robots.txt HTTP/1.1" 200 81 "-" "Mozilla/5.0 (Macintosh; Intel Mac OS X 10_15_7) AppleWebKit/537.36 (KHTML, like Gecko) Chrome/131.0.0.0 Safari/537.36; compatible; OAI-SearchBot/1.3; robots.txt; +https://openai.com/searchbot"
162.0.232.104 - - [01/May/2026:10:07:50 -0400] "POST /wp-cron.php?doing_wp_cron=1777644470.3660440444946289062500 HTTP/1.1" 200 0 "-" "WordPress/6.9.4; https://techfabasia.com"
216.73.216.216 - - [01/May/2026:10:07:46 -0400] "GET /view/item/011832380387 HTTP/1.1" 404 33019 "-" "Mozilla/5.0 AppleWebKit/537.36 (KHTML, like Gecko; compatible; ClaudeBot/1.0; +claudebot@anthropic.com)"
216.73.216.216 - - [01/May/2026:10:07:52 -0400] "GET /view/item/013629323169 HTTP/1.1" 404 33056 "-" "Mozilla/5.0 AppleWebKit/537.36 (KHTML, like Gecko; compatible; ClaudeBot/1.0; +claudebot@anthropic.com)"
216.73.216.216 - - [01/May/2026:10:08:10 -0400] "GET /view/item/013855718239 HTTP/1.1" 200 0 "-" "Mozilla/5.0 AppleWebKit/537.36 (KHTML, like Gecko; compatible; ClaudeBot/1.0; +claudebot@anthropic.com)"
216.73.216.216 - - [01/May/2026:10:08:23 -0400] "GET /view/item/01879451750 HTTP/1.1" 404 33056 "-" "Mozilla/5.0 AppleWebKit/537.36 (KHTML, like Gecko; compatible; ClaudeBot/1.0; +claudebot@anthropic.com)"
162.0.232.104 - - [01/May/2026:10:08:53 -0400] "POST /wp-cron.php?doing_wp_cron=1777644533.4459290504455566406250 HTTP/1.1" 200 0 "-" "WordPress/6.9.4; https://techfabasia.com"
216.73.216.216 - - [01/May/2026:10:08:48 -0400] "GET /view/item/012624968976 HTTP/1.1" 404 32996 "-" "Mozilla/5.0 AppleWebKit/537.36 (KHTML, like Gecko; compatible; ClaudeBot/1.0; +claudebot@anthropic.com)"
216.73.216.216 - - [01/May/2026:10:09:16 -0400] "GET /view/item/01598084322 HTTP/1.1" 404 33035 "-" "Mozilla/5.0 AppleWebKit/537.36 (KHTML, like Gecko; compatible; ClaudeBot/1.0; +claudebot@anthropic.com)"
152.53.111.131 - - [01/May/2026:10:09:28 -0400] "GET /wp-login.php HTTP/1.1" 302 0 "-" "Mozilla/5.0 (Macintosh; Intel Mac OS X 10_13_1) AppleWebKit/604.3.5 (KHTML, like Gecko) Version/11.0.1 Safari/604.3.5"
152.53.111.131 - - [01/May/2026:10:09:31 -0400] "GET /wp-login.php HTTP/1.1" 302 0 "https://techfabasia.com/wp-login.php" "Mozilla/5.0 (Macintosh; Intel Mac OS X 10_13_1) AppleWebKit/604.3.5 (KHTML, like Gecko) Version/11.0.1 Safari/604.3.5"
152.53.111.131 - - [01/May/2026:10:09:35 -0400] "GET /wp-login.php HTTP/1.1" 302 0 "https://techfabasia.com/wp-login.php" "Mozilla/5.0 (Macintosh; Intel Mac OS X 10_13_1) AppleWebKit/604.3.5 (KHTML, like Gecko) Version/11.0.1 Safari/604.3.5"
152.53.111.131 - - [01/May/2026:10:09:42 -0400] "GET /wp-login.php HTTP/1.1" 200 0 "https://techfabasia.com/wp-login.php" "Mozilla/5.0 (Macintosh; Intel Mac OS X 10_13_1) AppleWebKit/604.3.5 (KHTML, like Gecko) Version/11.0.1 Safari/604.3.5"
162.0.232.104 - - [01/May/2026:10:09:49 -0400] "POST /wp-cron.php?doing_wp_cron=1777644589.3521358966827392578125 HTTP/1.1" 200 0 "-" "WordPress/6.9.4; https://techfabasia.com"
216.73.216.216 - - [01/May/2026:10:09:50 -0400] "GET /view/item/01982929978 HTTP/1.1" 200 184 "-" "Mozilla/5.0 AppleWebKit/537.36 (KHTML, like Gecko; compatible; ClaudeBot/1.0; +claudebot@anthropic.com)"
216.73.216.216 - - [01/May/2026:10:09:44 -0400] "GET /view/item/01842627745 HTTP/1.1" 200 0 "-" "Mozilla/5.0 AppleWebKit/537.36 (KHTML, like Gecko; compatible; ClaudeBot/1.0; +claudebot@anthropic.com)"
162.0.232.104 - - [01/May/2026:10:09:57 -0400] "POST /wp-cron.php?doing_wp_cron=1777644597.5552270412445068359375 HTTP/1.1" 200 0 "-" "WordPress/6.9.4; https://techfabasia.com"
216.73.216.216 - - [01/May/2026:10:10:18 -0400] "GET /view/item/013472529102 HTTP/1.1" 404 33040 "-" "Mozilla/5.0 AppleWebKit/537.36 (KHTML, like Gecko; compatible; ClaudeBot/1.0; +claudebot@anthropic.com)"
216.73.216.216 - - [01/May/2026:10:10:22 -0400] "GET /view/item/01494512553 HTTP/1.1" 404 33039 "-" "Mozilla/5.0 AppleWebKit/537.36 (KHTML, like Gecko; compatible; ClaudeBot/1.0; +claudebot@anthropic.com)"
216.73.216.216 - - [01/May/2026:10:10:27 -0400] "GET /view/item/013731422705 HTTP/1.1" 404 32986 "-" "Mozilla/5.0 AppleWebKit/537.36 (KHTML, like Gecko; compatible; ClaudeBot/1.0; +claudebot@anthropic.com)"
216.73.216.216 - - [01/May/2026:10:10:47 -0400] "GET /view/item/013286433548 HTTP/1.1" 404 32956 "-" "Mozilla/5.0 AppleWebKit/537.36 (KHTML, like Gecko; compatible; ClaudeBot/1.0; +claudebot@anthropic.com)"
216.73.216.216 - - [01/May/2026:10:11:15 -0400] "GET /view/item/014174501189 HTTP/1.1" 200 0 "-" "Mozilla/5.0 AppleWebKit/537.36 (KHTML, like Gecko; compatible; ClaudeBot/1.0; +claudebot@anthropic.com)"
216.73.216.216 - - [01/May/2026:10:11:18 -0400] "GET /view/item/013445859422 HTTP/1.1" 200 0 "-" "Mozilla/5.0 AppleWebKit/537.36 (KHTML, like Gecko; compatible; ClaudeBot/1.0; +claudebot@anthropic.com)"
162.0.232.104 - - [01/May/2026:10:11:29 -0400] "POST /wp-cron.php?doing_wp_cron=1777644689.3389539718627929687500 HTTP/1.1" 200 0 "-" "WordPress/6.9.4; https://techfabasia.com"
162.0.232.104 - - [01/May/2026:10:11:36 -0400] "POST /wp-cron.php?doing_wp_cron=1777644696.0312170982360839843750 HTTP/1.1" 200 0 "-" "WordPress/6.9.4; https://techfabasia.com"
162.0.232.104 - - [01/May/2026:10:11:49 -0400] "POST /wp-cron.php?doing_wp_cron=1777644709.7618820667266845703125 HTTP/1.1" 200 0 "-" "WordPress/6.9.4; https://techfabasia.com"
216.73.216.216 - - [01/May/2026:10:11:45 -0400] "GET /view/item/013217698116 HTTP/1.1" 404 33037 "-" "Mozilla/5.0 AppleWebKit/537.36 (KHTML, like Gecko; compatible; ClaudeBot/1.0; +claudebot@anthropic.com)"
216.73.216.216 - - [01/May/2026:10:11:55 -0400] "GET /view/item/012432212811 HTTP/1.1" 404 32996 "-" "Mozilla/5.0 AppleWebKit/537.36 (KHTML, like Gecko; compatible; ClaudeBot/1.0; +claudebot@anthropic.com)"
216.73.216.216 - - [01/May/2026:10:12:05 -0400] "GET /view/item/013610032935 HTTP/1.1" 404 32996 "-" "Mozilla/5.0 AppleWebKit/537.36 (KHTML, like Gecko; compatible; ClaudeBot/1.0; +claudebot@anthropic.com)"
216.73.216.216 - - [01/May/2026:10:12:33 -0400] "GET /view/item/012191179985 HTTP/1.1" 404 32987 "-" "Mozilla/5.0 AppleWebKit/537.36 (KHTML, like Gecko; compatible; ClaudeBot/1.0; +claudebot@anthropic.com)"
216.73.216.216 - - [01/May/2026:10:12:36 -0400] "GET /view/item/01914394831 HTTP/1.1" 404 33049 "-" "Mozilla/5.0 AppleWebKit/537.36 (KHTML, like Gecko; compatible; ClaudeBot/1.0; +claudebot@anthropic.com)"
162.0.232.104 - - [01/May/2026:10:13:06 -0400] "POST /wp-cron.php?doing_wp_cron=1777644786.9444959163665771484375 HTTP/1.1" 200 0 "-" "WordPress/6.9.4; https://techfabasia.com"
216.73.216.216 - - [01/May/2026:10:13:04 -0400] "GET /view/item/011170801638 HTTP/1.1" 404 33036 "-" "Mozilla/5.0 AppleWebKit/537.36 (KHTML, like Gecko; compatible; ClaudeBot/1.0; +claudebot@anthropic.com)"
93.44.242.34 - - [01/May/2026:10:13:24 -0400] "POST /xmlrpc.php HTTP/1.1" 200 403 "-" "Jetpack by WordPress.com"
216.73.216.216 - - [01/May/2026:10:13:31 -0400] "GET /view/item/011863877229 HTTP/1.1" 404 32988 "-" "Mozilla/5.0 AppleWebKit/537.36 (KHTML, like Gecko; compatible; ClaudeBot/1.0; +claudebot@anthropic.com)"
162.0.232.104 - - [01/May/2026:10:13:36 -0400] "POST /wp-cron.php?doing_wp_cron=1777644816.5664739608764648437500 HTTP/1.1" 200 0 "-" "WordPress/6.9.4; https://techfabasia.com"
216.73.216.216 - - [01/May/2026:10:13:34 -0400] "GET /view/item/013564527225 HTTP/1.1" 404 33010 "-" "Mozilla/5.0 AppleWebKit/537.36 (KHTML, like Gecko; compatible; ClaudeBot/1.0; +claudebot@anthropic.com)"
93.44.242.34 - - [01/May/2026:10:13:35 -0400] "POST /xmlrpc.php HTTP/1.1" 200 403 "-" "Jetpack by WordPress.com"
93.44.242.34 - - [01/May/2026:10:13:46 -0400] "POST /xmlrpc.php HTTP/1.1" 200 403 "-" "WordPress.com; https://wordpress.com"
162.0.232.104 - - [01/May/2026:10:13:58 -0400] "POST /wp-cron.php?doing_wp_cron=1777644838.2778210639953613281250 HTTP/1.1" 200 0 "-" "WordPress/6.9.4; https://techfabasia.com"
216.73.216.216 - - [01/May/2026:10:13:56 -0400] "GET /view/item/013084938517 HTTP/1.1" 404 32956 "-" "Mozilla/5.0 AppleWebKit/537.36 (KHTML, like Gecko; compatible; ClaudeBot/1.0; +claudebot@anthropic.com)"
93.44.242.34 - - [01/May/2026:10:13:57 -0400] "POST /xmlrpc.php HTTP/1.1" 200 403 "-" "Jetpack/12.1; WordPress/6.3; http://site30460026.com"
93.44.242.34 - - [01/May/2026:10:14:10 -0400] "POST /xmlrpc.php HTTP/1.1" 200 403 "-" "Jetpack by WordPress.com"
216.73.216.216 - - [01/May/2026:10:14:20 -0400] "GET /view/item/013356446777 HTTP/1.1" 404 33011 "-" "Mozilla/5.0 AppleWebKit/537.36 (KHTML, like Gecko; compatible; ClaudeBot/1.0; +claudebot@anthropic.com)"
93.44.242.34 - - [01/May/2026:10:14:31 -0400] "POST /xmlrpc.php HTTP/1.1" 200 403 "-" "WordPress.com; https://wordpress.com"
93.44.242.34 - - [01/May/2026:10:14:42 -0400] "POST /xmlrpc.php HTTP/1.1" 500 0 "-" "Jetpack/12.0; WordPress/6.2; http://site11740410.com"
162.0.232.104 - - [01/May/2026:10:14:50 -0400] "POST /wp-cron.php?doing_wp_cron=1777644890.4579939842224121093750 HTTP/1.1" 200 0 "-" "WordPress/6.9.4; https://techfabasia.com"
216.73.216.216 - - [01/May/2026:10:14:48 -0400] "GET /view/item/01378968380 HTTP/1.1" 404 32981 "-" "Mozilla/5.0 AppleWebKit/537.36 (KHTML, like Gecko; compatible; ClaudeBot/1.0; +claudebot@anthropic.com)"
93.44.242.34 - - [01/May/2026:10:14:56 -0400] "POST /xmlrpc.php HTTP/1.1" 200 403 "-" "WordPress.com; https://wordpress.com"
216.73.216.216 - - [01/May/2026:10:14:55 -0400] "GET /view/item/014183430596 HTTP/1.1" 404 33037 "-" "Mozilla/5.0 AppleWebKit/537.36 (KHTML, like Gecko; compatible; ClaudeBot/1.0; +claudebot@anthropic.com)"
93.44.242.34 - - [01/May/2026:10:15:07 -0400] "POST /xmlrpc.php HTTP/1.1" 200 403 "-" "Jetpack by WordPress.com (Jetpack 13.0; WordPress 6.1)"
216.73.216.216 - - [01/May/2026:10:15:21 -0400] "GET /view/item/012294517698 HTTP/1.1" 404 32995 "-" "Mozilla/5.0 AppleWebKit/537.36 (KHTML, like Gecko; compatible; ClaudeBot/1.0; +claudebot@anthropic.com)"
216.73.216.216 - - [01/May/2026:10:15:25 -0400] "GET /view/item/01181579868 HTTP/1.1" 404 32939 "-" "Mozilla/5.0 AppleWebKit/537.36 (KHTML, like Gecko; compatible; ClaudeBot/1.0; +claudebot@anthropic.com)"
93.44.242.34 - - [01/May/2026:10:15:33 -0400] "POST /xmlrpc.php HTTP/1.1" 200 403 "-" "Jetpack by WordPress.com"
216.73.216.216 - - [01/May/2026:10:15:41 -0400] "GET /view/item/01880053076 HTTP/1.1" 404 33044 "-" "Mozilla/5.0 AppleWebKit/537.36 (KHTML, like Gecko; compatible; ClaudeBot/1.0; +claudebot@anthropic.com)"
93.44.242.34 - - [01/May/2026:10:15:42 -0400] "POST /xmlrpc.php HTTP/1.1" 200 403 "-" "Jetpack by WordPress.com"
162.0.232.104 - - [01/May/2026:10:16:00 -0400] "POST /wp-cron.php?doing_wp_cron=1777644960.7669489383697509765625 HTTP/1.1" 200 0 "-" "WordPress/6.9.4; https://techfabasia.com"
93.44.242.34 - - [01/May/2026:10:15:59 -0400] "POST /xmlrpc.php HTTP/1.1" 200 403 "-" "WordPress.com; https://wordpress.com"
216.73.216.216 - - [01/May/2026:10:16:09 -0400] "GET /view/item/013515252 HTTP/1.1" 404 32982 "-" "Mozilla/5.0 AppleWebKit/537.36 (KHTML, like Gecko; compatible; ClaudeBot/1.0; +claudebot@anthropic.com)"
93.44.242.34 - - [01/May/2026:10:16:10 -0400] "POST /xmlrpc.php HTTP/1.1" 200 403 "-" "Jetpack by WordPress.com (Jetpack 12.0; WordPress 6.4)"
216.73.216.216 - - [01/May/2026:10:16:13 -0400] "GET /view/item/013979239241 HTTP/1.1" 404 33015 "-" "Mozilla/5.0 AppleWebKit/537.36 (KHTML, like Gecko; compatible; ClaudeBot/1.0; +claudebot@anthropic.com)"
216.73.216.216 - - [01/May/2026:10:16:15 -0400] "GET /robots.txt HTTP/1.1" 200 81 "-" "Mozilla/5.0 AppleWebKit/537.36 (KHTML, like Gecko; compatible; ClaudeBot/1.0; +claudebot@anthropic.com)"
93.44.242.34 - - [01/May/2026:10:16:22 -0400] "POST /xmlrpc.php HTTP/1.1" 200 403 "-" "WordPress.com; https://wordpress.com"
93.44.242.34 - - [01/May/2026:10:16:33 -0400] "POST /xmlrpc.php HTTP/1.1" 500 0 "-" "WordPress.com; https://wordpress.com"
216.73.216.216 - - [01/May/2026:10:16:39 -0400] "GET /view/item/013086769028 HTTP/1.1" 404 32986 "-" "Mozilla/5.0 AppleWebKit/537.36 (KHTML, like Gecko; compatible; ClaudeBot/1.0; +claudebot@anthropic.com)"
93.44.242.34 - - [01/May/2026:10:16:44 -0400] "POST /xmlrpc.php HTTP/1.1" 200 403 "-" "WordPress.com; https://wordpress.com"
93.44.242.34 - - [01/May/2026:10:16:55 -0400] "POST /xmlrpc.php HTTP/1.1" 200 403 "-" "WordPress.com; https://wordpress.com"
216.73.216.216 - - [01/May/2026:10:17:04 -0400] "GET /view/item/01336117993 HTTP/1.1" 404 33020 "-" "Mozilla/5.0 AppleWebKit/537.36 (KHTML, like Gecko; compatible; ClaudeBot/1.0; +claudebot@anthropic.com)"
93.44.242.34 - - [01/May/2026:10:17:06 -0400] "POST /xmlrpc.php HTTP/1.1" 200 403 "-" "Jetpack by WordPress.com (Jetpack 12.1; WordPress 6.4)"
147.135.215.173 - - [01/May/2026:10:17:17 -0400] "GET /robots.txt HTTP/1.1" 200 81 "-" "Mozilla/5.0 (compatible; MJ12bot/v1.4.8; http://mj12bot.com/)"
93.44.242.34 - - [01/May/2026:10:17:17 -0400] "POST /xmlrpc.php HTTP/1.1" 500 0 "-" "Jetpack by WordPress.com"
147.135.215.173 - - [01/May/2026:10:17:20 -0400] "GET /shop/3d-inline-automatic-inspection%EF%BC%88axi%EF%BC%89lx9200/ HTTP/1.1" 200 33076 "-" "Mozilla/5.0 (compatible; MJ12bot/v1.4.8; http://mj12bot.com/)"
154.66.197.114 - - [01/May/2026:10:17:22 -0400] "POST /xmlrpc.php HTTP/1.1" 200 205 "-" "Mozilla/5.0 (Macintosh; Intel Mac OS X 10_13_1) AppleWebKit/537.36 (KHTML, like Gecko) Chrome/65.0.3325.181 Safari/537.36"
93.44.242.34 - - [01/May/2026:10:17:29 -0400] "POST /xmlrpc.php HTTP/1.1" 200 403 "-" "Jetpack by WordPress.com (Jetpack 13.0; WordPress 6.2)"
147.135.215.173 - - [01/May/2026:10:17:30 -0400] "GET /shop/hy-agv250-smt-agv-equipment%EF%BC%88magazine-type%EF%BC%89/ HTTP/1.1" 200 33076 "-" "Mozilla/5.0 (compatible; MJ12bot/v1.4.8; http://mj12bot.com/)"
216.73.216.216 - - [01/May/2026:10:17:35 -0400] "GET /view/item/014093891933 HTTP/1.1" 200 184 "-" "Mozilla/5.0 AppleWebKit/537.36 (KHTML, like Gecko; compatible; ClaudeBot/1.0; +claudebot@anthropic.com)"
147.135.215.173 - - [01/May/2026:10:17:37 -0400] "GET /shop/tunnel-type-full-sealing-nitrogen-%EF%AC%81lled-wave-soldering-machine-perfectflow-series/ HTTP/1.1" 200 33094 "-" "Mozilla/5.0 (compatible; MJ12bot/v1.4.8; http://mj12bot.com/)"
93.44.242.34 - - [01/May/2026:10:17:40 -0400] "POST /xmlrpc.php HTTP/1.1" 200 403 "-" "Jetpack/12.0; WordPress/6.4; http://site72059010.com"
147.135.215.173 - - [01/May/2026:10:17:44 -0400] "GET /shop/unl-series-ndt-x-ray-machine-for-tire-inspection%EF%BC%88dr%EF%BC%89/feed/ HTTP/1.1" 200 486 "-" "Mozilla/5.0 (compatible; MJ12bot/v1.4.8; http://mj12bot.com/)"
162.0.232.104 - - [01/May/2026:10:17:52 -0400] "POST /wp-cron.php?doing_wp_cron=1777645072.5459580421447753906250 HTTP/1.1" 200 0 "-" "WordPress/6.9.4; https://techfabasia.com"
147.135.215.173 - - [01/May/2026:10:17:50 -0400] "GET /shop/unl-series-ndt-x-ray-machine-for-tire-inspection%EF%BC%88dr%EF%BC%89/ HTTP/1.1" 200 33079 "-" "Mozilla/5.0 (compatible; MJ12bot/v1.4.8; http://mj12bot.com/)"
93.44.242.34 - - [01/May/2026:10:17:51 -0400] "POST /xmlrpc.php HTTP/1.1" 200 403 "-" "Jetpack/12.1; WordPress/6.3; http://site13305108.com"
93.44.242.34 - - [01/May/2026:10:18:02 -0400] "POST /xmlrpc.php HTTP/1.1" 200 403 "-" "Jetpack by WordPress.com (Jetpack 12.0; WordPress 6.3)"
216.73.216.216 - - [01/May/2026:10:18:03 -0400] "GET /view/item/01289406793 HTTP/1.1" 404 32970 "-" "Mozilla/5.0 AppleWebKit/537.36 (KHTML, like Gecko; compatible; ClaudeBot/1.0; +claudebot@anthropic.com)"
93.44.242.34 - - [01/May/2026:10:18:14 -0400] "POST /xmlrpc.php HTTP/1.1" 200 403 "-" "Jetpack by WordPress.com (Jetpack 12.1; WordPress 6.2)"
216.73.216.216 - - [01/May/2026:10:18:16 -0400] "GET /view/item/0124738776 HTTP/1.1" 404 33003 "-" "Mozilla/5.0 AppleWebKit/537.36 (KHTML, like Gecko; compatible; ClaudeBot/1.0; +claudebot@anthropic.com)"
93.44.242.34 - - [01/May/2026:10:18:39 -0400] "POST /xmlrpc.php HTTP/1.1" 200 403 "-" "WordPress.com; https://wordpress.com"
216.73.216.216 - - [01/May/2026:10:18:45 -0400] "GET /view/item/013844099441 HTTP/1.1" 404 33020 "-" "Mozilla/5.0 AppleWebKit/537.36 (KHTML, like Gecko; compatible; ClaudeBot/1.0; +claudebot@anthropic.com)"
162.0.232.104 - - [01/May/2026:10:18:49 -0400] "POST /wp-cron.php?doing_wp_cron=1777645129.2337119579315185546875 HTTP/1.1" 200 0 "-" "WordPress/6.9.4; https://techfabasia.com"
93.44.242.34 - - [01/May/2026:10:18:46 -0400] "POST /xmlrpc.php HTTP/1.1" 200 403 "-" "WordPress.com; https://wordpress.com"
216.73.216.216 - - [01/May/2026:10:18:47 -0400] "GET /view/item/01926538974 HTTP/1.1" 404 32970 "-" "Mozilla/5.0 AppleWebKit/537.36 (KHTML, like Gecko; compatible; ClaudeBot/1.0; +claudebot@anthropic.com)"
93.44.242.34 - - [01/May/2026:10:18:58 -0400] "POST /xmlrpc.php HTTP/1.1" 500 0 "-" "Jetpack/12.1; WordPress/6.2; http://site52116264.com"
66.249.74.97 - - [01/May/2026:10:19:08 -0400] "GET /view/item/032557264127 HTTP/1.1" 200 28999 "-" "Mozilla/5.0 (Linux; Android 6.0.1; Nexus 5X Build/MMB29P) AppleWebKit/537.36 (KHTML, like Gecko) Chrome/147.0.7727.137 Mobile Safari/537.36 (compatible; GoogleOther)"
216.73.216.216 - - [01/May/2026:10:19:10 -0400] "GET /view/item/01565965708 HTTP/1.1" 404 33045 "-" "Mozilla/5.0 AppleWebKit/537.36 (KHTML, like Gecko; compatible; ClaudeBot/1.0; +claudebot@anthropic.com)"
93.44.242.34 - - [01/May/2026:10:19:15 -0400] "POST /xmlrpc.php HTTP/1.1" 200 403 "-" "Jetpack by WordPress.com (Jetpack 12.0; WordPress 6.2)"
93.44.242.34 - - [01/May/2026:10:19:26 -0400] "POST /xmlrpc.php HTTP/1.1" 200 403 "-" "Jetpack/12.1; WordPress/6.3; http://site17404341.com"
93.44.242.34 - - [01/May/2026:10:19:37 -0400] "POST /xmlrpc.php HTTP/1.1" 200 403 "-" "Jetpack by WordPress.com"
216.73.216.216 - - [01/May/2026:10:19:38 -0400] "GET /view/item/013946110910 HTTP/1.1" 404 32962 "-" "Mozilla/5.0 AppleWebKit/537.36 (KHTML, like Gecko; compatible; ClaudeBot/1.0; +claudebot@anthropic.com)"
216.73.216.216 - - [01/May/2026:10:19:43 -0400] "GET /view/item/011436088489 HTTP/1.1" 404 32998 "-" "Mozilla/5.0 AppleWebKit/537.36 (KHTML, like Gecko; compatible; ClaudeBot/1.0; +claudebot@anthropic.com)"
162.0.232.104 - - [01/May/2026:10:19:51 -0400] "POST /wp-cron.php?doing_wp_cron=1777645191.0131299495697021484375 HTTP/1.1" 200 0 "-" "WordPress/6.9.4; https://techfabasia.com"
93.44.242.34 - - [01/May/2026:10:19:47 -0400] "POST /xmlrpc.php HTTP/1.1" 200 403 "-" "Jetpack/12.5; WordPress/6.2; http://site29708380.com"
93.44.242.34 - - [01/May/2026:10:19:58 -0400] "POST /xmlrpc.php HTTP/1.1" 200 403 "-" "WordPress.com; https://wordpress.com"
216.73.216.216 - - [01/May/2026:10:20:11 -0400] "GET /view/item/014179322326 HTTP/1.1" 404 33017 "-" "Mozilla/5.0 AppleWebKit/537.36 (KHTML, like Gecko; compatible; ClaudeBot/1.0; +claudebot@anthropic.com)"
93.44.242.34 - - [01/May/2026:10:20:09 -0400] "POST /xmlrpc.php HTTP/1.1" 200 403 "-" "Jetpack/12.5; WordPress/6.4; http://site59997962.com"
216.73.216.216 - - [01/May/2026:10:20:16 -0400] "GET /view/item/012873096887 HTTP/1.1" 404 32958 "-" "Mozilla/5.0 AppleWebKit/537.36 (KHTML, like Gecko; compatible; ClaudeBot/1.0; +claudebot@anthropic.com)"
93.44.242.34 - - [01/May/2026:10:20:20 -0400] "POST /xmlrpc.php HTTP/1.1" 200 403 "-" "Jetpack/12.0; WordPress/6.2; http://site23166845.com"
93.44.242.34 - - [01/May/2026:10:20:31 -0400] "POST /xmlrpc.php HTTP/1.1" 200 403 "-" "Jetpack by WordPress.com (Jetpack 12.1; WordPress 6.4)"
142.93.215.41 - - [01/May/2026:10:20:37 -0400] "GET /wp-login.php HTTP/1.1" 302 0 "-" "Mozilla/5.0 (compatible; MSIE 9.0; Windows NT 6.2; WOW64; Trident/7.0)"
142.93.215.41 - - [01/May/2026:10:20:39 -0400] "GET /wp-login.php HTTP/1.1" 302 0 "https://techfabasia.com/wp-login.php" "Mozilla/5.0 (compatible; MSIE 9.0; Windows NT 6.2; WOW64; Trident/7.0)"
216.73.216.216 - - [01/May/2026:10:20:39 -0400] "GET /view/item/012086313271 HTTP/1.1" 404 33038 "-" "Mozilla/5.0 AppleWebKit/537.36 (KHTML, like Gecko; compatible; ClaudeBot/1.0; +claudebot@anthropic.com)"
93.44.242.34 - - [01/May/2026:10:20:42 -0400] "POST /xmlrpc.php HTTP/1.1" 200 403 "-" "Jetpack/12.5; WordPress/6.1; http://site49704863.com"
162.0.232.104 - - [01/May/2026:10:20:58 -0400] "POST /wp-cron.php?doing_wp_cron=1777645258.3714671134948730468750 HTTP/1.1" 200 0 "-" "WordPress/6.9.4; https://techfabasia.com"
93.44.242.34 - - [01/May/2026:10:20:53 -0400] "POST /xmlrpc.php HTTP/1.1" 200 403 "-" "Jetpack by WordPress.com (Jetpack 13.0; WordPress 6.4)"
216.73.216.216 - - [01/May/2026:10:21:03 -0400] "GET /view/item/014111568752 HTTP/1.1" 404 32997 "-" "Mozilla/5.0 AppleWebKit/537.36 (KHTML, like Gecko; compatible; ClaudeBot/1.0; +claudebot@anthropic.com)"
93.44.242.34 - - [01/May/2026:10:21:03 -0400] "POST /xmlrpc.php HTTP/1.1" 200 403 "-" "Jetpack by WordPress.com (Jetpack 12.1; WordPress 6.1)"
93.44.242.34 - - [01/May/2026:10:21:14 -0400] "POST /xmlrpc.php HTTP/1.1" 200 403 "-" "Jetpack/12.0; WordPress/6.3; http://site21449366.com"
93.44.242.34 - - [01/May/2026:10:21:25 -0400] "POST /xmlrpc.php HTTP/1.1" 200 0 "-" "Jetpack by WordPress.com (Jetpack 12.1; WordPress 6.3)"
66.249.74.97 - - [01/May/2026:10:21:33 -0400] "GET /view/item/011179530088 HTTP/1.1" 200 29078 "-" "Mozilla/5.0 (Linux; Android 6.0.1; Nexus 5X Build/MMB29P) AppleWebKit/537.36 (KHTML, like Gecko) Chrome/147.0.7727.137 Mobile Safari/537.36 (compatible; GoogleOther)"
216.73.216.216 - - [01/May/2026:10:21:38 -0400] "GET /view/item/013710906285 HTTP/1.1" 404 33035 "-" "Mozilla/5.0 AppleWebKit/537.36 (KHTML, like Gecko; compatible; ClaudeBot/1.0; +claudebot@anthropic.com)"
216.73.216.216 - - [01/May/2026:10:21:38 -0400] "GET /view/item/011665699023 HTTP/1.1" 404 32991 "-" "Mozilla/5.0 AppleWebKit/537.36 (KHTML, like Gecko; compatible; ClaudeBot/1.0; +claudebot@anthropic.com)"
93.44.242.34 - - [01/May/2026:10:21:37 -0400] "POST /xmlrpc.php HTTP/1.1" 200 0 "-" "WordPress.com; https://wordpress.com"
93.44.242.34 - - [01/May/2026:10:21:47 -0400] "POST /xmlrpc.php HTTP/1.1" 200 0 "-" "Jetpack by WordPress.com"
162.0.232.104 - - [01/May/2026:10:22:06 -0400] "POST /wp-cron.php?doing_wp_cron=1777645326.1827309131622314453125 HTTP/1.1" 200 0 "-" "WordPress/6.9.4; https://techfabasia.com"
216.73.216.216 - - [01/May/2026:10:22:03 -0400] "GET /view/item/01294743402 HTTP/1.1" 404 33009 "-" "Mozilla/5.0 AppleWebKit/537.36 (KHTML, like Gecko; compatible; ClaudeBot/1.0; +claudebot@anthropic.com)"
93.44.242.34 - - [01/May/2026:10:21:59 -0400] "POST /xmlrpc.php HTTP/1.1" 200 0 "-" "Jetpack by WordPress.com (Jetpack 12.1; WordPress 6.3)"
216.73.216.216 - - [01/May/2026:10:22:07 -0400] "GET /view/item/01117404944 HTTP/1.1" 404 33040 "-" "Mozilla/5.0 AppleWebKit/537.36 (KHTML, like Gecko; compatible; ClaudeBot/1.0; +claudebot@anthropic.com)"
162.0.232.104 - - [01/May/2026:10:22:08 -0400] "POST /wp-admin/admin-ajax.php?action=wp_1_wc_privacy_cleanup&nonce=6afc4ea86b HTTP/1.1" 200 0 "-" "WordPress/6.9.4; https://techfabasia.com"
93.44.242.34 - - [01/May/2026:10:22:10 -0400] "POST /xmlrpc.php HTTP/1.1" 200 0 "-" "WordPress.com; https://wordpress.com"
93.44.242.34 - - [01/May/2026:10:22:21 -0400] "POST /xmlrpc.php HTTP/1.1" 200 0 "-" "Jetpack by WordPress.com (Jetpack 12.5; WordPress 6.2)"
216.73.216.216 - - [01/May/2026:10:22:35 -0400] "GET /view/item/011040622792 HTTP/1.1" 404 32987 "-" "Mozilla/5.0 AppleWebKit/537.36 (KHTML, like Gecko; compatible; ClaudeBot/1.0; +claudebot@anthropic.com)"
216.73.216.216 - - [01/May/2026:10:22:40 -0400] "GET /view/item/013336625145 HTTP/1.1" 404 32997 "-" "Mozilla/5.0 AppleWebKit/537.36 (KHTML, like Gecko; compatible; ClaudeBot/1.0; +claudebot@anthropic.com)"
93.44.242.34 - - [01/May/2026:10:22:43 -0400] "POST /xmlrpc.php HTTP/1.1" 200 0 "-" "Jetpack by WordPress.com (Jetpack 12.5; WordPress 6.4)"
162.0.232.104 - - [01/May/2026:10:23:12 -0400] "POST /wp-cron.php?doing_wp_cron=1777645392.5369539260864257812500 HTTP/1.1" 200 0 "-" "WordPress/6.9.4; https://techfabasia.com"
216.73.216.216 - - [01/May/2026:10:23:10 -0400] "GET /view/item/013549115170 HTTP/1.1" 404 32987 "-" "Mozilla/5.0 AppleWebKit/537.36 (KHTML, like Gecko; compatible; ClaudeBot/1.0; +claudebot@anthropic.com)"
93.44.242.34 - - [01/May/2026:10:23:10 -0400] "POST /xmlrpc.php HTTP/1.1" 200 0 "-" "Jetpack by WordPress.com"
216.73.216.216 - - [01/May/2026:10:23:12 -0400] "GET /view/item/01428059562 HTTP/1.1" 404 32971 "-" "Mozilla/5.0 AppleWebKit/537.36 (KHTML, like Gecko; compatible; ClaudeBot/1.0; +claudebot@anthropic.com)"
216.73.216.216 - - [01/May/2026:10:23:40 -0400] "GET /view/item/014019891752 HTTP/1.1" 404 32995 "-" "Mozilla/5.0 AppleWebKit/537.36 (KHTML, like Gecko; compatible; ClaudeBot/1.0; +claudebot@anthropic.com)"
162.0.232.104 - - [01/May/2026:10:23:50 -0400] "POST /wp-cron.php?doing_wp_cron=1777645430.2607719898223876953125 HTTP/1.1" 200 0 "-" "WordPress/6.9.4; https://techfabasia.com"
93.44.242.34 - - [01/May/2026:10:23:45 -0400] "POST /xmlrpc.php HTTP/1.1" 200 403 "-" "Jetpack by WordPress.com"
216.73.216.216 - - [01/May/2026:10:23:57 -0400] "GET /view/item/014153981364 HTTP/1.1" 404 32967 "-" "Mozilla/5.0 AppleWebKit/537.36 (KHTML, like Gecko; compatible; ClaudeBot/1.0; +claudebot@anthropic.com)"
93.44.242.34 - - [01/May/2026:10:24:00 -0400] "POST /xmlrpc.php HTTP/1.1" 200 403 "-" "WordPress.com; https://wordpress.com"
93.44.242.34 - - [01/May/2026:10:24:12 -0400] "POST /xmlrpc.php HTTP/1.1" 200 403 "-" "Jetpack by WordPress.com (Jetpack 12.1; WordPress 6.1)"
216.73.216.216 - - [01/May/2026:10:24:25 -0400] "GET /view/item/01730592842 HTTP/1.1" 404 33022 "-" "Mozilla/5.0 AppleWebKit/537.36 (KHTML, like Gecko; compatible; ClaudeBot/1.0; +claudebot@anthropic.com)"
216.73.216.216 - - [01/May/2026:10:24:32 -0400] "GET /view/item/01827393284 HTTP/1.1" 404 33039 "-" "Mozilla/5.0 AppleWebKit/537.36 (KHTML, like Gecko; compatible; ClaudeBot/1.0; +claudebot@anthropic.com)"
93.44.242.34 - - [01/May/2026:10:24:42 -0400] "POST /xmlrpc.php HTTP/1.1" 200 403 "-" "Jetpack by WordPress.com"
162.0.232.104 - - [01/May/2026:10:25:07 -0400] "POST /wp-cron.php?doing_wp_cron=1777645507.4971361160278320312500 HTTP/1.1" 200 0 "-" "WordPress/6.9.4; https://techfabasia.com"
216.73.216.216 - - [01/May/2026:10:25:03 -0400] "GET /view/item/01759476187 HTTP/1.1" 404 33040 "-" "Mozilla/5.0 AppleWebKit/537.36 (KHTML, like Gecko; compatible; ClaudeBot/1.0; +claudebot@anthropic.com)"
216.73.216.216 - - [01/May/2026:10:25:03 -0400] "GET /view/item/014150604675 HTTP/1.1" 404 32961 "-" "Mozilla/5.0 AppleWebKit/537.36 (KHTML, like Gecko; compatible; ClaudeBot/1.0; +claudebot@anthropic.com)"
216.73.216.216 - - [01/May/2026:10:25:09 -0400] "GET /view/item/01343044645 HTTP/1.1" 404 33039 "-" "Mozilla/5.0 AppleWebKit/537.36 (KHTML, like Gecko; compatible; ClaudeBot/1.0; +claudebot@anthropic.com)"
93.44.242.34 - - [01/May/2026:10:25:23 -0400] "POST /xmlrpc.php HTTP/1.1" 200 403 "-" "WordPress.com; https://wordpress.com"
93.44.242.34 - - [01/May/2026:10:25:34 -0400] "POST /xmlrpc.php HTTP/1.1" 200 403 "-" "WordPress.com; https://wordpress.com"
216.73.216.216 - - [01/May/2026:10:25:37 -0400] "GET /view/item/014104832504 HTTP/1.1" 404 32960 "-" "Mozilla/5.0 AppleWebKit/537.36 (KHTML, like Gecko; compatible; ClaudeBot/1.0; +claudebot@anthropic.com)"
216.73.216.216 - - [01/May/2026:10:25:41 -0400] "GET /view/item/01540683906 HTTP/1.1" 404 32977 "-" "Mozilla/5.0 AppleWebKit/537.36 (KHTML, like Gecko; compatible; ClaudeBot/1.0; +claudebot@anthropic.com)"
93.44.242.34 - - [01/May/2026:10:25:46 -0400] "POST /xmlrpc.php HTTP/1.1" 200 0 "-" "Jetpack by WordPress.com"
216.73.216.216 - - [01/May/2026:10:25:46 -0400] "GET /view/item/014291844019 HTTP/1.1" 200 0 "-" "Mozilla/5.0 AppleWebKit/537.36 (KHTML, like Gecko; compatible; ClaudeBot/1.0; +claudebot@anthropic.com)"
162.0.232.104 - - [01/May/2026:10:25:56 -0400] "POST /wp-cron.php?doing_wp_cron=1777645556.2385149002075195312500 HTTP/1.1" 200 0 "-" "WordPress/6.9.4; https://techfabasia.com"
93.44.242.34 - - [01/May/2026:10:25:59 -0400] "POST /xmlrpc.php HTTP/1.1" 200 403 "-" "Jetpack/13.0; WordPress/6.4; http://site36585967.com"
93.44.242.34 - - [01/May/2026:10:26:08 -0400] "POST /xmlrpc.php HTTP/1.1" 500 0 "-" "Jetpack by WordPress.com"
216.73.216.216 - - [01/May/2026:10:26:05 -0400] "GET /view/item/011370575867 HTTP/1.1" 404 32957 "-" "Mozilla/5.0 AppleWebKit/537.36 (KHTML, like Gecko; compatible; ClaudeBot/1.0; +claudebot@anthropic.com)"
93.44.242.34 - - [01/May/2026:10:26:18 -0400] "POST /xmlrpc.php HTTP/1.1" 200 0 "-" "Jetpack/13.0; WordPress/6.3; http://site62843968.com"
93.44.242.34 - - [01/May/2026:10:26:30 -0400] "POST /xmlrpc.php HTTP/1.1" 200 0 "-" "Jetpack by WordPress.com (Jetpack 12.1; WordPress 6.1)"
93.44.242.34 - - [01/May/2026:10:27:02 -0400] "POST /xmlrpc.php HTTP/1.1" 200 0 "-" "Jetpack by WordPress.com"
162.0.232.104 - - [01/May/2026:10:27:12 -0400] "POST /wp-cron.php?doing_wp_cron=1777645632.1379070281982421875000 HTTP/1.1" 200 0 "-" "WordPress/6.9.4; https://techfabasia.com"
216.73.216.216 - - [01/May/2026:10:27:06 -0400] "GET /view/item/01577270424 HTTP/1.1" 200 0 "-" "Mozilla/5.0 AppleWebKit/537.36 (KHTML, like Gecko; compatible; ClaudeBot/1.0; +claudebot@anthropic.com)"
93.44.242.34 - - [01/May/2026:10:27:14 -0400] "POST /xmlrpc.php HTTP/1.1" 200 403 "-" "Jetpack by WordPress.com"
93.44.242.34 - - [01/May/2026:10:27:24 -0400] "POST /xmlrpc.php HTTP/1.1" 200 403 "-" "Jetpack by WordPress.com"
216.73.216.216 - - [01/May/2026:10:27:33 -0400] "GET /view/item/01998825872 HTTP/1.1" 404 33018 "-" "Mozilla/5.0 AppleWebKit/537.36 (KHTML, like Gecko; compatible; ClaudeBot/1.0; +claudebot@anthropic.com)"
93.44.242.34 - - [01/May/2026:10:27:34 -0400] "POST /xmlrpc.php HTTP/1.1" 200 403 "-" "WordPress.com; https://wordpress.com"
216.73.216.216 - - [01/May/2026:10:27:39 -0400] "GET /view/item/012970654191 HTTP/1.1" 404 32988 "-" "Mozilla/5.0 AppleWebKit/537.36 (KHTML, like Gecko; compatible; ClaudeBot/1.0; +claudebot@anthropic.com)"
93.44.242.34 - - [01/May/2026:10:27:45 -0400] "POST /xmlrpc.php HTTP/1.1" 200 0 "-" "Jetpack by WordPress.com"
162.0.232.104 - - [01/May/2026:10:27:52 -0400] "POST /wp-cron.php?doing_wp_cron=1777645672.5508389472961425781250 HTTP/1.1" 200 0 "-" "WordPress/6.9.4; https://techfabasia.com"
93.44.242.34 - - [01/May/2026:10:27:57 -0400] "POST /xmlrpc.php HTTP/1.1" 200 403 "-" "Jetpack by WordPress.com (Jetpack 12.0; WordPress 6.1)"
216.73.216.216 - - [01/May/2026:10:28:05 -0400] "GET /view/item/01351268100 HTTP/1.1" 404 32977 "-" "Mozilla/5.0 AppleWebKit/537.36 (KHTML, like Gecko; compatible; ClaudeBot/1.0; +claudebot@anthropic.com)"
93.44.242.34 - - [01/May/2026:10:28:07 -0400] "POST /xmlrpc.php HTTP/1.1" 200 0 "-" "Jetpack by WordPress.com"
216.73.216.216 - - [01/May/2026:10:28:10 -0400] "GET /view/item/012013197633 HTTP/1.1" 200 0 "-" "Mozilla/5.0 AppleWebKit/537.36 (KHTML, like Gecko; compatible; ClaudeBot/1.0; +claudebot@anthropic.com)"
93.44.242.34 - - [01/May/2026:10:28:19 -0400] "POST /xmlrpc.php HTTP/1.1" 200 0 "-" "Jetpack by WordPress.com (Jetpack 12.1; WordPress 6.3)"
93.44.242.34 - - [01/May/2026:10:28:30 -0400] "POST /xmlrpc.php HTTP/1.1" 200 0 "-" "WordPress.com; https://wordpress.com"
216.73.216.216 - - [01/May/2026:10:28:33 -0400] "GET /view/item/011464537480 HTTP/1.1" 200 0 "-" "Mozilla/5.0 AppleWebKit/537.36 (KHTML, like Gecko; compatible; ClaudeBot/1.0; +claudebot@anthropic.com)"
93.44.242.34 - - [01/May/2026:10:28:40 -0400] "POST /xmlrpc.php HTTP/1.1" 200 0 "-" "Jetpack/12.1; WordPress/6.3; http://site67998449.com"
162.0.232.104 - - [01/May/2026:10:28:47 -0400] "POST /wp-cron.php?doing_wp_cron=1777645727.0367920398712158203125 HTTP/1.1" 200 0 "-" "WordPress/6.9.4; https://techfabasia.com"
93.44.242.34 - - [01/May/2026:10:28:51 -0400] "POST /xmlrpc.php HTTP/1.1" 200 0 "-" "Jetpack by WordPress.com (Jetpack 12.5; WordPress 6.2)"
52.22.64.232 - - [01/May/2026:10:28:56 -0400] "GET /wp-json/wp/v2/pages/3134 HTTP/1.1" 200 0 "-" "Mozilla/5.0 AppleWebKit/537.36 (KHTML, like Gecko; compatible; Amazonbot/0.1; +https://developer.amazon.com/support/amazonbot) Chrome/119.0.6045.214 Safari/537.36"
93.44.242.34 - - [01/May/2026:10:29:03 -0400] "POST /xmlrpc.php HTTP/1.1" 200 0 "-" "WordPress.com; https://wordpress.com"
216.73.216.216 - - [01/May/2026:10:29:01 -0400] "GET /view/item/011576444470 HTTP/1.1" 200 0 "-" "Mozilla/5.0 AppleWebKit/537.36 (KHTML, like Gecko; compatible; ClaudeBot/1.0; +claudebot@anthropic.com)"
3.93.253.174 - - [01/May/2026:10:29:01 -0400] "GET /product-category/tunnel-oven/feed/ HTTP/1.1" 200 0 "-" "Mozilla/5.0 AppleWebKit/537.36 (KHTML, like Gecko; compatible; Amazonbot/0.1; +https://developer.amazon.com/support/amazonbot) Chrome/119.0.6045.214 Safari/537.36"
216.73.216.216 - - [01/May/2026:10:29:06 -0400] "GET /view/item/01925179940 HTTP/1.1" 200 0 "-" "Mozilla/5.0 AppleWebKit/537.36 (KHTML, like Gecko; compatible; ClaudeBot/1.0; +claudebot@anthropic.com)"
93.44.242.34 - - [01/May/2026:10:29:16 -0400] "POST /xmlrpc.php HTTP/1.1" 200 0 "-" "Jetpack by WordPress.com (Jetpack 12.0; WordPress 6.1)"
93.44.242.34 - - [01/May/2026:10:29:25 -0400] "POST /xmlrpc.php HTTP/1.1" 200 0 "-" "Jetpack by WordPress.com (Jetpack 12.0; WordPress 6.4)"
93.44.242.34 - - [01/May/2026:10:29:35 -0400] "POST /xmlrpc.php HTTP/1.1" 200 0 "-" "WordPress.com; https://wordpress.com"
216.73.216.216 - - [01/May/2026:10:29:34 -0400] "GET /view/item/014195396893 HTTP/1.1" 200 0 "-" "Mozilla/5.0 AppleWebKit/537.36 (KHTML, like Gecko; compatible; ClaudeBot/1.0; +claudebot@anthropic.com)"
216.73.216.216 - - [01/May/2026:10:29:38 -0400] "GET /view/item/011355656887 HTTP/1.1" 200 0 "-" "Mozilla/5.0 AppleWebKit/537.36 (KHTML, like Gecko; compatible; ClaudeBot/1.0; +claudebot@anthropic.com)"
162.0.232.104 - - [01/May/2026:10:29:49 -0400] "POST /wp-cron.php?doing_wp_cron=1777645789.2480540275573730468750 HTTP/1.1" 200 0 "-" "WordPress/6.9.4; https://techfabasia.com"
93.44.242.34 - - [01/May/2026:10:29:47 -0400] "POST /xmlrpc.php HTTP/1.1" 200 0 "-" "Jetpack by WordPress.com"
216.73.216.216 - - [01/May/2026:10:29:50 -0400] "GET /view/item/01133834226 HTTP/1.1" 200 0 "-" "Mozilla/5.0 AppleWebKit/537.36 (KHTML, like Gecko; compatible; ClaudeBot/1.0; +claudebot@anthropic.com)"
93.44.242.34 - - [01/May/2026:10:29:56 -0400] "POST /xmlrpc.php HTTP/1.1" 200 0 "-" "Jetpack by WordPress.com"
216.73.216.216 - - [01/May/2026:10:30:03 -0400] "GET /view/item/01435099037 HTTP/1.1" 200 0 "-" "Mozilla/5.0 AppleWebKit/537.36 (KHTML, like Gecko; compatible; ClaudeBot/1.0; +claudebot@anthropic.com)"
93.44.242.34 - - [01/May/2026:10:30:08 -0400] "POST /xmlrpc.php HTTP/1.1" 200 0 "-" "Jetpack by WordPress.com (Jetpack 13.0; WordPress 6.3)"
216.73.216.216 - - [01/May/2026:10:30:08 -0400] "GET /view/item/014067011663 HTTP/1.1" 200 0 "-" "Mozilla/5.0 AppleWebKit/537.36 (KHTML, like Gecko; compatible; ClaudeBot/1.0; +claudebot@anthropic.com)"
216.73.216.216 - - [01/May/2026:10:30:14 -0400] "GET /view/item/011109719546 HTTP/1.1" 200 0 "-" "Mozilla/5.0 AppleWebKit/537.36 (KHTML, like Gecko; compatible; ClaudeBot/1.0; +claudebot@anthropic.com)"
162.0.232.104 - - [01/May/2026:10:30:26 -0400] "POST /wp-cron.php?doing_wp_cron=1777645826.0547809600830078125000 HTTP/1.1" 200 0 "-" "WordPress/6.9.4; https://techfabasia.com"
216.73.216.216 - - [01/May/2026:10:30:26 -0400] "GET /view/item/012544236478 HTTP/1.1" 404 32956 "-" "Mozilla/5.0 AppleWebKit/537.36 (KHTML, like Gecko; compatible; ClaudeBot/1.0; +claudebot@anthropic.com)"
93.44.242.34 - - [01/May/2026:10:30:29 -0400] "POST /xmlrpc.php HTTP/1.1" 200 0 "-" "Jetpack by WordPress.com"
216.73.216.216 - - [01/May/2026:10:30:32 -0400] "GET /view/item/011451047042 HTTP/1.1" 404 32969 "-" "Mozilla/5.0 AppleWebKit/537.36 (KHTML, like Gecko; compatible; ClaudeBot/1.0; +claudebot@anthropic.com)"
216.73.216.216 - - [01/May/2026:10:30:38 -0400] "GET /view/item/014189875524 HTTP/1.1" 404 32998 "-" "Mozilla/5.0 AppleWebKit/537.36 (KHTML, like Gecko; compatible; ClaudeBot/1.0; +claudebot@anthropic.com)"
93.44.242.34 - - [01/May/2026:10:30:43 -0400] "POST /xmlrpc.php HTTP/1.1" 200 0 "-" "Jetpack by WordPress.com (Jetpack 12.5; WordPress 6.3)"
216.73.216.216 - - [01/May/2026:10:30:49 -0400] "GET /view/item/01531810628 HTTP/1.1" 404 33010 "-" "Mozilla/5.0 AppleWebKit/537.36 (KHTML, like Gecko; compatible; ClaudeBot/1.0; +claudebot@anthropic.com)"
93.44.242.34 - - [01/May/2026:10:30:51 -0400] "POST /xmlrpc.php HTTP/1.1" 200 0 "-" "Jetpack by WordPress.com"
93.44.242.34 - - [01/May/2026:10:31:01 -0400] "POST /xmlrpc.php HTTP/1.1" 200 0 "-" "Jetpack by WordPress.com (Jetpack 13.0; WordPress 6.4)"
216.73.216.216 - - [01/May/2026:10:31:00 -0400] "GET /view/item/011025718409 HTTP/1.1" 200 0 "-" "Mozilla/5.0 AppleWebKit/537.36 (KHTML, like Gecko; compatible; ClaudeBot/1.0; +claudebot@anthropic.com)"
93.44.242.34 - - [01/May/2026:10:31:12 -0400] "POST /xmlrpc.php HTTP/1.1" 200 0 "-" "Jetpack by WordPress.com"
162.0.232.104 - - [01/May/2026:10:31:29 -0400] "POST /wp-cron.php?doing_wp_cron=1777645889.8503949642181396484375 HTTP/1.1" 200 0 "-" "WordPress/6.9.4; https://techfabasia.com"
216.73.216.216 - - [01/May/2026:10:31:20 -0400] "GET /view/item/01887441530 HTTP/1.1" 404 33017 "-" "Mozilla/5.0 AppleWebKit/537.36 (KHTML, like Gecko; compatible; ClaudeBot/1.0; +claudebot@anthropic.com)"
162.0.232.104 - - [01/May/2026:10:31:43 -0400] "POST /wp-cron.php?doing_wp_cron=1777645903.6787490844726562500000 HTTP/1.1" 200 0 "-" "WordPress/6.9.4; https://techfabasia.com"
216.73.216.216 - - [01/May/2026:10:31:40 -0400] "GET /view/item/013885764608 HTTP/1.1" 404 33010 "-" "Mozilla/5.0 AppleWebKit/537.36 (KHTML, like Gecko; compatible; ClaudeBot/1.0; +claudebot@anthropic.com)"
93.44.242.34 - - [01/May/2026:10:31:45 -0400] "POST /xmlrpc.php HTTP/1.1" 200 0 "-" "WordPress.com; https://wordpress.com"
162.0.232.104 - - [01/May/2026:10:31:56 -0400] "POST /wp-cron.php?doing_wp_cron=1777645916.3469300270080566406250 HTTP/1.1" 200 0 "-" "WordPress/6.9.4; https://techfabasia.com"
216.73.216.216 - - [01/May/2026:10:31:51 -0400] "GET /view/item/01624356353 HTTP/1.1" 404 32969 "-" "Mozilla/5.0 AppleWebKit/537.36 (KHTML, like Gecko; compatible; ClaudeBot/1.0; +claudebot@anthropic.com)"
91.98.21.65 - - [01/May/2026:10:32:02 -0400] "GET /wp-login.php HTTP/1.1" 302 0 "-" "Mozilla/4.0 (compatible; MSIE 7.0; Windows NT 6.3; WOW64; Trident/7.0; .NET4.0C; .NET4.0E; .NET CLR 2.0.50727; .NET CLR 3.0.30729; .NET CLR 3.5.30729)"
162.0.232.104 - - [01/May/2026:10:32:10 -0400] "POST /wp-cron.php?doing_wp_cron=1777645930.7598519325256347656250 HTTP/1.1" 200 0 "-" "WordPress/6.9.4; https://techfabasia.com"
216.73.216.216 - - [01/May/2026:10:32:03 -0400] "GET /view/item/01856529513 HTTP/1.1" 404 33009 "-" "Mozilla/5.0 AppleWebKit/537.36 (KHTML, like Gecko; compatible; ClaudeBot/1.0; +claudebot@anthropic.com)"
91.98.21.65 - - [01/May/2026:10:32:08 -0400] "GET /wp-login.php HTTP/1.1" 302 0 "https://techfabasia.com/wp-login.php" "Mozilla/4.0 (compatible; MSIE 7.0; Windows NT 6.3; WOW64; Trident/7.0; .NET4.0C; .NET4.0E; .NET CLR 2.0.50727; .NET CLR 3.0.30729; .NET CLR 3.5.30729)"
91.98.21.65 - - [01/May/2026:10:32:14 -0400] "GET /wp-login.php HTTP/1.1" 302 0 "https://techfabasia.com/wp-login.php" "Mozilla/4.0 (compatible; MSIE 7.0; Windows NT 6.3; WOW64; Trident/7.0; .NET4.0C; .NET4.0E; .NET CLR 2.0.50727; .NET CLR 3.0.30729; .NET CLR 3.5.30729)"
91.98.21.65 - - [01/May/2026:10:32:21 -0400] "GET /wp-login.php HTTP/1.1" 200 0 "https://techfabasia.com/wp-login.php" "Mozilla/4.0 (compatible; MSIE 7.0; Windows NT 6.3; WOW64; Trident/7.0; .NET4.0C; .NET4.0E; .NET CLR 2.0.50727; .NET CLR 3.0.30729; .NET CLR 3.5.30729)"
216.73.216.216 - - [01/May/2026:10:32:15 -0400] "GET /view/item/013661955629 HTTP/1.1" 200 0 "-" "Mozilla/5.0 AppleWebKit/537.36 (KHTML, like Gecko; compatible; ClaudeBot/1.0; +claudebot@anthropic.com)"
216.73.216.216 - - [01/May/2026:10:32:25 -0400] "GET /view/item/012698569197 HTTP/1.1" 200 0 "-" "Mozilla/5.0 AppleWebKit/537.36 (KHTML, like Gecko; compatible; ClaudeBot/1.0; +claudebot@anthropic.com)"
216.73.216.216 - - [01/May/2026:10:32:37 -0400] "GET /view/item/013301119669 HTTP/1.1" 200 0 "-" "Mozilla/5.0 AppleWebKit/537.36 (KHTML, like Gecko; compatible; ClaudeBot/1.0; +claudebot@anthropic.com)"
162.0.232.104 - - [01/May/2026:10:33:05 -0400] "POST /wp-cron.php?doing_wp_cron=1777645985.3141939640045166015625 HTTP/1.1" 200 0 "-" "WordPress/6.9.4; https://techfabasia.com"
216.73.216.216 - - [01/May/2026:10:32:57 -0400] "GET /view/item/011600425135 HTTP/1.1" 404 33031 "-" "Mozilla/5.0 AppleWebKit/537.36 (KHTML, like Gecko; compatible; ClaudeBot/1.0; +claudebot@anthropic.com)"
216.73.216.216 - - [01/May/2026:10:33:09 -0400] "GET /view/item/013008486136 HTTP/1.1" 404 32953 "-" "Mozilla/5.0 AppleWebKit/537.36 (KHTML, like Gecko; compatible; ClaudeBot/1.0; +claudebot@anthropic.com)"
216.73.216.216 - - [01/May/2026:10:33:22 -0400] "GET /view/item/0177689888 HTTP/1.1" 404 32930 "-" "Mozilla/5.0 AppleWebKit/537.36 (KHTML, like Gecko; compatible; ClaudeBot/1.0; +claudebot@anthropic.com)"
216.73.216.216 - - [01/May/2026:10:33:28 -0400] "GET /view/item/012583077645 HTTP/1.1" 404 32992 "-" "Mozilla/5.0 AppleWebKit/537.36 (KHTML, like Gecko; compatible; ClaudeBot/1.0; +claudebot@anthropic.com)"
216.73.216.216 - - [01/May/2026:10:33:41 -0400] "GET /view/item/01714316446 HTTP/1.1" 404 33018 "-" "Mozilla/5.0 AppleWebKit/537.36 (KHTML, like Gecko; compatible; ClaudeBot/1.0; +claudebot@anthropic.com)"
162.0.232.104 - - [01/May/2026:10:34:01 -0400] "POST /wp-cron.php?doing_wp_cron=1777646041.5503270626068115234375 HTTP/1.1" 200 0 "-" "WordPress/6.9.4; https://techfabasia.com"
216.73.216.216 - - [01/May/2026:10:33:54 -0400] "GET /view/item/01384064505 HTTP/1.1" 404 33010 "-" "Mozilla/5.0 AppleWebKit/537.36 (KHTML, like Gecko; compatible; ClaudeBot/1.0; +claudebot@anthropic.com)"
216.73.216.216 - - [01/May/2026:10:34:06 -0400] "GET /view/item/01186685802 HTTP/1.1" 404 33024 "-" "Mozilla/5.0 AppleWebKit/537.36 (KHTML, like Gecko; compatible; ClaudeBot/1.0; +claudebot@anthropic.com)"
216.73.216.216 - - [01/May/2026:10:34:15 -0400] "GET /view/item/011009934028 HTTP/1.1" 404 32996 "-" "Mozilla/5.0 AppleWebKit/537.36 (KHTML, like Gecko; compatible; ClaudeBot/1.0; +claudebot@anthropic.com)"
216.73.216.216 - - [01/May/2026:10:34:27 -0400] "GET /view/item/011028733338 HTTP/1.1" 404 32957 "-" "Mozilla/5.0 AppleWebKit/537.36 (KHTML, like Gecko; compatible; ClaudeBot/1.0; +claudebot@anthropic.com)"
216.73.216.216 - - [01/May/2026:10:34:39 -0400] "GET /view/item/01484801167 HTTP/1.1" 404 33041 "-" "Mozilla/5.0 AppleWebKit/537.36 (KHTML, like Gecko; compatible; ClaudeBot/1.0; +claudebot@anthropic.com)"
162.0.232.104 - - [01/May/2026:10:34:51 -0400] "POST /wp-cron.php?doing_wp_cron=1777646091.7521190643310546875000 HTTP/1.1" 200 0 "-" "WordPress/6.9.4; https://techfabasia.com"
216.73.216.216 - - [01/May/2026:10:34:48 -0400] "GET /view/item/012606169985 HTTP/1.1" 404 32990 "-" "Mozilla/5.0 AppleWebKit/537.36 (KHTML, like Gecko; compatible; ClaudeBot/1.0; +claudebot@anthropic.com)"
185.191.171.8 - - [01/May/2026:10:34:57 -0400] "GET /shop/ai-robot-coffee-vending-machine-white/ HTTP/1.1" 200 40884 "-" "Mozilla/5.0 (compatible; SemrushBot/7~bl; +http://www.semrush.com/bot.html)"
216.73.216.216 - - [01/May/2026:10:35:00 -0400] "GET /view/item/013680095036 HTTP/1.1" 404 33052 "-" "Mozilla/5.0 AppleWebKit/537.36 (KHTML, like Gecko; compatible; ClaudeBot/1.0; +claudebot@anthropic.com)"
216.73.216.216 - - [01/May/2026:10:35:12 -0400] "GET /view/item/01695056090 HTTP/1.1" 200 184 "-" "Mozilla/5.0 AppleWebKit/537.36 (KHTML, like Gecko; compatible; ClaudeBot/1.0; +claudebot@anthropic.com)"
216.73.216.216 - - [01/May/2026:10:35:18 -0400] "GET /view/item/014098113372 HTTP/1.1" 404 32919 "-" "Mozilla/5.0 AppleWebKit/537.36 (KHTML, like Gecko; compatible; ClaudeBot/1.0; +claudebot@anthropic.com)"
