47.128.63.21 - - [01/May/2026:15:30:50 -0400] "GET /wp-content/uploads/2025/05/ctlogo.png HTTP/1.1" 206 500 "https://techfabasia.com/product-category/laptops-computers/desktop-pcs-laptops-2/" "Mozilla/5.0 (compatible; Bytespider; spider-feedback@bytedance.com) AppleWebKit/537.36 (KHTML, like Gecko) Chrome/70.0.0.0 Safari/537.36"
47.128.63.21 - - [01/May/2026:15:30:51 -0400] "GET /wp-content/plugins/js_composer/assets/css/js_composer.min.css?ver=8.4.1 HTTP/1.1" 200 41803 "https://techfabasia.com/product-category/laptops-computers/desktop-pcs-laptops-2/" "Mozilla/5.0 (compatible; Bytespider; spider-feedback@bytedance.com) AppleWebKit/537.36 (KHTML, like Gecko) Chrome/70.0.0.0 Safari/537.36"
47.128.63.21 - - [01/May/2026:15:30:52 -0400] "GET /wp-content/plugins/woocommerce/assets/client/blocks/coming-soon.css?ver=wc-10.7.0 HTTP/1.1" 200 594 "https://techfabasia.com/product-category/laptops-computers/desktop-pcs-laptops-2/" "Mozilla/5.0 (compatible; Bytespider; spider-feedback@bytedance.com) AppleWebKit/537.36 (KHTML, like Gecko) Chrome/70.0.0.0 Safari/537.36"
162.0.232.104 - - [01/May/2026:15:30:54 -0400] "POST /wp-cron.php?doing_wp_cron=1777663854.3706779479980468750000 HTTP/1.1" 200 0 "-" "WordPress/6.9.4; https://techfabasia.com"
216.73.216.216 - - [01/May/2026:15:30:50 -0400] "GET /view/item/013616355803 HTTP/1.1" 404 32959 "-" "Mozilla/5.0 AppleWebKit/537.36 (KHTML, like Gecko; compatible; ClaudeBot/1.0; +claudebot@anthropic.com)"
216.73.216.216 - - [01/May/2026:15:30:57 -0400] "GET /view/item/013657709405 HTTP/1.1" 404 33038 "-" "Mozilla/5.0 AppleWebKit/537.36 (KHTML, like Gecko; compatible; ClaudeBot/1.0; +claudebot@anthropic.com)"
47.128.63.17 - - [01/May/2026:15:31:15 -0400] "GET /shop/zam320-pcb-fpc-laser-cutting-machine/ HTTP/1.1" 200 32954 "-" "Mozilla/5.0 (compatible; Bytespider; spider-feedback@bytedance.com) AppleWebKit/537.36 (KHTML, like Gecko) Chrome/70.0.0.0 Safari/537.36"
47.128.63.17 - - [01/May/2026:15:31:20 -0400] "GET /wp-content/plugins/mas-woocommerce-brands/assets/css/style.css?ver=1.1.0 HTTP/1.1" 200 543 "https://techfabasia.com/shop/zam320-pcb-fpc-laser-cutting-machine/" "Mozilla/5.0 (compatible; Bytespider; spider-feedback@bytedance.com) AppleWebKit/537.36 (KHTML, like Gecko) Chrome/70.0.0.0 Safari/537.36"
47.128.63.17 - - [01/May/2026:15:31:21 -0400] "GET /wp-includes/css/dist/block-library/style.min.css?ver=6.9.4 HTTP/1.1" 200 14889 "https://techfabasia.com/shop/zam320-pcb-fpc-laser-cutting-machine/" "Mozilla/5.0 (compatible; Bytespider; spider-feedback@bytedance.com) AppleWebKit/537.36 (KHTML, like Gecko) Chrome/70.0.0.0 Safari/537.36"
47.128.63.17 - - [01/May/2026:15:31:21 -0400] "GET /wp-content/plugins/yith-woocommerce-wishlist/assets/css/frontend/add-to-wishlist.css?ver=4.14.0 HTTP/1.1" 200 3034 "https://techfabasia.com/shop/zam320-pcb-fpc-laser-cutting-machine/" "Mozilla/5.0 (compatible; Bytespider; spider-feedback@bytedance.com) AppleWebKit/537.36 (KHTML, like Gecko) Chrome/70.0.0.0 Safari/537.36"
47.128.63.17 - - [01/May/2026:15:31:21 -0400] "GET /wp-content/plugins/woocommerce/assets/css/photoswipe/photoswipe.min.css?ver=10.7.0 HTTP/1.1" 200 846 "https://techfabasia.com/shop/zam320-pcb-fpc-laser-cutting-machine/" "Mozilla/5.0 (compatible; Bytespider; spider-feedback@bytedance.com) AppleWebKit/537.36 (KHTML, like Gecko) Chrome/70.0.0.0 Safari/537.36"
47.128.63.17 - - [01/May/2026:15:31:21 -0400] "GET /wp-content/plugins/js_composer/assets/css/js_composer.min.css?ver=8.4.1 HTTP/1.1" 200 41803 "https://techfabasia.com/shop/zam320-pcb-fpc-laser-cutting-machine/" "Mozilla/5.0 (compatible; Bytespider; spider-feedback@bytedance.com) AppleWebKit/537.36 (KHTML, like Gecko) Chrome/70.0.0.0 Safari/537.36"
47.128.63.17 - - [01/May/2026:15:31:21 -0400] "GET /wp-content/uploads/2018/10/electro-placeholder-statick-block-1.png HTTP/1.1" 206 500 "https://techfabasia.com/shop/zam320-pcb-fpc-laser-cutting-machine/" "Mozilla/5.0 (compatible; Bytespider; spider-feedback@bytedance.com) AppleWebKit/537.36 (KHTML, like Gecko) Chrome/70.0.0.0 Safari/537.36"
47.128.63.17 - - [01/May/2026:15:31:21 -0400] "GET /wp-content/plugins/woocommerce/assets/client/blocks/coming-soon.css?ver=wc-10.7.0 HTTP/1.1" 200 594 "https://techfabasia.com/shop/zam320-pcb-fpc-laser-cutting-machine/" "Mozilla/5.0 (compatible; Bytespider; spider-feedback@bytedance.com) AppleWebKit/537.36 (KHTML, like Gecko) Chrome/70.0.0.0 Safari/537.36"
47.128.63.17 - - [01/May/2026:15:31:22 -0400] "GET /wp-content/plugins/wpforms-lite/assets/css/frontend/modern/wpforms-full.min.css?ver=1.10.0.4 HTTP/1.1" 200 15488 "https://techfabasia.com/shop/zam320-pcb-fpc-laser-cutting-machine/" "Mozilla/5.0 (compatible; Bytespider; spider-feedback@bytedance.com) AppleWebKit/537.36 (KHTML, like Gecko) Chrome/70.0.0.0 Safari/537.36"
216.73.216.216 - - [01/May/2026:15:31:21 -0400] "GET /view/item/01322573079 HTTP/1.1" 404 33004 "-" "Mozilla/5.0 AppleWebKit/537.36 (KHTML, like Gecko; compatible; ClaudeBot/1.0; +claudebot@anthropic.com)"
216.73.216.216 - - [01/May/2026:15:31:27 -0400] "GET /view/item/012106955027 HTTP/1.1" 404 32992 "-" "Mozilla/5.0 AppleWebKit/537.36 (KHTML, like Gecko; compatible; ClaudeBot/1.0; +claudebot@anthropic.com)"
89.25.230.156 - - [01/May/2026:15:31:40 -0400] "GET /wp-login.php HTTP/1.1" 302 0 "-" "Mozilla/5.0 (Windows NT 6.1; WOW64; Trident/7.0; MAFSJS; rv:11.0) like Gecko"
162.0.232.104 - - [01/May/2026:15:31:55 -0400] "POST /wp-cron.php?doing_wp_cron=1777663915.2551610469818115234375 HTTP/1.1" 200 0 "-" "WordPress/6.9.4; https://techfabasia.com"
216.73.216.216 - - [01/May/2026:15:31:51 -0400] "GET /view/item/011166488352 HTTP/1.1" 404 33035 "-" "Mozilla/5.0 AppleWebKit/537.36 (KHTML, like Gecko; compatible; ClaudeBot/1.0; +claudebot@anthropic.com)"
216.73.216.216 - - [01/May/2026:15:31:58 -0400] "GET /view/item/01349952657 HTTP/1.1" 404 33016 "-" "Mozilla/5.0 AppleWebKit/537.36 (KHTML, like Gecko; compatible; ClaudeBot/1.0; +claudebot@anthropic.com)"
162.0.232.104 - - [01/May/2026:15:32:35 -0400] "POST /wp-cron.php?doing_wp_cron=1777663955.4443359375000000000000 HTTP/1.1" 200 0 "-" "WordPress/6.9.4; https://techfabasia.com"
216.73.216.216 - - [01/May/2026:15:32:27 -0400] "GET /view/item/01951483144 HTTP/1.1" 404 32982 "-" "Mozilla/5.0 AppleWebKit/537.36 (KHTML, like Gecko; compatible; ClaudeBot/1.0; +claudebot@anthropic.com)"
66.249.74.97 - - [01/May/2026:15:32:42 -0400] "GET /view/item/061062408319 HTTP/1.1" 200 27670 "-" "Mozilla/5.0 (Linux; Android 6.0.1; Nexus 5X Build/MMB29P) AppleWebKit/537.36 (KHTML, like Gecko) Chrome/147.0.7727.137 Mobile Safari/537.36 (compatible; GoogleOther)"
216.73.216.216 - - [01/May/2026:15:32:51 -0400] "GET /view/item/012498464291 HTTP/1.1" 200 0 "-" "Mozilla/5.0 AppleWebKit/537.36 (KHTML, like Gecko; compatible; ClaudeBot/1.0; +claudebot@anthropic.com)"
162.0.232.104 - - [01/May/2026:15:33:01 -0400] "POST /wp-cron.php?doing_wp_cron=1777663981.8525929450988769531250 HTTP/1.1" 200 0 "-" "WordPress/6.9.4; https://techfabasia.com"
216.73.216.216 - - [01/May/2026:15:33:14 -0400] "GET /view/item/013776834007 HTTP/1.1" 200 0 "-" "Mozilla/5.0 AppleWebKit/537.36 (KHTML, like Gecko; compatible; ClaudeBot/1.0; +claudebot@anthropic.com)"
216.73.216.216 - - [01/May/2026:15:33:21 -0400] "GET /view/item/013931415692 HTTP/1.1" 200 0 "-" "Mozilla/5.0 AppleWebKit/537.36 (KHTML, like Gecko; compatible; ClaudeBot/1.0; +claudebot@anthropic.com)"
162.0.232.104 - - [01/May/2026:15:33:49 -0400] "POST /wp-cron.php?doing_wp_cron=1777664029.3481891155242919921875 HTTP/1.1" 200 0 "-" "WordPress/6.9.4; https://techfabasia.com"
216.73.216.216 - - [01/May/2026:15:33:45 -0400] "GET /view/item/013424160607 HTTP/1.1" 404 33040 "-" "Mozilla/5.0 AppleWebKit/537.36 (KHTML, like Gecko; compatible; ClaudeBot/1.0; +claudebot@anthropic.com)"
216.73.216.216 - - [01/May/2026:15:33:52 -0400] "GET /view/item/013097578733 HTTP/1.1" 404 33021 "-" "Mozilla/5.0 AppleWebKit/537.36 (KHTML, like Gecko; compatible; ClaudeBot/1.0; +claudebot@anthropic.com)"
216.73.216.216 - - [01/May/2026:15:34:16 -0400] "GET /view/item/011201914831 HTTP/1.1" 404 32989 "-" "Mozilla/5.0 AppleWebKit/537.36 (KHTML, like Gecko; compatible; ClaudeBot/1.0; +claudebot@anthropic.com)"
216.73.216.216 - - [01/May/2026:15:34:22 -0400] "GET /view/item/01194504360 HTTP/1.1" 404 32989 "-" "Mozilla/5.0 AppleWebKit/537.36 (KHTML, like Gecko; compatible; ClaudeBot/1.0; +claudebot@anthropic.com)"
162.0.232.104 - - [01/May/2026:15:34:54 -0400] "POST /wp-cron.php?doing_wp_cron=1777664094.7525188922882080078125 HTTP/1.1" 200 0 "-" "WordPress/6.9.4; https://techfabasia.com"
216.73.216.216 - - [01/May/2026:15:34:48 -0400] "GET /view/item/012572790952 HTTP/1.1" 404 33017 "-" "Mozilla/5.0 AppleWebKit/537.36 (KHTML, like Gecko; compatible; ClaudeBot/1.0; +claudebot@anthropic.com)"
216.73.216.216 - - [01/May/2026:15:34:58 -0400] "GET /view/item/01455976357 HTTP/1.1" 404 33019 "-" "Mozilla/5.0 AppleWebKit/537.36 (KHTML, like Gecko; compatible; ClaudeBot/1.0; +claudebot@anthropic.com)"
216.73.216.216 - - [01/May/2026:15:35:22 -0400] "GET /view/item/014035012633 HTTP/1.1" 404 33038 "-" "Mozilla/5.0 AppleWebKit/537.36 (KHTML, like Gecko; compatible; ClaudeBot/1.0; +claudebot@anthropic.com)"
216.73.216.216 - - [01/May/2026:15:35:30 -0400] "GET /view/item/012623945651 HTTP/1.1" 404 32990 "-" "Mozilla/5.0 AppleWebKit/537.36 (KHTML, like Gecko; compatible; ClaudeBot/1.0; +claudebot@anthropic.com)"
162.0.232.104 - - [01/May/2026:15:36:04 -0400] "POST /wp-cron.php?doing_wp_cron=1777664164.6653480529785156250000 HTTP/1.1" 200 0 "-" "WordPress/6.9.4; https://techfabasia.com"
216.73.216.216 - - [01/May/2026:15:35:56 -0400] "GET /view/item/01582254662 HTTP/1.1" 404 33035 "-" "Mozilla/5.0 AppleWebKit/537.36 (KHTML, like Gecko; compatible; ClaudeBot/1.0; +claudebot@anthropic.com)"
216.73.216.216 - - [01/May/2026:15:36:08 -0400] "GET /view/item/011982167030 HTTP/1.1" 404 33013 "-" "Mozilla/5.0 AppleWebKit/537.36 (KHTML, like Gecko; compatible; ClaudeBot/1.0; +claudebot@anthropic.com)"
216.73.216.216 - - [01/May/2026:15:36:32 -0400] "GET /view/item/013603774703 HTTP/1.1" 404 32969 "-" "Mozilla/5.0 AppleWebKit/537.36 (KHTML, like Gecko; compatible; ClaudeBot/1.0; +claudebot@anthropic.com)"
216.73.216.216 - - [01/May/2026:15:36:39 -0400] "GET /view/item/013064383397 HTTP/1.1" 404 32991 "-" "Mozilla/5.0 AppleWebKit/537.36 (KHTML, like Gecko; compatible; ClaudeBot/1.0; +claudebot@anthropic.com)"
162.0.232.104 - - [01/May/2026:15:37:01 -0400] "POST /wp-cron.php?doing_wp_cron=1777664221.4995210170745849609375 HTTP/1.1" 200 0 "-" "WordPress/6.9.4; https://techfabasia.com"
216.73.216.216 - - [01/May/2026:15:36:58 -0400] "GET /view/item/013305846849 HTTP/1.1" 404 32999 "-" "Mozilla/5.0 AppleWebKit/537.36 (KHTML, like Gecko; compatible; ClaudeBot/1.0; +claudebot@anthropic.com)"
66.249.74.96 - - [01/May/2026:15:37:19 -0400] "GET /view/item/01737108240 HTTP/1.1" 200 28345 "-" "Mozilla/5.0 (Linux; Android 6.0.1; Nexus 5X Build/MMB29P) AppleWebKit/537.36 (KHTML, like Gecko) Chrome/147.0.7727.137 Mobile Safari/537.36 (compatible; GoogleOther)"
216.73.216.216 - - [01/May/2026:15:37:20 -0400] "GET /view/item/012311317689 HTTP/1.1" 404 33000 "-" "Mozilla/5.0 AppleWebKit/537.36 (KHTML, like Gecko; compatible; ClaudeBot/1.0; +claudebot@anthropic.com)"
216.73.216.216 - - [01/May/2026:15:37:30 -0400] "GET /view/item/011679891296 HTTP/1.1" 404 32963 "-" "Mozilla/5.0 AppleWebKit/537.36 (KHTML, like Gecko; compatible; ClaudeBot/1.0; +claudebot@anthropic.com)"
216.73.216.216 - - [01/May/2026:15:37:55 -0400] "GET /view/item/014034567555 HTTP/1.1" 200 0 "-" "Mozilla/5.0 AppleWebKit/537.36 (KHTML, like Gecko; compatible; ClaudeBot/1.0; +claudebot@anthropic.com)"
45.227.253.15 - - [01/May/2026:15:38:04 -0400] "GET /wp-includes/js/tinymce/plugins/directionality/directionality/index.php?ARRAY=7o2230223n313737373636383336392p2231223n22687474703n5p2s5p2s7n733838397631332r65646974652r696r6o5p2s3s6p633q78696164616r5s72616r645s7061746826743q313737373636343736392q6537646435633734316630333134346131636563346631373730313237343730222p2232223n223065373437326439373734343461303230346235623435313965646138396563222p2233223n223330383332396133393332633765343031373463343963326233323930333265222p2262696r675s70617373223n2232322q35302q35312q36362q37312q38342q3130227q HTTP/1.1" 200 507 "-" "Mozilla/5.0 (Macintosh; Intel Mac OS X 10.14; rv:103.0) Gecko/20100101 Firefox/103.0"
162.0.232.104 - - [01/May/2026:15:38:09 -0400] "POST /wp-cron.php?doing_wp_cron=1777664289.4532060623168945312500 HTTP/1.1" 200 0 "-" "WordPress/6.9.4; https://techfabasia.com"
216.73.216.216 - - [01/May/2026:15:38:16 -0400] "GET /view/item/013714386274 HTTP/1.1" 200 0 "-" "Mozilla/5.0 AppleWebKit/537.36 (KHTML, like Gecko; compatible; ClaudeBot/1.0; +claudebot@anthropic.com)"
216.73.216.216 - - [01/May/2026:15:38:28 -0400] "GET /view/item/014068952447 HTTP/1.1" 200 0 "-" "Mozilla/5.0 AppleWebKit/537.36 (KHTML, like Gecko; compatible; ClaudeBot/1.0; +claudebot@anthropic.com)"
216.73.216.216 - - [01/May/2026:15:38:32 -0400] "GET /view/item/013624655022 HTTP/1.1" 200 0 "-" "Mozilla/5.0 AppleWebKit/537.36 (KHTML, like Gecko; compatible; ClaudeBot/1.0; +claudebot@anthropic.com)"
162.0.232.104 - - [01/May/2026:15:38:49 -0400] "POST /wp-cron.php?doing_wp_cron=1777664329.3390879631042480468750 HTTP/1.1" 200 0 "-" "WordPress/6.9.4; https://techfabasia.com"
216.73.216.216 - - [01/May/2026:15:38:46 -0400] "GET /view/item/011385798029 HTTP/1.1" 200 0 "-" "Mozilla/5.0 AppleWebKit/537.36 (KHTML, like Gecko; compatible; ClaudeBot/1.0; +claudebot@anthropic.com)"
216.73.216.216 - - [01/May/2026:15:38:49 -0400] "GET /view/item/011771230273 HTTP/1.1" 200 0 "-" "Mozilla/5.0 AppleWebKit/537.36 (KHTML, like Gecko; compatible; ClaudeBot/1.0; +claudebot@anthropic.com)"
162.0.232.104 - - [01/May/2026:15:39:03 -0400] "POST /wp-cron.php?doing_wp_cron=1777664343.4575259685516357421875 HTTP/1.1" 200 0 "-" "WordPress/6.9.4; https://techfabasia.com"
216.73.216.216 - - [01/May/2026:15:38:57 -0400] "GET /view/item/01782100758 HTTP/1.1" 200 0 "-" "Mozilla/5.0 AppleWebKit/537.36 (KHTML, like Gecko; compatible; ClaudeBot/1.0; +claudebot@anthropic.com)"
216.73.216.216 - - [01/May/2026:15:39:09 -0400] "GET /view/item/011325718610 HTTP/1.1" 404 33012 "-" "Mozilla/5.0 AppleWebKit/537.36 (KHTML, like Gecko; compatible; ClaudeBot/1.0; +claudebot@anthropic.com)"
216.73.216.216 - - [01/May/2026:15:39:17 -0400] "GET /view/item/013081303428 HTTP/1.1" 404 32958 "-" "Mozilla/5.0 AppleWebKit/537.36 (KHTML, like Gecko; compatible; ClaudeBot/1.0; +claudebot@anthropic.com)"
66.249.74.97 - - [01/May/2026:15:39:21 -0400] "GET /shop/unct2600-high-precision-industrial-ct-detection-system/feed/ HTTP/1.1" 200 29382 "-" "Mozilla/5.0 (Linux; Android 6.0.1; Nexus 5X Build/MMB29P) AppleWebKit/537.36 (KHTML, like Gecko) Chrome/147.0.7727.137 Mobile Safari/537.36 (compatible; Googlebot/2.1; +http://www.google.com/bot.html)"
66.249.74.110 - - [01/May/2026:15:39:21 -0400] "GET /view/item/01441179905 HTTP/1.1" 200 31164 "-" "Mozilla/5.0 (Linux; Android 6.0.1; Nexus 5X Build/MMB29P) AppleWebKit/537.36 (KHTML, like Gecko) Chrome/147.0.7727.137 Mobile Safari/537.36 (compatible; GoogleOther)"
216.73.216.216 - - [01/May/2026:15:39:23 -0400] "GET /view/item/011793355568 HTTP/1.1" 404 32994 "-" "Mozilla/5.0 AppleWebKit/537.36 (KHTML, like Gecko; compatible; ClaudeBot/1.0; +claudebot@anthropic.com)"
216.73.216.216 - - [01/May/2026:15:39:30 -0400] "GET /view/item/011420097388 HTTP/1.1" 404 33045 "-" "Mozilla/5.0 AppleWebKit/537.36 (KHTML, like Gecko; compatible; ClaudeBot/1.0; +claudebot@anthropic.com)"
66.249.74.110 - - [01/May/2026:15:39:37 -0400] "GET /view/item/013370997608 HTTP/1.1" 200 30326 "-" "Mozilla/5.0 (Linux; Android 6.0.1; Nexus 5X Build/MMB29P) AppleWebKit/537.36 (KHTML, like Gecko) Chrome/147.0.7727.137 Mobile Safari/537.36 (compatible; GoogleOther)"
216.73.216.216 - - [01/May/2026:15:39:39 -0400] "GET /view/item/011708513505 HTTP/1.1" 404 33039 "-" "Mozilla/5.0 AppleWebKit/537.36 (KHTML, like Gecko; compatible; ClaudeBot/1.0; +claudebot@anthropic.com)"
216.73.216.216 - - [01/May/2026:15:39:44 -0400] "GET /view/item/012258661494 HTTP/1.1" 404 33037 "-" "Mozilla/5.0 AppleWebKit/537.36 (KHTML, like Gecko; compatible; ClaudeBot/1.0; +claudebot@anthropic.com)"
216.73.216.216 - - [01/May/2026:15:39:50 -0400] "GET /view/item/01742985838 HTTP/1.1" 200 184 "-" "Mozilla/5.0 AppleWebKit/537.36 (KHTML, like Gecko; compatible; ClaudeBot/1.0; +claudebot@anthropic.com)"
216.73.216.216 - - [01/May/2026:15:39:55 -0400] "GET /view/item/013717057417 HTTP/1.1" 404 32992 "-" "Mozilla/5.0 AppleWebKit/537.36 (KHTML, like Gecko; compatible; ClaudeBot/1.0; +claudebot@anthropic.com)"
162.0.232.104 - - [01/May/2026:15:40:08 -0400] "POST /wp-cron.php?doing_wp_cron=1777664408.1874639987945556640625 HTTP/1.1" 200 0 "-" "WordPress/6.9.4; https://techfabasia.com"
216.73.216.216 - - [01/May/2026:15:40:01 -0400] "GET /view/item/011592167568 HTTP/1.1" 404 32967 "-" "Mozilla/5.0 AppleWebKit/537.36 (KHTML, like Gecko; compatible; ClaudeBot/1.0; +claudebot@anthropic.com)"
216.73.216.216 - - [01/May/2026:15:40:09 -0400] "GET /view/item/012844149522 HTTP/1.1" 200 184 "-" "Mozilla/5.0 AppleWebKit/537.36 (KHTML, like Gecko; compatible; ClaudeBot/1.0; +claudebot@anthropic.com)"
216.73.216.216 - - [01/May/2026:15:40:14 -0400] "GET /view/item/013030917278 HTTP/1.1" 404 33041 "-" "Mozilla/5.0 AppleWebKit/537.36 (KHTML, like Gecko; compatible; ClaudeBot/1.0; +claudebot@anthropic.com)"
216.73.216.216 - - [01/May/2026:15:40:20 -0400] "GET /view/item/014206800052 HTTP/1.1" 404 33037 "-" "Mozilla/5.0 AppleWebKit/537.36 (KHTML, like Gecko; compatible; ClaudeBot/1.0; +claudebot@anthropic.com)"
216.73.216.216 - - [01/May/2026:15:40:26 -0400] "GET /view/item/013784214340 HTTP/1.1" 404 33011 "-" "Mozilla/5.0 AppleWebKit/537.36 (KHTML, like Gecko; compatible; ClaudeBot/1.0; +claudebot@anthropic.com)"
216.73.216.216 - - [01/May/2026:15:40:32 -0400] "GET /view/item/013749382693 HTTP/1.1" 404 33041 "-" "Mozilla/5.0 AppleWebKit/537.36 (KHTML, like Gecko; compatible; ClaudeBot/1.0; +claudebot@anthropic.com)"
216.73.216.216 - - [01/May/2026:15:40:38 -0400] "GET /view/item/013994369918 HTTP/1.1" 404 32958 "-" "Mozilla/5.0 AppleWebKit/537.36 (KHTML, like Gecko; compatible; ClaudeBot/1.0; +claudebot@anthropic.com)"
162.0.232.104 - - [01/May/2026:15:40:49 -0400] "POST /wp-cron.php?doing_wp_cron=1777664449.5687820911407470703125 HTTP/1.1" 200 0 "-" "WordPress/6.9.4; https://techfabasia.com"
216.73.216.216 - - [01/May/2026:15:40:46 -0400] "GET /view/item/01662514198 HTTP/1.1" 404 33042 "-" "Mozilla/5.0 AppleWebKit/537.36 (KHTML, like Gecko; compatible; ClaudeBot/1.0; +claudebot@anthropic.com)"
216.73.216.216 - - [01/May/2026:15:40:55 -0400] "GET /view/item/011911655020 HTTP/1.1" 404 32963 "-" "Mozilla/5.0 AppleWebKit/537.36 (KHTML, like Gecko; compatible; ClaudeBot/1.0; +claudebot@anthropic.com)"
216.73.216.216 - - [01/May/2026:15:41:05 -0400] "GET /view/item/011429379092 HTTP/1.1" 404 32991 "-" "Mozilla/5.0 AppleWebKit/537.36 (KHTML, like Gecko; compatible; ClaudeBot/1.0; +claudebot@anthropic.com)"
216.73.216.216 - - [01/May/2026:15:41:10 -0400] "GET /view/item/0133895640 HTTP/1.1" 404 32985 "-" "Mozilla/5.0 AppleWebKit/537.36 (KHTML, like Gecko; compatible; ClaudeBot/1.0; +claudebot@anthropic.com)"
216.73.216.216 - - [01/May/2026:15:41:16 -0400] "GET /view/item/012647789860 HTTP/1.1" 404 33040 "-" "Mozilla/5.0 AppleWebKit/537.36 (KHTML, like Gecko; compatible; ClaudeBot/1.0; +claudebot@anthropic.com)"
216.73.216.216 - - [01/May/2026:15:41:28 -0400] "GET /view/item/011628134427 HTTP/1.1" 404 32991 "-" "Mozilla/5.0 AppleWebKit/537.36 (KHTML, like Gecko; compatible; ClaudeBot/1.0; +claudebot@anthropic.com)"
216.73.216.216 - - [01/May/2026:15:41:41 -0400] "GET /view/item/013187231470 HTTP/1.1" 200 184 "-" "Mozilla/5.0 AppleWebKit/537.36 (KHTML, like Gecko; compatible; ClaudeBot/1.0; +claudebot@anthropic.com)"
162.0.232.104 - - [01/May/2026:15:41:51 -0400] "POST /wp-cron.php?doing_wp_cron=1777664511.5880150794982910156250 HTTP/1.1" 200 0 "-" "WordPress/6.9.4; https://techfabasia.com"
216.73.216.216 - - [01/May/2026:15:41:48 -0400] "GET /view/item/013155075118 HTTP/1.1" 404 32989 "-" "Mozilla/5.0 AppleWebKit/537.36 (KHTML, like Gecko; compatible; ClaudeBot/1.0; +claudebot@anthropic.com)"
66.249.74.110 - - [01/May/2026:15:41:56 -0400] "GET /view/item/02236027936 HTTP/1.1" 200 28952 "-" "Mozilla/5.0 (Linux; Android 6.0.1; Nexus 5X Build/MMB29P) AppleWebKit/537.36 (KHTML, like Gecko) Chrome/147.0.7727.137 Mobile Safari/537.36 (compatible; GoogleOther)"
216.73.216.216 - - [01/May/2026:15:41:59 -0400] "GET /view/item/013084507991 HTTP/1.1" 404 33012 "-" "Mozilla/5.0 AppleWebKit/537.36 (KHTML, like Gecko; compatible; ClaudeBot/1.0; +claudebot@anthropic.com)"
216.73.216.216 - - [01/May/2026:15:42:16 -0400] "GET /view/item/01599296405 HTTP/1.1" 404 32941 "-" "Mozilla/5.0 AppleWebKit/537.36 (KHTML, like Gecko; compatible; ClaudeBot/1.0; +claudebot@anthropic.com)"
216.73.216.216 - - [01/May/2026:15:42:30 -0400] "GET /view/item/01766533154 HTTP/1.1" 404 32977 "-" "Mozilla/5.0 AppleWebKit/537.36 (KHTML, like Gecko; compatible; ClaudeBot/1.0; +claudebot@anthropic.com)"
216.73.216.216 - - [01/May/2026:15:42:45 -0400] "GET /view/item/01972253045 HTTP/1.1" 200 0 "-" "Mozilla/5.0 AppleWebKit/537.36 (KHTML, like Gecko; compatible; ClaudeBot/1.0; +claudebot@anthropic.com)"
162.0.232.104 - - [01/May/2026:15:42:54 -0400] "POST /wp-cron.php?doing_wp_cron=1777664574.6498539447784423828125 HTTP/1.1" 200 0 "-" "WordPress/6.9.4; https://techfabasia.com"
216.73.216.216 - - [01/May/2026:15:42:49 -0400] "GET /view/item/0147961809 HTTP/1.1" 200 0 "-" "Mozilla/5.0 AppleWebKit/537.36 (KHTML, like Gecko; compatible; ClaudeBot/1.0; +claudebot@anthropic.com)"
216.73.216.216 - - [01/May/2026:15:43:04 -0400] "GET /view/item/012017003287 HTTP/1.1" 200 0 "-" "Mozilla/5.0 AppleWebKit/537.36 (KHTML, like Gecko; compatible; ClaudeBot/1.0; +claudebot@anthropic.com)"
216.73.216.216 - - [01/May/2026:15:43:20 -0400] "GET /view/item/01625567244 HTTP/1.1" 200 0 "-" "Mozilla/5.0 AppleWebKit/537.36 (KHTML, like Gecko; compatible; ClaudeBot/1.0; +claudebot@anthropic.com)"
216.73.216.216 - - [01/May/2026:15:43:34 -0400] "GET /view/item/012565994875 HTTP/1.1" 200 184 "-" "Mozilla/5.0 AppleWebKit/537.36 (KHTML, like Gecko; compatible; ClaudeBot/1.0; +claudebot@anthropic.com)"
162.0.232.104 - - [01/May/2026:15:43:52 -0400] "POST /wp-cron.php?doing_wp_cron=1777664632.2583799362182617187500 HTTP/1.1" 200 0 "-" "WordPress/6.9.4; https://techfabasia.com"
216.73.216.216 - - [01/May/2026:15:43:45 -0400] "GET /view/item/01205474200 HTTP/1.1" 404 33024 "-" "Mozilla/5.0 AppleWebKit/537.36 (KHTML, like Gecko; compatible; ClaudeBot/1.0; +claudebot@anthropic.com)"
49.13.78.50 - - [01/May/2026:15:43:54 -0400] "POST /xmlrpc.php HTTP/1.1" 200 205 "-" "Mozilla/5.0 (Windows NT 10.0) AppleWebKit/537.36 (KHTML, like Gecko) Chrome/58.0.3029.110 Safari/537.36 Edge/16.16299"
216.73.216.216 - - [01/May/2026:15:44:42 -0400] "GET /view/item/012163668029 HTTP/1.1" 200 0 "-" "Mozilla/5.0 AppleWebKit/537.36 (KHTML, like Gecko; compatible; ClaudeBot/1.0; +claudebot@anthropic.com)"
162.0.232.104 - - [01/May/2026:15:44:55 -0400] "POST /wp-cron.php?doing_wp_cron=1777664695.5444240570068359375000 HTTP/1.1" 200 0 "-" "WordPress/6.9.4; https://techfabasia.com"
216.73.216.216 - - [01/May/2026:15:44:55 -0400] "GET /view/item/0128959387 HTTP/1.1" 200 0 "-" "Mozilla/5.0 AppleWebKit/537.36 (KHTML, like Gecko; compatible; ClaudeBot/1.0; +claudebot@anthropic.com)"
216.73.216.216 - - [01/May/2026:15:45:15 -0400] "GET /view/item/013021963130 HTTP/1.1" 404 32996 "-" "Mozilla/5.0 AppleWebKit/537.36 (KHTML, like Gecko; compatible; ClaudeBot/1.0; +claudebot@anthropic.com)"
216.73.216.216 - - [01/May/2026:15:45:28 -0400] "GET /view/item/01968694497 HTTP/1.1" 404 33013 "-" "Mozilla/5.0 AppleWebKit/537.36 (KHTML, like Gecko; compatible; ClaudeBot/1.0; +claudebot@anthropic.com)"
66.249.74.110 - - [01/May/2026:15:45:40 -0400] "GET /view/item/013722945378 HTTP/1.1" 200 28652 "-" "Mozilla/5.0 (Linux; Android 6.0.1; Nexus 5X Build/MMB29P) AppleWebKit/537.36 (KHTML, like Gecko) Chrome/147.0.7727.137 Mobile Safari/537.36 (compatible; Googlebot/2.1; +http://www.google.com/bot.html)"
162.0.232.104 - - [01/May/2026:15:45:50 -0400] "POST /wp-cron.php?doing_wp_cron=1777664750.8109159469604492187500 HTTP/1.1" 200 0 "-" "WordPress/6.9.4; https://techfabasia.com"
216.73.216.216 - - [01/May/2026:15:45:42 -0400] "GET /view/item/01336849574 HTTP/1.1" 404 33001 "-" "Mozilla/5.0 AppleWebKit/537.36 (KHTML, like Gecko; compatible; ClaudeBot/1.0; +claudebot@anthropic.com)"
216.73.216.216 - - [01/May/2026:15:45:56 -0400] "GET /view/item/013556971886 HTTP/1.1" 404 32988 "-" "Mozilla/5.0 AppleWebKit/537.36 (KHTML, like Gecko; compatible; ClaudeBot/1.0; +claudebot@anthropic.com)"
216.73.216.216 - - [01/May/2026:15:45:59 -0400] "GET /view/item/013673453545 HTTP/1.1" 404 33038 "-" "Mozilla/5.0 AppleWebKit/537.36 (KHTML, like Gecko; compatible; ClaudeBot/1.0; +claudebot@anthropic.com)"
216.73.216.216 - - [01/May/2026:15:46:13 -0400] "GET /view/item/01632054465 HTTP/1.1" 404 32979 "-" "Mozilla/5.0 AppleWebKit/537.36 (KHTML, like Gecko; compatible; ClaudeBot/1.0; +claudebot@anthropic.com)"
216.73.216.216 - - [01/May/2026:15:46:27 -0400] "GET /view/item/01904328671 HTTP/1.1" 404 33019 "-" "Mozilla/5.0 AppleWebKit/537.36 (KHTML, like Gecko; compatible; ClaudeBot/1.0; +claudebot@anthropic.com)"
216.73.216.216 - - [01/May/2026:15:46:41 -0400] "GET /view/item/011903526004 HTTP/1.1" 404 32989 "-" "Mozilla/5.0 AppleWebKit/537.36 (KHTML, like Gecko; compatible; ClaudeBot/1.0; +claudebot@anthropic.com)"
162.0.232.104 - - [01/May/2026:15:46:59 -0400] "POST /wp-cron.php?doing_wp_cron=1777664819.5840010643005371093750 HTTP/1.1" 200 0 "-" "WordPress/6.9.4; https://techfabasia.com"
216.73.216.134 - - [01/May/2026:15:46:54 -0400] "GET /view/item/0134772874 HTTP/1.1" 404 33005 "-" "Mozilla/5.0 AppleWebKit/537.36 (KHTML, like Gecko; compatible; ClaudeBot/1.0; +claudebot@anthropic.com)"
216.73.216.134 - - [01/May/2026:15:47:07 -0400] "GET /view/item/011243552944 HTTP/1.1" 404 32969 "-" "Mozilla/5.0 AppleWebKit/537.36 (KHTML, like Gecko; compatible; ClaudeBot/1.0; +claudebot@anthropic.com)"
216.73.216.134 - - [01/May/2026:15:47:21 -0400] "GET /view/item/01778784292 HTTP/1.1" 404 33012 "-" "Mozilla/5.0 AppleWebKit/537.36 (KHTML, like Gecko; compatible; ClaudeBot/1.0; +claudebot@anthropic.com)"
216.73.216.249 - - [01/May/2026:15:47:28 -0400] "GET /view/item/012437873692 HTTP/1.1" 404 32989 "-" "Mozilla/5.0 AppleWebKit/537.36 (KHTML, like Gecko; compatible; ClaudeBot/1.0; +claudebot@anthropic.com)"
216.73.216.249 - - [01/May/2026:15:47:42 -0400] "GET /view/item/012107650808 HTTP/1.1" 404 32990 "-" "Mozilla/5.0 AppleWebKit/537.36 (KHTML, like Gecko; compatible; ClaudeBot/1.0; +claudebot@anthropic.com)"
216.73.216.249 - - [01/May/2026:15:47:56 -0400] "GET /view/item/012230566504 HTTP/1.1" 200 0 "-" "Mozilla/5.0 AppleWebKit/537.36 (KHTML, like Gecko; compatible; ClaudeBot/1.0; +claudebot@anthropic.com)"
162.0.232.104 - - [01/May/2026:15:48:06 -0400] "POST /wp-cron.php?doing_wp_cron=1777664886.3472070693969726562500 HTTP/1.1" 200 0 "-" "WordPress/6.9.4; https://techfabasia.com"
216.73.216.84 - - [01/May/2026:15:47:58 -0400] "GET /view/item/01485084758 HTTP/1.1" 200 0 "-" "Mozilla/5.0 AppleWebKit/537.36 (KHTML, like Gecko; compatible; ClaudeBot/1.0; +claudebot@anthropic.com)"
216.73.216.84 - - [01/May/2026:15:48:13 -0400] "GET /view/item/01111664264 HTTP/1.1" 404 33001 "-" "Mozilla/5.0 AppleWebKit/537.36 (KHTML, like Gecko; compatible; ClaudeBot/1.0; +claudebot@anthropic.com)"
216.73.216.84 - - [01/May/2026:15:48:38 -0400] "GET /view/item/014007094967 HTTP/1.1" 404 32955 "-" "Mozilla/5.0 AppleWebKit/537.36 (KHTML, like Gecko; compatible; ClaudeBot/1.0; +claudebot@anthropic.com)"
216.73.216.84 - - [01/May/2026:15:48:52 -0400] "GET /view/item/013131543300 HTTP/1.1" 200 0 "-" "Mozilla/5.0 AppleWebKit/537.36 (KHTML, like Gecko; compatible; ClaudeBot/1.0; +claudebot@anthropic.com)"
162.0.232.104 - - [01/May/2026:15:49:08 -0400] "POST /wp-cron.php?doing_wp_cron=1777664948.7353549003601074218750 HTTP/1.1" 200 0 "-" "WordPress/6.9.4; https://techfabasia.com"
216.73.216.84 - - [01/May/2026:15:49:04 -0400] "GET /view/item/011493786863 HTTP/1.1" 200 0 "-" "Mozilla/5.0 AppleWebKit/537.36 (KHTML, like Gecko; compatible; ClaudeBot/1.0; +claudebot@anthropic.com)"
216.73.216.84 - - [01/May/2026:15:49:18 -0400] "GET /view/item/01648206309 HTTP/1.1" 200 0 "-" "Mozilla/5.0 AppleWebKit/537.36 (KHTML, like Gecko; compatible; ClaudeBot/1.0; +claudebot@anthropic.com)"
162.0.232.104 - - [01/May/2026:15:49:28 -0400] "POST /wp-cron.php?doing_wp_cron=1777664968.4381539821624755859375 HTTP/1.1" 200 0 "-" "WordPress/6.9.4; https://techfabasia.com"
216.73.216.84 - - [01/May/2026:15:49:37 -0400] "GET /view/item/01649822883 HTTP/1.1" 200 184 "-" "Mozilla/5.0 AppleWebKit/537.36 (KHTML, like Gecko; compatible; ClaudeBot/1.0; +claudebot@anthropic.com)"
216.73.216.84 - - [01/May/2026:15:49:49 -0400] "GET /view/item/01628496685 HTTP/1.1" 404 32940 "-" "Mozilla/5.0 AppleWebKit/537.36 (KHTML, like Gecko; compatible; ClaudeBot/1.0; +claudebot@anthropic.com)"
216.73.216.84 - - [01/May/2026:15:50:09 -0400] "GET /view/item/011472827969 HTTP/1.1" 404 33029 "-" "Mozilla/5.0 AppleWebKit/537.36 (KHTML, like Gecko; compatible; ClaudeBot/1.0; +claudebot@anthropic.com)"
216.73.216.84 - - [01/May/2026:15:50:22 -0400] "GET /view/item/012889178702 HTTP/1.1" 404 32989 "-" "Mozilla/5.0 AppleWebKit/537.36 (KHTML, like Gecko; compatible; ClaudeBot/1.0; +claudebot@anthropic.com)"
162.0.232.104 - - [01/May/2026:15:50:39 -0400] "POST /wp-cron.php?doing_wp_cron=1777665039.9568679332733154296875 HTTP/1.1" 200 0 "-" "WordPress/6.9.4; https://techfabasia.com"
216.73.216.84 - - [01/May/2026:15:50:36 -0400] "GET /view/item/012397410304 HTTP/1.1" 404 32998 "-" "Mozilla/5.0 AppleWebKit/537.36 (KHTML, like Gecko; compatible; ClaudeBot/1.0; +claudebot@anthropic.com)"
216.73.216.84 - - [01/May/2026:15:50:39 -0400] "GET /view/item/01360762549 HTTP/1.1" 404 33043 "-" "Mozilla/5.0 AppleWebKit/537.36 (KHTML, like Gecko; compatible; ClaudeBot/1.0; +claudebot@anthropic.com)"
216.73.216.84 - - [01/May/2026:15:50:52 -0400] "GET /view/item/014028809383 HTTP/1.1" 404 32961 "-" "Mozilla/5.0 AppleWebKit/537.36 (KHTML, like Gecko; compatible; ClaudeBot/1.0; +claudebot@anthropic.com)"
162.0.232.104 - - [01/May/2026:15:51:00 -0400] "POST /wp-cron.php?doing_wp_cron=1777665059.9502570629119873046875 HTTP/1.1" 200 0 "-" "WordPress/6.9.4; https://techfabasia.com"
216.73.216.84 - - [01/May/2026:15:51:01 -0400] "GET /view/item/01448980895 HTTP/1.1" 200 0 "-" "Mozilla/5.0 AppleWebKit/537.36 (KHTML, like Gecko; compatible; ClaudeBot/1.0; +claudebot@anthropic.com)"
216.73.216.84 - - [01/May/2026:15:51:24 -0400] "GET /view/item/013872668818 HTTP/1.1" 200 184 "-" "Mozilla/5.0 AppleWebKit/537.36 (KHTML, like Gecko; compatible; ClaudeBot/1.0; +claudebot@anthropic.com)"
216.73.216.84 - - [01/May/2026:15:51:38 -0400] "GET /view/item/013549045544 HTTP/1.1" 404 33017 "-" "Mozilla/5.0 AppleWebKit/537.36 (KHTML, like Gecko; compatible; ClaudeBot/1.0; +claudebot@anthropic.com)"
216.73.216.84 - - [01/May/2026:15:51:52 -0400] "GET /view/item/013962725329 HTTP/1.1" 404 33020 "-" "Mozilla/5.0 AppleWebKit/537.36 (KHTML, like Gecko; compatible; ClaudeBot/1.0; +claudebot@anthropic.com)"
162.0.232.104 - - [01/May/2026:15:51:56 -0400] "POST /wp-cron.php?doing_wp_cron=1777665116.6409330368041992187500 HTTP/1.1" 200 0 "-" "WordPress/6.9.4; https://techfabasia.com"
216.73.216.84 - - [01/May/2026:15:51:55 -0400] "GET /view/item/014282136795 HTTP/1.1" 200 0 "-" "Mozilla/5.0 AppleWebKit/537.36 (KHTML, like Gecko; compatible; ClaudeBot/1.0; +claudebot@anthropic.com)"
162.0.232.104 - - [01/May/2026:15:52:06 -0400] "POST /wp-cron.php?doing_wp_cron=1777665126.0549550056457519531250 HTTP/1.1" 200 0 "-" "WordPress/6.9.4; https://techfabasia.com"
46.22.135.218 - - [01/May/2026:15:52:05 -0400] "GET /wp-login.php HTTP/1.1" 302 0 "-" "Mozilla/4.0 (compatible; MSIE 7.0; Windows NT 6.2; WOW64; Trident/7.0; .NET4.0C; .NET4.0E; .NET CLR 2.0.50727; .NET CLR 3.0.30729; .NET CLR 3.5.30729; Tablet PC 2.0)"
216.73.216.84 - - [01/May/2026:15:52:08 -0400] "GET /view/item/013928039003 HTTP/1.1" 200 0 "-" "Mozilla/5.0 AppleWebKit/537.36 (KHTML, like Gecko; compatible; ClaudeBot/1.0; +claudebot@anthropic.com)"
46.22.135.218 - - [01/May/2026:15:52:17 -0400] "GET /wp-login.php HTTP/1.1" 200 0 "https://techfabasia.com/wp-login.php" "Mozilla/4.0 (compatible; MSIE 7.0; Windows NT 6.2; WOW64; Trident/7.0; .NET4.0C; .NET4.0E; .NET CLR 2.0.50727; .NET CLR 3.0.30729; .NET CLR 3.5.30729; Tablet PC 2.0)"
216.73.216.84 - - [01/May/2026:15:52:22 -0400] "GET /view/item/012545268752 HTTP/1.1" 404 33017 "-" "Mozilla/5.0 AppleWebKit/537.36 (KHTML, like Gecko; compatible; ClaudeBot/1.0; +claudebot@anthropic.com)"
216.73.216.84 - - [01/May/2026:15:52:36 -0400] "GET /view/item/013771101902 HTTP/1.1" 404 32961 "-" "Mozilla/5.0 AppleWebKit/537.36 (KHTML, like Gecko; compatible; ClaudeBot/1.0; +claudebot@anthropic.com)"
216.73.216.84 - - [01/May/2026:15:52:50 -0400] "GET /view/item/01912015038 HTTP/1.1" 200 0 "-" "Mozilla/5.0 AppleWebKit/537.36 (KHTML, like Gecko; compatible; ClaudeBot/1.0; +claudebot@anthropic.com)"
216.73.216.84 - - [01/May/2026:15:53:04 -0400] "GET /view/item/014294819129 HTTP/1.1" 200 0 "-" "Mozilla/5.0 AppleWebKit/537.36 (KHTML, like Gecko; compatible; ClaudeBot/1.0; +claudebot@anthropic.com)"
162.0.232.104 - - [01/May/2026:15:53:22 -0400] "POST /wp-cron.php?doing_wp_cron=1777665202.3420619964599609375000 HTTP/1.1" 200 0 "-" "WordPress/6.9.4; https://techfabasia.com"
216.73.216.84 - - [01/May/2026:15:53:14 -0400] "GET /view/item/012551643049 HTTP/1.1" 200 0 "-" "Mozilla/5.0 AppleWebKit/537.36 (KHTML, like Gecko; compatible; ClaudeBot/1.0; +claudebot@anthropic.com)"
162.0.232.104 - - [01/May/2026:15:53:31 -0400] "POST /wp-cron.php?doing_wp_cron=1777665211.2418448925018310546875 HTTP/1.1" 200 0 "-" "WordPress/6.9.4; https://techfabasia.com"
216.73.216.84 - - [01/May/2026:15:53:28 -0400] "GET /view/item/011341290640 HTTP/1.1" 200 0 "-" "Mozilla/5.0 AppleWebKit/537.36 (KHTML, like Gecko; compatible; ClaudeBot/1.0; +claudebot@anthropic.com)"
216.73.216.84 - - [01/May/2026:15:53:42 -0400] "GET /view/item/012632074667 HTTP/1.1" 404 33000 "-" "Mozilla/5.0 AppleWebKit/537.36 (KHTML, like Gecko; compatible; ClaudeBot/1.0; +claudebot@anthropic.com)"
162.0.232.104 - - [01/May/2026:15:53:49 -0400] "POST /wp-cron.php?doing_wp_cron=1777665229.2360789775848388671875 HTTP/1.1" 200 0 "-" "WordPress/6.9.4; https://techfabasia.com"
216.73.216.84 - - [01/May/2026:15:53:45 -0400] "GET /view/item/01777425274 HTTP/1.1" 404 32929 "-" "Mozilla/5.0 AppleWebKit/537.36 (KHTML, like Gecko; compatible; ClaudeBot/1.0; +claudebot@anthropic.com)"
216.73.216.84 - - [01/May/2026:15:53:53 -0400] "GET /view/item/013795589484 HTTP/1.1" 404 32988 "-" "Mozilla/5.0 AppleWebKit/537.36 (KHTML, like Gecko; compatible; ClaudeBot/1.0; +claudebot@anthropic.com)"
216.73.216.84 - - [01/May/2026:15:54:07 -0400] "GET /view/item/013713087463 HTTP/1.1" 404 33045 "-" "Mozilla/5.0 AppleWebKit/537.36 (KHTML, like Gecko; compatible; ClaudeBot/1.0; +claudebot@anthropic.com)"
216.73.216.84 - - [01/May/2026:15:54:21 -0400] "GET /view/item/012776149453 HTTP/1.1" 404 33013 "-" "Mozilla/5.0 AppleWebKit/537.36 (KHTML, like Gecko; compatible; ClaudeBot/1.0; +claudebot@anthropic.com)"
162.0.232.104 - - [01/May/2026:15:54:29 -0400] "POST /wp-cron.php?doing_wp_cron=1777665269.8617990016937255859375 HTTP/1.1" 200 0 "-" "WordPress/6.9.4; https://techfabasia.com"
216.73.216.84 - - [01/May/2026:15:54:26 -0400] "GET /view/item/011123924919 HTTP/1.1" 404 33041 "-" "Mozilla/5.0 AppleWebKit/537.36 (KHTML, like Gecko; compatible; ClaudeBot/1.0; +claudebot@anthropic.com)"
162.0.232.104 - - [01/May/2026:15:54:48 -0400] "POST /wp-cron.php?doing_wp_cron=1777665288.6513249874114990234375 HTTP/1.1" 200 0 "-" "WordPress/6.9.4; https://techfabasia.com"
216.73.216.84 - - [01/May/2026:15:54:39 -0400] "GET /view/item/012473600864 HTTP/1.1" 404 32991 "-" "Mozilla/5.0 AppleWebKit/537.36 (KHTML, like Gecko; compatible; ClaudeBot/1.0; +claudebot@anthropic.com)"
106.214.9.109 - - [01/May/2026:15:54:42 -0400] "POST /xmlrpc.php HTTP/1.1" 200 0 "-" "WordPress.com; https://wordpress.com"
106.214.9.109 - - [01/May/2026:15:54:54 -0400] "POST /xmlrpc.php HTTP/1.1" 200 0 "-" "Jetpack by WordPress.com"
216.73.216.84 - - [01/May/2026:15:54:54 -0400] "GET /view/item/0152208033 HTTP/1.1" 200 0 "-" "Mozilla/5.0 AppleWebKit/537.36 (KHTML, like Gecko; compatible; ClaudeBot/1.0; +claudebot@anthropic.com)"
216.73.216.84 - - [01/May/2026:15:54:57 -0400] "GET /view/item/013415427019 HTTP/1.1" 200 0 "-" "Mozilla/5.0 AppleWebKit/537.36 (KHTML, like Gecko; compatible; ClaudeBot/1.0; +claudebot@anthropic.com)"
106.214.9.109 - - [01/May/2026:15:55:01 -0400] "POST /xmlrpc.php HTTP/1.1" 200 0 "-" "Jetpack by WordPress.com"
216.73.216.84 - - [01/May/2026:15:55:10 -0400] "GET /view/item/01475511732 HTTP/1.1" 200 0 "-" "Mozilla/5.0 AppleWebKit/537.36 (KHTML, like Gecko; compatible; ClaudeBot/1.0; +claudebot@anthropic.com)"
106.214.9.109 - - [01/May/2026:15:55:12 -0400] "POST /xmlrpc.php HTTP/1.1" 200 0 "-" "Jetpack by WordPress.com (Jetpack 12.1; WordPress 6.2)"
216.73.216.84 - - [01/May/2026:15:55:16 -0400] "GET /view/item/01134595598 HTTP/1.1" 200 0 "-" "Mozilla/5.0 AppleWebKit/537.36 (KHTML, like Gecko; compatible; ClaudeBot/1.0; +claudebot@anthropic.com)"
106.214.9.109 - - [01/May/2026:15:55:23 -0400] "POST /xmlrpc.php HTTP/1.1" 200 0 "-" "WordPress.com; https://wordpress.com"
216.73.216.84 - - [01/May/2026:15:55:30 -0400] "GET /view/item/013455707934 HTTP/1.1" 200 184 "-" "Mozilla/5.0 AppleWebKit/537.36 (KHTML, like Gecko; compatible; ClaudeBot/1.0; +claudebot@anthropic.com)"
106.214.9.109 - - [01/May/2026:15:55:34 -0400] "POST /xmlrpc.php HTTP/1.1" 200 0 "-" "WordPress.com; https://wordpress.com"
66.249.74.97 - - [01/May/2026:15:55:44 -0400] "GET /view/item/014129544750 HTTP/1.1" 200 29192 "-" "Mozilla/5.0 (Linux; Android 6.0.1; Nexus 5X Build/MMB29P) AppleWebKit/537.36 (KHTML, like Gecko) Chrome/147.0.7727.137 Mobile Safari/537.36 (compatible; Googlebot/2.1; +http://www.google.com/bot.html)"
66.249.74.110 - - [01/May/2026:15:55:45 -0400] "GET /shop/gam-70-solder-paste-measurement-machine/feed/ HTTP/1.1" 200 29650 "-" "Mozilla/5.0 (Linux; Android 6.0.1; Nexus 5X Build/MMB29P) AppleWebKit/537.36 (KHTML, like Gecko) Chrome/147.0.7727.137 Mobile Safari/537.36 (compatible; Googlebot/2.1; +http://www.google.com/bot.html)"
162.0.232.104 - - [01/May/2026:15:55:52 -0400] "POST /wp-cron.php?doing_wp_cron=1777665352.0409400463104248046875 HTTP/1.1" 200 0 "-" "WordPress/6.9.4; https://techfabasia.com"
106.214.9.109 - - [01/May/2026:15:55:44 -0400] "POST /xmlrpc.php HTTP/1.1" 200 403 "-" "Jetpack by WordPress.com"
216.73.216.84 - - [01/May/2026:15:55:42 -0400] "GET /view/item/012667569112 HTTP/1.1" 200 0 "-" "Mozilla/5.0 AppleWebKit/537.36 (KHTML, like Gecko; compatible; ClaudeBot/1.0; +claudebot@anthropic.com)"
106.214.9.109 - - [01/May/2026:15:55:54 -0400] "POST /xmlrpc.php HTTP/1.1" 200 403 "-" "Jetpack by WordPress.com"
216.73.216.84 - - [01/May/2026:15:55:56 -0400] "GET /view/item/01936538304 HTTP/1.1" 404 32982 "-" "Mozilla/5.0 AppleWebKit/537.36 (KHTML, like Gecko; compatible; ClaudeBot/1.0; +claudebot@anthropic.com)"
106.214.9.109 - - [01/May/2026:15:56:05 -0400] "POST /xmlrpc.php HTTP/1.1" 200 403 "-" "WordPress.com; https://wordpress.com"
216.73.216.84 - - [01/May/2026:15:56:10 -0400] "GET /view/item/013267672353 HTTP/1.1" 404 32966 "-" "Mozilla/5.0 AppleWebKit/537.36 (KHTML, like Gecko; compatible; ClaudeBot/1.0; +claudebot@anthropic.com)"
216.73.216.84 - - [01/May/2026:15:56:13 -0400] "GET /view/item/01120101250 HTTP/1.1" 404 33012 "-" "Mozilla/5.0 AppleWebKit/537.36 (KHTML, like Gecko; compatible; ClaudeBot/1.0; +claudebot@anthropic.com)"
106.214.9.109 - - [01/May/2026:15:56:15 -0400] "POST /xmlrpc.php HTTP/1.1" 200 0 "-" "Jetpack by WordPress.com"
106.214.9.109 - - [01/May/2026:15:56:27 -0400] "POST /xmlrpc.php HTTP/1.1" 500 0 "-" "Jetpack by WordPress.com (Jetpack 12.0; WordPress 6.3)"
216.73.216.84 - - [01/May/2026:15:56:27 -0400] "GET /view/item/013252398571 HTTP/1.1" 404 32967 "-" "Mozilla/5.0 AppleWebKit/537.36 (KHTML, like Gecko; compatible; ClaudeBot/1.0; +claudebot@anthropic.com)"
106.214.9.109 - - [01/May/2026:15:56:36 -0400] "POST /xmlrpc.php HTTP/1.1" 200 403 "-" "Jetpack by WordPress.com (Jetpack 12.0; WordPress 6.2)"
216.73.216.84 - - [01/May/2026:15:56:41 -0400] "GET /view/item/013417808486 HTTP/1.1" 404 32996 "-" "Mozilla/5.0 AppleWebKit/537.36 (KHTML, like Gecko; compatible; ClaudeBot/1.0; +claudebot@anthropic.com)"
162.0.232.104 - - [01/May/2026:15:56:50 -0400] "POST /wp-cron.php?doing_wp_cron=1777665410.8545589447021484375000 HTTP/1.1" 200 0 "-" "WordPress/6.9.4; https://techfabasia.com"
216.73.216.84 - - [01/May/2026:15:56:43 -0400] "GET /view/item/011457715336 HTTP/1.1" 404 32997 "-" "Mozilla/5.0 AppleWebKit/537.36 (KHTML, like Gecko; compatible; ClaudeBot/1.0; +claudebot@anthropic.com)"
106.214.9.109 - - [01/May/2026:15:56:47 -0400] "POST /xmlrpc.php HTTP/1.1" 200 0 "-" "Jetpack by WordPress.com (Jetpack 12.0; WordPress 6.2)"
106.214.9.109 - - [01/May/2026:15:56:58 -0400] "POST /xmlrpc.php HTTP/1.1" 200 403 "-" "Jetpack by WordPress.com"
216.73.216.84 - - [01/May/2026:15:56:57 -0400] "GET /view/item/012263937400 HTTP/1.1" 404 33040 "-" "Mozilla/5.0 AppleWebKit/537.36 (KHTML, like Gecko; compatible; ClaudeBot/1.0; +claudebot@anthropic.com)"
106.214.9.109 - - [01/May/2026:15:57:08 -0400] "POST /xmlrpc.php HTTP/1.1" 200 403 "-" "Jetpack by WordPress.com"
216.73.216.84 - - [01/May/2026:15:57:08 -0400] "GET /view/item/013673134576 HTTP/1.1" 404 33021 "-" "Mozilla/5.0 AppleWebKit/537.36 (KHTML, like Gecko; compatible; ClaudeBot/1.0; +claudebot@anthropic.com)"
106.214.9.109 - - [01/May/2026:15:57:19 -0400] "POST /xmlrpc.php HTTP/1.1" 200 403 "-" "WordPress.com; https://wordpress.com"
216.73.216.84 - - [01/May/2026:15:57:22 -0400] "GET /view/item/012280023334 HTTP/1.1" 404 33013 "-" "Mozilla/5.0 AppleWebKit/537.36 (KHTML, like Gecko; compatible; ClaudeBot/1.0; +claudebot@anthropic.com)"
106.214.9.109 - - [01/May/2026:15:57:30 -0400] "POST /xmlrpc.php HTTP/1.1" 200 403 "-" "Jetpack by WordPress.com"
216.73.216.84 - - [01/May/2026:15:57:36 -0400] "GET /view/item/012793272986 HTTP/1.1" 200 184 "-" "Mozilla/5.0 AppleWebKit/537.36 (KHTML, like Gecko; compatible; ClaudeBot/1.0; +claudebot@anthropic.com)"
162.0.232.104 - - [01/May/2026:15:57:48 -0400] "POST /wp-cron.php?doing_wp_cron=1777665468.4415009021759033203125 HTTP/1.1" 200 0 "-" "WordPress/6.9.4; https://techfabasia.com"
106.214.9.109 - - [01/May/2026:15:57:40 -0400] "POST /xmlrpc.php HTTP/1.1" 200 403 "-" "Jetpack by WordPress.com"
216.73.216.84 - - [01/May/2026:15:57:41 -0400] "GET /view/item/013265465032 HTTP/1.1" 404 33053 "-" "Mozilla/5.0 AppleWebKit/537.36 (KHTML, like Gecko; compatible; ClaudeBot/1.0; +claudebot@anthropic.com)"
106.214.9.109 - - [01/May/2026:15:57:51 -0400] "POST /xmlrpc.php HTTP/1.1" 200 0 "-" "Jetpack by WordPress.com (Jetpack 12.5; WordPress 6.1)"
216.73.216.84 - - [01/May/2026:15:57:50 -0400] "GET /view/item/014053479206 HTTP/1.1" 200 0 "-" "Mozilla/5.0 AppleWebKit/537.36 (KHTML, like Gecko; compatible; ClaudeBot/1.0; +claudebot@anthropic.com)"
106.214.9.109 - - [01/May/2026:15:58:02 -0400] "POST /xmlrpc.php HTTP/1.1" 200 0 "-" "WordPress.com; https://wordpress.com"
216.73.216.84 - - [01/May/2026:15:58:04 -0400] "GET /view/item/013363880840 HTTP/1.1" 200 0 "-" "Mozilla/5.0 AppleWebKit/537.36 (KHTML, like Gecko; compatible; ClaudeBot/1.0; +claudebot@anthropic.com)"
106.214.9.109 - - [01/May/2026:15:58:13 -0400] "POST /xmlrpc.php HTTP/1.1" 500 0 "-" "Jetpack by WordPress.com"
216.73.216.84 - - [01/May/2026:15:58:16 -0400] "GET /view/item/01382922438 HTTP/1.1" 200 0 "-" "Mozilla/5.0 AppleWebKit/537.36 (KHTML, like Gecko; compatible; ClaudeBot/1.0; +claudebot@anthropic.com)"
106.214.9.109 - - [01/May/2026:15:58:23 -0400] "POST /xmlrpc.php HTTP/1.1" 200 0 "-" "Jetpack by WordPress.com (Jetpack 13.0; WordPress 6.4)"
66.249.74.97 - - [01/May/2026:15:58:33 -0400] "GET /shop/tunnel-oven/feed/ HTTP/1.1" 200 29730 "-" "Mozilla/5.0 (Linux; Android 6.0.1; Nexus 5X Build/MMB29P) AppleWebKit/537.36 (KHTML, like Gecko) Chrome/147.0.7727.137 Mobile Safari/537.36 (compatible; Googlebot/2.1; +http://www.google.com/bot.html)"
216.73.216.84 - - [01/May/2026:15:58:29 -0400] "GET /view/item/011649296198 HTTP/1.1" 404 32968 "-" "Mozilla/5.0 AppleWebKit/537.36 (KHTML, like Gecko; compatible; ClaudeBot/1.0; +claudebot@anthropic.com)"
106.214.9.109 - - [01/May/2026:15:58:34 -0400] "POST /xmlrpc.php HTTP/1.1" 200 403 "-" "WordPress.com; https://wordpress.com"
66.249.74.110 - - [01/May/2026:15:58:46 -0400] "GET /view/item/01563242067 HTTP/1.1" 200 28849 "-" "Mozilla/5.0 (Linux; Android 6.0.1; Nexus 5X Build/MMB29P) AppleWebKit/537.36 (KHTML, like Gecko) Chrome/147.0.7727.137 Mobile Safari/537.36 (compatible; Googlebot/2.1; +http://www.google.com/bot.html)"
216.73.216.84 - - [01/May/2026:15:58:42 -0400] "GET /view/item/014082367644 HTTP/1.1" 404 32990 "-" "Mozilla/5.0 AppleWebKit/537.36 (KHTML, like Gecko; compatible; ClaudeBot/1.0; +claudebot@anthropic.com)"
162.0.232.104 - - [01/May/2026:15:58:49 -0400] "POST /wp-cron.php?doing_wp_cron=1777665529.3533270359039306640625 HTTP/1.1" 200 0 "-" "WordPress/6.9.4; https://techfabasia.com"
106.214.9.109 - - [01/May/2026:15:58:44 -0400] "POST /xmlrpc.php HTTP/1.1" 200 0 "-" "WordPress.com; https://wordpress.com"
216.73.216.84 - - [01/May/2026:15:58:46 -0400] "GET /view/item/012907523199 HTTP/1.1" 200 0 "-" "Mozilla/5.0 AppleWebKit/537.36 (KHTML, like Gecko; compatible; ClaudeBot/1.0; +claudebot@anthropic.com)"
106.214.9.109 - - [01/May/2026:15:58:56 -0400] "POST /xmlrpc.php HTTP/1.1" 200 0 "-" "Jetpack/12.0; WordPress/6.4; http://site31136581.com"
162.0.232.104 - - [01/May/2026:15:59:04 -0400] "POST /wp-cron.php?doing_wp_cron=1777665544.2385671138763427734375 HTTP/1.1" 200 0 "-" "WordPress/6.9.4; https://techfabasia.com"
216.73.216.84 - - [01/May/2026:15:59:00 -0400] "GET /view/item/0163291739 HTTP/1.1" 200 0 "-" "Mozilla/5.0 AppleWebKit/537.36 (KHTML, like Gecko; compatible; ClaudeBot/1.0; +claudebot@anthropic.com)"
106.214.9.109 - - [01/May/2026:15:59:06 -0400] "POST /xmlrpc.php HTTP/1.1" 200 0 "-" "Jetpack/12.1; WordPress/6.3; http://site45117418.com"
216.73.216.84 - - [01/May/2026:15:59:13 -0400] "GET /view/item/011297056088 HTTP/1.1" 200 0 "-" "Mozilla/5.0 AppleWebKit/537.36 (KHTML, like Gecko; compatible; ClaudeBot/1.0; +claudebot@anthropic.com)"
106.214.9.109 - - [01/May/2026:15:59:19 -0400] "POST /xmlrpc.php HTTP/1.1" 200 0 "-" "Jetpack/13.0; WordPress/6.1; http://site31554675.com"
106.214.9.109 - - [01/May/2026:15:59:28 -0400] "POST /xmlrpc.php HTTP/1.1" 200 0 "-" "Jetpack/13.0; WordPress/6.4; http://site17322267.com"
216.73.216.84 - - [01/May/2026:15:59:27 -0400] "GET /view/item/01122472966 HTTP/1.1" 200 0 "-" "Mozilla/5.0 AppleWebKit/537.36 (KHTML, like Gecko; compatible; ClaudeBot/1.0; +claudebot@anthropic.com)"
106.214.9.109 - - [01/May/2026:15:59:38 -0400] "POST /xmlrpc.php HTTP/1.1" 200 0 "-" "Jetpack/12.0; WordPress/6.3; http://site58186846.com"
216.73.216.84 - - [01/May/2026:15:59:46 -0400] "GET /view/item/011237358467 HTTP/1.1" 404 32968 "-" "Mozilla/5.0 AppleWebKit/537.36 (KHTML, like Gecko; compatible; ClaudeBot/1.0; +claudebot@anthropic.com)"
106.214.9.109 - - [01/May/2026:15:59:49 -0400] "POST /xmlrpc.php HTTP/1.1" 200 403 "-" "Jetpack by WordPress.com (Jetpack 12.0; WordPress 6.1)"
106.214.9.109 - - [01/May/2026:15:59:59 -0400] "POST /xmlrpc.php HTTP/1.1" 200 0 "-" "Jetpack by WordPress.com"
216.73.216.84 - - [01/May/2026:16:00:00 -0400] "GET /view/item/013740092008 HTTP/1.1" 404 32967 "-" "Mozilla/5.0 AppleWebKit/537.36 (KHTML, like Gecko; compatible; ClaudeBot/1.0; +claudebot@anthropic.com)"
162.0.232.104 - - [01/May/2026:16:00:09 -0400] "POST /wp-cron.php?doing_wp_cron=1777665608.9504768848419189453125 HTTP/1.1" 200 0 "-" "WordPress/6.9.4; https://techfabasia.com"
162.0.232.104 - - [01/May/2026:16:00:11 -0400] "POST /wp-cron.php?doing_wp_cron=1777665610.9523239135742187500000 HTTP/1.1" 200 0 "-" "WordPress/6.9.4; https://techfabasia.com"
106.214.9.109 - - [01/May/2026:16:00:12 -0400] "POST /xmlrpc.php HTTP/1.1" 200 0 "-" "Jetpack by WordPress.com (Jetpack 13.0; WordPress 6.1)"
216.73.216.84 - - [01/May/2026:16:00:15 -0400] "GET /view/item/0134669952 HTTP/1.1" 200 0 "-" "Mozilla/5.0 AppleWebKit/537.36 (KHTML, like Gecko; compatible; ClaudeBot/1.0; +claudebot@anthropic.com)"
106.214.9.109 - - [01/May/2026:16:00:24 -0400] "POST /xmlrpc.php HTTP/1.1" 200 0 "-" "Jetpack/12.1; WordPress/6.3; http://site27956708.com"
216.73.216.84 - - [01/May/2026:16:00:28 -0400] "GET /view/item/01569316330 HTTP/1.1" 200 184 "-" "Mozilla/5.0 AppleWebKit/537.36 (KHTML, like Gecko; compatible; ClaudeBot/1.0; +claudebot@anthropic.com)"
106.214.9.109 - - [01/May/2026:16:00:34 -0400] "POST /xmlrpc.php HTTP/1.1" 200 0 "-" "Jetpack/12.5; WordPress/6.1; http://site12686053.com"
162.0.232.104 - - [01/May/2026:16:00:49 -0400] "POST /wp-cron.php?doing_wp_cron=1777665649.3477590084075927734375 HTTP/1.1" 200 0 "-" "WordPress/6.9.4; https://techfabasia.com"
216.73.216.84 - - [01/May/2026:16:00:45 -0400] "GET /view/item/01709280934 HTTP/1.1" 404 33048 "-" "Mozilla/5.0 AppleWebKit/537.36 (KHTML, like Gecko; compatible; ClaudeBot/1.0; +claudebot@anthropic.com)"
106.214.9.109 - - [01/May/2026:16:00:45 -0400] "POST /xmlrpc.php HTTP/1.1" 200 0 "-" "WordPress.com; https://wordpress.com"
106.214.9.109 - - [01/May/2026:16:00:56 -0400] "POST /xmlrpc.php HTTP/1.1" 200 0 "-" "Jetpack/12.1; WordPress/6.2; http://site85280617.com"
