216.73.216.216 - - [01/May/2026:13:05:57 -0400] "GET /view/item/01993465262 HTTP/1.1" 404 32938 "-" "Mozilla/5.0 AppleWebKit/537.36 (KHTML, like Gecko; compatible; ClaudeBot/1.0; +claudebot@anthropic.com)"
162.0.232.104 - - [01/May/2026:13:06:06 -0400] "POST /wp-cron.php?doing_wp_cron=1777655165.9614129066467285156250 HTTP/1.1" 200 0 "-" "WordPress/6.9.4; https://techfabasia.com"
54.159.18.27 - - [01/May/2026:13:06:03 -0400] "GET /2016/03/01/spacex-falcon-explodes-after-landing-2/ HTTP/1.1" 200 0 "-" "Mozilla/5.0 AppleWebKit/537.36 (KHTML, like Gecko; compatible; Amazonbot/0.1; +https://developer.amazon.com/support/amazonbot) Chrome/119.0.6045.214 Safari/537.36"
23.22.105.143 - - [01/May/2026:13:06:07 -0400] "GET /product-category/laptops-computers/computer-monitors/ HTTP/1.1" 200 0 "-" "Mozilla/5.0 AppleWebKit/537.36 (KHTML, like Gecko; compatible; Amazonbot/0.1; +https://developer.amazon.com/support/amazonbot) Chrome/119.0.6045.214 Safari/537.36"
100.29.160.53 - - [01/May/2026:13:06:11 -0400] "GET /product-category/tv-audio/audio/ HTTP/1.1" 200 0 "-" "Mozilla/5.0 AppleWebKit/537.36 (KHTML, like Gecko; compatible; Amazonbot/0.1; +https://developer.amazon.com/support/amazonbot) Chrome/119.0.6045.214 Safari/537.36"
18.215.24.66 - - [01/May/2026:13:06:15 -0400] "GET /shop/ct-x-ray-automatic-inspection-equipment-all-in-one-2d-2-5d-3d-ct-ax9500/ HTTP/1.1" 200 0 "-" "Mozilla/5.0 AppleWebKit/537.36 (KHTML, like Gecko; compatible; Amazonbot/0.1; +https://developer.amazon.com/support/amazonbot) Chrome/119.0.6045.214 Safari/537.36"
216.73.216.216 - - [01/May/2026:13:06:16 -0400] "GET /view/item/012767014652 HTTP/1.1" 200 0 "-" "Mozilla/5.0 AppleWebKit/537.36 (KHTML, like Gecko; compatible; ClaudeBot/1.0; +claudebot@anthropic.com)"
54.84.161.62 - - [01/May/2026:13:06:19 -0400] "GET /shop/zm30-asv-fully-automatic-saw-style-v-groove-pcb-separator/ HTTP/1.1" 200 0 "-" "Mozilla/5.0 AppleWebKit/537.36 (KHTML, like Gecko; compatible; Amazonbot/0.1; +https://developer.amazon.com/support/amazonbot) Chrome/119.0.6045.214 Safari/537.36"
34.196.6.199 - - [01/May/2026:13:06:23 -0400] "GET /product-category/home-entertainment/tvs/ HTTP/1.1" 200 0 "-" "Mozilla/5.0 AppleWebKit/537.36 (KHTML, like Gecko; compatible; Amazonbot/0.1; +https://developer.amazon.com/support/amazonbot) Chrome/119.0.6045.214 Safari/537.36"
52.202.233.37 - - [01/May/2026:13:06:27 -0400] "GET /shop/sj605-a-robot-arm/ HTTP/1.1" 200 0 "-" "Mozilla/5.0 AppleWebKit/537.36 (KHTML, like Gecko; compatible; Amazonbot/0.1; +https://developer.amazon.com/support/amazonbot) Chrome/119.0.6045.214 Safari/537.36"
216.73.216.216 - - [01/May/2026:13:06:33 -0400] "GET /view/item/013199050892 HTTP/1.1" 200 0 "-" "Mozilla/5.0 AppleWebKit/537.36 (KHTML, like Gecko; compatible; ClaudeBot/1.0; +claudebot@anthropic.com)"
162.0.232.104 - - [01/May/2026:13:06:48 -0400] "POST /wp-cron.php?doing_wp_cron=1777655208.1399888992309570312500 HTTP/1.1" 200 0 "-" "WordPress/6.9.4; https://techfabasia.com"
216.73.216.216 - - [01/May/2026:13:06:54 -0400] "GET /view/item/012021188022 HTTP/1.1" 200 0 "-" "Mozilla/5.0 AppleWebKit/537.36 (KHTML, like Gecko; compatible; ClaudeBot/1.0; +claudebot@anthropic.com)"
100.29.125.225 - - [01/May/2026:13:06:54 -0400] "HEAD /shop/ct-x-ray-automatic-inspection-equipment-all-in-one-2d-2-5d-3d-ct-ax9500/ HTTP/1.1" 200 0 "-" "Mozilla/5.0 AppleWebKit/605.1.15 (KHTML, like Gecko) Chrome/139.0.0.0 Safari/605.1.15"
216.73.216.216 - - [01/May/2026:13:07:04 -0400] "GET /view/item/01596063755 HTTP/1.1" 200 0 "-" "Mozilla/5.0 AppleWebKit/537.36 (KHTML, like Gecko; compatible; ClaudeBot/1.0; +claudebot@anthropic.com)"
98.85.7.109 - - [01/May/2026:13:07:06 -0400] "HEAD /shop/zm30-asv-fully-automatic-saw-style-v-groove-pcb-separator/ HTTP/1.1" 200 0 "-" "Mozilla/5.0 AppleWebKit/605.1.15 (KHTML, like Gecko) Chrome/139.0.0.0 Safari/605.1.15"
216.73.216.216 - - [01/May/2026:13:07:13 -0400] "GET /view/item/01760345706 HTTP/1.1" 200 0 "-" "Mozilla/5.0 AppleWebKit/537.36 (KHTML, like Gecko; compatible; ClaudeBot/1.0; +claudebot@anthropic.com)"
54.173.12.67 - - [01/May/2026:13:07:17 -0400] "HEAD /product-category/laptops-computers/computer-monitors/ HTTP/1.1" 200 0 "-" "Mozilla/5.0 AppleWebKit/605.1.15 (KHTML, like Gecko) Chrome/139.0.0.0 Safari/605.1.15"
216.73.216.216 - - [01/May/2026:13:07:24 -0400] "GET /view/item/011784658554 HTTP/1.1" 404 32989 "-" "Mozilla/5.0 AppleWebKit/537.36 (KHTML, like Gecko; compatible; ClaudeBot/1.0; +claudebot@anthropic.com)"
3.95.79.63 - - [01/May/2026:13:07:28 -0400] "HEAD /2016/03/01/spacex-falcon-explodes-after-landing-2/ HTTP/1.1" 200 0 "-" "Mozilla/5.0 AppleWebKit/605.1.15 (KHTML, like Gecko) Chrome/139.0.0.0 Safari/605.1.15"
52.203.98.3 - - [01/May/2026:13:07:31 -0400] "HEAD /shop/ys-lcv460-460s-automatic-smt-pcb-flipper/ HTTP/1.1" 200 0 "-" "Mozilla/5.0 AppleWebKit/605.1.15 (KHTML, like Gecko) Chrome/139.0.0.0 Safari/605.1.15"
162.0.232.104 - - [01/May/2026:13:07:51 -0400] "POST /wp-cron.php?doing_wp_cron=1777655271.7753579616546630859375 HTTP/1.1" 200 0 "-" "WordPress/6.9.4; https://techfabasia.com"
216.73.216.216 - - [01/May/2026:13:07:48 -0400] "GET /view/item/011305657441 HTTP/1.1" 404 32967 "-" "Mozilla/5.0 AppleWebKit/537.36 (KHTML, like Gecko; compatible; ClaudeBot/1.0; +claudebot@anthropic.com)"
216.73.216.216 - - [01/May/2026:13:08:08 -0400] "GET /view/item/013204619006 HTTP/1.1" 404 32998 "-" "Mozilla/5.0 AppleWebKit/537.36 (KHTML, like Gecko; compatible; ClaudeBot/1.0; +claudebot@anthropic.com)"
54.236.183.76 - - [01/May/2026:13:08:18 -0400] "HEAD /shop/sj605-a-robot-arm/ HTTP/1.1" 200 0 "-" "Mozilla/5.0 AppleWebKit/605.1.15 (KHTML, like Gecko) Chrome/139.0.0.0 Safari/605.1.15"
216.73.216.216 - - [01/May/2026:13:08:20 -0400] "GET /view/item/012010420640 HTTP/1.1" 404 32989 "-" "Mozilla/5.0 AppleWebKit/537.36 (KHTML, like Gecko; compatible; ClaudeBot/1.0; +claudebot@anthropic.com)"
54.158.183.195 - - [01/May/2026:13:08:35 -0400] "HEAD /product-category/tv-audio/audio/ HTTP/1.1" 200 0 "-" "Mozilla/5.0 AppleWebKit/605.1.15 (KHTML, like Gecko) Chrome/139.0.0.0 Safari/605.1.15"
162.0.232.104 - - [01/May/2026:13:08:48 -0400] "POST /wp-cron.php?doing_wp_cron=1777655328.5619199275970458984375 HTTP/1.1" 200 0 "-" "WordPress/6.9.4; https://techfabasia.com"
216.73.216.216 - - [01/May/2026:13:08:41 -0400] "GET /view/item/01258472086 HTTP/1.1" 404 32992 "-" "Mozilla/5.0 AppleWebKit/537.36 (KHTML, like Gecko; compatible; ClaudeBot/1.0; +claudebot@anthropic.com)"
216.73.216.216 - - [01/May/2026:13:08:52 -0400] "GET /view/item/011304488041 HTTP/1.1" 200 0 "-" "Mozilla/5.0 AppleWebKit/537.36 (KHTML, like Gecko; compatible; ClaudeBot/1.0; +claudebot@anthropic.com)"
18.215.139.134 - - [01/May/2026:13:09:06 -0400] "HEAD /product-category/home-entertainment/tvs/ HTTP/1.1" 200 0 "-" "Mozilla/5.0 AppleWebKit/605.1.15 (KHTML, like Gecko) Chrome/139.0.0.0 Safari/605.1.15"
216.73.216.216 - - [01/May/2026:13:09:12 -0400] "GET /view/item/013294160053 HTTP/1.1" 200 0 "-" "Mozilla/5.0 AppleWebKit/537.36 (KHTML, like Gecko; compatible; ClaudeBot/1.0; +claudebot@anthropic.com)"
162.0.232.104 - - [01/May/2026:13:09:40 -0400] "POST /wp-cron.php?doing_wp_cron=1777655380.6736071109771728515625 HTTP/1.1" 200 0 "-" "WordPress/6.9.4; https://techfabasia.com"
216.73.216.216 - - [01/May/2026:13:09:34 -0400] "GET /view/item/01968933683 HTTP/1.1" 404 33013 "-" "Mozilla/5.0 AppleWebKit/537.36 (KHTML, like Gecko; compatible; ClaudeBot/1.0; +claudebot@anthropic.com)"
216.73.216.216 - - [01/May/2026:13:09:53 -0400] "GET /view/item/01937322453 HTTP/1.1" 200 0 "-" "Mozilla/5.0 AppleWebKit/537.36 (KHTML, like Gecko; compatible; ClaudeBot/1.0; +claudebot@anthropic.com)"
162.0.232.104 - - [01/May/2026:13:10:06 -0400] "POST /wp-cron.php?doing_wp_cron=1777655405.9476699829101562500000 HTTP/1.1" 200 0 "-" "WordPress/6.9.4; https://techfabasia.com"
216.73.216.216 - - [01/May/2026:13:10:06 -0400] "GET /view/item/01189752065 HTTP/1.1" 200 0 "-" "Mozilla/5.0 AppleWebKit/537.36 (KHTML, like Gecko; compatible; ClaudeBot/1.0; +claudebot@anthropic.com)"
88.151.33.106 - - [01/May/2026:13:10:27 -0400] "GET / HTTP/1.1" 200 0 "-" "Mozilla/5.0 (X11; Linux x86_64; rv:150.0) Gecko/20100101 Firefox/150.0"
216.73.216.216 - - [01/May/2026:13:10:24 -0400] "GET /view/item/012449355804 HTTP/1.1" 404 32981 "-" "Mozilla/5.0 AppleWebKit/537.36 (KHTML, like Gecko; compatible; ClaudeBot/1.0; +claudebot@anthropic.com)"
216.73.216.216 - - [01/May/2026:13:10:36 -0400] "GET /view/item/013116269534 HTTP/1.1" 200 184 "-" "Mozilla/5.0 AppleWebKit/537.36 (KHTML, like Gecko; compatible; ClaudeBot/1.0; +claudebot@anthropic.com)"
162.0.232.104 - - [01/May/2026:13:10:58 -0400] "POST /wp-cron.php?doing_wp_cron=1777655458.2773189544677734375000 HTTP/1.1" 200 0 "-" "WordPress/6.9.4; https://techfabasia.com"
216.73.216.216 - - [01/May/2026:13:10:54 -0400] "GET /view/item/0136250228 HTTP/1.1" 404 33011 "-" "Mozilla/5.0 AppleWebKit/537.36 (KHTML, like Gecko; compatible; ClaudeBot/1.0; +claudebot@anthropic.com)"
47.128.63.168 - - [01/May/2026:13:11:04 -0400] "GET /product-category/smart-phones-tablets/smartphones/4g-lte-smartphone/ HTTP/1.1" 200 31923 "-" "Mozilla/5.0 (compatible; Bytespider; spider-feedback@bytedance.com) AppleWebKit/537.36 (KHTML, like Gecko) Chrome/70.0.0.0 Safari/537.36"
47.128.63.168 - - [01/May/2026:13:11:18 -0400] "GET /wp-content/uploads/2018/10/electro-brand-placeholder.png HTTP/1.1" 206 337 "https://techfabasia.com/product-category/smart-phones-tablets/smartphones/4g-lte-smartphone/" "Mozilla/5.0 (compatible; Bytespider; spider-feedback@bytedance.com) AppleWebKit/537.36 (KHTML, like Gecko) Chrome/70.0.0.0 Safari/537.36"
216.73.216.216 - - [01/May/2026:13:11:15 -0400] "GET /view/item/0193268453 HTTP/1.1" 404 32931 "-" "Mozilla/5.0 AppleWebKit/537.36 (KHTML, like Gecko; compatible; ClaudeBot/1.0; +claudebot@anthropic.com)"
18.235.158.19 - - [01/May/2026:13:11:27 -0400] "GET /shop/g602a-1600x1100x660-workstation/ HTTP/1.1" 200 205 "-" "Mozilla/5.0 AppleWebKit/537.36 (KHTML, like Gecko; compatible; Amazonbot/0.1; +https://developer.amazon.com/support/amazonbot) Chrome/119.0.6045.214 Safari/537.36"
216.73.216.216 - - [01/May/2026:13:11:35 -0400] "GET /view/item/012117350405 HTTP/1.1" 404 32994 "-" "Mozilla/5.0 AppleWebKit/537.36 (KHTML, like Gecko; compatible; ClaudeBot/1.0; +claudebot@anthropic.com)"
47.128.63.185 - - [01/May/2026:13:11:40 -0400] "GET /shop/j601-a-robotic-arm/ HTTP/1.1" 200 32871 "-" "Mozilla/5.0 (compatible; Bytespider; spider-feedback@bytedance.com) AppleWebKit/537.36 (KHTML, like Gecko) Chrome/70.0.0.0 Safari/537.36"
216.73.216.216 - - [01/May/2026:13:11:46 -0400] "GET /view/item/011212224006 HTTP/1.1" 200 184 "-" "Mozilla/5.0 AppleWebKit/537.36 (KHTML, like Gecko; compatible; ClaudeBot/1.0; +claudebot@anthropic.com)"
47.128.63.185 - - [01/May/2026:13:11:50 -0400] "GET /wp-content/plugins/wpforms-lite/assets/css/frontend/modern/wpforms-full.min.css?ver=1.10.0.4 HTTP/1.1" 200 15488 "https://techfabasia.com/shop/j601-a-robotic-arm/" "Mozilla/5.0 (compatible; Bytespider; spider-feedback@bytedance.com) AppleWebKit/537.36 (KHTML, like Gecko) Chrome/70.0.0.0 Safari/537.36"
47.128.63.185 - - [01/May/2026:13:11:52 -0400] "GET /wp-content/uploads/2018/10/electro-slider-placeholder-1.png HTTP/1.1" 206 500 "https://techfabasia.com/shop/j601-a-robotic-arm/" "Mozilla/5.0 (compatible; Bytespider; spider-feedback@bytedance.com) AppleWebKit/537.36 (KHTML, like Gecko) Chrome/70.0.0.0 Safari/537.36"
162.0.232.104 - - [01/May/2026:13:12:10 -0400] "POST /wp-cron.php?doing_wp_cron=1777655529.9869420528411865234375 HTTP/1.1" 200 0 "-" "WordPress/6.9.4; https://techfabasia.com"
216.73.216.216 - - [01/May/2026:13:12:06 -0400] "GET /view/item/012828889202 HTTP/1.1" 404 33041 "-" "Mozilla/5.0 AppleWebKit/537.36 (KHTML, like Gecko; compatible; ClaudeBot/1.0; +claudebot@anthropic.com)"
47.128.63.192 - - [01/May/2026:13:12:17 -0400] "GET /shop/unct3300-a-all-around-industrial-ct-detection-system/ HTTP/1.1" 200 32994 "-" "Mozilla/5.0 (compatible; Bytespider; spider-feedback@bytedance.com) AppleWebKit/537.36 (KHTML, like Gecko) Chrome/70.0.0.0 Safari/537.36"
216.73.216.216 - - [01/May/2026:13:12:26 -0400] "GET /view/item/013982849907 HTTP/1.1" 404 32998 "-" "Mozilla/5.0 AppleWebKit/537.36 (KHTML, like Gecko; compatible; ClaudeBot/1.0; +claudebot@anthropic.com)"
47.128.63.192 - - [01/May/2026:13:12:41 -0400] "GET /wp-content/uploads/2025/05/7-5-100x100.jpg HTTP/1.1" 206 500 "https://techfabasia.com/shop/unct3300-a-all-around-industrial-ct-detection-system/" "Mozilla/5.0 (compatible; Bytespider; spider-feedback@bytedance.com) AppleWebKit/537.36 (KHTML, like Gecko) Chrome/70.0.0.0 Safari/537.36"
162.0.232.104 - - [01/May/2026:13:12:51 -0400] "POST /wp-cron.php?doing_wp_cron=1777655571.3626999855041503906250 HTTP/1.1" 200 0 "-" "WordPress/6.9.4; https://techfabasia.com"
216.73.216.216 - - [01/May/2026:13:12:47 -0400] "GET /view/item/014140877031 HTTP/1.1" 404 32957 "-" "Mozilla/5.0 AppleWebKit/537.36 (KHTML, like Gecko; compatible; ClaudeBot/1.0; +claudebot@anthropic.com)"
47.128.63.190 - - [01/May/2026:13:12:54 -0400] "GET /shop/zam310-pcb-fpc-laser-cutting/ HTTP/1.1" 200 32983 "-" "Mozilla/5.0 (compatible; Bytespider; spider-feedback@bytedance.com) AppleWebKit/537.36 (KHTML, like Gecko) Chrome/70.0.0.0 Safari/537.36"
216.73.216.216 - - [01/May/2026:13:12:57 -0400] "GET /view/item/01735705225 HTTP/1.1" 200 0 "-" "Mozilla/5.0 AppleWebKit/537.36 (KHTML, like Gecko; compatible; ClaudeBot/1.0; +claudebot@anthropic.com)"
216.73.216.216 - - [01/May/2026:13:13:08 -0400] "GET /view/item/01219480144 HTTP/1.1" 200 0 "-" "Mozilla/5.0 AppleWebKit/537.36 (KHTML, like Gecko; compatible; ClaudeBot/1.0; +claudebot@anthropic.com)"
184.73.35.182 - - [01/May/2026:13:13:09 -0400] "GET /product-category/accessories/headphone-cases/ HTTP/1.1" 200 0 "-" "Mozilla/5.0 AppleWebKit/537.36 (KHTML, like Gecko; compatible; Amazonbot/0.1; +https://developer.amazon.com/support/amazonbot) Chrome/119.0.6045.214 Safari/537.36"
216.73.216.216 - - [01/May/2026:13:13:28 -0400] "GET /view/item/011977229569 HTTP/1.1" 200 0 "-" "Mozilla/5.0 AppleWebKit/537.36 (KHTML, like Gecko; compatible; ClaudeBot/1.0; +claudebot@anthropic.com)"
162.0.232.104 - - [01/May/2026:13:13:48 -0400] "POST /wp-cron.php?doing_wp_cron=1777655628.0801060199737548828125 HTTP/1.1" 200 0 "-" "WordPress/6.9.4; https://techfabasia.com"
216.73.216.216 - - [01/May/2026:13:13:40 -0400] "GET /view/item/01431317013 HTTP/1.1" 404 33004 "-" "Mozilla/5.0 AppleWebKit/537.36 (KHTML, like Gecko; compatible; ClaudeBot/1.0; +claudebot@anthropic.com)"
216.73.216.216 - - [01/May/2026:13:14:00 -0400] "GET /view/item/0110293853 HTTP/1.1" 404 32972 "-" "Mozilla/5.0 AppleWebKit/537.36 (KHTML, like Gecko; compatible; ClaudeBot/1.0; +claudebot@anthropic.com)"
216.73.216.216 - - [01/May/2026:13:14:20 -0400] "GET /view/item/013137344203 HTTP/1.1" 200 0 "-" "Mozilla/5.0 AppleWebKit/537.36 (KHTML, like Gecko; compatible; ClaudeBot/1.0; +claudebot@anthropic.com)"
52.20.91.185 - - [01/May/2026:13:14:21 -0400] "HEAD /product-category/accessories/headphone-cases/ HTTP/1.1" 200 0 "-" "Mozilla/5.0 AppleWebKit/605.1.15 (KHTML, like Gecko) Chrome/139.0.0.0 Safari/605.1.15"
66.249.74.96 - - [01/May/2026:13:14:34 -0400] "GET /view/item/013720127360 HTTP/1.1" 200 29532 "-" "Mozilla/5.0 (Linux; Android 6.0.1; Nexus 5X Build/MMB29P) AppleWebKit/537.36 (KHTML, like Gecko) Chrome/147.0.7727.137 Mobile Safari/537.36 (compatible; Googlebot/2.1; +http://www.google.com/bot.html)"
216.73.216.216 - - [01/May/2026:13:14:33 -0400] "GET /view/item/013391719482 HTTP/1.1" 200 0 "-" "Mozilla/5.0 AppleWebKit/537.36 (KHTML, like Gecko; compatible; ClaudeBot/1.0; +claudebot@anthropic.com)"
162.0.232.104 - - [01/May/2026:13:14:59 -0400] "POST /wp-cron.php?doing_wp_cron=1777655699.3323130607604980468750 HTTP/1.1" 200 0 "-" "WordPress/6.9.4; https://techfabasia.com"
216.73.216.216 - - [01/May/2026:13:14:53 -0400] "GET /view/item/01328527316 HTTP/1.1" 200 0 "-" "Mozilla/5.0 AppleWebKit/537.36 (KHTML, like Gecko; compatible; ClaudeBot/1.0; +claudebot@anthropic.com)"
216.73.216.216 - - [01/May/2026:13:15:09 -0400] "GET /view/item/014207796540 HTTP/1.1" 200 0 "-" "Mozilla/5.0 AppleWebKit/537.36 (KHTML, like Gecko; compatible; ClaudeBot/1.0; +claudebot@anthropic.com)"
162.0.232.104 - - [01/May/2026:13:15:25 -0400] "POST /wp-cron.php?doing_wp_cron=1777655725.6546900272369384765625 HTTP/1.1" 200 0 "-" "WordPress/6.9.4; https://techfabasia.com"
216.73.216.216 - - [01/May/2026:13:15:29 -0400] "GET /view/item/011130255486 HTTP/1.1" 200 0 "-" "Mozilla/5.0 AppleWebKit/537.36 (KHTML, like Gecko; compatible; ClaudeBot/1.0; +claudebot@anthropic.com)"
216.73.216.216 - - [01/May/2026:13:15:39 -0400] "GET /view/item/01280926264 HTTP/1.1" 404 33017 "-" "Mozilla/5.0 AppleWebKit/537.36 (KHTML, like Gecko; compatible; ClaudeBot/1.0; +claudebot@anthropic.com)"
216.73.216.216 - - [01/May/2026:13:16:00 -0400] "GET /view/item/011291720263 HTTP/1.1" 200 0 "-" "Mozilla/5.0 AppleWebKit/537.36 (KHTML, like Gecko; compatible; ClaudeBot/1.0; +claudebot@anthropic.com)"
216.73.216.216 - - [01/May/2026:13:16:12 -0400] "GET /view/item/01472470330 HTTP/1.1" 404 32963 "-" "Mozilla/5.0 AppleWebKit/537.36 (KHTML, like Gecko; compatible; ClaudeBot/1.0; +claudebot@anthropic.com)"
162.0.232.104 - - [01/May/2026:13:16:37 -0400] "POST /wp-cron.php?doing_wp_cron=1777655797.0657200813293457031250 HTTP/1.1" 200 0 "-" "WordPress/6.9.4; https://techfabasia.com"
216.73.216.216 - - [01/May/2026:13:16:32 -0400] "GET /view/item/01651582998 HTTP/1.1" 404 33011 "-" "Mozilla/5.0 AppleWebKit/537.36 (KHTML, like Gecko; compatible; ClaudeBot/1.0; +claudebot@anthropic.com)"
72.167.150.128 - - [01/May/2026:13:16:43 -0400] "POST /xmlrpc.php HTTP/1.1" 200 205 "-" "Mozilla/5.0 (Windows NT 6.1; Win64; x64) AppleWebKit/537.36 (KHTML, like Gecko) Chrome/65.0.3325.181 Safari/537.36 OPR/52.0.2871.40"
162.0.232.104 - - [01/May/2026:13:16:49 -0400] "POST /wp-cron.php?doing_wp_cron=1777655809.6504731178283691406250 HTTP/1.1" 200 0 "-" "WordPress/6.9.4; https://techfabasia.com"
216.73.216.216 - - [01/May/2026:13:16:45 -0400] "GET /view/item/012886229205 HTTP/1.1" 404 33041 "-" "Mozilla/5.0 AppleWebKit/537.36 (KHTML, like Gecko; compatible; ClaudeBot/1.0; +claudebot@anthropic.com)"
216.73.216.216 - - [01/May/2026:13:17:05 -0400] "GET /view/item/012776826442 HTTP/1.1" 404 33020 "-" "Mozilla/5.0 AppleWebKit/537.36 (KHTML, like Gecko; compatible; ClaudeBot/1.0; +claudebot@anthropic.com)"
216.73.216.216 - - [01/May/2026:13:17:25 -0400] "GET /view/item/01497629576 HTTP/1.1" 404 33011 "-" "Mozilla/5.0 AppleWebKit/537.36 (KHTML, like Gecko; compatible; ClaudeBot/1.0; +claudebot@anthropic.com)"
216.73.216.216 - - [01/May/2026:13:17:44 -0400] "GET /robots.txt HTTP/1.1" 200 81 "-" "Mozilla/5.0 AppleWebKit/537.36 (KHTML, like Gecko; compatible; ClaudeBot/1.0; +claudebot@anthropic.com)"
162.0.232.104 - - [01/May/2026:13:17:51 -0400] "POST /wp-cron.php?doing_wp_cron=1777655871.2140069007873535156250 HTTP/1.1" 200 0 "-" "WordPress/6.9.4; https://techfabasia.com"
216.73.216.216 - - [01/May/2026:13:17:45 -0400] "GET /view/item/01593460156 HTTP/1.1" 404 33047 "-" "Mozilla/5.0 AppleWebKit/537.36 (KHTML, like Gecko; compatible; ClaudeBot/1.0; +claudebot@anthropic.com)"
216.73.216.216 - - [01/May/2026:13:17:56 -0400] "GET /view/item/01707822356 HTTP/1.1" 200 184 "-" "Mozilla/5.0 AppleWebKit/537.36 (KHTML, like Gecko; compatible; ClaudeBot/1.0; +claudebot@anthropic.com)"
216.73.216.216 - - [01/May/2026:13:18:16 -0400] "GET /view/item/014023799329 HTTP/1.1" 404 32989 "-" "Mozilla/5.0 AppleWebKit/537.36 (KHTML, like Gecko; compatible; ClaudeBot/1.0; +claudebot@anthropic.com)"
216.73.216.216 - - [01/May/2026:13:18:26 -0400] "GET /view/item/011964647609 HTTP/1.1" 404 32997 "-" "Mozilla/5.0 AppleWebKit/537.36 (KHTML, like Gecko; compatible; ClaudeBot/1.0; +claudebot@anthropic.com)"
54.80.185.200 - - [01/May/2026:13:18:32 -0400] "GET /product-category/linear-motor/ HTTP/1.1" 200 39840 "-" "Mozilla/5.0 AppleWebKit/537.36 (KHTML, like Gecko; compatible; Amazonbot/0.1; +https://developer.amazon.com/support/amazonbot) Chrome/119.0.6045.214 Safari/537.36"
216.73.216.216 - - [01/May/2026:13:18:44 -0400] "GET /view/item/012643614934 HTTP/1.1" 200 184 "-" "Mozilla/5.0 AppleWebKit/537.36 (KHTML, like Gecko; compatible; ClaudeBot/1.0; +claudebot@anthropic.com)"
162.0.232.104 - - [01/May/2026:13:19:07 -0400] "POST /wp-cron.php?doing_wp_cron=1777655947.7557499408721923828125 HTTP/1.1" 200 0 "-" "WordPress/6.9.4; https://techfabasia.com"
216.73.216.216 - - [01/May/2026:13:19:04 -0400] "GET /view/item/01336763300 HTTP/1.1" 404 33032 "-" "Mozilla/5.0 AppleWebKit/537.36 (KHTML, like Gecko; compatible; ClaudeBot/1.0; +claudebot@anthropic.com)"
216.73.216.216 - - [01/May/2026:13:19:17 -0400] "GET /view/item/012689194348 HTTP/1.1" 404 32994 "-" "Mozilla/5.0 AppleWebKit/537.36 (KHTML, like Gecko; compatible; ClaudeBot/1.0; +claudebot@anthropic.com)"
162.0.232.104 - - [01/May/2026:13:19:54 -0400] "POST /wp-cron.php?doing_wp_cron=1777655994.8675580024719238281250 HTTP/1.1" 200 0 "-" "WordPress/6.9.4; https://techfabasia.com"
216.73.216.216 - - [01/May/2026:13:19:47 -0400] "GET /view/item/01916251015 HTTP/1.1" 404 33010 "-" "Mozilla/5.0 AppleWebKit/537.36 (KHTML, like Gecko; compatible; ClaudeBot/1.0; +claudebot@anthropic.com)"
216.73.216.216 - - [01/May/2026:13:19:59 -0400] "GET /view/item/013207222607 HTTP/1.1" 200 0 "-" "Mozilla/5.0 AppleWebKit/537.36 (KHTML, like Gecko; compatible; ClaudeBot/1.0; +claudebot@anthropic.com)"
44.209.89.189 - - [01/May/2026:13:20:00 -0400] "GET /home-v3-full-color-background/ HTTP/1.1" 200 0 "-" "Mozilla/5.0 AppleWebKit/537.36 (KHTML, like Gecko; compatible; Amazonbot/0.1; +https://developer.amazon.com/support/amazonbot) Chrome/119.0.6045.214 Safari/537.36"
216.73.216.216 - - [01/May/2026:13:20:19 -0400] "GET /view/item/012340927115 HTTP/1.1" 404 33047 "-" "Mozilla/5.0 AppleWebKit/537.36 (KHTML, like Gecko; compatible; ClaudeBot/1.0; +claudebot@anthropic.com)"
216.73.216.216 - - [01/May/2026:13:20:38 -0400] "GET /view/item/012525339845 HTTP/1.1" 404 32998 "-" "Mozilla/5.0 AppleWebKit/537.36 (KHTML, like Gecko; compatible; ClaudeBot/1.0; +claudebot@anthropic.com)"
216.73.216.216 - - [01/May/2026:13:21:02 -0400] "GET /view/item/012867038460 HTTP/1.1" 200 0 "-" "Mozilla/5.0 AppleWebKit/537.36 (KHTML, like Gecko; compatible; ClaudeBot/1.0; +claudebot@anthropic.com)"
216.73.216.216 - - [01/May/2026:13:21:12 -0400] "GET /view/item/01521970735 HTTP/1.1" 200 0 "-" "Mozilla/5.0 AppleWebKit/537.36 (KHTML, like Gecko; compatible; ClaudeBot/1.0; +claudebot@anthropic.com)"
44.214.52.128 - - [01/May/2026:13:21:17 -0400] "HEAD /home-v3-full-color-background/ HTTP/1.1" 200 0 "-" "Mozilla/5.0 AppleWebKit/605.1.15 (KHTML, like Gecko) Chrome/139.0.0.0 Safari/605.1.15"
162.0.232.104 - - [01/May/2026:13:21:28 -0400] "POST /wp-cron.php?doing_wp_cron=1777656088.3277060985565185546875 HTTP/1.1" 200 0 "-" "WordPress/6.9.4; https://techfabasia.com"
109.199.96.209 - - [01/May/2026:13:21:16 -0400] "GET /wp-login.php HTTP/1.1" 200 0 "-" "Mozilla/4.0 (compatible; MSIE 7.0; Windows NT 10.0; WOW64; Trident/7.0; .NET4.0C; .NET4.0E)"
216.73.216.216 - - [01/May/2026:13:21:31 -0400] "GET /view/item/01161897529 HTTP/1.1" 200 0 "-" "Mozilla/5.0 AppleWebKit/537.36 (KHTML, like Gecko; compatible; ClaudeBot/1.0; +claudebot@anthropic.com)"
216.73.216.216 - - [01/May/2026:13:21:51 -0400] "GET /view/item/011348102740 HTTP/1.1" 200 0 "-" "Mozilla/5.0 AppleWebKit/537.36 (KHTML, like Gecko; compatible; ClaudeBot/1.0; +claudebot@anthropic.com)"
162.0.232.104 - - [01/May/2026:13:22:02 -0400] "POST /wp-cron.php?doing_wp_cron=1777656122.5545299053192138671875 HTTP/1.1" 200 0 "-" "WordPress/6.9.4; https://techfabasia.com"
216.73.216.216 - - [01/May/2026:13:22:04 -0400] "GET /view/item/013537686368 HTTP/1.1" 200 184 "-" "Mozilla/5.0 AppleWebKit/537.36 (KHTML, like Gecko; compatible; ClaudeBot/1.0; +claudebot@anthropic.com)"
216.73.216.216 - - [01/May/2026:13:22:24 -0400] "GET /view/item/01432339958 HTTP/1.1" 404 32991 "-" "Mozilla/5.0 AppleWebKit/537.36 (KHTML, like Gecko; compatible; ClaudeBot/1.0; +claudebot@anthropic.com)"
216.73.216.216 - - [01/May/2026:13:22:34 -0400] "GET /view/item/01190621600 HTTP/1.1" 404 33012 "-" "Mozilla/5.0 AppleWebKit/537.36 (KHTML, like Gecko; compatible; ClaudeBot/1.0; +claudebot@anthropic.com)"
216.73.216.216 - - [01/May/2026:13:22:57 -0400] "GET /view/item/012483107902 HTTP/1.1" 200 0 "-" "Mozilla/5.0 AppleWebKit/537.36 (KHTML, like Gecko; compatible; ClaudeBot/1.0; +claudebot@anthropic.com)"
216.73.216.216 - - [01/May/2026:13:23:04 -0400] "GET /view/item/01518550471 HTTP/1.1" 200 0 "-" "Mozilla/5.0 AppleWebKit/537.36 (KHTML, like Gecko; compatible; ClaudeBot/1.0; +claudebot@anthropic.com)"
162.0.232.104 - - [01/May/2026:13:23:15 -0400] "POST /wp-cron.php?doing_wp_cron=1777656195.5368869304656982421875 HTTP/1.1" 200 0 "-" "WordPress/6.9.4; https://techfabasia.com"
216.73.216.216 - - [01/May/2026:13:23:26 -0400] "GET /view/item/01551467385 HTTP/1.1" 200 0 "-" "Mozilla/5.0 AppleWebKit/537.36 (KHTML, like Gecko; compatible; ClaudeBot/1.0; +claudebot@anthropic.com)"
216.73.216.216 - - [01/May/2026:13:23:36 -0400] "GET /view/item/013731060945 HTTP/1.1" 200 0 "-" "Mozilla/5.0 AppleWebKit/537.36 (KHTML, like Gecko; compatible; ClaudeBot/1.0; +claudebot@anthropic.com)"
162.0.232.104 - - [01/May/2026:13:23:52 -0400] "POST /wp-cron.php?doing_wp_cron=1777656232.6935679912567138671875 HTTP/1.1" 200 0 "-" "WordPress/6.9.4; https://techfabasia.com"
216.73.216.216 - - [01/May/2026:13:23:58 -0400] "GET /view/item/012054078038 HTTP/1.1" 404 32965 "-" "Mozilla/5.0 AppleWebKit/537.36 (KHTML, like Gecko; compatible; ClaudeBot/1.0; +claudebot@anthropic.com)"
216.73.216.216 - - [01/May/2026:13:24:06 -0400] "GET /view/item/01222581331 HTTP/1.1" 200 0 "-" "Mozilla/5.0 AppleWebKit/537.36 (KHTML, like Gecko; compatible; ClaudeBot/1.0; +claudebot@anthropic.com)"
34.194.14.255 - - [01/May/2026:13:24:08 -0400] "GET /product-category/smart-phones-tablets/smartphones/mobile-phones/ HTTP/1.1" 200 0 "-" "Mozilla/5.0 AppleWebKit/537.36 (KHTML, like Gecko; compatible; Amazonbot/0.1; +https://developer.amazon.com/support/amazonbot) Chrome/119.0.6045.214 Safari/537.36"
162.0.232.104 - - [01/May/2026:13:24:34 -0400] "POST /wp-cron.php?doing_wp_cron=1777656274.8646728992462158203125 HTTP/1.1" 200 0 "-" "WordPress/6.9.4; https://techfabasia.com"
216.73.216.216 - - [01/May/2026:13:24:28 -0400] "GET /view/item/014131005440 HTTP/1.1" 404 32962 "-" "Mozilla/5.0 AppleWebKit/537.36 (KHTML, like Gecko; compatible; ClaudeBot/1.0; +claudebot@anthropic.com)"
216.73.216.216 - - [01/May/2026:13:24:38 -0400] "GET /view/item/011493433208 HTTP/1.1" 200 0 "-" "Mozilla/5.0 AppleWebKit/537.36 (KHTML, like Gecko; compatible; ClaudeBot/1.0; +claudebot@anthropic.com)"
91.65.123.43 - - [01/May/2026:13:24:57 -0400] "GET /robots.txt HTTP/1.1" 200 81 "-" "Mozilla/5.0 (compatible; MJ12bot/v1.4.8; http://mj12bot.com/)"
216.73.216.216 - - [01/May/2026:13:24:58 -0400] "GET /view/item/012573322684 HTTP/1.1" 200 0 "-" "Mozilla/5.0 AppleWebKit/537.36 (KHTML, like Gecko; compatible; ClaudeBot/1.0; +claudebot@anthropic.com)"
216.73.216.216 - - [01/May/2026:13:25:09 -0400] "GET /view/item/01944882348 HTTP/1.1" 200 0 "-" "Mozilla/5.0 AppleWebKit/537.36 (KHTML, like Gecko; compatible; ClaudeBot/1.0; +claudebot@anthropic.com)"
162.0.232.104 - - [01/May/2026:13:25:20 -0400] "POST /wp-cron.php?doing_wp_cron=1777656320.5402779579162597656250 HTTP/1.1" 200 0 "-" "WordPress/6.9.4; https://techfabasia.com"
91.65.123.43 - - [01/May/2026:13:25:01 -0400] "GET /shop/3d-inline-automatic-inspection%EF%BC%88axi%EF%BC%89lx9200/feed/ HTTP/1.1" 200 464 "-" "Mozilla/5.0 (compatible; MJ12bot/v1.4.8; http://mj12bot.com/)"
123.22.18.208 - - [01/May/2026:13:25:40 -0400] "GET /wp-json/oembed/1.0/embed?format=xml&url=https%3A%2F%2Ftechfabasia.com%2F2016%2F03%2F02%2Fannouncement-post-without-image%2F HTTP/1.1" 200 0 "-" "Mozilla/5.0 (Macintosh; Intel Mac OS X 10_15_7) AppleWebKit/537.36 (KHTML, like Gecko) Chrome/106.0.0.0 Safari/537.36"
216.73.216.216 - - [01/May/2026:13:25:41 -0400] "GET /view/item/011134640448 HTTP/1.1" 200 0 "-" "Mozilla/5.0 AppleWebKit/537.36 (KHTML, like Gecko; compatible; ClaudeBot/1.0; +claudebot@anthropic.com)"
162.0.232.104 - - [01/May/2026:13:25:52 -0400] "POST /wp-cron.php?doing_wp_cron=1777656352.8360269069671630859375 HTTP/1.1" 200 0 "-" "WordPress/6.9.4; https://techfabasia.com"
91.65.123.43 - - [01/May/2026:13:25:59 -0400] "GET /shop/general-utilization-ndt-real-time-imaging-x-ray-unc225%CF%80/ HTTP/1.1" 200 33073 "-" "Mozilla/5.0 (compatible; MJ12bot/v1.4.8; http://mj12bot.com/)"
216.73.216.216 - - [01/May/2026:13:26:15 -0400] "GET /view/item/012401509593 HTTP/1.1" 200 0 "-" "Mozilla/5.0 AppleWebKit/537.36 (KHTML, like Gecko; compatible; ClaudeBot/1.0; +claudebot@anthropic.com)"
34.200.116.27 - - [01/May/2026:13:26:15 -0400] "HEAD /product-category/smart-phones-tablets/smartphones/mobile-phones/ HTTP/1.1" 200 0 "-" "Mozilla/5.0 AppleWebKit/605.1.15 (KHTML, like Gecko) Chrome/139.0.0.0 Safari/605.1.15"
216.73.216.216 - - [01/May/2026:13:26:19 -0400] "GET /view/item/013963378817 HTTP/1.1" 200 0 "-" "Mozilla/5.0 AppleWebKit/537.36 (KHTML, like Gecko; compatible; ClaudeBot/1.0; +claudebot@anthropic.com)"
162.0.232.104 - - [01/May/2026:13:26:56 -0400] "POST /wp-cron.php?doing_wp_cron=1777656416.1328310966491699218750 HTTP/1.1" 200 0 "-" "WordPress/6.9.4; https://techfabasia.com"
72.167.150.128 - - [01/May/2026:13:26:37 -0400] "POST /xmlrpc.php HTTP/1.1" 200 205 "-" "Mozilla/5.0 (Macintosh; Intel Mac OS X 10_13_4) AppleWebKit/537.36 (KHTML, like Gecko) Chrome/67.0.3396.87 Safari/537.36"
216.73.216.216 - - [01/May/2026:13:26:53 -0400] "GET /view/item/01963264335 HTTP/1.1" 200 0 "-" "Mozilla/5.0 AppleWebKit/537.36 (KHTML, like Gecko; compatible; ClaudeBot/1.0; +claudebot@anthropic.com)"
162.0.232.104 - - [01/May/2026:13:27:12 -0400] "POST /wp-cron.php?doing_wp_cron=1777656432.8601090908050537109375 HTTP/1.1" 200 0 "-" "WordPress/6.9.4; https://techfabasia.com"
91.65.123.43 - - [01/May/2026:13:27:09 -0400] "GET /shop/hy-agv250-smt-agv-equipment%EF%BC%88magazine-type%EF%BC%89/feed/ HTTP/1.1" 200 474 "-" "Mozilla/5.0 (compatible; MJ12bot/v1.4.8; http://mj12bot.com/)"
216.73.216.216 - - [01/May/2026:13:27:16 -0400] "GET /view/item/012176120968 HTTP/1.1" 200 0 "-" "Mozilla/5.0 AppleWebKit/537.36 (KHTML, like Gecko; compatible; ClaudeBot/1.0; +claudebot@anthropic.com)"
66.249.74.110 - - [01/May/2026:13:27:39 -0400] "GET /view/item/011102789605 HTTP/1.1" 200 29078 "-" "Mozilla/5.0 (Linux; Android 6.0.1; Nexus 5X Build/MMB29P) AppleWebKit/537.36 (KHTML, like Gecko) Chrome/147.0.7727.137 Mobile Safari/537.36 (compatible; Googlebot/2.1; +http://www.google.com/bot.html)"
216.73.216.216 - - [01/May/2026:13:27:49 -0400] "GET /view/item/014290627133 HTTP/1.1" 404 33032 "-" "Mozilla/5.0 AppleWebKit/537.36 (KHTML, like Gecko; compatible; ClaudeBot/1.0; +claudebot@anthropic.com)"
216.73.216.216 - - [01/May/2026:13:28:05 -0400] "GET /view/item/011993372524 HTTP/1.1" 404 33032 "-" "Mozilla/5.0 AppleWebKit/537.36 (KHTML, like Gecko; compatible; ClaudeBot/1.0; +claudebot@anthropic.com)"
162.0.232.104 - - [01/May/2026:13:28:43 -0400] "POST /wp-cron.php?doing_wp_cron=1777656523.5775101184844970703125 HTTP/1.1" 200 0 "-" "WordPress/6.9.4; https://techfabasia.com"
216.73.216.216 - - [01/May/2026:13:28:37 -0400] "GET /view/item/012283614239 HTTP/1.1" 404 32958 "-" "Mozilla/5.0 AppleWebKit/537.36 (KHTML, like Gecko; compatible; ClaudeBot/1.0; +claudebot@anthropic.com)"
162.0.232.104 - - [01/May/2026:13:29:13 -0400] "POST /wp-cron.php?doing_wp_cron=1777656553.6795859336853027343750 HTTP/1.1" 200 0 "-" "WordPress/6.9.4; https://techfabasia.com"
216.73.216.216 - - [01/May/2026:13:29:09 -0400] "GET /view/item/01752353410 HTTP/1.1" 404 33045 "-" "Mozilla/5.0 AppleWebKit/537.36 (KHTML, like Gecko; compatible; ClaudeBot/1.0; +claudebot@anthropic.com)"
216.73.216.216 - - [01/May/2026:13:29:25 -0400] "GET /view/item/012407310496 HTTP/1.1" 404 33060 "-" "Mozilla/5.0 AppleWebKit/537.36 (KHTML, like Gecko; compatible; ClaudeBot/1.0; +claudebot@anthropic.com)"
162.0.232.104 - - [01/May/2026:13:29:59 -0400] "POST /wp-cron.php?doing_wp_cron=1777656599.5413799285888671875000 HTTP/1.1" 200 0 "-" "WordPress/6.9.4; https://techfabasia.com"
216.73.216.216 - - [01/May/2026:13:29:54 -0400] "GET /view/item/014176400542 HTTP/1.1" 404 32992 "-" "Mozilla/5.0 AppleWebKit/537.36 (KHTML, like Gecko; compatible; ClaudeBot/1.0; +claudebot@anthropic.com)"
107.20.224.184 - - [01/May/2026:13:30:15 -0400] "GET /shop/ax8200max-x-ray-inspection-equipment/ HTTP/1.1" 200 0 "-" "Mozilla/5.0 AppleWebKit/537.36 (KHTML, like Gecko; compatible; Amazonbot/0.1; +https://developer.amazon.com/support/amazonbot) Chrome/119.0.6045.214 Safari/537.36"
162.0.232.104 - - [01/May/2026:13:30:27 -0400] "POST /wp-cron.php?doing_wp_cron=1777656627.3351759910583496093750 HTTP/1.1" 200 0 "-" "WordPress/6.9.4; https://techfabasia.com"
162.0.232.104 - - [01/May/2026:13:30:34 -0400] "POST /wp-cron.php?doing_wp_cron=1777656634.3712110519409179687500 HTTP/1.1" 200 0 "-" "WordPress/6.9.4; https://techfabasia.com"
216.73.216.216 - - [01/May/2026:13:30:25 -0400] "GET /view/item/013138117291 HTTP/1.1" 404 32970 "-" "Mozilla/5.0 AppleWebKit/537.36 (KHTML, like Gecko; compatible; ClaudeBot/1.0; +claudebot@anthropic.com)"
66.249.74.110 - - [01/May/2026:13:30:40 -0400] "GET /view/item/012751141201 HTTP/1.1" 200 29478 "-" "Mozilla/5.0 (Linux; Android 6.0.1; Nexus 5X Build/MMB29P) AppleWebKit/537.36 (KHTML, like Gecko) Chrome/147.0.7727.137 Mobile Safari/537.36 (compatible; Googlebot/2.1; +http://www.google.com/bot.html)"
52.44.198.19 - - [01/May/2026:13:30:47 -0400] "HEAD /shop/ax8200max-x-ray-inspection-equipment/ HTTP/1.1" 200 0 "-" "Mozilla/5.0 AppleWebKit/605.1.15 (KHTML, like Gecko) Chrome/139.0.0.0 Safari/605.1.15"
216.73.216.216 - - [01/May/2026:13:30:55 -0400] "GET /view/item/013333169941 HTTP/1.1" 404 32990 "-" "Mozilla/5.0 AppleWebKit/537.36 (KHTML, like Gecko; compatible; ClaudeBot/1.0; +claudebot@anthropic.com)"
216.73.216.216 - - [01/May/2026:13:31:26 -0400] "GET /view/item/011716967313 HTTP/1.1" 404 32954 "-" "Mozilla/5.0 AppleWebKit/537.36 (KHTML, like Gecko; compatible; ClaudeBot/1.0; +claudebot@anthropic.com)"
162.0.232.104 - - [01/May/2026:13:31:38 -0400] "POST /wp-cron.php?doing_wp_cron=1777656698.5467929840087890625000 HTTP/1.1" 200 0 "-" "WordPress/6.9.4; https://techfabasia.com"
216.73.216.216 - - [01/May/2026:13:31:34 -0400] "GET /view/item/011066738285 HTTP/1.1" 404 32993 "-" "Mozilla/5.0 AppleWebKit/537.36 (KHTML, like Gecko; compatible; ClaudeBot/1.0; +claudebot@anthropic.com)"
216.73.216.216 - - [01/May/2026:13:31:53 -0400] "GET /view/item/012597415220 HTTP/1.1" 404 33053 "-" "Mozilla/5.0 AppleWebKit/537.36 (KHTML, like Gecko; compatible; ClaudeBot/1.0; +claudebot@anthropic.com)"
162.0.232.104 - - [01/May/2026:13:31:59 -0400] "POST /wp-cron.php?doing_wp_cron=1777656719.7416799068450927734375 HTTP/1.1" 200 0 "-" "WordPress/6.9.4; https://techfabasia.com"
216.73.216.216 - - [01/May/2026:13:31:57 -0400] "GET /view/item/013976815903 HTTP/1.1" 200 0 "-" "Mozilla/5.0 AppleWebKit/537.36 (KHTML, like Gecko; compatible; ClaudeBot/1.0; +claudebot@anthropic.com)"
142.44.233.115 - - [01/May/2026:13:31:56 -0400] "GET /shop/42aim30-integrated-servo-motor/ HTTP/1.1" 200 32857 "-" "Mozilla/5.0 (compatible; AhrefsBot/7.0; +http://ahrefs.com/robot/)"
45.227.253.15 - - [01/May/2026:13:32:11 -0400] "GET /index.php/jk HTTP/1.1" 200 63 "-" "Mozilla/5.0 (Windows NT 6.1; WOW64; rv:71.0) Gecko/20100101 Firefox/71.0"
162.0.232.104 - - [01/May/2026:13:32:13 -0400] "POST /wp-cron.php?doing_wp_cron=1777656733.4455161094665527343750 HTTP/1.1" 200 0 "-" "WordPress/6.9.4; https://techfabasia.com"
34.196.114.170 - - [01/May/2026:13:32:11 -0400] "GET /shop/tunnel-drying-oven/ HTTP/1.1" 200 40888 "-" "Mozilla/5.0 AppleWebKit/537.36 (KHTML, like Gecko; compatible; Amazonbot/0.1; +https://developer.amazon.com/support/amazonbot) Chrome/119.0.6045.214 Safari/537.36"
108.167.132.240 - - [01/May/2026:13:32:18 -0400] "GET /wp-login.php HTTP/1.1" 302 0 "-" "Mozilla/5.0 (Windows NT 6.1; Trident/7.0; rv:11.0) like Gecko"
108.167.132.240 - - [01/May/2026:13:32:22 -0400] "GET /wp-login.php HTTP/1.1" 302 0 "https://techfabasia.com/wp-login.php" "Mozilla/5.0 (Windows NT 6.1; Trident/7.0; rv:11.0) like Gecko"
108.167.132.240 - - [01/May/2026:13:32:26 -0400] "GET /wp-login.php HTTP/1.1" 302 0 "https://techfabasia.com/wp-login.php" "Mozilla/5.0 (Windows NT 6.1; Trident/7.0; rv:11.0) like Gecko"
108.167.132.240 - - [01/May/2026:13:32:30 -0400] "GET /wp-login.php HTTP/1.1" 200 0 "https://techfabasia.com/wp-login.php" "Mozilla/5.0 (Windows NT 6.1; Trident/7.0; rv:11.0) like Gecko"
216.73.216.216 - - [01/May/2026:13:32:30 -0400] "GET /view/item/01341178696 HTTP/1.1" 200 0 "-" "Mozilla/5.0 AppleWebKit/537.36 (KHTML, like Gecko; compatible; ClaudeBot/1.0; +claudebot@anthropic.com)"
216.73.216.216 - - [01/May/2026:13:32:54 -0400] "GET /view/item/011706993438 HTTP/1.1" 404 33059 "-" "Mozilla/5.0 AppleWebKit/537.36 (KHTML, like Gecko; compatible; ClaudeBot/1.0; +claudebot@anthropic.com)"
162.0.232.104 - - [01/May/2026:13:33:30 -0400] "POST /wp-cron.php?doing_wp_cron=1777656810.3887560367584228515625 HTTP/1.1" 200 0 "-" "WordPress/6.9.4; https://techfabasia.com"
216.73.216.216 - - [01/May/2026:13:33:26 -0400] "GET /view/item/01631899831 HTTP/1.1" 404 32984 "-" "Mozilla/5.0 AppleWebKit/537.36 (KHTML, like Gecko; compatible; ClaudeBot/1.0; +claudebot@anthropic.com)"
216.73.216.216 - - [01/May/2026:13:33:42 -0400] "GET /view/item/01240717958 HTTP/1.1" 404 33045 "-" "Mozilla/5.0 AppleWebKit/537.36 (KHTML, like Gecko; compatible; ClaudeBot/1.0; +claudebot@anthropic.com)"
162.0.232.104 - - [01/May/2026:13:33:57 -0400] "POST /wp-cron.php?doing_wp_cron=1777656837.6993820667266845703125 HTTP/1.1" 200 0 "-" "WordPress/6.9.4; https://techfabasia.com"
216.73.216.216 - - [01/May/2026:13:33:54 -0400] "GET /view/item/013647797847 HTTP/1.1" 404 33058 "-" "Mozilla/5.0 AppleWebKit/537.36 (KHTML, like Gecko; compatible; ClaudeBot/1.0; +claudebot@anthropic.com)"
18.215.49.176 - - [01/May/2026:13:34:07 -0400] "GET /shop/wafer-bumping-welding-equipment/ HTTP/1.1" 200 40942 "-" "Mozilla/5.0 AppleWebKit/537.36 (KHTML, like Gecko; compatible; Amazonbot/0.1; +https://developer.amazon.com/support/amazonbot) Chrome/119.0.6045.214 Safari/537.36"
216.73.216.216 - - [01/May/2026:13:34:34 -0400] "GET /view/item/01152978429 HTTP/1.1" 404 33005 "-" "Mozilla/5.0 AppleWebKit/537.36 (KHTML, like Gecko; compatible; ClaudeBot/1.0; +claudebot@anthropic.com)"
162.0.232.104 - - [01/May/2026:13:34:51 -0400] "POST /wp-cron.php?doing_wp_cron=1777656891.9701879024505615234375 HTTP/1.1" 200 0 "-" "WordPress/6.9.4; https://techfabasia.com"
44.195.50.71 - - [01/May/2026:13:34:48 -0400] "GET /product-category/smart-phones-tablets/smartphones/ HTTP/1.1" 200 39897 "-" "Mozilla/5.0 AppleWebKit/537.36 (KHTML, like Gecko; compatible; Amazonbot/0.1; +https://developer.amazon.com/support/amazonbot) Chrome/119.0.6045.214 Safari/537.36"
34.231.156.59 - - [01/May/2026:13:34:55 -0400] "GET /product-category/home-entertainment/speakers/ HTTP/1.1" 200 39889 "-" "Mozilla/5.0 AppleWebKit/537.36 (KHTML, like Gecko; compatible; Amazonbot/0.1; +https://developer.amazon.com/support/amazonbot) Chrome/119.0.6045.214 Safari/537.36"
216.73.216.216 - - [01/May/2026:13:35:07 -0400] "GET /view/item/01873193518 HTTP/1.1" 200 0 "-" "Mozilla/5.0 AppleWebKit/537.36 (KHTML, like Gecko; compatible; ClaudeBot/1.0; +claudebot@anthropic.com)"
216.73.216.216 - - [01/May/2026:13:35:37 -0400] "GET /view/item/012299107330 HTTP/1.1" 404 32968 "-" "Mozilla/5.0 AppleWebKit/537.36 (KHTML, like Gecko; compatible; ClaudeBot/1.0; +claudebot@anthropic.com)"
162.0.232.104 - - [01/May/2026:13:35:59 -0400] "POST /wp-cron.php?doing_wp_cron=1777656959.0818469524383544921875 HTTP/1.1" 200 0 "-" "WordPress/6.9.4; https://techfabasia.com"
216.73.216.216 - - [01/May/2026:13:35:55 -0400] "GET /view/item/012299460125 HTTP/1.1" 404 32991 "-" "Mozilla/5.0 AppleWebKit/537.36 (KHTML, like Gecko; compatible; ClaudeBot/1.0; +claudebot@anthropic.com)"
216.73.216.216 - - [01/May/2026:13:36:12 -0400] "GET /view/item/01517941040 HTTP/1.1" 404 32982 "-" "Mozilla/5.0 AppleWebKit/537.36 (KHTML, like Gecko; compatible; ClaudeBot/1.0; +claudebot@anthropic.com)"
216.73.216.216 - - [01/May/2026:13:36:46 -0400] "GET /view/item/01366202114 HTTP/1.1" 200 0 "-" "Mozilla/5.0 AppleWebKit/537.36 (KHTML, like Gecko; compatible; ClaudeBot/1.0; +claudebot@anthropic.com)"
162.0.232.104 - - [01/May/2026:13:36:59 -0400] "POST /wp-cron.php?doing_wp_cron=1777657019.5564088821411132812500 HTTP/1.1" 200 0 "-" "WordPress/6.9.4; https://techfabasia.com"
216.73.216.216 - - [01/May/2026:13:37:04 -0400] "GET /view/item/01783665186 HTTP/1.1" 404 32990 "-" "Mozilla/5.0 AppleWebKit/537.36 (KHTML, like Gecko; compatible; ClaudeBot/1.0; +claudebot@anthropic.com)"
216.73.216.216 - - [01/May/2026:13:37:33 -0400] "GET /view/item/011464106954 HTTP/1.1" 404 33072 "-" "Mozilla/5.0 AppleWebKit/537.36 (KHTML, like Gecko; compatible; ClaudeBot/1.0; +claudebot@anthropic.com)"
66.249.74.110 - - [01/May/2026:13:37:41 -0400] "GET /view/item/011767408142 HTTP/1.1" 200 29066 "-" "Mozilla/5.0 (Linux; Android 6.0.1; Nexus 5X Build/MMB29P) AppleWebKit/537.36 (KHTML, like Gecko) Chrome/147.0.7727.137 Mobile Safari/537.36 (compatible; Googlebot/2.1; +http://www.google.com/bot.html)"
91.98.21.65 - - [01/May/2026:13:37:47 -0400] "POST /xmlrpc.php HTTP/1.1" 200 205 "-" "Mozilla/5.0 (Macintosh; Intel Mac OS X 10_13_2) AppleWebKit/537.36 (KHTML, like Gecko) Chrome/65.0.3298.3 Safari/537.36"
216.73.216.216 - - [01/May/2026:13:38:06 -0400] "GET /view/item/01929313417 HTTP/1.1" 404 32992 "-" "Mozilla/5.0 AppleWebKit/537.36 (KHTML, like Gecko; compatible; ClaudeBot/1.0; +claudebot@anthropic.com)"
162.0.232.104 - - [01/May/2026:13:38:11 -0400] "POST /wp-cron.php?doing_wp_cron=1777657091.0461149215698242187500 HTTP/1.1" 200 0 "-" "WordPress/6.9.4; https://techfabasia.com"
216.73.216.216 - - [01/May/2026:13:38:37 -0400] "GET /view/item/01704379697 HTTP/1.1" 404 32941 "-" "Mozilla/5.0 AppleWebKit/537.36 (KHTML, like Gecko; compatible; ClaudeBot/1.0; +claudebot@anthropic.com)"
162.0.232.104 - - [01/May/2026:13:38:55 -0400] "POST /wp-cron.php?doing_wp_cron=1777657135.6586968898773193359375 HTTP/1.1" 200 0 "-" "WordPress/6.9.4; https://techfabasia.com"
3.90.73.206 - - [01/May/2026:13:38:52 -0400] "GET /shop/vertical-oven-svr-v-serie/ HTTP/1.1" 200 40926 "-" "Mozilla/5.0 AppleWebKit/537.36 (KHTML, like Gecko; compatible; Amazonbot/0.1; +https://developer.amazon.com/support/amazonbot) Chrome/119.0.6045.214 Safari/537.36"
103.131.71.34 - - [01/May/2026:13:39:05 -0400] "GET /wp-content/uploads/2018/10/electro-slider-placeholder-1.png HTTP/1.1" 304 0 "-" "Mozilla/5.0 (compatible; coccocbot-image/1.0; +http://help.coccoc.com/searchengine)"
216.73.216.216 - - [01/May/2026:13:39:17 -0400] "GET /view/item/011521385035 HTTP/1.1" 404 32957 "-" "Mozilla/5.0 AppleWebKit/537.36 (KHTML, like Gecko; compatible; ClaudeBot/1.0; +claudebot@anthropic.com)"
162.0.232.104 - - [01/May/2026:13:39:35 -0400] "POST /wp-cron.php?doing_wp_cron=1777657175.2509710788726806640625 HTTP/1.1" 200 0 "-" "WordPress/6.9.4; https://techfabasia.com"
107.20.224.184 - - [01/May/2026:13:39:31 -0400] "GET /product-category/electronic-x-ray/ HTTP/1.1" 200 39863 "-" "Mozilla/5.0 AppleWebKit/537.36 (KHTML, like Gecko; compatible; Amazonbot/0.1; +https://developer.amazon.com/support/amazonbot) Chrome/119.0.6045.214 Safari/537.36"
162.0.232.104 - - [01/May/2026:13:39:54 -0400] "POST /wp-cron.php?doing_wp_cron=1777657194.3004820346832275390625 HTTP/1.1" 200 0 "-" "WordPress/6.9.4; https://techfabasia.com"
216.73.216.216 - - [01/May/2026:13:39:49 -0400] "GET /view/item/0197125616 HTTP/1.1" 404 32931 "-" "Mozilla/5.0 AppleWebKit/537.36 (KHTML, like Gecko; compatible; ClaudeBot/1.0; +claudebot@anthropic.com)"
216.73.216.216 - - [01/May/2026:13:40:19 -0400] "GET /view/item/013313640562 HTTP/1.1" 404 33012 "-" "Mozilla/5.0 AppleWebKit/537.36 (KHTML, like Gecko; compatible; ClaudeBot/1.0; +claudebot@anthropic.com)"
216.73.216.216 - - [01/May/2026:13:40:36 -0400] "GET /view/item/01601185103 HTTP/1.1" 404 32981 "-" "Mozilla/5.0 AppleWebKit/537.36 (KHTML, like Gecko; compatible; ClaudeBot/1.0; +claudebot@anthropic.com)"
162.0.232.104 - - [01/May/2026:13:41:22 -0400] "POST /wp-cron.php?doing_wp_cron=1777657282.5571620464324951171875 HTTP/1.1" 200 0 "-" "WordPress/6.9.4; https://techfabasia.com"
216.73.216.216 - - [01/May/2026:13:41:15 -0400] "GET /view/item/01707451647 HTTP/1.1" 404 32939 "-" "Mozilla/5.0 AppleWebKit/537.36 (KHTML, like Gecko; compatible; ClaudeBot/1.0; +claudebot@anthropic.com)"
216.73.216.216 - - [01/May/2026:13:41:28 -0400] "GET /view/item/01807191863 HTTP/1.1" 404 33043 "-" "Mozilla/5.0 AppleWebKit/537.36 (KHTML, like Gecko; compatible; ClaudeBot/1.0; +claudebot@anthropic.com)"
47.128.63.208 - - [01/May/2026:13:41:41 -0400] "GET /shop/pneumatic-stencil-cleaner-sc-p2g/ HTTP/1.1" 200 32935 "-" "Mozilla/5.0 (compatible; Bytespider; spider-feedback@bytedance.com) AppleWebKit/537.36 (KHTML, like Gecko) Chrome/70.0.0.0 Safari/537.36"
47.128.63.208 - - [01/May/2026:13:41:46 -0400] "GET /wp-content/plugins/yith-woocommerce-compare/assets/css/jquery.dataTables.css?ver=1.10.18 HTTP/1.1" 200 1866 "https://techfabasia.com/shop/pneumatic-stencil-cleaner-sc-p2g/" "Mozilla/5.0 (compatible; Bytespider; spider-feedback@bytedance.com) AppleWebKit/537.36 (KHTML, like Gecko) Chrome/70.0.0.0 Safari/537.36"
47.128.63.208 - - [01/May/2026:13:41:46 -0400] "GET /wp-content/plugins/woocommerce/assets/client/blocks/wc-blocks.css?ver=wc-10.7.0 HTTP/1.1" 200 2391 "https://techfabasia.com/shop/pneumatic-stencil-cleaner-sc-p2g/" "Mozilla/5.0 (compatible; Bytespider; spider-feedback@bytedance.com) AppleWebKit/537.36 (KHTML, like Gecko) Chrome/70.0.0.0 Safari/537.36"
47.128.63.208 - - [01/May/2026:13:41:46 -0400] "GET /wp-content/plugins/js_composer/assets/css/js_composer.min.css?ver=8.4.1 HTTP/1.1" 200 41803 "https://techfabasia.com/shop/pneumatic-stencil-cleaner-sc-p2g/" "Mozilla/5.0 (compatible; Bytespider; spider-feedback@bytedance.com) AppleWebKit/537.36 (KHTML, like Gecko) Chrome/70.0.0.0 Safari/537.36"
47.128.63.208 - - [01/May/2026:13:41:47 -0400] "GET /wp-content/uploads/2025/05/unx1830d-scaled-1-100x100.webp HTTP/1.1" 206 500 "https://techfabasia.com/shop/pneumatic-stencil-cleaner-sc-p2g/" "Mozilla/5.0 (compatible; Bytespider; spider-feedback@bytedance.com) AppleWebKit/537.36 (KHTML, like Gecko) Chrome/70.0.0.0 Safari/537.36"
162.0.232.104 - - [01/May/2026:13:42:11 -0400] "POST /wp-cron.php?doing_wp_cron=1777657331.0950999259948730468750 HTTP/1.1" 200 0 "-" "WordPress/6.9.4; https://techfabasia.com"
216.73.216.216 - - [01/May/2026:13:42:07 -0400] "GET /view/item/0171758384 HTTP/1.1" 404 32972 "-" "Mozilla/5.0 AppleWebKit/537.36 (KHTML, like Gecko; compatible; ClaudeBot/1.0; +claudebot@anthropic.com)"
47.128.63.202 - - [01/May/2026:13:42:16 -0400] "GET /shop/zm30-pcb-round-blade-v-cut-separator/ HTTP/1.1" 200 32961 "-" "Mozilla/5.0 (compatible; Bytespider; spider-feedback@bytedance.com) AppleWebKit/537.36 (KHTML, like Gecko) Chrome/70.0.0.0 Safari/537.36"
47.128.63.192 - - [01/May/2026:13:42:22 -0400] "GET /shop/lx2000-130kv-inline-x-ray-inspection-equipment/ HTTP/1.1" 200 32925 "-" "Mozilla/5.0 (compatible; Bytespider; spider-feedback@bytedance.com) AppleWebKit/537.36 (KHTML, like Gecko) Chrome/70.0.0.0 Safari/537.36"
216.73.216.216 - - [01/May/2026:13:42:29 -0400] "GET /view/item/01781583552 HTTP/1.1" 404 33002 "-" "Mozilla/5.0 AppleWebKit/537.36 (KHTML, like Gecko; compatible; ClaudeBot/1.0; +claudebot@anthropic.com)"
47.128.63.192 - - [01/May/2026:13:42:36 -0400] "GET /wp-content/themes/electro/assets/vendor/fontawesome/css/all.min.css?ver=3.5.7 HTTP/1.1" 200 21985 "https://techfabasia.com/shop/lx2000-130kv-inline-x-ray-inspection-equipment/" "Mozilla/5.0 (compatible; Bytespider; spider-feedback@bytedance.com) AppleWebKit/537.36 (KHTML, like Gecko) Chrome/70.0.0.0 Safari/537.36"
162.0.232.104 - - [01/May/2026:13:42:56 -0400] "POST /wp-cron.php?doing_wp_cron=1777657376.0485460758209228515625 HTTP/1.1" 200 0 "-" "WordPress/6.9.4; https://techfabasia.com"
52.54.157.23 - - [01/May/2026:13:42:52 -0400] "GET /product-category/electronic-x-ray/ HTTP/1.1" 200 39796 "-" "Mozilla/5.0 AppleWebKit/537.36 (KHTML, like Gecko; compatible; Amazonbot/0.1; +https://developer.amazon.com/support/amazonbot) Chrome/119.0.6045.214 Safari/537.36"
162.0.232.104 - - [01/May/2026:13:43:02 -0400] "POST /wp-cron.php?doing_wp_cron=1777657382.9664530754089355468750 HTTP/1.1" 200 0 "-" "WordPress/6.9.4; https://techfabasia.com"
47.128.63.189 - - [01/May/2026:13:42:55 -0400] "GET /product-category/home-entertainment/tvs/3d-tvs/ HTTP/1.1" 200 31904 "-" "Mozilla/5.0 (compatible; Bytespider; spider-feedback@bytedance.com) AppleWebKit/537.36 (KHTML, like Gecko) Chrome/70.0.0.0 Safari/537.36"
47.128.63.189 - - [01/May/2026:13:43:04 -0400] "GET /wp-includes/css/dist/block-library/style.min.css?ver=6.9.4 HTTP/1.1" 200 14889 "https://techfabasia.com/product-category/home-entertainment/tvs/3d-tvs/" "Mozilla/5.0 (compatible; Bytespider; spider-feedback@bytedance.com) AppleWebKit/537.36 (KHTML, like Gecko) Chrome/70.0.0.0 Safari/537.36"
47.128.63.189 - - [01/May/2026:13:43:04 -0400] "GET /wp-content/plugins/yith-woocommerce-compare/assets/css/widget.css?ver=3.9.0 HTTP/1.1" 200 410 "https://techfabasia.com/product-category/home-entertainment/tvs/3d-tvs/" "Mozilla/5.0 (compatible; Bytespider; spider-feedback@bytedance.com) AppleWebKit/537.36 (KHTML, like Gecko) Chrome/70.0.0.0 Safari/537.36"
