216.73.216.84 - - [01/May/2026:16:00:59 -0400] "GET /view/item/012104034071 HTTP/1.1" 404 33042 "-" "Mozilla/5.0 AppleWebKit/537.36 (KHTML, like Gecko; compatible; ClaudeBot/1.0; +claudebot@anthropic.com)"
106.214.9.109 - - [01/May/2026:16:01:09 -0400] "POST /xmlrpc.php HTTP/1.1" 200 0 "-" "Jetpack by WordPress.com"
216.73.216.84 - - [01/May/2026:16:01:13 -0400] "GET /view/item/014070191019 HTTP/1.1" 404 33042 "-" "Mozilla/5.0 AppleWebKit/537.36 (KHTML, like Gecko; compatible; ClaudeBot/1.0; +claudebot@anthropic.com)"
216.73.216.4 - - [01/May/2026:16:01:19 -0400] "GET /view/item/011944994336 HTTP/1.1" 404 33040 "-" "Mozilla/5.0 AppleWebKit/537.36 (KHTML, like Gecko; compatible; ClaudeBot/1.0; +claudebot@anthropic.com)"
106.214.9.109 - - [01/May/2026:16:01:17 -0400] "POST /xmlrpc.php HTTP/1.1" 200 0 "-" "Jetpack/12.5; WordPress/6.4; http://site51221208.com"
106.214.9.109 - - [01/May/2026:16:01:27 -0400] "POST /xmlrpc.php HTTP/1.1" 200 0 "-" "Jetpack by WordPress.com (Jetpack 12.1; WordPress 6.4)"
216.73.217.142 - - [01/May/2026:16:01:35 -0400] "GET /view/item/013981972689 HTTP/1.1" 404 32992 "-" "Mozilla/5.0 AppleWebKit/537.36 (KHTML, like Gecko; compatible; ClaudeBot/1.0; +claudebot@anthropic.com)"
106.214.9.109 - - [01/May/2026:16:01:36 -0400] "POST /xmlrpc.php HTTP/1.1" 200 0 "-" "WordPress.com; https://wordpress.com"
106.214.9.109 - - [01/May/2026:16:01:46 -0400] "POST /xmlrpc.php HTTP/1.1" 200 0 "-" "Jetpack by WordPress.com (Jetpack 12.0; WordPress 6.1)"
216.73.216.84 - - [01/May/2026:16:01:49 -0400] "GET /view/item/014276147118 HTTP/1.1" 404 32959 "-" "Mozilla/5.0 AppleWebKit/537.36 (KHTML, like Gecko; compatible; ClaudeBot/1.0; +claudebot@anthropic.com)"
106.214.9.109 - - [01/May/2026:16:01:57 -0400] "POST /xmlrpc.php HTTP/1.1" 200 0 "-" "WordPress.com; https://wordpress.com"
216.73.216.84 - - [01/May/2026:16:02:03 -0400] "GET /view/item/01906316229 HTTP/1.1" 404 32969 "-" "Mozilla/5.0 AppleWebKit/537.36 (KHTML, like Gecko; compatible; ClaudeBot/1.0; +claudebot@anthropic.com)"
106.214.9.109 - - [01/May/2026:16:02:07 -0400] "POST /xmlrpc.php HTTP/1.1" 200 0 "-" "WordPress.com; https://wordpress.com"
216.73.216.84 - - [01/May/2026:16:02:17 -0400] "GET /view/item/013488073451 HTTP/1.1" 404 33033 "-" "Mozilla/5.0 AppleWebKit/537.36 (KHTML, like Gecko; compatible; ClaudeBot/1.0; +claudebot@anthropic.com)"
216.73.216.133 - - [01/May/2026:16:02:22 -0400] "GET /view/item/013728732832 HTTP/1.1" 404 32967 "-" "Mozilla/5.0 AppleWebKit/537.36 (KHTML, like Gecko; compatible; ClaudeBot/1.0; +claudebot@anthropic.com)"
106.214.9.109 - - [01/May/2026:16:02:19 -0400] "POST /xmlrpc.php HTTP/1.1" 200 0 "-" "Jetpack by WordPress.com"
106.214.9.109 - - [01/May/2026:16:02:29 -0400] "POST /xmlrpc.php HTTP/1.1" 200 0 "-" "Jetpack by WordPress.com (Jetpack 13.0; WordPress 6.1)"
106.214.9.109 - - [01/May/2026:16:02:41 -0400] "POST /xmlrpc.php HTTP/1.1" 200 0 "-" "Jetpack/12.5; WordPress/6.4; http://site66803445.com"
106.214.9.109 - - [01/May/2026:16:02:50 -0400] "POST /xmlrpc.php HTTP/1.1" 200 0 "-" "Jetpack by WordPress.com (Jetpack 12.1; WordPress 6.2)"
106.214.9.109 - - [01/May/2026:16:03:01 -0400] "POST /xmlrpc.php HTTP/1.1" 200 0 "-" "WordPress.com; https://wordpress.com"
106.214.9.109 - - [01/May/2026:16:03:14 -0400] "POST /xmlrpc.php HTTP/1.1" 200 0 "-" "WordPress.com; https://wordpress.com"
106.214.9.109 - - [01/May/2026:16:03:25 -0400] "POST /xmlrpc.php HTTP/1.1" 200 0 "-" "Jetpack by WordPress.com"
106.214.9.109 - - [01/May/2026:16:03:35 -0400] "POST /xmlrpc.php HTTP/1.1" 200 0 "-" "Jetpack by WordPress.com (Jetpack 12.0; WordPress 6.2)"
106.214.9.109 - - [01/May/2026:16:03:46 -0400] "POST /xmlrpc.php HTTP/1.1" 200 0 "-" "WordPress.com; https://wordpress.com"
106.214.9.109 - - [01/May/2026:16:03:56 -0400] "POST /xmlrpc.php HTTP/1.1" 200 0 "-" "Jetpack by WordPress.com"
162.0.232.104 - - [01/May/2026:16:04:05 -0400] "POST /wp-cron.php?doing_wp_cron=1777665845.3535730838775634765625 HTTP/1.1" 200 0 "-" "WordPress/6.9.4; https://techfabasia.com"
216.73.216.112 - - [01/May/2026:16:04:01 -0400] "GET /view/item/01168666057 HTTP/1.1" 404 33041 "-" "Mozilla/5.0 AppleWebKit/537.36 (KHTML, like Gecko; compatible; ClaudeBot/1.0; +claudebot@anthropic.com)"
106.214.9.109 - - [01/May/2026:16:04:07 -0400] "POST /xmlrpc.php HTTP/1.1" 200 0 "-" "WordPress.com; https://wordpress.com"
106.214.9.109 - - [01/May/2026:16:04:18 -0400] "POST /xmlrpc.php HTTP/1.1" 200 0 "-" "WordPress.com; https://wordpress.com"
216.73.216.112 - - [01/May/2026:16:04:21 -0400] "GET /view/item/011915898464 HTTP/1.1" 404 32998 "-" "Mozilla/5.0 AppleWebKit/537.36 (KHTML, like Gecko; compatible; ClaudeBot/1.0; +claudebot@anthropic.com)"
106.214.9.109 - - [01/May/2026:16:04:30 -0400] "POST /xmlrpc.php HTTP/1.1" 200 0 "-" "Jetpack/12.5; WordPress/6.1; http://site49108176.com"
106.214.9.109 - - [01/May/2026:16:04:37 -0400] "POST /xmlrpc.php HTTP/1.1" 200 0 "-" "Jetpack/12.5; WordPress/6.2; http://site34884252.com"
106.214.9.109 - - [01/May/2026:16:04:47 -0400] "POST /xmlrpc.php HTTP/1.1" 200 0 "-" "WordPress.com; https://wordpress.com"
106.214.9.109 - - [01/May/2026:16:04:58 -0400] "POST /xmlrpc.php HTTP/1.1" 200 0 "-" "WordPress.com; https://wordpress.com"
162.0.232.104 - - [01/May/2026:16:05:10 -0400] "POST /wp-cron.php?doing_wp_cron=1777665909.9933540821075439453125 HTTP/1.1" 200 0 "-" "WordPress/6.9.4; https://techfabasia.com"
216.73.216.112 - - [01/May/2026:16:05:05 -0400] "GET /view/item/014201679910 HTTP/1.1" 404 33041 "-" "Mozilla/5.0 AppleWebKit/537.36 (KHTML, like Gecko; compatible; ClaudeBot/1.0; +claudebot@anthropic.com)"
106.214.9.109 - - [01/May/2026:16:05:09 -0400] "POST /xmlrpc.php HTTP/1.1" 200 0 "-" "Jetpack/12.0; WordPress/6.2; http://site81567733.com"
216.73.216.112 - - [01/May/2026:16:05:19 -0400] "GET /view/item/01216876545 HTTP/1.1" 404 33016 "-" "Mozilla/5.0 AppleWebKit/537.36 (KHTML, like Gecko; compatible; ClaudeBot/1.0; +claudebot@anthropic.com)"
106.214.9.109 - - [01/May/2026:16:05:19 -0400] "POST /xmlrpc.php HTTP/1.1" 200 0 "-" "Jetpack by WordPress.com (Jetpack 12.1; WordPress 6.1)"
106.214.9.109 - - [01/May/2026:16:05:30 -0400] "POST /xmlrpc.php HTTP/1.1" 200 0 "-" "Jetpack by WordPress.com (Jetpack 13.0; WordPress 6.3)"
216.73.216.112 - - [01/May/2026:16:05:34 -0400] "GET /view/item/013946978377 HTTP/1.1" 404 33065 "-" "Mozilla/5.0 AppleWebKit/537.36 (KHTML, like Gecko; compatible; ClaudeBot/1.0; +claudebot@anthropic.com)"
216.73.216.112 - - [01/May/2026:16:05:36 -0400] "GET /view/item/014200304304 HTTP/1.1" 404 32994 "-" "Mozilla/5.0 AppleWebKit/537.36 (KHTML, like Gecko; compatible; ClaudeBot/1.0; +claudebot@anthropic.com)"
106.214.9.109 - - [01/May/2026:16:05:41 -0400] "POST /xmlrpc.php HTTP/1.1" 200 0 "-" "Jetpack by WordPress.com"
162.0.232.104 - - [01/May/2026:16:05:55 -0400] "POST /wp-cron.php?doing_wp_cron=1777665955.4272260665893554687500 HTTP/1.1" 200 0 "-" "WordPress/6.9.4; https://techfabasia.com"
216.73.216.112 - - [01/May/2026:16:05:51 -0400] "GET /view/item/014274771480 HTTP/1.1" 404 32997 "-" "Mozilla/5.0 AppleWebKit/537.36 (KHTML, like Gecko; compatible; ClaudeBot/1.0; +claudebot@anthropic.com)"
106.214.9.109 - - [01/May/2026:16:05:51 -0400] "POST /xmlrpc.php HTTP/1.1" 200 0 "-" "WordPress.com; https://wordpress.com"
106.214.9.109 - - [01/May/2026:16:06:02 -0400] "POST /xmlrpc.php HTTP/1.1" 200 0 "-" "WordPress.com; https://wordpress.com"
106.214.9.109 - - [01/May/2026:16:06:12 -0400] "POST /xmlrpc.php HTTP/1.1" 200 0 "-" "WordPress.com; https://wordpress.com"
106.214.9.109 - - [01/May/2026:16:06:23 -0400] "POST /xmlrpc.php HTTP/1.1" 200 0 "-" "WordPress.com; https://wordpress.com"
106.214.9.109 - - [01/May/2026:16:06:34 -0400] "POST /xmlrpc.php HTTP/1.1" 200 0 "-" "Jetpack/12.0; WordPress/6.2; http://site20842356.com"
162.0.232.104 - - [01/May/2026:16:06:49 -0400] "POST /wp-cron.php?doing_wp_cron=1777666009.1555249691009521484375 HTTP/1.1" 200 0 "-" "WordPress/6.9.4; https://techfabasia.com"
216.73.216.112 - - [01/May/2026:16:06:45 -0400] "GET /view/item/013117565373 HTTP/1.1" 404 33040 "-" "Mozilla/5.0 AppleWebKit/537.36 (KHTML, like Gecko; compatible; ClaudeBot/1.0; +claudebot@anthropic.com)"
66.249.74.110 - - [01/May/2026:16:06:49 -0400] "GET /view/item/061489018672 HTTP/1.1" 200 28152 "-" "Mozilla/5.0 (Linux; Android 6.0.1; Nexus 5X Build/MMB29P) AppleWebKit/537.36 (KHTML, like Gecko) Chrome/147.0.7727.137 Mobile Safari/537.36 (compatible; Googlebot/2.1; +http://www.google.com/bot.html)"
106.214.9.109 - - [01/May/2026:16:06:44 -0400] "POST /xmlrpc.php HTTP/1.1" 200 0 "-" "Jetpack by WordPress.com (Jetpack 12.5; WordPress 6.3)"
106.214.9.109 - - [01/May/2026:16:06:55 -0400] "POST /xmlrpc.php HTTP/1.1" 200 0 "-" "Jetpack/12.5; WordPress/6.4; http://site21310742.com"
216.73.216.112 - - [01/May/2026:16:07:00 -0400] "GET /view/item/013074961016 HTTP/1.1" 404 32992 "-" "Mozilla/5.0 AppleWebKit/537.36 (KHTML, like Gecko; compatible; ClaudeBot/1.0; +claudebot@anthropic.com)"
106.214.9.109 - - [01/May/2026:16:07:06 -0400] "POST /xmlrpc.php HTTP/1.1" 200 0 "-" "WordPress.com; https://wordpress.com"
216.73.216.112 - - [01/May/2026:16:07:13 -0400] "GET /view/item/011695228141 HTTP/1.1" 404 32994 "-" "Mozilla/5.0 AppleWebKit/537.36 (KHTML, like Gecko; compatible; ClaudeBot/1.0; +claudebot@anthropic.com)"
106.214.9.109 - - [01/May/2026:16:07:16 -0400] "POST /xmlrpc.php HTTP/1.1" 200 0 "-" "Jetpack/12.5; WordPress/6.2; http://site83987105.com"
106.214.9.109 - - [01/May/2026:16:07:27 -0400] "POST /xmlrpc.php HTTP/1.1" 200 0 "-" "Jetpack by WordPress.com (Jetpack 12.0; WordPress 6.1)"
106.214.9.109 - - [01/May/2026:16:07:38 -0400] "POST /xmlrpc.php HTTP/1.1" 200 0 "-" "Jetpack by WordPress.com"
106.214.9.109 - - [01/May/2026:16:07:48 -0400] "POST /xmlrpc.php HTTP/1.1" 200 0 "-" "WordPress.com; https://wordpress.com"
106.214.9.109 - - [01/May/2026:16:07:59 -0400] "POST /xmlrpc.php HTTP/1.1" 200 0 "-" "Jetpack by WordPress.com"
106.214.9.109 - - [01/May/2026:16:08:10 -0400] "POST /xmlrpc.php HTTP/1.1" 200 0 "-" "Jetpack/12.1; WordPress/6.3; http://site44934817.com"
106.214.9.109 - - [01/May/2026:16:08:20 -0400] "POST /xmlrpc.php HTTP/1.1" 200 0 "-" "Jetpack by WordPress.com"
106.214.9.109 - - [01/May/2026:16:08:31 -0400] "POST /xmlrpc.php HTTP/1.1" 200 0 "-" "Jetpack by WordPress.com (Jetpack 12.5; WordPress 6.2)"
106.214.9.109 - - [01/May/2026:16:08:42 -0400] "POST /xmlrpc.php HTTP/1.1" 200 0 "-" "WordPress.com; https://wordpress.com"
162.0.232.104 - - [01/May/2026:16:09:00 -0400] "POST /wp-cron.php?doing_wp_cron=1777666140.9784920215606689453125 HTTP/1.1" 200 0 "-" "WordPress/6.9.4; https://techfabasia.com"
216.73.216.112 - - [01/May/2026:16:08:57 -0400] "GET /view/item/013308889865 HTTP/1.1" 404 33013 "-" "Mozilla/5.0 AppleWebKit/537.36 (KHTML, like Gecko; compatible; ClaudeBot/1.0; +claudebot@anthropic.com)"
106.214.9.109 - - [01/May/2026:16:08:52 -0400] "POST /xmlrpc.php HTTP/1.1" 200 0 "-" "Jetpack by WordPress.com"
106.214.9.109 - - [01/May/2026:16:09:03 -0400] "POST /xmlrpc.php HTTP/1.1" 200 0 "-" "Jetpack/12.1; WordPress/6.1; http://site99700555.com"
216.73.216.112 - - [01/May/2026:16:09:17 -0400] "GET /view/item/01955435530 HTTP/1.1" 404 33043 "-" "Mozilla/5.0 AppleWebKit/537.36 (KHTML, like Gecko; compatible; ClaudeBot/1.0; +claudebot@anthropic.com)"
106.214.9.109 - - [01/May/2026:16:09:14 -0400] "POST /xmlrpc.php HTTP/1.1" 200 0 "-" "Jetpack by WordPress.com"
106.214.9.109 - - [01/May/2026:16:09:26 -0400] "POST /xmlrpc.php HTTP/1.1" 200 0 "-" "Jetpack/13.0; WordPress/6.2; http://site71832952.com"
106.214.9.109 - - [01/May/2026:16:09:35 -0400] "POST /xmlrpc.php HTTP/1.1" 200 0 "-" "Jetpack/12.1; WordPress/6.2; http://site29073455.com"
162.0.232.104 - - [01/May/2026:16:09:49 -0400] "POST /wp-cron.php?doing_wp_cron=1777666189.6403799057006835937500 HTTP/1.1" 200 0 "-" "WordPress/6.9.4; https://techfabasia.com"
216.73.216.112 - - [01/May/2026:16:09:45 -0400] "GET /view/item/011088024355 HTTP/1.1" 404 32994 "-" "Mozilla/5.0 AppleWebKit/537.36 (KHTML, like Gecko; compatible; ClaudeBot/1.0; +claudebot@anthropic.com)"
106.214.9.109 - - [01/May/2026:16:09:46 -0400] "POST /xmlrpc.php HTTP/1.1" 200 0 "-" "Jetpack by WordPress.com (Jetpack 12.1; WordPress 6.4)"
106.214.9.109 - - [01/May/2026:16:09:56 -0400] "POST /xmlrpc.php HTTP/1.1" 200 0 "-" "Jetpack/13.0; WordPress/6.2; http://site48763639.com"
106.214.9.109 - - [01/May/2026:16:10:07 -0400] "POST /xmlrpc.php HTTP/1.1" 200 0 "-" "WordPress.com; https://wordpress.com"
216.73.216.112 - - [01/May/2026:16:10:15 -0400] "GET /view/item/01337948504 HTTP/1.1" 404 32931 "-" "Mozilla/5.0 AppleWebKit/537.36 (KHTML, like Gecko; compatible; ClaudeBot/1.0; +claudebot@anthropic.com)"
106.214.9.109 - - [01/May/2026:16:10:18 -0400] "POST /xmlrpc.php HTTP/1.1" 200 0 "-" "WordPress.com; https://wordpress.com"
106.214.9.109 - - [01/May/2026:16:10:28 -0400] "POST /xmlrpc.php HTTP/1.1" 200 0 "-" "Jetpack/12.0; WordPress/6.2; http://site93948642.com"
106.214.9.109 - - [01/May/2026:16:10:39 -0400] "POST /xmlrpc.php HTTP/1.1" 200 0 "-" "Jetpack/12.0; WordPress/6.3; http://site85603866.com"
162.0.232.104 - - [01/May/2026:16:10:50 -0400] "POST /wp-cron.php?doing_wp_cron=1777666250.3730099201202392578125 HTTP/1.1" 200 0 "-" "WordPress/6.9.4; https://techfabasia.com"
216.73.216.112 - - [01/May/2026:16:10:46 -0400] "GET /view/item/01487524850 HTTP/1.1" 404 32982 "-" "Mozilla/5.0 AppleWebKit/537.36 (KHTML, like Gecko; compatible; ClaudeBot/1.0; +claudebot@anthropic.com)"
106.214.9.109 - - [01/May/2026:16:10:49 -0400] "POST /xmlrpc.php HTTP/1.1" 200 0 "-" "WordPress.com; https://wordpress.com"
106.214.9.109 - - [01/May/2026:16:11:00 -0400] "POST /xmlrpc.php HTTP/1.1" 200 0 "-" "WordPress.com; https://wordpress.com"
216.73.216.112 - - [01/May/2026:16:11:06 -0400] "GET /view/item/011786033332 HTTP/1.1" 404 32960 "-" "Mozilla/5.0 AppleWebKit/537.36 (KHTML, like Gecko; compatible; ClaudeBot/1.0; +claudebot@anthropic.com)"
106.214.9.109 - - [01/May/2026:16:11:11 -0400] "POST /xmlrpc.php HTTP/1.1" 200 0 "-" "Jetpack by WordPress.com (Jetpack 13.0; WordPress 6.2)"
216.73.216.112 - - [01/May/2026:16:11:22 -0400] "GET /view/item/012322014620 HTTP/1.1" 404 32993 "-" "Mozilla/5.0 AppleWebKit/537.36 (KHTML, like Gecko; compatible; ClaudeBot/1.0; +claudebot@anthropic.com)"
106.214.9.109 - - [01/May/2026:16:11:22 -0400] "POST /xmlrpc.php HTTP/1.1" 200 0 "-" "Jetpack by WordPress.com"
106.214.9.109 - - [01/May/2026:16:11:32 -0400] "POST /xmlrpc.php HTTP/1.1" 200 0 "-" "Jetpack by WordPress.com"
47.128.63.193 - - [01/May/2026:16:11:32 -0400] "GET /product-category/printers-ink/printers/ HTTP/1.1" 200 31913 "-" "Mozilla/5.0 (Linux; Android 5.0) AppleWebKit/537.36 (KHTML, like Gecko) Mobile Safari/537.36 (compatible; Bytespider; spider-feedback@bytedance.com)"
47.128.63.193 - - [01/May/2026:16:11:43 -0400] "GET /wp-content/plugins/revslider/public/css/sr7.css?ver=6.7.34 HTTP/1.1" 200 1392 "https://techfabasia.com/product-category/printers-ink/printers/" "Mozilla/5.0 (Linux; Android 5.0) AppleWebKit/537.36 (KHTML, like Gecko) Mobile Safari/537.36 (compatible; Bytespider; spider-feedback@bytedance.com)"
47.128.63.193 - - [01/May/2026:16:11:44 -0400] "GET /wp-content/plugins/woocommerce/assets/client/blocks/wc-blocks.css?ver=wc-10.7.0 HTTP/1.1" 200 2391 "https://techfabasia.com/product-category/printers-ink/printers/" "Mozilla/5.0 (Linux; Android 5.0) AppleWebKit/537.36 (KHTML, like Gecko) Mobile Safari/537.36 (compatible; Bytespider; spider-feedback@bytedance.com)"
47.128.63.193 - - [01/May/2026:16:11:44 -0400] "GET /wp-content/uploads/2018/10/electro-placeholder-statick-block-1.png HTTP/1.1" 206 500 "https://techfabasia.com/product-category/printers-ink/printers/" "Mozilla/5.0 (Linux; Android 5.0) AppleWebKit/537.36 (KHTML, like Gecko) Mobile Safari/537.36 (compatible; Bytespider; spider-feedback@bytedance.com)"
106.214.9.109 - - [01/May/2026:16:11:43 -0400] "POST /xmlrpc.php HTTP/1.1" 200 0 "-" "Jetpack/12.1; WordPress/6.4; http://site42705327.com"
66.249.74.96 - - [01/May/2026:16:11:50 -0400] "GET /view/item/012605622027 HTTP/1.1" 200 28291 "-" "Mozilla/5.0 (Linux; Android 6.0.1; Nexus 5X Build/MMB29P) AppleWebKit/537.36 (KHTML, like Gecko) Chrome/147.0.7727.137 Mobile Safari/537.36 (compatible; Googlebot/2.1; +http://www.google.com/bot.html)"
216.73.216.112 - - [01/May/2026:16:11:51 -0400] "GET /view/item/013487523367 HTTP/1.1" 404 33059 "-" "Mozilla/5.0 AppleWebKit/537.36 (KHTML, like Gecko; compatible; ClaudeBot/1.0; +claudebot@anthropic.com)"
162.0.232.104 - - [01/May/2026:16:11:59 -0400] "POST /wp-cron.php?doing_wp_cron=1777666319.3554840087890625000000 HTTP/1.1" 200 0 "-" "WordPress/6.9.4; https://techfabasia.com"
106.214.9.109 - - [01/May/2026:16:11:53 -0400] "POST /xmlrpc.php HTTP/1.1" 200 0 "-" "Jetpack/12.0; WordPress/6.4; http://site89583469.com"
216.73.216.112 - - [01/May/2026:16:12:03 -0400] "GET /view/item/014273138622 HTTP/1.1" 404 32989 "-" "Mozilla/5.0 AppleWebKit/537.36 (KHTML, like Gecko; compatible; ClaudeBot/1.0; +claudebot@anthropic.com)"
106.214.9.109 - - [01/May/2026:16:12:04 -0400] "POST /xmlrpc.php HTTP/1.1" 200 0 "-" "Jetpack/13.0; WordPress/6.1; http://site56752344.com"
106.214.9.109 - - [01/May/2026:16:12:14 -0400] "POST /xmlrpc.php HTTP/1.1" 200 0 "-" "WordPress.com; https://wordpress.com"
216.73.216.112 - - [01/May/2026:16:12:22 -0400] "GET /view/item/01797962042 HTTP/1.1" 404 33048 "-" "Mozilla/5.0 AppleWebKit/537.36 (KHTML, like Gecko; compatible; ClaudeBot/1.0; +claudebot@anthropic.com)"
106.214.9.109 - - [01/May/2026:16:12:27 -0400] "POST /xmlrpc.php HTTP/1.1" 200 0 "-" "Jetpack/12.1; WordPress/6.3; http://site76702168.com"
106.214.9.109 - - [01/May/2026:16:12:36 -0400] "POST /xmlrpc.php HTTP/1.1" 200 0 "-" "Jetpack/13.0; WordPress/6.4; http://site40380815.com"
106.214.9.109 - - [01/May/2026:16:12:46 -0400] "POST /xmlrpc.php HTTP/1.1" 200 0 "-" "Jetpack by WordPress.com (Jetpack 13.0; WordPress 6.4)"
216.73.216.112 - - [01/May/2026:16:12:53 -0400] "GET /view/item/013553633504 HTTP/1.1" 404 32967 "-" "Mozilla/5.0 AppleWebKit/537.36 (KHTML, like Gecko; compatible; ClaudeBot/1.0; +claudebot@anthropic.com)"
14.167.129.32 - - [01/May/2026:16:13:00 -0400] "GET /wp-json/oembed/1.0/embed?format=xml&url=https%3A%2F%2Ftechfabasia.com%2Fshop%2Fys-15dscvd-smt-pcb-shuttle-conveyor%2F HTTP/1.1" 200 39940 "-" "Mozilla/5.0 (Macintosh; Intel Mac OS X 10_7_3) AppleWebKit/537.36 (KHTML, like Gecko, Mediapartners-Google) Chrome/89.0.4389.93 Safari/537.36"
106.214.9.109 - - [01/May/2026:16:12:57 -0400] "POST /xmlrpc.php HTTP/1.1" 200 0 "-" "Jetpack/12.5; WordPress/6.1; http://site77070041.com"
106.214.9.109 - - [01/May/2026:16:13:08 -0400] "POST /xmlrpc.php HTTP/1.1" 200 0 "-" "WordPress.com; https://wordpress.com"
216.73.216.112 - - [01/May/2026:16:13:12 -0400] "GET /view/item/01680050792 HTTP/1.1" 404 32978 "-" "Mozilla/5.0 AppleWebKit/537.36 (KHTML, like Gecko; compatible; ClaudeBot/1.0; +claudebot@anthropic.com)"
106.214.9.109 - - [01/May/2026:16:13:20 -0400] "POST /xmlrpc.php HTTP/1.1" 200 0 "-" "Jetpack by WordPress.com"
106.214.9.109 - - [01/May/2026:16:13:30 -0400] "POST /xmlrpc.php HTTP/1.1" 200 0 "-" "WordPress.com; https://wordpress.com"
216.73.216.112 - - [01/May/2026:16:13:40 -0400] "GET /view/item/01148114155 HTTP/1.1" 404 33019 "-" "Mozilla/5.0 AppleWebKit/537.36 (KHTML, like Gecko; compatible; ClaudeBot/1.0; +claudebot@anthropic.com)"
106.214.9.109 - - [01/May/2026:16:13:40 -0400] "POST /xmlrpc.php HTTP/1.1" 200 0 "-" "Jetpack by WordPress.com (Jetpack 12.5; WordPress 6.1)"
106.214.9.109 - - [01/May/2026:16:13:50 -0400] "POST /xmlrpc.php HTTP/1.1" 200 0 "-" "Jetpack by WordPress.com"
106.214.9.109 - - [01/May/2026:16:14:01 -0400] "POST /xmlrpc.php HTTP/1.1" 200 0 "-" "Jetpack by WordPress.com"
106.214.9.109 - - [01/May/2026:16:14:12 -0400] "POST /xmlrpc.php HTTP/1.1" 200 0 "-" "Jetpack/12.0; WordPress/6.2; http://site21456107.com"
162.0.232.104 - - [01/May/2026:16:14:20 -0400] "POST /wp-cron.php?doing_wp_cron=1777666460.1471879482269287109375 HTTP/1.1" 200 0 "-" "WordPress/6.9.4; https://techfabasia.com"
216.73.216.112 - - [01/May/2026:16:14:12 -0400] "GET /view/item/014167015884 HTTP/1.1" 404 32991 "-" "Mozilla/5.0 AppleWebKit/537.36 (KHTML, like Gecko; compatible; ClaudeBot/1.0; +claudebot@anthropic.com)"
106.214.9.109 - - [01/May/2026:16:14:22 -0400] "POST /xmlrpc.php HTTP/1.1" 200 0 "-" "WordPress.com; https://wordpress.com"
66.249.74.96 - - [01/May/2026:16:14:34 -0400] "GET /view/item/01856934366 HTTP/1.1" 200 30186 "-" "Mozilla/5.0 (Linux; Android 6.0.1; Nexus 5X Build/MMB29P) AppleWebKit/537.36 (KHTML, like Gecko) Chrome/147.0.7727.137 Mobile Safari/537.36 (compatible; Googlebot/2.1; +http://www.google.com/bot.html)"
66.249.74.110 - - [01/May/2026:16:14:34 -0400] "GET /view/item/01750362196 HTTP/1.1" 200 28638 "-" "Mozilla/5.0 (Linux; Android 6.0.1; Nexus 5X Build/MMB29P) AppleWebKit/537.36 (KHTML, like Gecko) Chrome/147.0.7727.137 Mobile Safari/537.36 (compatible; Googlebot/2.1; +http://www.google.com/bot.html)"
216.73.216.112 - - [01/May/2026:16:14:32 -0400] "GET /view/item/011591625199 HTTP/1.1" 404 32968 "-" "Mozilla/5.0 AppleWebKit/537.36 (KHTML, like Gecko; compatible; ClaudeBot/1.0; +claudebot@anthropic.com)"
106.214.9.109 - - [01/May/2026:16:14:33 -0400] "POST /xmlrpc.php HTTP/1.1" 200 0 "-" "Jetpack by WordPress.com"
106.214.9.109 - - [01/May/2026:16:14:44 -0400] "POST /xmlrpc.php HTTP/1.1" 200 0 "-" "WordPress.com; https://wordpress.com"
162.0.232.104 - - [01/May/2026:16:14:59 -0400] "POST /wp-cron.php?doing_wp_cron=1777666499.0749471187591552734375 HTTP/1.1" 200 0 "-" "WordPress/6.9.4; https://techfabasia.com"
216.73.216.112 - - [01/May/2026:16:14:53 -0400] "GET /view/item/012750831121 HTTP/1.1" 404 32987 "-" "Mozilla/5.0 AppleWebKit/537.36 (KHTML, like Gecko; compatible; ClaudeBot/1.0; +claudebot@anthropic.com)"
106.214.9.109 - - [01/May/2026:16:14:54 -0400] "POST /xmlrpc.php HTTP/1.1" 200 0 "-" "Jetpack/12.0; WordPress/6.2; http://site75646513.com"
106.214.9.109 - - [01/May/2026:16:15:05 -0400] "POST /xmlrpc.php HTTP/1.1" 200 0 "-" "Jetpack by WordPress.com (Jetpack 13.0; WordPress 6.3)"
216.73.216.112 - - [01/May/2026:16:15:13 -0400] "GET /view/item/013407255288 HTTP/1.1" 404 32989 "-" "Mozilla/5.0 AppleWebKit/537.36 (KHTML, like Gecko; compatible; ClaudeBot/1.0; +claudebot@anthropic.com)"
106.214.9.109 - - [01/May/2026:16:15:16 -0400] "POST /xmlrpc.php HTTP/1.1" 200 0 "-" "Jetpack by WordPress.com"
106.214.9.109 - - [01/May/2026:16:15:27 -0400] "POST /xmlrpc.php HTTP/1.1" 200 0 "-" "WordPress.com; https://wordpress.com"
216.73.216.112 - - [01/May/2026:16:15:33 -0400] "GET /view/item/011195700548 HTTP/1.1" 404 33032 "-" "Mozilla/5.0 AppleWebKit/537.36 (KHTML, like Gecko; compatible; ClaudeBot/1.0; +claudebot@anthropic.com)"
106.214.9.109 - - [01/May/2026:16:15:37 -0400] "POST /xmlrpc.php HTTP/1.1" 200 0 "-" "Jetpack/12.0; WordPress/6.3; http://site37979219.com"
106.214.9.109 - - [01/May/2026:16:15:48 -0400] "POST /xmlrpc.php HTTP/1.1" 200 0 "-" "WordPress.com; https://wordpress.com"
216.73.216.112 - - [01/May/2026:16:15:51 -0400] "GET /view/item/01482428633 HTTP/1.1" 200 0 "-" "Mozilla/5.0 AppleWebKit/537.36 (KHTML, like Gecko; compatible; ClaudeBot/1.0; +claudebot@anthropic.com)"
162.0.232.104 - - [01/May/2026:16:16:02 -0400] "POST /wp-cron.php?doing_wp_cron=1777666562.4544830322265625000000 HTTP/1.1" 200 0 "-" "WordPress/6.9.4; https://techfabasia.com"
106.214.9.109 - - [01/May/2026:16:15:58 -0400] "POST /xmlrpc.php HTTP/1.1" 200 0 "-" "Jetpack by WordPress.com"
106.214.9.109 - - [01/May/2026:16:16:09 -0400] "POST /xmlrpc.php HTTP/1.1" 200 0 "-" "Jetpack by WordPress.com"
216.73.216.112 - - [01/May/2026:16:16:17 -0400] "GET /view/item/01110716592 HTTP/1.1" 404 33044 "-" "Mozilla/5.0 AppleWebKit/537.36 (KHTML, like Gecko; compatible; ClaudeBot/1.0; +claudebot@anthropic.com)"
106.214.9.109 - - [01/May/2026:16:16:19 -0400] "POST /xmlrpc.php HTTP/1.1" 200 0 "-" "WordPress.com; https://wordpress.com"
106.214.9.109 - - [01/May/2026:16:16:30 -0400] "POST /xmlrpc.php HTTP/1.1" 200 0 "-" "Jetpack by WordPress.com (Jetpack 12.0; WordPress 6.4)"
106.214.9.109 - - [01/May/2026:16:16:41 -0400] "POST /xmlrpc.php HTTP/1.1" 200 0 "-" "Jetpack by WordPress.com"
106.214.9.109 - - [01/May/2026:16:16:51 -0400] "POST /xmlrpc.php HTTP/1.1" 200 0 "-" "Jetpack/12.0; WordPress/6.4; http://site36694433.com"
162.0.232.104 - - [01/May/2026:16:16:58 -0400] "POST /wp-cron.php?doing_wp_cron=1777666618.5607800483703613281250 HTTP/1.1" 200 0 "-" "WordPress/6.9.4; https://techfabasia.com"
216.73.216.112 - - [01/May/2026:16:16:49 -0400] "GET /view/item/01414244474 HTTP/1.1" 404 32931 "-" "Mozilla/5.0 AppleWebKit/537.36 (KHTML, like Gecko; compatible; ClaudeBot/1.0; +claudebot@anthropic.com)"
106.214.9.109 - - [01/May/2026:16:17:02 -0400] "POST /xmlrpc.php HTTP/1.1" 200 0 "-" "Jetpack/12.1; WordPress/6.1; http://site85356721.com"
216.73.216.112 - - [01/May/2026:16:17:13 -0400] "GET /view/item/013978596000 HTTP/1.1" 404 32958 "-" "Mozilla/5.0 AppleWebKit/537.36 (KHTML, like Gecko; compatible; ClaudeBot/1.0; +claudebot@anthropic.com)"
106.214.9.109 - - [01/May/2026:16:17:13 -0400] "POST /xmlrpc.php HTTP/1.1" 200 0 "-" "Jetpack by WordPress.com"
106.214.9.109 - - [01/May/2026:16:17:23 -0400] "POST /xmlrpc.php HTTP/1.1" 200 0 "-" "Jetpack/12.1; WordPress/6.4; http://site54078312.com"
216.73.216.112 - - [01/May/2026:16:17:29 -0400] "GET /view/item/01847866627 HTTP/1.1" 404 33046 "-" "Mozilla/5.0 AppleWebKit/537.36 (KHTML, like Gecko; compatible; ClaudeBot/1.0; +claudebot@anthropic.com)"
106.214.9.109 - - [01/May/2026:16:17:34 -0400] "POST /xmlrpc.php HTTP/1.1" 200 0 "-" "Jetpack by WordPress.com"
162.0.232.104 - - [01/May/2026:16:17:52 -0400] "POST /wp-cron.php?doing_wp_cron=1777666672.7522139549255371093750 HTTP/1.1" 200 0 "-" "WordPress/6.9.4; https://techfabasia.com"
216.73.216.112 - - [01/May/2026:16:17:46 -0400] "GET /view/item/011247737679 HTTP/1.1" 404 32966 "-" "Mozilla/5.0 AppleWebKit/537.36 (KHTML, like Gecko; compatible; ClaudeBot/1.0; +claudebot@anthropic.com)"
106.214.9.109 - - [01/May/2026:16:17:44 -0400] "POST /xmlrpc.php HTTP/1.1" 200 0 "-" "WordPress.com; https://wordpress.com"
106.214.9.109 - - [01/May/2026:16:17:55 -0400] "POST /xmlrpc.php HTTP/1.1" 200 0 "-" "WordPress.com; https://wordpress.com"
216.73.216.112 - - [01/May/2026:16:18:10 -0400] "GET /robots.txt HTTP/1.1" 200 81 "-" "Mozilla/5.0 AppleWebKit/537.36 (KHTML, like Gecko; compatible; ClaudeBot/1.0; +claudebot@anthropic.com)"
106.214.9.109 - - [01/May/2026:16:18:06 -0400] "POST /xmlrpc.php HTTP/1.1" 200 0 "-" "WordPress.com; https://wordpress.com"
216.73.216.112 - - [01/May/2026:16:18:11 -0400] "GET /view/item/011821157097 HTTP/1.1" 404 32966 "-" "Mozilla/5.0 AppleWebKit/537.36 (KHTML, like Gecko; compatible; ClaudeBot/1.0; +claudebot@anthropic.com)"
106.214.9.109 - - [01/May/2026:16:18:16 -0400] "POST /xmlrpc.php HTTP/1.1" 200 0 "-" "Jetpack by WordPress.com"
106.214.9.109 - - [01/May/2026:16:18:27 -0400] "POST /xmlrpc.php HTTP/1.1" 200 0 "-" "Jetpack by WordPress.com"
216.73.216.112 - - [01/May/2026:16:18:35 -0400] "GET /view/item/013201783464 HTTP/1.1" 404 32994 "-" "Mozilla/5.0 AppleWebKit/537.36 (KHTML, like Gecko; compatible; ClaudeBot/1.0; +claudebot@anthropic.com)"
106.214.9.109 - - [01/May/2026:16:18:38 -0400] "POST /xmlrpc.php HTTP/1.1" 200 0 "-" "Jetpack/12.5; WordPress/6.4; http://site80319886.com"
106.214.9.109 - - [01/May/2026:16:18:49 -0400] "POST /xmlrpc.php HTTP/1.1" 200 0 "-" "WordPress.com; https://wordpress.com"
162.0.232.104 - - [01/May/2026:16:18:59 -0400] "POST /wp-cron.php?doing_wp_cron=1777666739.1718440055847167968750 HTTP/1.1" 200 0 "-" "WordPress/6.9.4; https://techfabasia.com"
216.73.216.112 - - [01/May/2026:16:18:54 -0400] "GET /view/item/01333090053 HTTP/1.1" 404 33041 "-" "Mozilla/5.0 AppleWebKit/537.36 (KHTML, like Gecko; compatible; ClaudeBot/1.0; +claudebot@anthropic.com)"
106.214.9.109 - - [01/May/2026:16:18:59 -0400] "POST /xmlrpc.php HTTP/1.1" 200 0 "-" "Jetpack by WordPress.com (Jetpack 12.5; WordPress 6.2)"
106.214.9.109 - - [01/May/2026:16:19:10 -0400] "POST /xmlrpc.php HTTP/1.1" 200 0 "-" "WordPress.com; https://wordpress.com"
216.73.216.112 - - [01/May/2026:16:19:10 -0400] "GET /view/item/011399411403 HTTP/1.1" 404 33043 "-" "Mozilla/5.0 AppleWebKit/537.36 (KHTML, like Gecko; compatible; ClaudeBot/1.0; +claudebot@anthropic.com)"
216.73.216.112 - - [01/May/2026:16:19:18 -0400] "GET /view/item/011216788009 HTTP/1.1" 404 32988 "-" "Mozilla/5.0 AppleWebKit/537.36 (KHTML, like Gecko; compatible; ClaudeBot/1.0; +claudebot@anthropic.com)"
106.214.9.109 - - [01/May/2026:16:19:23 -0400] "POST /xmlrpc.php HTTP/1.1" 200 0 "-" "Jetpack by WordPress.com"
106.214.9.109 - - [01/May/2026:16:19:31 -0400] "POST /xmlrpc.php HTTP/1.1" 200 0 "-" "WordPress.com; https://wordpress.com"
216.73.216.112 - - [01/May/2026:16:19:36 -0400] "GET /view/item/013299635462 HTTP/1.1" 200 0 "-" "Mozilla/5.0 AppleWebKit/537.36 (KHTML, like Gecko; compatible; ClaudeBot/1.0; +claudebot@anthropic.com)"
162.0.232.104 - - [01/May/2026:16:19:50 -0400] "POST /wp-cron.php?doing_wp_cron=1777666789.9370989799499511718750 HTTP/1.1" 200 0 "-" "WordPress/6.9.4; https://techfabasia.com"
106.214.9.109 - - [01/May/2026:16:19:43 -0400] "POST /xmlrpc.php HTTP/1.1" 200 0 "-" "WordPress.com; https://wordpress.com"
106.214.9.109 - - [01/May/2026:16:19:52 -0400] "POST /xmlrpc.php HTTP/1.1" 200 0 "-" "Jetpack by WordPress.com"
216.73.216.112 - - [01/May/2026:16:19:59 -0400] "GET /view/item/012548825266 HTTP/1.1" 404 32995 "-" "Mozilla/5.0 AppleWebKit/537.36 (KHTML, like Gecko; compatible; ClaudeBot/1.0; +claudebot@anthropic.com)"
106.214.9.109 - - [01/May/2026:16:20:03 -0400] "POST /xmlrpc.php HTTP/1.1" 200 0 "-" "Jetpack by WordPress.com (Jetpack 13.0; WordPress 6.2)"
216.73.216.112 - - [01/May/2026:16:20:08 -0400] "GET /view/item/012164004566 HTTP/1.1" 404 32996 "-" "Mozilla/5.0 AppleWebKit/537.36 (KHTML, like Gecko; compatible; ClaudeBot/1.0; +claudebot@anthropic.com)"
216.73.216.112 - - [01/May/2026:16:20:14 -0400] "GET /view/item/01911130527 HTTP/1.1" 404 33020 "-" "Mozilla/5.0 AppleWebKit/537.36 (KHTML, like Gecko; compatible; ClaudeBot/1.0; +claudebot@anthropic.com)"
106.214.9.109 - - [01/May/2026:16:20:13 -0400] "POST /xmlrpc.php HTTP/1.1" 200 0 "-" "Jetpack by WordPress.com (Jetpack 13.0; WordPress 6.1)"
106.214.9.109 - - [01/May/2026:16:20:24 -0400] "POST /xmlrpc.php HTTP/1.1" 200 0 "-" "Jetpack/12.5; WordPress/6.4; http://site37825740.com"
106.214.9.109 - - [01/May/2026:16:20:35 -0400] "POST /xmlrpc.php HTTP/1.1" 200 0 "-" "Jetpack/12.5; WordPress/6.4; http://site59619967.com"
216.73.216.112 - - [01/May/2026:16:20:42 -0400] "GET /view/item/0126448493 HTTP/1.1" 404 32932 "-" "Mozilla/5.0 AppleWebKit/537.36 (KHTML, like Gecko; compatible; ClaudeBot/1.0; +claudebot@anthropic.com)"
162.0.232.104 - - [01/May/2026:16:20:50 -0400] "POST /wp-cron.php?doing_wp_cron=1777666850.7390809059143066406250 HTTP/1.1" 200 0 "-" "WordPress/6.9.4; https://techfabasia.com"
106.214.9.109 - - [01/May/2026:16:20:45 -0400] "POST /xmlrpc.php HTTP/1.1" 200 0 "-" "Jetpack by WordPress.com (Jetpack 13.0; WordPress 6.1)"
106.214.9.109 - - [01/May/2026:16:20:56 -0400] "POST /xmlrpc.php HTTP/1.1" 200 0 "-" "WordPress.com; https://wordpress.com"
216.73.216.112 - - [01/May/2026:16:21:04 -0400] "GET /view/item/011827121507 HTTP/1.1" 404 32971 "-" "Mozilla/5.0 AppleWebKit/537.36 (KHTML, like Gecko; compatible; ClaudeBot/1.0; +claudebot@anthropic.com)"
106.214.9.109 - - [01/May/2026:16:21:06 -0400] "POST /xmlrpc.php HTTP/1.1" 200 0 "-" "Jetpack/12.1; WordPress/6.1; http://site47748128.com"
47.128.63.173 - - [01/May/2026:16:21:14 -0400] "GET /product-category/laptops-computers/computer-accessories/ HTTP/1.1" 200 31899 "-" "Mozilla/5.0 (compatible; Bytespider; spider-feedback@bytedance.com) AppleWebKit/537.36 (KHTML, like Gecko) Chrome/70.0.0.0 Safari/537.36"
47.128.63.173 - - [01/May/2026:16:21:21 -0400] "GET /wp-content/plugins/yith-woocommerce-wishlist/assets/css/frontend/add-to-wishlist.css?ver=4.14.0 HTTP/1.1" 200 3034 "https://techfabasia.com/product-category/laptops-computers/computer-accessories/" "Mozilla/5.0 (compatible; Bytespider; spider-feedback@bytedance.com) AppleWebKit/537.36 (KHTML, like Gecko) Chrome/70.0.0.0 Safari/537.36"
47.128.63.173 - - [01/May/2026:16:21:21 -0400] "GET /wp-content/plugins/revslider/public/css/sr7.css?ver=6.7.34 HTTP/1.1" 200 1392 "https://techfabasia.com/product-category/laptops-computers/computer-accessories/" "Mozilla/5.0 (compatible; Bytespider; spider-feedback@bytedance.com) AppleWebKit/537.36 (KHTML, like Gecko) Chrome/70.0.0.0 Safari/537.36"
47.128.63.173 - - [01/May/2026:16:21:22 -0400] "GET /wp-content/plugins/yith-woocommerce-compare/assets/css/jquery.dataTables.css?ver=1.10.18 HTTP/1.1" 200 1866 "https://techfabasia.com/product-category/laptops-computers/computer-accessories/" "Mozilla/5.0 (compatible; Bytespider; spider-feedback@bytedance.com) AppleWebKit/537.36 (KHTML, like Gecko) Chrome/70.0.0.0 Safari/537.36"
47.128.63.173 - - [01/May/2026:16:21:22 -0400] "GET /wp-content/plugins/yith-woocommerce-compare/assets/css/widget.css?ver=3.9.0 HTTP/1.1" 200 410 "https://techfabasia.com/product-category/laptops-computers/computer-accessories/" "Mozilla/5.0 (compatible; Bytespider; spider-feedback@bytedance.com) AppleWebKit/537.36 (KHTML, like Gecko) Chrome/70.0.0.0 Safari/537.36"
47.128.63.173 - - [01/May/2026:16:21:22 -0400] "GET /wp-content/themes/electro/assets/css/colors/blue.min.css?ver=3.5.7 HTTP/1.1" 200 5171 "https://techfabasia.com/product-category/laptops-computers/computer-accessories/" "Mozilla/5.0 (compatible; Bytespider; spider-feedback@bytedance.com) AppleWebKit/537.36 (KHTML, like Gecko) Chrome/70.0.0.0 Safari/537.36"
47.128.63.173 - - [01/May/2026:16:21:22 -0400] "GET /wp-content/uploads/2018/10/electro-placeholder-statick-block-1.png HTTP/1.1" 206 500 "https://techfabasia.com/product-category/laptops-computers/computer-accessories/" "Mozilla/5.0 (compatible; Bytespider; spider-feedback@bytedance.com) AppleWebKit/537.36 (KHTML, like Gecko) Chrome/70.0.0.0 Safari/537.36"
47.128.63.173 - - [01/May/2026:16:21:22 -0400] "GET /wp-content/uploads/2017/02/patment-icon.png HTTP/1.1" 206 500 "https://techfabasia.com/product-category/laptops-computers/computer-accessories/" "Mozilla/5.0 (compatible; Bytespider; spider-feedback@bytedance.com) AppleWebKit/537.36 (KHTML, like Gecko) Chrome/70.0.0.0 Safari/537.36"
47.128.63.173 - - [01/May/2026:16:21:22 -0400] "GET /wp-content/uploads/2025/05/SC-P2G-100x100.webp HTTP/1.1" 206 500 "https://techfabasia.com/product-category/laptops-computers/computer-accessories/" "Mozilla/5.0 (compatible; Bytespider; spider-feedback@bytedance.com) AppleWebKit/537.36 (KHTML, like Gecko) Chrome/70.0.0.0 Safari/537.36"
216.73.216.112 - - [01/May/2026:16:21:26 -0400] "GET /view/item/011538408366 HTTP/1.1" 200 0 "-" "Mozilla/5.0 AppleWebKit/537.36 (KHTML, like Gecko; compatible; ClaudeBot/1.0; +claudebot@anthropic.com)"
66.249.74.96 - - [01/May/2026:16:21:49 -0400] "GET /view/item/011822472918 HTTP/1.1" 200 30073 "-" "Mozilla/5.0 (Linux; Android 6.0.1; Nexus 5X Build/MMB29P) AppleWebKit/537.36 (KHTML, like Gecko) Chrome/147.0.7727.137 Mobile Safari/537.36 (compatible; Googlebot/2.1; +http://www.google.com/bot.html)"
216.73.216.112 - - [01/May/2026:16:21:41 -0400] "GET /view/item/01681830467 HTTP/1.1" 200 0 "-" "Mozilla/5.0 AppleWebKit/537.36 (KHTML, like Gecko; compatible; ClaudeBot/1.0; +claudebot@anthropic.com)"
162.0.232.104 - - [01/May/2026:16:21:51 -0400] "POST /wp-cron.php?doing_wp_cron=1777666911.7324430942535400390625 HTTP/1.1" 200 0 "-" "WordPress/6.9.4; https://techfabasia.com"
162.0.232.104 - - [01/May/2026:16:22:02 -0400] "POST /wp-cron.php?doing_wp_cron=1777666922.5377559661865234375000 HTTP/1.1" 200 0 "-" "WordPress/6.9.4; https://techfabasia.com"
47.128.63.188 - - [01/May/2026:16:21:51 -0400] "GET /product-category/tunnel-oven/ HTTP/1.1" 200 31836 "-" "Mozilla/5.0 (compatible; Bytespider; spider-feedback@bytedance.com) AppleWebKit/537.36 (KHTML, like Gecko) Chrome/70.0.0.0 Safari/537.36"
47.128.63.188 - - [01/May/2026:16:22:04 -0400] "GET /wp-content/themes/electro/assets/vendor/fontawesome/css/all.min.css?ver=3.5.7 HTTP/1.1" 200 21985 "https://techfabasia.com/product-category/tunnel-oven/" "Mozilla/5.0 (compatible; Bytespider; spider-feedback@bytedance.com) AppleWebKit/537.36 (KHTML, like Gecko) Chrome/70.0.0.0 Safari/537.36"
47.128.63.188 - - [01/May/2026:16:22:04 -0400] "GET /wp-content/themes/electro/style.min.css?ver=3.5.7 HTTP/1.1" 200 125971 "https://techfabasia.com/product-category/tunnel-oven/" "Mozilla/5.0 (compatible; Bytespider; spider-feedback@bytedance.com) AppleWebKit/537.36 (KHTML, like Gecko) Chrome/70.0.0.0 Safari/537.36"
47.128.63.188 - - [01/May/2026:16:22:04 -0400] "GET /wp-content/themes/electro/assets/vendor/animate.css/animate.min.css?ver=3.5.7 HTTP/1.1" 200 4019 "https://techfabasia.com/product-category/tunnel-oven/" "Mozilla/5.0 (compatible; Bytespider; spider-feedback@bytedance.com) AppleWebKit/537.36 (KHTML, like Gecko) Chrome/70.0.0.0 Safari/537.36"
47.128.63.188 - - [01/May/2026:16:22:05 -0400] "GET /wp-content/plugins/perfect-woocommerce-brands/build/frontend/css/style.css?ver=3.6.12 HTTP/1.1" 200 1335 "https://techfabasia.com/product-category/tunnel-oven/" "Mozilla/5.0 (compatible; Bytespider; spider-feedback@bytedance.com) AppleWebKit/537.36 (KHTML, like Gecko) Chrome/70.0.0.0 Safari/537.36"
47.128.63.188 - - [01/May/2026:16:22:05 -0400] "GET /wp-content/uploads/2018/10/electro-placeholder-statick-block-1.png HTTP/1.1" 206 500 "https://techfabasia.com/product-category/tunnel-oven/" "Mozilla/5.0 (compatible; Bytespider; spider-feedback@bytedance.com) AppleWebKit/537.36 (KHTML, like Gecko) Chrome/70.0.0.0 Safari/537.36"
47.128.63.188 - - [01/May/2026:16:22:05 -0400] "GET /wp-content/plugins/woocommerce/assets/client/blocks/wc-blocks.css?ver=wc-10.7.0 HTTP/1.1" 200 2391 "https://techfabasia.com/product-category/tunnel-oven/" "Mozilla/5.0 (compatible; Bytespider; spider-feedback@bytedance.com) AppleWebKit/537.36 (KHTML, like Gecko) Chrome/70.0.0.0 Safari/537.36"
47.128.63.188 - - [01/May/2026:16:22:08 -0400] "GET /wp-content/uploads/2018/10/electro-slider-placeholder-1.png HTTP/1.1" 206 500 "https://techfabasia.com/product-category/tunnel-oven/" "Mozilla/5.0 (compatible; Bytespider; spider-feedback@bytedance.com) AppleWebKit/537.36 (KHTML, like Gecko) Chrome/70.0.0.0 Safari/537.36"
47.128.63.188 - - [01/May/2026:16:22:11 -0400] "GET /wp-content/uploads/2020/11/footer-wdiget-banner.png HTTP/1.1" 206 500 "https://techfabasia.com/product-category/tunnel-oven/" "Mozilla/5.0 (compatible; Bytespider; spider-feedback@bytedance.com) AppleWebKit/537.36 (KHTML, like Gecko) Chrome/70.0.0.0 Safari/537.36"
216.73.216.112 - - [01/May/2026:16:22:08 -0400] "GET /view/item/01854176133 HTTP/1.1" 404 32970 "-" "Mozilla/5.0 AppleWebKit/537.36 (KHTML, like Gecko; compatible; ClaudeBot/1.0; +claudebot@anthropic.com)"
18.232.11.247 - - [01/May/2026:16:22:23 -0400] "GET /shop/pen-clip/feed/ HTTP/1.1" 200 425 "-" "Mozilla/5.0 AppleWebKit/537.36 (KHTML, like Gecko; compatible; Amazonbot/0.1; +https://developer.amazon.com/support/amazonbot) Chrome/119.0.6045.214 Safari/537.36"
216.73.216.112 - - [01/May/2026:16:22:26 -0400] "GET /view/item/01570507311 HTTP/1.1" 200 0 "-" "Mozilla/5.0 AppleWebKit/537.36 (KHTML, like Gecko; compatible; ClaudeBot/1.0; +claudebot@anthropic.com)"
47.128.63.191 - - [01/May/2026:16:22:25 -0400] "GET /product-category/laptops-computers/networking/ HTTP/1.1" 200 31916 "-" "Mozilla/5.0 (compatible; Bytespider; spider-feedback@bytedance.com) AppleWebKit/537.36 (KHTML, like Gecko) Chrome/70.0.0.0 Safari/537.36"
47.128.63.191 - - [01/May/2026:16:22:37 -0400] "GET /wp-content/plugins/yith-woocommerce-wishlist/assets/css/frontend/add-to-wishlist.css?ver=4.14.0 HTTP/1.1" 200 3034 "https://techfabasia.com/product-category/laptops-computers/networking/" "Mozilla/5.0 (compatible; Bytespider; spider-feedback@bytedance.com) AppleWebKit/537.36 (KHTML, like Gecko) Chrome/70.0.0.0 Safari/537.36"
47.128.63.191 - - [01/May/2026:16:22:37 -0400] "GET /wp-content/themes/electro/assets/css/colors/blue.min.css?ver=3.5.7 HTTP/1.1" 200 5171 "https://techfabasia.com/product-category/laptops-computers/networking/" "Mozilla/5.0 (compatible; Bytespider; spider-feedback@bytedance.com) AppleWebKit/537.36 (KHTML, like Gecko) Chrome/70.0.0.0 Safari/537.36"
47.128.63.191 - - [01/May/2026:16:22:38 -0400] "GET /wp-content/plugins/yith-woocommerce-compare/assets/css/widget.css?ver=3.9.0 HTTP/1.1" 200 410 "https://techfabasia.com/product-category/laptops-computers/networking/" "Mozilla/5.0 (compatible; Bytespider; spider-feedback@bytedance.com) AppleWebKit/537.36 (KHTML, like Gecko) Chrome/70.0.0.0 Safari/537.36"
47.128.63.191 - - [01/May/2026:16:22:38 -0400] "GET /wp-content/plugins/yith-woocommerce-compare/assets/css/compare.css?ver=3.9.0 HTTP/1.1" 200 3190 "https://techfabasia.com/product-category/laptops-computers/networking/" "Mozilla/5.0 (compatible; Bytespider; spider-feedback@bytedance.com) AppleWebKit/537.36 (KHTML, like Gecko) Chrome/70.0.0.0 Safari/537.36"
47.128.63.191 - - [01/May/2026:16:22:38 -0400] "GET /wp-content/plugins/woocommerce/assets/client/blocks/wc-blocks.css?ver=wc-10.7.0 HTTP/1.1" 200 2391 "https://techfabasia.com/product-category/laptops-computers/networking/" "Mozilla/5.0 (compatible; Bytespider; spider-feedback@bytedance.com) AppleWebKit/537.36 (KHTML, like Gecko) Chrome/70.0.0.0 Safari/537.36"
47.128.63.191 - - [01/May/2026:16:22:38 -0400] "GET /wp-content/plugins/js_composer/assets/css/js_composer.min.css?ver=8.4.1 HTTP/1.1" 200 41803 "https://techfabasia.com/product-category/laptops-computers/networking/" "Mozilla/5.0 (compatible; Bytespider; spider-feedback@bytedance.com) AppleWebKit/537.36 (KHTML, like Gecko) Chrome/70.0.0.0 Safari/537.36"
47.128.63.191 - - [01/May/2026:16:22:38 -0400] "GET /wp-content/plugins/woocommerce/assets/client/blocks/coming-soon.css?ver=wc-10.7.0 HTTP/1.1" 200 594 "https://techfabasia.com/product-category/laptops-computers/networking/" "Mozilla/5.0 (compatible; Bytespider; spider-feedback@bytedance.com) AppleWebKit/537.36 (KHTML, like Gecko) Chrome/70.0.0.0 Safari/537.36"
47.128.63.191 - - [01/May/2026:16:22:38 -0400] "GET /wp-content/uploads/2017/02/patment-icon.png HTTP/1.1" 206 500 "https://techfabasia.com/product-category/laptops-computers/networking/" "Mozilla/5.0 (compatible; Bytespider; spider-feedback@bytedance.com) AppleWebKit/537.36 (KHTML, like Gecko) Chrome/70.0.0.0 Safari/537.36"
47.128.63.191 - - [01/May/2026:16:22:38 -0400] "GET /wp-content/uploads/2018/10/electro-brand-placeholder.png HTTP/1.1" 206 337 "https://techfabasia.com/product-category/laptops-computers/networking/" "Mozilla/5.0 (compatible; Bytespider; spider-feedback@bytedance.com) AppleWebKit/537.36 (KHTML, like Gecko) Chrome/70.0.0.0 Safari/537.36"
47.128.63.191 - - [01/May/2026:16:22:39 -0400] "GET /wp-content/uploads/2025/05/7-5-100x100.jpg HTTP/1.1" 206 500 "https://techfabasia.com/product-category/laptops-computers/networking/" "Mozilla/5.0 (compatible; Bytespider; spider-feedback@bytedance.com) AppleWebKit/537.36 (KHTML, like Gecko) Chrome/70.0.0.0 Safari/537.36"
162.0.232.104 - - [01/May/2026:16:23:31 -0400] "POST /wp-cron.php?doing_wp_cron=1777667011.1596720218658447265625 HTTP/1.1" 200 0 "-" "WordPress/6.9.4; https://techfabasia.com"
216.73.216.112 - - [01/May/2026:16:23:27 -0400] "GET /view/item/013108964442 HTTP/1.1" 404 33014 "-" "Mozilla/5.0 AppleWebKit/537.36 (KHTML, like Gecko; compatible; ClaudeBot/1.0; +claudebot@anthropic.com)"
216.73.216.112 - - [01/May/2026:16:23:38 -0400] "GET /view/item/01493213774 HTTP/1.1" 404 32976 "-" "Mozilla/5.0 AppleWebKit/537.36 (KHTML, like Gecko; compatible; ClaudeBot/1.0; +claudebot@anthropic.com)"
40.77.167.55 - - [01/May/2026:16:23:49 -0400] "GET /sitemap_index.xml HTTP/1.1" 200 541 "-" "Mozilla/5.0 AppleWebKit/537.36 (KHTML, like Gecko; compatible; bingbot/2.0; +http://www.bing.com/bingbot.htm) Chrome/116.0.1938.76 Safari/537.36"
162.0.232.104 - - [01/May/2026:16:24:20 -0400] "POST /wp-cron.php?doing_wp_cron=1777667060.2386620044708251953125 HTTP/1.1" 200 0 "-" "WordPress/6.9.4; https://techfabasia.com"
216.73.216.112 - - [01/May/2026:16:24:12 -0400] "GET /view/item/013433940353 HTTP/1.1" 404 33018 "-" "Mozilla/5.0 AppleWebKit/537.36 (KHTML, like Gecko; compatible; ClaudeBot/1.0; +claudebot@anthropic.com)"
216.73.216.112 - - [01/May/2026:16:24:31 -0400] "GET /sitemap.xml HTTP/1.1" 200 12322 "-" "Mozilla/5.0 AppleWebKit/537.36 (KHTML, like Gecko; compatible; ClaudeBot/1.0; +claudebot@anthropic.com)"
216.73.216.112 - - [01/May/2026:16:25:03 -0400] "GET /view/item/012044277147 HTTP/1.1" 200 0 "-" "Mozilla/5.0 AppleWebKit/537.36 (KHTML, like Gecko; compatible; ClaudeBot/1.0; +claudebot@anthropic.com)"
162.0.232.104 - - [01/May/2026:16:25:14 -0400] "POST /wp-cron.php?doing_wp_cron=1777667113.9627950191497802734375 HTTP/1.1" 200 0 "-" "WordPress/6.9.4; https://techfabasia.com"
162.0.232.104 - - [01/May/2026:16:25:54 -0400] "POST /wp-cron.php?doing_wp_cron=1777667154.6117060184478759765625 HTTP/1.1" 200 0 "-" "WordPress/6.9.4; https://techfabasia.com"
216.73.216.112 - - [01/May/2026:16:25:50 -0400] "GET /view/item/013944650264 HTTP/1.1" 404 32994 "-" "Mozilla/5.0 AppleWebKit/537.36 (KHTML, like Gecko; compatible; ClaudeBot/1.0; +claudebot@anthropic.com)"
216.73.216.112 - - [01/May/2026:16:25:56 -0400] "GET /view/item/012158160964 HTTP/1.1" 404 32973 "-" "Mozilla/5.0 AppleWebKit/537.36 (KHTML, like Gecko; compatible; ClaudeBot/1.0; +claudebot@anthropic.com)"
216.73.216.112 - - [01/May/2026:16:26:30 -0400] "GET /view/item/014243539909 HTTP/1.1" 404 33000 "-" "Mozilla/5.0 AppleWebKit/537.36 (KHTML, like Gecko; compatible; ClaudeBot/1.0; +claudebot@anthropic.com)"
162.0.232.104 - - [01/May/2026:16:26:52 -0400] "POST /wp-cron.php?doing_wp_cron=1777667212.9780559539794921875000 HTTP/1.1" 200 0 "-" "WordPress/6.9.4; https://techfabasia.com"
216.73.216.112 - - [01/May/2026:16:26:48 -0400] "GET /view/item/01378066345 HTTP/1.1" 404 33004 "-" "Mozilla/5.0 AppleWebKit/537.36 (KHTML, like Gecko; compatible; ClaudeBot/1.0; +claudebot@anthropic.com)"
109.115.239.23 - - [01/May/2026:16:27:06 -0400] "POST /xmlrpc.php HTTP/1.1" 200 205 "-" "Mozilla/5.0 (Macintosh; Intel Mac OS X 10_12_6) AppleWebKit/537.36 (KHTML, like Gecko) Chrome/66.0.3359.117 Safari/537.36"
216.73.216.112 - - [01/May/2026:16:27:15 -0400] "GET /view/item/013037859370 HTTP/1.1" 404 32987 "-" "Mozilla/5.0 AppleWebKit/537.36 (KHTML, like Gecko; compatible; ClaudeBot/1.0; +claudebot@anthropic.com)"
66.249.74.110 - - [01/May/2026:16:27:22 -0400] "GET /view/item/123722945378 HTTP/1.1" 200 28157 "-" "Mozilla/5.0 (Linux; Android 6.0.1; Nexus 5X Build/MMB29P) AppleWebKit/537.36 (KHTML, like Gecko) Chrome/147.0.7727.137 Mobile Safari/537.36 (compatible; GoogleOther)"
162.0.232.104 - - [01/May/2026:16:27:49 -0400] "POST /wp-cron.php?doing_wp_cron=1777667269.2439839839935302734375 HTTP/1.1" 200 0 "-" "WordPress/6.9.4; https://techfabasia.com"
216.73.216.112 - - [01/May/2026:16:27:43 -0400] "GET /view/item/011227685459 HTTP/1.1" 404 32966 "-" "Mozilla/5.0 AppleWebKit/537.36 (KHTML, like Gecko; compatible; ClaudeBot/1.0; +claudebot@anthropic.com)"
216.73.216.112 - - [01/May/2026:16:27:48 -0400] "GET /view/item/012417749082 HTTP/1.1" 200 0 "-" "Mozilla/5.0 AppleWebKit/537.36 (KHTML, like Gecko; compatible; ClaudeBot/1.0; +claudebot@anthropic.com)"
162.0.232.104 - - [01/May/2026:16:27:59 -0400] "POST /wp-cron.php?doing_wp_cron=1777667279.2929239273071289062500 HTTP/1.1" 200 0 "-" "WordPress/6.9.4; https://techfabasia.com"
47.128.63.203 - - [01/May/2026:16:28:00 -0400] "GET /2016/03/03/robot-wars-now-closed-post-with-audio-2/ HTTP/1.1" 200 34053 "-" "Mozilla/5.0 (compatible; Bytespider; spider-feedback@bytedance.com) AppleWebKit/537.36 (KHTML, like Gecko) Chrome/70.0.0.0 Safari/537.36"
47.128.63.203 - - [01/May/2026:16:28:12 -0400] "GET /wp-content/plugins/revslider/public/css/sr7.css?ver=6.7.34 HTTP/1.1" 200 1392 "https://techfabasia.com/2016/03/03/robot-wars-now-closed-post-with-audio-2/" "Mozilla/5.0 (compatible; Bytespider; spider-feedback@bytedance.com) AppleWebKit/537.36 (KHTML, like Gecko) Chrome/70.0.0.0 Safari/537.36"
47.128.63.203 - - [01/May/2026:16:28:13 -0400] "GET /wp-content/uploads/2018/10/electro-slider-placeholder-1.png HTTP/1.1" 206 500 "https://techfabasia.com/2016/03/03/robot-wars-now-closed-post-with-audio-2/" "Mozilla/5.0 (compatible; Bytespider; spider-feedback@bytedance.com) AppleWebKit/537.36 (KHTML, like Gecko) Chrome/70.0.0.0 Safari/537.36"
47.128.63.203 - - [01/May/2026:16:28:14 -0400] "GET /wp-content/uploads/2018/10/electro-placeholder-blog-1-100x100.png HTTP/1.1" 206 500 "https://techfabasia.com/2016/03/03/robot-wars-now-closed-post-with-audio-2/" "Mozilla/5.0 (compatible; Bytespider; spider-feedback@bytedance.com) AppleWebKit/537.36 (KHTML, like Gecko) Chrome/70.0.0.0 Safari/537.36"
47.128.63.203 - - [01/May/2026:16:28:14 -0400] "GET /wp-content/uploads/2025/05/c6ea1e764caca35b53b35f3032fd442e-100x100.webp HTTP/1.1" 206 500 "https://techfabasia.com/2016/03/03/robot-wars-now-closed-post-with-audio-2/" "Mozilla/5.0 (compatible; Bytespider; spider-feedback@bytedance.com) AppleWebKit/537.36 (KHTML, like Gecko) Chrome/70.0.0.0 Safari/537.36"
47.128.63.203 - - [01/May/2026:16:28:14 -0400] "GET /wp-content/uploads/2025/05/62417782e6e53-100x100.jpg HTTP/1.1" 206 500 "https://techfabasia.com/2016/03/03/robot-wars-now-closed-post-with-audio-2/" "Mozilla/5.0 (compatible; Bytespider; spider-feedback@bytedance.com) AppleWebKit/537.36 (KHTML, like Gecko) Chrome/70.0.0.0 Safari/537.36"
216.73.216.112 - - [01/May/2026:16:28:15 -0400] "GET /view/item/011960987735 HTTP/1.1" 200 0 "-" "Mozilla/5.0 AppleWebKit/537.36 (KHTML, like Gecko; compatible; ClaudeBot/1.0; +claudebot@anthropic.com)"
