216.73.216.216 - - [01/May/2026:15:03:03 -0400] "GET /view/item/011019392255 HTTP/1.1" 404 32990 "-" "Mozilla/5.0 AppleWebKit/537.36 (KHTML, like Gecko; compatible; ClaudeBot/1.0; +claudebot@anthropic.com)"
216.73.216.216 - - [01/May/2026:15:03:15 -0400] "GET /view/item/013911688950 HTTP/1.1" 404 32968 "-" "Mozilla/5.0 AppleWebKit/537.36 (KHTML, like Gecko; compatible; ClaudeBot/1.0; +claudebot@anthropic.com)"
52.204.89.12 - - [01/May/2026:15:03:20 -0400] "GET /product-category/video-games-consoles/accessories-video-games-consoles/ HTTP/1.1" 200 39894 "-" "Mozilla/5.0 AppleWebKit/537.36 (KHTML, like Gecko; compatible; Amazonbot/0.1; +https://developer.amazon.com/support/amazonbot) Chrome/119.0.6045.214 Safari/537.36"
216.73.216.216 - - [01/May/2026:15:03:25 -0400] "GET /view/item/012389608892 HTTP/1.1" 404 32994 "-" "Mozilla/5.0 AppleWebKit/537.36 (KHTML, like Gecko; compatible; ClaudeBot/1.0; +claudebot@anthropic.com)"
216.73.216.216 - - [01/May/2026:15:03:36 -0400] "GET /view/item/011207991610 HTTP/1.1" 404 33046 "-" "Mozilla/5.0 AppleWebKit/537.36 (KHTML, like Gecko; compatible; ClaudeBot/1.0; +claudebot@anthropic.com)"
216.73.216.216 - - [01/May/2026:15:03:47 -0400] "GET /view/item/013590361540 HTTP/1.1" 200 184 "-" "Mozilla/5.0 AppleWebKit/537.36 (KHTML, like Gecko; compatible; ClaudeBot/1.0; +claudebot@anthropic.com)"
66.249.74.110 - - [01/May/2026:15:04:00 -0400] "GET /view/item/01236027936 HTTP/1.1" 200 29506 "-" "Mozilla/5.0 (Linux; Android 6.0.1; Nexus 5X Build/MMB29P) AppleWebKit/537.36 (KHTML, like Gecko) Chrome/147.0.7727.137 Mobile Safari/537.36 (compatible; Googlebot/2.1; +http://www.google.com/bot.html)"
162.0.232.104 - - [01/May/2026:15:04:02 -0400] "POST /wp-cron.php?doing_wp_cron=1777662242.8726270198822021484375 HTTP/1.1" 200 0 "-" "WordPress/6.9.4; https://techfabasia.com"
216.73.216.216 - - [01/May/2026:15:03:59 -0400] "GET /view/item/012193790861 HTTP/1.1" 404 33017 "-" "Mozilla/5.0 AppleWebKit/537.36 (KHTML, like Gecko; compatible; ClaudeBot/1.0; +claudebot@anthropic.com)"
216.73.216.216 - - [01/May/2026:15:04:11 -0400] "GET /view/item/012371977914 HTTP/1.1" 404 32994 "-" "Mozilla/5.0 AppleWebKit/537.36 (KHTML, like Gecko; compatible; ClaudeBot/1.0; +claudebot@anthropic.com)"
216.73.216.216 - - [01/May/2026:15:04:17 -0400] "GET /view/item/012868585830 HTTP/1.1" 404 33032 "-" "Mozilla/5.0 AppleWebKit/537.36 (KHTML, like Gecko; compatible; ClaudeBot/1.0; +claudebot@anthropic.com)"
216.73.216.216 - - [01/May/2026:15:04:29 -0400] "GET /view/item/011926585860 HTTP/1.1" 404 33011 "-" "Mozilla/5.0 AppleWebKit/537.36 (KHTML, like Gecko; compatible; ClaudeBot/1.0; +claudebot@anthropic.com)"
216.73.216.216 - - [01/May/2026:15:04:41 -0400] "GET /view/item/01510395858 HTTP/1.1" 404 32974 "-" "Mozilla/5.0 AppleWebKit/537.36 (KHTML, like Gecko; compatible; ClaudeBot/1.0; +claudebot@anthropic.com)"
162.0.232.104 - - [01/May/2026:15:04:52 -0400] "POST /wp-cron.php?doing_wp_cron=1777662292.4387140274047851562500 HTTP/1.1" 200 0 "-" "WordPress/6.9.4; https://techfabasia.com"
216.73.216.216 - - [01/May/2026:15:04:48 -0400] "GET /view/item/01852877338 HTTP/1.1" 404 32986 "-" "Mozilla/5.0 AppleWebKit/537.36 (KHTML, like Gecko; compatible; ClaudeBot/1.0; +claudebot@anthropic.com)"
66.249.74.96 - - [01/May/2026:15:05:01 -0400] "GET /view/item/011117944223 HTTP/1.1" 200 28694 "-" "Mozilla/5.0 (Linux; Android 6.0.1; Nexus 5X Build/MMB29P) AppleWebKit/537.36 (KHTML, like Gecko) Chrome/147.0.7727.137 Mobile Safari/537.36 (compatible; GoogleOther)"
216.73.216.216 - - [01/May/2026:15:05:01 -0400] "GET /view/item/0183215273 HTTP/1.1" 200 0 "-" "Mozilla/5.0 AppleWebKit/537.36 (KHTML, like Gecko; compatible; ClaudeBot/1.0; +claudebot@anthropic.com)"
216.73.216.216 - - [01/May/2026:15:05:12 -0400] "GET /view/item/012392347897 HTTP/1.1" 200 0 "-" "Mozilla/5.0 AppleWebKit/537.36 (KHTML, like Gecko; compatible; ClaudeBot/1.0; +claudebot@anthropic.com)"
216.73.216.216 - - [01/May/2026:15:05:21 -0400] "GET /view/item/013258970130 HTTP/1.1" 200 0 "-" "Mozilla/5.0 AppleWebKit/537.36 (KHTML, like Gecko; compatible; ClaudeBot/1.0; +claudebot@anthropic.com)"
216.73.216.216 - - [01/May/2026:15:05:26 -0400] "GET /view/item/012628163730 HTTP/1.1" 200 0 "-" "Mozilla/5.0 AppleWebKit/537.36 (KHTML, like Gecko; compatible; ClaudeBot/1.0; +claudebot@anthropic.com)"
216.73.216.216 - - [01/May/2026:15:05:46 -0400] "GET /view/item/01722438651 HTTP/1.1" 200 184 "-" "Mozilla/5.0 AppleWebKit/537.36 (KHTML, like Gecko; compatible; ClaudeBot/1.0; +claudebot@anthropic.com)"
162.0.232.104 - - [01/May/2026:15:06:01 -0400] "POST /wp-cron.php?doing_wp_cron=1777662361.2514019012451171875000 HTTP/1.1" 200 0 "-" "WordPress/6.9.4; https://techfabasia.com"
216.73.216.216 - - [01/May/2026:15:05:57 -0400] "GET /view/item/012347820017 HTTP/1.1" 404 32992 "-" "Mozilla/5.0 AppleWebKit/537.36 (KHTML, like Gecko; compatible; ClaudeBot/1.0; +claudebot@anthropic.com)"
216.73.216.216 - - [01/May/2026:15:06:09 -0400] "GET /view/item/012821904319 HTTP/1.1" 404 32988 "-" "Mozilla/5.0 AppleWebKit/537.36 (KHTML, like Gecko; compatible; ClaudeBot/1.0; +claudebot@anthropic.com)"
216.73.216.216 - - [01/May/2026:15:06:21 -0400] "GET /view/item/01641435921 HTTP/1.1" 404 33006 "-" "Mozilla/5.0 AppleWebKit/537.36 (KHTML, like Gecko; compatible; ClaudeBot/1.0; +claudebot@anthropic.com)"
216.73.216.216 - - [01/May/2026:15:06:29 -0400] "GET /view/item/013967287206 HTTP/1.1" 404 32971 "-" "Mozilla/5.0 AppleWebKit/537.36 (KHTML, like Gecko; compatible; ClaudeBot/1.0; +claudebot@anthropic.com)"
66.249.74.96 - - [01/May/2026:15:06:39 -0400] "GET /view/item/013687073832 HTTP/1.1" 200 30244 "-" "Mozilla/5.0 (Linux; Android 6.0.1; Nexus 5X Build/MMB29P) AppleWebKit/537.36 (KHTML, like Gecko) Chrome/147.0.7727.137 Mobile Safari/537.36 (compatible; GoogleOther)"
216.73.216.216 - - [01/May/2026:15:06:40 -0400] "GET /view/item/013416459699 HTTP/1.1" 404 32993 "-" "Mozilla/5.0 AppleWebKit/537.36 (KHTML, like Gecko; compatible; ClaudeBot/1.0; +claudebot@anthropic.com)"
162.0.232.104 - - [01/May/2026:15:06:54 -0400] "POST /wp-cron.php?doing_wp_cron=1777662414.5577330589294433593750 HTTP/1.1" 200 0 "-" "WordPress/6.9.4; https://techfabasia.com"
216.73.216.216 - - [01/May/2026:15:06:51 -0400] "GET /view/item/012233546433 HTTP/1.1" 404 32999 "-" "Mozilla/5.0 AppleWebKit/537.36 (KHTML, like Gecko; compatible; ClaudeBot/1.0; +claudebot@anthropic.com)"
216.73.216.216 - - [01/May/2026:15:07:03 -0400] "GET /view/item/01267855916 HTTP/1.1" 404 33042 "-" "Mozilla/5.0 AppleWebKit/537.36 (KHTML, like Gecko; compatible; ClaudeBot/1.0; +claudebot@anthropic.com)"
216.73.216.216 - - [01/May/2026:15:07:11 -0400] "GET /view/item/011777855870 HTTP/1.1" 404 33038 "-" "Mozilla/5.0 AppleWebKit/537.36 (KHTML, like Gecko; compatible; ClaudeBot/1.0; +claudebot@anthropic.com)"
47.128.63.151 - - [01/May/2026:15:07:11 -0400] "GET /product-category/cameras-photography/ HTTP/1.1" 200 31859 "-" "Mozilla/5.0 (compatible; Bytespider; spider-feedback@bytedance.com) AppleWebKit/537.36 (KHTML, like Gecko) Chrome/70.0.0.0 Safari/537.36"
47.128.63.151 - - [01/May/2026:15:07:20 -0400] "GET /wp-content/plugins/yith-woocommerce-wishlist/assets/css/frontend/add-to-wishlist.css?ver=4.14.0 HTTP/1.1" 200 3034 "https://techfabasia.com/product-category/cameras-photography/" "Mozilla/5.0 (compatible; Bytespider; spider-feedback@bytedance.com) AppleWebKit/537.36 (KHTML, like Gecko) Chrome/70.0.0.0 Safari/537.36"
47.128.63.151 - - [01/May/2026:15:07:20 -0400] "GET /wp-content/uploads/2025/05/ctlogo.png HTTP/1.1" 206 500 "https://techfabasia.com/product-category/cameras-photography/" "Mozilla/5.0 (compatible; Bytespider; spider-feedback@bytedance.com) AppleWebKit/537.36 (KHTML, like Gecko) Chrome/70.0.0.0 Safari/537.36"
47.128.63.151 - - [01/May/2026:15:07:20 -0400] "GET /wp-content/themes/electro/assets/css/colors/blue.min.css?ver=3.5.7 HTTP/1.1" 200 5171 "https://techfabasia.com/product-category/cameras-photography/" "Mozilla/5.0 (compatible; Bytespider; spider-feedback@bytedance.com) AppleWebKit/537.36 (KHTML, like Gecko) Chrome/70.0.0.0 Safari/537.36"
66.249.74.96 - - [01/May/2026:15:07:19 -0400] "GET /view/item/012605622027 HTTP/1.1" 200 28291 "-" "Mozilla/5.0 (Linux; Android 6.0.1; Nexus 5X Build/MMB29P) AppleWebKit/537.36 (KHTML, like Gecko) Chrome/147.0.7727.137 Mobile Safari/537.36 (compatible; GoogleOther)"
216.73.216.216 - - [01/May/2026:15:07:18 -0400] "GET /view/item/011972451975 HTTP/1.1" 404 32968 "-" "Mozilla/5.0 AppleWebKit/537.36 (KHTML, like Gecko; compatible; ClaudeBot/1.0; +claudebot@anthropic.com)"
216.73.216.216 - - [01/May/2026:15:07:29 -0400] "GET /view/item/013422553158 HTTP/1.1" 404 33054 "-" "Mozilla/5.0 AppleWebKit/537.36 (KHTML, like Gecko; compatible; ClaudeBot/1.0; +claudebot@anthropic.com)"
47.128.63.151 - - [01/May/2026:15:07:38 -0400] "GET /wp-content/uploads/2017/02/patment-icon.png HTTP/1.1" 206 500 "https://techfabasia.com/product-category/cameras-photography/" "Mozilla/5.0 (compatible; Bytespider; spider-feedback@bytedance.com) AppleWebKit/537.36 (KHTML, like Gecko) Chrome/70.0.0.0 Safari/537.36"
47.128.63.151 - - [01/May/2026:15:07:38 -0400] "GET /wp-content/uploads/2020/11/footer-wdiget-banner.png HTTP/1.1" 206 500 "https://techfabasia.com/product-category/cameras-photography/" "Mozilla/5.0 (compatible; Bytespider; spider-feedback@bytedance.com) AppleWebKit/537.36 (KHTML, like Gecko) Chrome/70.0.0.0 Safari/537.36"
216.73.216.216 - - [01/May/2026:15:07:41 -0400] "GET /view/item/012849950393 HTTP/1.1" 404 32994 "-" "Mozilla/5.0 AppleWebKit/537.36 (KHTML, like Gecko; compatible; ClaudeBot/1.0; +claudebot@anthropic.com)"
162.0.232.104 - - [01/May/2026:15:07:50 -0400] "POST /wp-cron.php?doing_wp_cron=1777662470.3816330432891845703125 HTTP/1.1" 200 0 "-" "WordPress/6.9.4; https://techfabasia.com"
47.128.63.18 - - [01/May/2026:15:07:42 -0400] "GET /product-category/smart-phones-tablets/smartphones-tablets/ HTTP/1.1" 200 31930 "-" "Mozilla/5.0 (compatible; Bytespider; spider-feedback@bytedance.com) AppleWebKit/537.36 (KHTML, like Gecko) Chrome/70.0.0.0 Safari/537.36"
47.128.63.18 - - [01/May/2026:15:07:56 -0400] "GET /wp-content/plugins/yith-woocommerce-wishlist/assets/css/frontend/add-to-wishlist.css?ver=4.14.0 HTTP/1.1" 200 3034 "https://techfabasia.com/product-category/smart-phones-tablets/smartphones-tablets/" "Mozilla/5.0 (compatible; Bytespider; spider-feedback@bytedance.com) AppleWebKit/537.36 (KHTML, like Gecko) Chrome/70.0.0.0 Safari/537.36"
47.128.63.18 - - [01/May/2026:15:07:56 -0400] "GET /wp-content/themes/electro/assets/vendor/animate.css/animate.min.css?ver=3.5.7 HTTP/1.1" 200 4019 "https://techfabasia.com/product-category/smart-phones-tablets/smartphones-tablets/" "Mozilla/5.0 (compatible; Bytespider; spider-feedback@bytedance.com) AppleWebKit/537.36 (KHTML, like Gecko) Chrome/70.0.0.0 Safari/537.36"
47.128.63.18 - - [01/May/2026:15:07:56 -0400] "GET /wp-content/themes/electro/assets/vendor/fontawesome/css/all.min.css?ver=3.5.7 HTTP/1.1" 200 21985 "https://techfabasia.com/product-category/smart-phones-tablets/smartphones-tablets/" "Mozilla/5.0 (compatible; Bytespider; spider-feedback@bytedance.com) AppleWebKit/537.36 (KHTML, like Gecko) Chrome/70.0.0.0 Safari/537.36"
47.128.63.18 - - [01/May/2026:15:07:56 -0400] "GET /wp-content/plugins/yith-woocommerce-compare/assets/css/jquery.dataTables.css?ver=1.10.18 HTTP/1.1" 200 1866 "https://techfabasia.com/product-category/smart-phones-tablets/smartphones-tablets/" "Mozilla/5.0 (compatible; Bytespider; spider-feedback@bytedance.com) AppleWebKit/537.36 (KHTML, like Gecko) Chrome/70.0.0.0 Safari/537.36"
47.128.63.18 - - [01/May/2026:15:07:57 -0400] "GET /wp-content/plugins/woocommerce/assets/client/blocks/wc-blocks.css?ver=wc-10.7.0 HTTP/1.1" 200 2391 "https://techfabasia.com/product-category/smart-phones-tablets/smartphones-tablets/" "Mozilla/5.0 (compatible; Bytespider; spider-feedback@bytedance.com) AppleWebKit/537.36 (KHTML, like Gecko) Chrome/70.0.0.0 Safari/537.36"
47.128.63.18 - - [01/May/2026:15:07:57 -0400] "GET /wp-content/plugins/woocommerce/assets/client/blocks/coming-soon.css?ver=wc-10.7.0 HTTP/1.1" 200 594 "https://techfabasia.com/product-category/smart-phones-tablets/smartphones-tablets/" "Mozilla/5.0 (compatible; Bytespider; spider-feedback@bytedance.com) AppleWebKit/537.36 (KHTML, like Gecko) Chrome/70.0.0.0 Safari/537.36"
216.73.216.216 - - [01/May/2026:15:07:48 -0400] "GET /view/item/012089897058 HTTP/1.1" 200 0 "-" "Mozilla/5.0 AppleWebKit/537.36 (KHTML, like Gecko; compatible; ClaudeBot/1.0; +claudebot@anthropic.com)"
47.128.63.18 - - [01/May/2026:15:07:58 -0400] "GET /wp-content/uploads/2025/05/7-5-100x100.jpg HTTP/1.1" 206 500 "https://techfabasia.com/product-category/smart-phones-tablets/smartphones-tablets/" "Mozilla/5.0 (compatible; Bytespider; spider-feedback@bytedance.com) AppleWebKit/537.36 (KHTML, like Gecko) Chrome/70.0.0.0 Safari/537.36"
47.128.63.18 - - [01/May/2026:15:07:58 -0400] "GET /wp-content/uploads/2020/11/footer-wdiget-banner.png HTTP/1.1" 206 500 "https://techfabasia.com/product-category/smart-phones-tablets/smartphones-tablets/" "Mozilla/5.0 (compatible; Bytespider; spider-feedback@bytedance.com) AppleWebKit/537.36 (KHTML, like Gecko) Chrome/70.0.0.0 Safari/537.36"
162.0.232.104 - - [01/May/2026:15:08:07 -0400] "POST /wp-cron.php?doing_wp_cron=1777662487.6394510269165039062500 HTTP/1.1" 200 0 "-" "WordPress/6.9.4; https://techfabasia.com"
216.73.216.216 - - [01/May/2026:15:08:08 -0400] "GET /view/item/012338530582 HTTP/1.1" 200 0 "-" "Mozilla/5.0 AppleWebKit/537.36 (KHTML, like Gecko; compatible; ClaudeBot/1.0; +claudebot@anthropic.com)"
216.73.216.216 - - [01/May/2026:15:08:20 -0400] "GET /view/item/012956837053 HTTP/1.1" 200 0 "-" "Mozilla/5.0 AppleWebKit/537.36 (KHTML, like Gecko; compatible; ClaudeBot/1.0; +claudebot@anthropic.com)"
66.249.74.110 - - [01/May/2026:15:08:35 -0400] "GET /view/item/011358830190 HTTP/1.1" 200 28570 "-" "Mozilla/5.0 (Linux; Android 6.0.1; Nexus 5X Build/MMB29P) AppleWebKit/537.36 (KHTML, like Gecko) Chrome/147.0.7727.137 Mobile Safari/537.36 (compatible; GoogleOther)"
47.128.63.150 - - [01/May/2026:15:08:18 -0400] "GET /shop/handling-module/ HTTP/1.1" 200 32910 "-" "Mozilla/5.0 (compatible; Bytespider; spider-feedback@bytedance.com) AppleWebKit/537.36 (KHTML, like Gecko) Chrome/70.0.0.0 Safari/537.36"
47.128.63.150 - - [01/May/2026:15:08:39 -0400] "GET /wp-content/plugins/woocommerce/assets/client/blocks/wc-blocks.css?ver=wc-10.7.0 HTTP/1.1" 200 2391 "https://techfabasia.com/shop/handling-module/" "Mozilla/5.0 (compatible; Bytespider; spider-feedback@bytedance.com) AppleWebKit/537.36 (KHTML, like Gecko) Chrome/70.0.0.0 Safari/537.36"
47.128.63.150 - - [01/May/2026:15:08:40 -0400] "GET /wp-content/uploads/2025/05/6538c90e4ece2-100x100.jpg HTTP/1.1" 206 500 "https://techfabasia.com/shop/handling-module/" "Mozilla/5.0 (compatible; Bytespider; spider-feedback@bytedance.com) AppleWebKit/537.36 (KHTML, like Gecko) Chrome/70.0.0.0 Safari/537.36"
216.73.216.216 - - [01/May/2026:15:08:47 -0400] "GET /view/item/012849777439 HTTP/1.1" 200 0 "-" "Mozilla/5.0 AppleWebKit/537.36 (KHTML, like Gecko; compatible; ClaudeBot/1.0; +claudebot@anthropic.com)"
216.73.216.216 - - [01/May/2026:15:08:51 -0400] "GET /view/item/013654568267 HTTP/1.1" 200 0 "-" "Mozilla/5.0 AppleWebKit/537.36 (KHTML, like Gecko; compatible; ClaudeBot/1.0; +claudebot@anthropic.com)"
103.100.38.132 - - [01/May/2026:15:08:48 -0400] "GET /wp-login.php HTTP/1.1" 302 0 "-" "Mozilla/5.0 (Macintosh; Intel Mac OS X 10_12) AppleWebKit/604.4.7 (KHTML, like Gecko) Version/10.0 Safari/602.1.31"
103.100.38.132 - - [01/May/2026:15:09:01 -0400] "GET /wp-login.php HTTP/1.1" 200 0 "https://techfabasia.com/wp-login.php" "Mozilla/5.0 (Macintosh; Intel Mac OS X 10_12) AppleWebKit/604.4.7 (KHTML, like Gecko) Version/10.0 Safari/602.1.31"
216.73.216.216 - - [01/May/2026:15:09:00 -0400] "GET /view/item/013711335047 HTTP/1.1" 200 0 "-" "Mozilla/5.0 AppleWebKit/537.36 (KHTML, like Gecko; compatible; ClaudeBot/1.0; +claudebot@anthropic.com)"
162.0.232.104 - - [01/May/2026:15:09:11 -0400] "POST /wp-cron.php?doing_wp_cron=1777662551.0437269210815429687500 HTTP/1.1" 200 0 "-" "WordPress/6.9.4; https://techfabasia.com"
162.0.232.104 - - [01/May/2026:15:09:12 -0400] "POST /wp-cron.php?doing_wp_cron=1777662552.6446011066436767578125 HTTP/1.1" 200 0 "-" "WordPress/6.9.4; https://techfabasia.com"
47.128.63.232 - - [01/May/2026:15:08:54 -0400] "GET /shop/gam-70-solder-paste-measurement-machine/ HTTP/1.1" 200 32986 "-" "Mozilla/5.0 (compatible; Bytespider; spider-feedback@bytedance.com) AppleWebKit/537.36 (KHTML, like Gecko) Chrome/70.0.0.0 Safari/537.36"
47.128.63.232 - - [01/May/2026:15:09:13 -0400] "GET /wp-content/themes/electro/assets/vendor/animate.css/animate.min.css?ver=3.5.7 HTTP/1.1" 200 4019 "https://techfabasia.com/shop/gam-70-solder-paste-measurement-machine/" "Mozilla/5.0 (compatible; Bytespider; spider-feedback@bytedance.com) AppleWebKit/537.36 (KHTML, like Gecko) Chrome/70.0.0.0 Safari/537.36"
47.128.63.232 - - [01/May/2026:15:09:14 -0400] "GET /wp-content/themes/electro/style.min.css?ver=3.5.7 HTTP/1.1" 200 125971 "https://techfabasia.com/shop/gam-70-solder-paste-measurement-machine/" "Mozilla/5.0 (compatible; Bytespider; spider-feedback@bytedance.com) AppleWebKit/537.36 (KHTML, like Gecko) Chrome/70.0.0.0 Safari/537.36"
47.128.63.232 - - [01/May/2026:15:09:14 -0400] "GET /wp-content/plugins/woocommerce/assets/client/blocks/wc-blocks.css?ver=wc-10.7.0 HTTP/1.1" 200 2391 "https://techfabasia.com/shop/gam-70-solder-paste-measurement-machine/" "Mozilla/5.0 (compatible; Bytespider; spider-feedback@bytedance.com) AppleWebKit/537.36 (KHTML, like Gecko) Chrome/70.0.0.0 Safari/537.36"
47.128.63.232 - - [01/May/2026:15:09:14 -0400] "GET /wp-content/plugins/woocommerce/assets/client/blocks/coming-soon.css?ver=wc-10.7.0 HTTP/1.1" 200 594 "https://techfabasia.com/shop/gam-70-solder-paste-measurement-machine/" "Mozilla/5.0 (compatible; Bytespider; spider-feedback@bytedance.com) AppleWebKit/537.36 (KHTML, like Gecko) Chrome/70.0.0.0 Safari/537.36"
162.0.232.104 - - [01/May/2026:15:09:14 -0400] "POST /wp-cron.php?doing_wp_cron=1777662554.8386039733886718750000 HTTP/1.1" 200 0 "-" "WordPress/6.9.4; https://techfabasia.com"
47.128.63.232 - - [01/May/2026:15:09:15 -0400] "GET /wp-content/plugins/wpforms-lite/assets/css/frontend/modern/wpforms-full.min.css?ver=1.10.0.4 HTTP/1.1" 200 15488 "https://techfabasia.com/shop/gam-70-solder-paste-measurement-machine/" "Mozilla/5.0 (compatible; Bytespider; spider-feedback@bytedance.com) AppleWebKit/537.36 (KHTML, like Gecko) Chrome/70.0.0.0 Safari/537.36"
47.128.63.232 - - [01/May/2026:15:09:17 -0400] "GET /wp-content/uploads/2025/05/download-3-2-100x100.png HTTP/1.1" 206 500 "https://techfabasia.com/shop/gam-70-solder-paste-measurement-machine/" "Mozilla/5.0 (compatible; Bytespider; spider-feedback@bytedance.com) AppleWebKit/537.36 (KHTML, like Gecko) Chrome/70.0.0.0 Safari/537.36"
162.0.232.104 - - [01/May/2026:15:09:18 -0400] "POST /wp-cron.php?doing_wp_cron=1777662558.0358068943023681640625 HTTP/1.1" 200 0 "-" "WordPress/6.9.4; https://techfabasia.com"
216.73.216.216 - - [01/May/2026:15:09:24 -0400] "GET /view/item/013796825988 HTTP/1.1" 200 0 "-" "Mozilla/5.0 AppleWebKit/537.36 (KHTML, like Gecko; compatible; ClaudeBot/1.0; +claudebot@anthropic.com)"
216.73.216.216 - - [01/May/2026:15:09:32 -0400] "GET /view/item/013836237746 HTTP/1.1" 200 0 "-" "Mozilla/5.0 AppleWebKit/537.36 (KHTML, like Gecko; compatible; ClaudeBot/1.0; +claudebot@anthropic.com)"
162.0.232.104 - - [01/May/2026:15:09:59 -0400] "POST /wp-cron.php?doing_wp_cron=1777662599.1428000926971435546875 HTTP/1.1" 200 0 "-" "WordPress/6.9.4; https://techfabasia.com"
216.73.216.216 - - [01/May/2026:15:09:55 -0400] "GET /view/item/011185974534 HTTP/1.1" 404 32968 "-" "Mozilla/5.0 AppleWebKit/537.36 (KHTML, like Gecko; compatible; ClaudeBot/1.0; +claudebot@anthropic.com)"
216.73.216.216 - - [01/May/2026:15:10:05 -0400] "GET /view/item/012617852690 HTTP/1.1" 404 33022 "-" "Mozilla/5.0 AppleWebKit/537.36 (KHTML, like Gecko; compatible; ClaudeBot/1.0; +claudebot@anthropic.com)"
66.249.74.97 - - [01/May/2026:15:10:30 -0400] "GET /view/item/01257433379 HTTP/1.1" 200 29973 "-" "Mozilla/5.0 (Linux; Android 6.0.1; Nexus 5X Build/MMB29P) AppleWebKit/537.36 (KHTML, like Gecko) Chrome/147.0.7727.137 Mobile Safari/537.36 (compatible; GoogleOther)"
216.73.216.216 - - [01/May/2026:15:10:29 -0400] "GET /view/item/011319267613 HTTP/1.1" 404 32995 "-" "Mozilla/5.0 AppleWebKit/537.36 (KHTML, like Gecko; compatible; ClaudeBot/1.0; +claudebot@anthropic.com)"
216.73.216.216 - - [01/May/2026:15:10:36 -0400] "GET /view/item/013859160914 HTTP/1.1" 404 32999 "-" "Mozilla/5.0 AppleWebKit/537.36 (KHTML, like Gecko; compatible; ClaudeBot/1.0; +claudebot@anthropic.com)"
162.0.232.104 - - [01/May/2026:15:11:04 -0400] "POST /wp-cron.php?doing_wp_cron=1777662664.7968590259552001953125 HTTP/1.1" 200 0 "-" "WordPress/6.9.4; https://techfabasia.com"
216.73.216.216 - - [01/May/2026:15:11:00 -0400] "GET /view/item/012791758506 HTTP/1.1" 404 32957 "-" "Mozilla/5.0 AppleWebKit/537.36 (KHTML, like Gecko; compatible; ClaudeBot/1.0; +claudebot@anthropic.com)"
216.73.216.216 - - [01/May/2026:15:11:07 -0400] "GET /view/item/012356820954 HTTP/1.1" 404 33038 "-" "Mozilla/5.0 AppleWebKit/537.36 (KHTML, like Gecko; compatible; ClaudeBot/1.0; +claudebot@anthropic.com)"
20.118.20.179 - - [01/May/2026:15:11:20 -0400] "POST /xmlrpc.php HTTP/1.1" 200 205 "-" "Mozilla/5.0 (Macintosh; Intel Mac OS X 10_13_2) AppleWebKit/537.36 (KHTML, like Gecko) Chrome/66.0.3359.181 Safari/537.36"
216.73.216.216 - - [01/May/2026:15:11:35 -0400] "GET /view/item/012366856566 HTTP/1.1" 404 32996 "-" "Mozilla/5.0 AppleWebKit/537.36 (KHTML, like Gecko; compatible; ClaudeBot/1.0; +claudebot@anthropic.com)"
162.0.232.104 - - [01/May/2026:15:12:05 -0400] "POST /wp-cron.php?doing_wp_cron=1777662725.7859029769897460937500 HTTP/1.1" 200 0 "-" "WordPress/6.9.4; https://techfabasia.com"
216.73.216.216 - - [01/May/2026:15:12:01 -0400] "GET /view/item/013541681875 HTTP/1.1" 404 32989 "-" "Mozilla/5.0 AppleWebKit/537.36 (KHTML, like Gecko; compatible; ClaudeBot/1.0; +claudebot@anthropic.com)"
216.73.216.216 - - [01/May/2026:15:12:06 -0400] "GET /view/item/011069135994 HTTP/1.1" 200 0 "-" "Mozilla/5.0 AppleWebKit/537.36 (KHTML, like Gecko; compatible; ClaudeBot/1.0; +claudebot@anthropic.com)"
216.73.216.216 - - [01/May/2026:15:12:14 -0400] "GET /view/item/014113486863 HTTP/1.1" 404 33019 "-" "Mozilla/5.0 AppleWebKit/537.36 (KHTML, like Gecko; compatible; ClaudeBot/1.0; +claudebot@anthropic.com)"
66.249.74.97 - - [01/May/2026:15:12:26 -0400] "GET /view/item/021429198483 HTTP/1.1" 200 29859 "-" "Mozilla/5.0 (Linux; Android 6.0.1; Nexus 5X Build/MMB29P) AppleWebKit/537.36 (KHTML, like Gecko) Chrome/147.0.7727.137 Mobile Safari/537.36 (compatible; GoogleOther)"
216.73.216.216 - - [01/May/2026:15:12:37 -0400] "GET /view/item/013201215466 HTTP/1.1" 200 0 "-" "Mozilla/5.0 AppleWebKit/537.36 (KHTML, like Gecko; compatible; ClaudeBot/1.0; +claudebot@anthropic.com)"
216.73.216.216 - - [01/May/2026:15:12:43 -0400] "GET /view/item/01705398174 HTTP/1.1" 200 0 "-" "Mozilla/5.0 AppleWebKit/537.36 (KHTML, like Gecko; compatible; ClaudeBot/1.0; +claudebot@anthropic.com)"
162.0.232.104 - - [01/May/2026:15:12:54 -0400] "POST /wp-cron.php?doing_wp_cron=1777662774.4402029514312744140625 HTTP/1.1" 200 0 "-" "WordPress/6.9.4; https://techfabasia.com"
216.73.216.216 - - [01/May/2026:15:13:07 -0400] "GET /view/item/019150504 HTTP/1.1" 200 0 "-" "Mozilla/5.0 AppleWebKit/537.36 (KHTML, like Gecko; compatible; ClaudeBot/1.0; +claudebot@anthropic.com)"
216.73.216.216 - - [01/May/2026:15:13:17 -0400] "GET /view/item/0131312767 HTTP/1.1" 200 0 "-" "Mozilla/5.0 AppleWebKit/537.36 (KHTML, like Gecko; compatible; ClaudeBot/1.0; +claudebot@anthropic.com)"
216.73.216.216 - - [01/May/2026:15:13:41 -0400] "GET /view/item/0199026565 HTTP/1.1" 200 0 "-" "Mozilla/5.0 AppleWebKit/537.36 (KHTML, like Gecko; compatible; ClaudeBot/1.0; +claudebot@anthropic.com)"
162.0.232.104 - - [01/May/2026:15:13:51 -0400] "POST /wp-cron.php?doing_wp_cron=1777662831.5460898876190185546875 HTTP/1.1" 200 0 "-" "WordPress/6.9.4; https://techfabasia.com"
216.73.216.216 - - [01/May/2026:15:13:48 -0400] "GET /view/item/01927620032 HTTP/1.1" 200 0 "-" "Mozilla/5.0 AppleWebKit/537.36 (KHTML, like Gecko; compatible; ClaudeBot/1.0; +claudebot@anthropic.com)"
162.0.232.104 - - [01/May/2026:15:14:00 -0400] "POST /wp-cron.php?doing_wp_cron=1777662840.5498020648956298828125 HTTP/1.1" 200 0 "-" "WordPress/6.9.4; https://techfabasia.com"
66.249.74.110 - - [01/May/2026:15:14:02 -0400] "GET /view/item/011062408319 HTTP/1.1" 200 27916 "-" "Mozilla/5.0 (Linux; Android 6.0.1; Nexus 5X Build/MMB29P) AppleWebKit/537.36 (KHTML, like Gecko) Chrome/147.0.7727.137 Mobile Safari/537.36 (compatible; Googlebot/2.1; +http://www.google.com/bot.html)"
66.249.74.110 - - [01/May/2026:15:14:14 -0400] "GET /view/item/052594838516 HTTP/1.1" 200 28873 "-" "Mozilla/5.0 (Linux; Android 6.0.1; Nexus 5X Build/MMB29P) AppleWebKit/537.36 (KHTML, like Gecko) Chrome/147.0.7727.137 Mobile Safari/537.36 (compatible; GoogleOther)"
216.73.216.216 - - [01/May/2026:15:14:11 -0400] "GET /view/item/011476549459 HTTP/1.1" 404 32991 "-" "Mozilla/5.0 AppleWebKit/537.36 (KHTML, like Gecko; compatible; ClaudeBot/1.0; +claudebot@anthropic.com)"
66.249.74.110 - - [01/May/2026:15:14:21 -0400] "GET /view/item/01882811353 HTTP/1.1" 200 29021 "-" "Mozilla/5.0 (Linux; Android 6.0.1; Nexus 5X Build/MMB29P) AppleWebKit/537.36 (KHTML, like Gecko) Chrome/147.0.7727.137 Mobile Safari/537.36 (compatible; GoogleOther)"
216.73.216.216 - - [01/May/2026:15:14:19 -0400] "GET /view/item/0162339248 HTTP/1.1" 404 32977 "-" "Mozilla/5.0 AppleWebKit/537.36 (KHTML, like Gecko; compatible; ClaudeBot/1.0; +claudebot@anthropic.com)"
66.249.74.110 - - [01/May/2026:15:14:38 -0400] "GET /view/item/011709984848 HTTP/1.1" 200 29858 "-" "Mozilla/5.0 (Linux; Android 6.0.1; Nexus 5X Build/MMB29P) AppleWebKit/537.36 (KHTML, like Gecko) Chrome/147.0.7727.137 Mobile Safari/537.36 (compatible; Googlebot/2.1; +http://www.google.com/bot.html)"
216.73.216.216 - - [01/May/2026:15:14:43 -0400] "GET /view/item/012396893986 HTTP/1.1" 404 32991 "-" "Mozilla/5.0 AppleWebKit/537.36 (KHTML, like Gecko; compatible; ClaudeBot/1.0; +claudebot@anthropic.com)"
162.0.232.104 - - [01/May/2026:15:15:00 -0400] "POST /wp-cron.php?doing_wp_cron=1777662900.7895860671997070312500 HTTP/1.1" 200 0 "-" "WordPress/6.9.4; https://techfabasia.com"
216.73.216.216 - - [01/May/2026:15:14:53 -0400] "GET /view/item/01451000180 HTTP/1.1" 404 32940 "-" "Mozilla/5.0 AppleWebKit/537.36 (KHTML, like Gecko; compatible; ClaudeBot/1.0; +claudebot@anthropic.com)"
216.73.216.216 - - [01/May/2026:15:15:17 -0400] "GET /view/item/012008255190 HTTP/1.1" 200 0 "-" "Mozilla/5.0 AppleWebKit/537.36 (KHTML, like Gecko; compatible; ClaudeBot/1.0; +claudebot@anthropic.com)"
216.73.216.216 - - [01/May/2026:15:15:22 -0400] "GET /view/item/011995960229 HTTP/1.1" 200 0 "-" "Mozilla/5.0 AppleWebKit/537.36 (KHTML, like Gecko; compatible; ClaudeBot/1.0; +claudebot@anthropic.com)"
162.0.232.104 - - [01/May/2026:15:15:52 -0400] "POST /wp-cron.php?doing_wp_cron=1777662952.1596510410308837890625 HTTP/1.1" 200 0 "-" "WordPress/6.9.4; https://techfabasia.com"
216.73.216.216 - - [01/May/2026:15:15:46 -0400] "GET /view/item/01339933707 HTTP/1.1" 404 32971 "-" "Mozilla/5.0 AppleWebKit/537.36 (KHTML, like Gecko; compatible; ClaudeBot/1.0; +claudebot@anthropic.com)"
216.73.216.216 - - [01/May/2026:15:16:00 -0400] "GET /view/item/01413400568 HTTP/1.1" 404 32969 "-" "Mozilla/5.0 AppleWebKit/537.36 (KHTML, like Gecko; compatible; ClaudeBot/1.0; +claudebot@anthropic.com)"
216.73.216.216 - - [01/May/2026:15:16:24 -0400] "GET /view/item/01726898374 HTTP/1.1" 404 33016 "-" "Mozilla/5.0 AppleWebKit/537.36 (KHTML, like Gecko; compatible; ClaudeBot/1.0; +claudebot@anthropic.com)"
216.73.216.216 - - [01/May/2026:15:16:33 -0400] "GET /view/item/01758317820 HTTP/1.1" 404 33023 "-" "Mozilla/5.0 AppleWebKit/537.36 (KHTML, like Gecko; compatible; ClaudeBot/1.0; +claudebot@anthropic.com)"
162.0.232.104 - - [01/May/2026:15:17:03 -0400] "POST /wp-cron.php?doing_wp_cron=1777663023.2464261054992675781250 HTTP/1.1" 200 0 "-" "WordPress/6.9.4; https://techfabasia.com"
216.73.216.216 - - [01/May/2026:15:16:59 -0400] "GET /view/item/012867907995 HTTP/1.1" 404 32959 "-" "Mozilla/5.0 AppleWebKit/537.36 (KHTML, like Gecko; compatible; ClaudeBot/1.0; +claudebot@anthropic.com)"
216.73.216.216 - - [01/May/2026:15:17:26 -0400] "GET /view/item/0118937905 HTTP/1.1" 404 33014 "-" "Mozilla/5.0 AppleWebKit/537.36 (KHTML, like Gecko; compatible; ClaudeBot/1.0; +claudebot@anthropic.com)"
216.73.216.216 - - [01/May/2026:15:17:50 -0400] "GET /robots.txt HTTP/1.1" 200 81 "-" "Mozilla/5.0 AppleWebKit/537.36 (KHTML, like Gecko; compatible; ClaudeBot/1.0; +claudebot@anthropic.com)"
162.0.232.104 - - [01/May/2026:15:17:57 -0400] "POST /wp-cron.php?doing_wp_cron=1777663077.4493699073791503906250 HTTP/1.1" 200 0 "-" "WordPress/6.9.4; https://techfabasia.com"
216.73.216.216 - - [01/May/2026:15:17:50 -0400] "GET /view/item/011365729583 HTTP/1.1" 404 32989 "-" "Mozilla/5.0 AppleWebKit/537.36 (KHTML, like Gecko; compatible; ClaudeBot/1.0; +claudebot@anthropic.com)"
216.73.216.216 - - [01/May/2026:15:17:59 -0400] "GET /view/item/0127247212 HTTP/1.1" 200 0 "-" "Mozilla/5.0 AppleWebKit/537.36 (KHTML, like Gecko; compatible; ClaudeBot/1.0; +claudebot@anthropic.com)"
216.73.216.216 - - [01/May/2026:15:18:24 -0400] "GET /view/item/0125854444 HTTP/1.1" 200 0 "-" "Mozilla/5.0 AppleWebKit/537.36 (KHTML, like Gecko; compatible; ClaudeBot/1.0; +claudebot@anthropic.com)"
216.73.216.216 - - [01/May/2026:15:18:33 -0400] "GET /view/item/01944881504 HTTP/1.1" 404 32990 "-" "Mozilla/5.0 AppleWebKit/537.36 (KHTML, like Gecko; compatible; ClaudeBot/1.0; +claudebot@anthropic.com)"
216.73.216.216 - - [01/May/2026:15:18:58 -0400] "GET /view/item/013155959629 HTTP/1.1" 404 32990 "-" "Mozilla/5.0 AppleWebKit/537.36 (KHTML, like Gecko; compatible; ClaudeBot/1.0; +claudebot@anthropic.com)"
162.0.232.104 - - [01/May/2026:15:19:07 -0400] "POST /wp-cron.php?doing_wp_cron=1777663147.5488100051879882812500 HTTP/1.1" 200 0 "-" "WordPress/6.9.4; https://techfabasia.com"
216.73.216.216 - - [01/May/2026:15:19:09 -0400] "GET /view/item/014273482436 HTTP/1.1" 200 0 "-" "Mozilla/5.0 AppleWebKit/537.36 (KHTML, like Gecko; compatible; ClaudeBot/1.0; +claudebot@anthropic.com)"
216.73.216.216 - - [01/May/2026:15:19:33 -0400] "GET /view/item/011080798656 HTTP/1.1" 404 32969 "-" "Mozilla/5.0 AppleWebKit/537.36 (KHTML, like Gecko; compatible; ClaudeBot/1.0; +claudebot@anthropic.com)"
162.0.232.104 - - [01/May/2026:15:20:03 -0400] "POST /wp-cron.php?doing_wp_cron=1777663203.4427180290222167968750 HTTP/1.1" 200 0 "-" "WordPress/6.9.4; https://techfabasia.com"
216.73.216.216 - - [01/May/2026:15:19:58 -0400] "GET /view/item/011892887392 HTTP/1.1" 404 32998 "-" "Mozilla/5.0 AppleWebKit/537.36 (KHTML, like Gecko; compatible; ClaudeBot/1.0; +claudebot@anthropic.com)"
43.225.108.103 - - [01/May/2026:15:20:07 -0400] "GET /wp-login.php HTTP/1.1" 200 0 "-" "Mozilla/4.0 (compatible; MSIE 7.0; Windows NT 6.1; Win64; x64; Trident/7.0; .NET CLR 2.0.50727; SLCC2; .NET CLR 3.5.30729; .NET CLR 3.0.30729; Media Center PC 6.0; .NET4.0C; .NET4.0E)"
216.73.216.216 - - [01/May/2026:15:20:22 -0400] "GET /view/item/013600855375 HTTP/1.1" 404 32964 "-" "Mozilla/5.0 AppleWebKit/537.36 (KHTML, like Gecko; compatible; ClaudeBot/1.0; +claudebot@anthropic.com)"
216.73.216.216 - - [01/May/2026:15:20:38 -0400] "GET /view/item/012735018183 HTTP/1.1" 404 33021 "-" "Mozilla/5.0 AppleWebKit/537.36 (KHTML, like Gecko; compatible; ClaudeBot/1.0; +claudebot@anthropic.com)"
162.0.232.104 - - [01/May/2026:15:21:09 -0400] "POST /wp-cron.php?doing_wp_cron=1777663269.9027709960937500000000 HTTP/1.1" 200 0 "-" "WordPress/6.9.4; https://techfabasia.com"
216.73.216.216 - - [01/May/2026:15:21:03 -0400] "GET /view/item/012116928498 HTTP/1.1" 404 33021 "-" "Mozilla/5.0 AppleWebKit/537.36 (KHTML, like Gecko; compatible; ClaudeBot/1.0; +claudebot@anthropic.com)"
216.73.216.216 - - [01/May/2026:15:21:11 -0400] "GET /view/item/013715993445 HTTP/1.1" 200 0 "-" "Mozilla/5.0 AppleWebKit/537.36 (KHTML, like Gecko; compatible; ClaudeBot/1.0; +claudebot@anthropic.com)"
216.73.216.216 - - [01/May/2026:15:21:35 -0400] "GET /view/item/012128615684 HTTP/1.1" 404 32999 "-" "Mozilla/5.0 AppleWebKit/537.36 (KHTML, like Gecko; compatible; ClaudeBot/1.0; +claudebot@anthropic.com)"
162.0.232.104 - - [01/May/2026:15:21:48 -0400] "POST /wp-cron.php?doing_wp_cron=1777663308.8471388816833496093750 HTTP/1.1" 200 0 "-" "WordPress/6.9.4; https://techfabasia.com"
216.73.216.216 - - [01/May/2026:15:21:44 -0400] "GET /view/item/011702036441 HTTP/1.1" 404 33020 "-" "Mozilla/5.0 AppleWebKit/537.36 (KHTML, like Gecko; compatible; ClaudeBot/1.0; +claudebot@anthropic.com)"
216.73.216.216 - - [01/May/2026:15:22:06 -0400] "GET /view/item/011239697235 HTTP/1.1" 404 33053 "-" "Mozilla/5.0 AppleWebKit/537.36 (KHTML, like Gecko; compatible; ClaudeBot/1.0; +claudebot@anthropic.com)"
216.73.216.216 - - [01/May/2026:15:22:14 -0400] "GET /view/item/01657925426 HTTP/1.1" 404 32973 "-" "Mozilla/5.0 AppleWebKit/537.36 (KHTML, like Gecko; compatible; ClaudeBot/1.0; +claudebot@anthropic.com)"
216.73.216.216 - - [01/May/2026:15:22:42 -0400] "GET /view/item/013457413573 HTTP/1.1" 404 33015 "-" "Mozilla/5.0 AppleWebKit/537.36 (KHTML, like Gecko; compatible; ClaudeBot/1.0; +claudebot@anthropic.com)"
162.0.232.104 - - [01/May/2026:15:23:05 -0400] "POST /wp-cron.php?doing_wp_cron=1777663385.7486720085144042968750 HTTP/1.1" 200 0 "-" "WordPress/6.9.4; https://techfabasia.com"
216.73.216.216 - - [01/May/2026:15:23:01 -0400] "GET /view/item/011536947720 HTTP/1.1" 404 32969 "-" "Mozilla/5.0 AppleWebKit/537.36 (KHTML, like Gecko; compatible; ClaudeBot/1.0; +claudebot@anthropic.com)"
216.73.216.216 - - [01/May/2026:15:23:25 -0400] "GET /view/item/01174818429 HTTP/1.1" 404 32976 "-" "Mozilla/5.0 AppleWebKit/537.36 (KHTML, like Gecko; compatible; ClaudeBot/1.0; +claudebot@anthropic.com)"
216.73.216.216 - - [01/May/2026:15:23:32 -0400] "GET /view/item/01652219400 HTTP/1.1" 200 0 "-" "Mozilla/5.0 AppleWebKit/537.36 (KHTML, like Gecko; compatible; ClaudeBot/1.0; +claudebot@anthropic.com)"
216.73.216.216 - - [01/May/2026:15:23:40 -0400] "GET /view/item/011168833959 HTTP/1.1" 200 0 "-" "Mozilla/5.0 AppleWebKit/537.36 (KHTML, like Gecko; compatible; ClaudeBot/1.0; +claudebot@anthropic.com)"
162.0.232.104 - - [01/May/2026:15:23:53 -0400] "POST /wp-cron.php?doing_wp_cron=1777663433.4586310386657714843750 HTTP/1.1" 200 0 "-" "WordPress/6.9.4; https://techfabasia.com"
216.73.216.216 - - [01/May/2026:15:24:02 -0400] "GET /view/item/0166283935 HTTP/1.1" 404 32959 "-" "Mozilla/5.0 AppleWebKit/537.36 (KHTML, like Gecko; compatible; ClaudeBot/1.0; +claudebot@anthropic.com)"
162.0.232.104 - - [01/May/2026:15:24:30 -0400] "POST /wp-cron.php?doing_wp_cron=1777663470.9777660369873046875000 HTTP/1.1" 200 0 "-" "WordPress/6.9.4; https://techfabasia.com"
216.73.216.216 - - [01/May/2026:15:24:26 -0400] "GET /view/item/01918307036 HTTP/1.1" 404 33019 "-" "Mozilla/5.0 AppleWebKit/537.36 (KHTML, like Gecko; compatible; ClaudeBot/1.0; +claudebot@anthropic.com)"
216.73.216.216 - - [01/May/2026:15:24:37 -0400] "GET /view/item/012861246176 HTTP/1.1" 404 32989 "-" "Mozilla/5.0 AppleWebKit/537.36 (KHTML, like Gecko; compatible; ClaudeBot/1.0; +claudebot@anthropic.com)"
66.249.74.96 - - [01/May/2026:15:24:42 -0400] "GET /view/item/012668102152 HTTP/1.1" 200 29531 "-" "Mozilla/5.0 (Linux; Android 6.0.1; Nexus 5X Build/MMB29P) AppleWebKit/537.36 (KHTML, like Gecko) Chrome/147.0.7727.137 Mobile Safari/537.36 (compatible; Googlebot/2.1; +http://www.google.com/bot.html)"
162.0.232.104 - - [01/May/2026:15:24:59 -0400] "POST /wp-cron.php?doing_wp_cron=1777663499.4635748863220214843750 HTTP/1.1" 200 0 "-" "WordPress/6.9.4; https://techfabasia.com"
216.73.216.216 - - [01/May/2026:15:24:56 -0400] "GET /view/item/01324987526 HTTP/1.1" 404 32973 "-" "Mozilla/5.0 AppleWebKit/537.36 (KHTML, like Gecko; compatible; ClaudeBot/1.0; +claudebot@anthropic.com)"
216.73.216.216 - - [01/May/2026:15:25:20 -0400] "GET /view/item/013395896112 HTTP/1.1" 404 33010 "-" "Mozilla/5.0 AppleWebKit/537.36 (KHTML, like Gecko; compatible; ClaudeBot/1.0; +claudebot@anthropic.com)"
216.73.216.216 - - [01/May/2026:15:25:29 -0400] "GET /view/item/012815422950 HTTP/1.1" 404 32960 "-" "Mozilla/5.0 AppleWebKit/537.36 (KHTML, like Gecko; compatible; ClaudeBot/1.0; +claudebot@anthropic.com)"
66.249.74.110 - - [01/May/2026:15:25:45 -0400] "GET /view/item/011659961677 HTTP/1.1" 200 29792 "-" "Mozilla/5.0 (Linux; Android 6.0.1; Nexus 5X Build/MMB29P) AppleWebKit/537.36 (KHTML, like Gecko) Chrome/147.0.7727.137 Mobile Safari/537.36 (compatible; Googlebot/2.1; +http://www.google.com/bot.html)"
216.73.216.216 - - [01/May/2026:15:25:48 -0400] "GET /view/item/011673828007 HTTP/1.1" 200 0 "-" "Mozilla/5.0 AppleWebKit/537.36 (KHTML, like Gecko; compatible; ClaudeBot/1.0; +claudebot@anthropic.com)"
162.0.232.104 - - [01/May/2026:15:26:00 -0400] "POST /wp-cron.php?doing_wp_cron=1777663560.4492878913879394531250 HTTP/1.1" 200 0 "-" "WordPress/6.9.4; https://techfabasia.com"
216.73.216.216 - - [01/May/2026:15:25:55 -0400] "GET /view/item/011948416882 HTTP/1.1" 404 32990 "-" "Mozilla/5.0 AppleWebKit/537.36 (KHTML, like Gecko; compatible; ClaudeBot/1.0; +claudebot@anthropic.com)"
216.73.216.216 - - [01/May/2026:15:26:08 -0400] "GET /view/item/01186737060 HTTP/1.1" 404 33012 "-" "Mozilla/5.0 AppleWebKit/537.36 (KHTML, like Gecko; compatible; ClaudeBot/1.0; +claudebot@anthropic.com)"
216.73.216.216 - - [01/May/2026:15:26:32 -0400] "GET /view/item/013245516626 HTTP/1.1" 404 33000 "-" "Mozilla/5.0 AppleWebKit/537.36 (KHTML, like Gecko; compatible; ClaudeBot/1.0; +claudebot@anthropic.com)"
216.73.216.216 - - [01/May/2026:15:26:38 -0400] "GET /view/item/01884468472 HTTP/1.1" 404 32978 "-" "Mozilla/5.0 AppleWebKit/537.36 (KHTML, like Gecko; compatible; ClaudeBot/1.0; +claudebot@anthropic.com)"
162.0.232.104 - - [01/May/2026:15:26:52 -0400] "POST /wp-cron.php?doing_wp_cron=1777663612.3421239852905273437500 HTTP/1.1" 200 0 "-" "WordPress/6.9.4; https://techfabasia.com"
54.156.124.2 - - [01/May/2026:15:26:45 -0400] "GET /product-category/12-3-inch/ HTTP/1.1" 200 39848 "-" "Mozilla/5.0 AppleWebKit/537.36 (KHTML, like Gecko; compatible; Amazonbot/0.1; +https://developer.amazon.com/support/amazonbot) Chrome/119.0.6045.214 Safari/537.36"
216.73.216.216 - - [01/May/2026:15:27:02 -0400] "GET /view/item/014114989422 HTTP/1.1" 404 32971 "-" "Mozilla/5.0 AppleWebKit/537.36 (KHTML, like Gecko; compatible; ClaudeBot/1.0; +claudebot@anthropic.com)"
216.73.216.216 - - [01/May/2026:15:27:13 -0400] "GET /view/item/01176863839 HTTP/1.1" 404 33045 "-" "Mozilla/5.0 AppleWebKit/537.36 (KHTML, like Gecko; compatible; ClaudeBot/1.0; +claudebot@anthropic.com)"
216.73.216.216 - - [01/May/2026:15:27:32 -0400] "GET /view/item/01187451193 HTTP/1.1" 404 33039 "-" "Mozilla/5.0 AppleWebKit/537.36 (KHTML, like Gecko; compatible; ClaudeBot/1.0; +claudebot@anthropic.com)"
162.0.232.104 - - [01/May/2026:15:27:50 -0400] "POST /wp-cron.php?doing_wp_cron=1777663670.7659869194030761718750 HTTP/1.1" 200 0 "-" "WordPress/6.9.4; https://techfabasia.com"
216.73.216.216 - - [01/May/2026:15:27:47 -0400] "GET /view/item/012994480224 HTTP/1.1" 404 32997 "-" "Mozilla/5.0 AppleWebKit/537.36 (KHTML, like Gecko; compatible; ClaudeBot/1.0; +claudebot@anthropic.com)"
216.73.216.216 - - [01/May/2026:15:28:12 -0400] "GET /view/item/012963737274 HTTP/1.1" 200 0 "-" "Mozilla/5.0 AppleWebKit/537.36 (KHTML, like Gecko; compatible; ClaudeBot/1.0; +claudebot@anthropic.com)"
216.73.216.216 - - [01/May/2026:15:28:18 -0400] "GET /view/item/01189442391 HTTP/1.1" 404 33011 "-" "Mozilla/5.0 AppleWebKit/537.36 (KHTML, like Gecko; compatible; ClaudeBot/1.0; +claudebot@anthropic.com)"
216.73.216.216 - - [01/May/2026:15:28:27 -0400] "GET /view/item/012963228671 HTTP/1.1" 404 32970 "-" "Mozilla/5.0 AppleWebKit/537.36 (KHTML, like Gecko; compatible; ClaudeBot/1.0; +claudebot@anthropic.com)"
162.0.232.104 - - [01/May/2026:15:28:55 -0400] "POST /wp-cron.php?doing_wp_cron=1777663735.1832709312438964843750 HTTP/1.1" 200 0 "-" "WordPress/6.9.4; https://techfabasia.com"
216.73.216.216 - - [01/May/2026:15:28:51 -0400] "GET /view/item/013742729779 HTTP/1.1" 404 33038 "-" "Mozilla/5.0 AppleWebKit/537.36 (KHTML, like Gecko; compatible; ClaudeBot/1.0; +claudebot@anthropic.com)"
47.128.63.155 - - [01/May/2026:15:28:55 -0400] "GET /product-category/accessories/headphones/earbuds-and-in-ear/ HTTP/1.1" 200 31916 "-" "Mozilla/5.0 (compatible; Bytespider; spider-feedback@bytedance.com) AppleWebKit/537.36 (KHTML, like Gecko) Chrome/70.0.0.0 Safari/537.36"
47.128.63.155 - - [01/May/2026:15:29:03 -0400] "GET /wp-content/plugins/yith-woocommerce-compare/assets/css/compare.css?ver=3.9.0 HTTP/1.1" 200 3190 "https://techfabasia.com/product-category/accessories/headphones/earbuds-and-in-ear/" "Mozilla/5.0 (compatible; Bytespider; spider-feedback@bytedance.com) AppleWebKit/537.36 (KHTML, like Gecko) Chrome/70.0.0.0 Safari/537.36"
47.128.63.155 - - [01/May/2026:15:29:04 -0400] "GET /wp-content/uploads/2025/05/ctlogo.png HTTP/1.1" 206 500 "https://techfabasia.com/product-category/accessories/headphones/earbuds-and-in-ear/" "Mozilla/5.0 (compatible; Bytespider; spider-feedback@bytedance.com) AppleWebKit/537.36 (KHTML, like Gecko) Chrome/70.0.0.0 Safari/537.36"
216.73.216.216 - - [01/May/2026:15:29:01 -0400] "GET /view/item/01964766894 HTTP/1.1" 404 33037 "-" "Mozilla/5.0 AppleWebKit/537.36 (KHTML, like Gecko; compatible; ClaudeBot/1.0; +claudebot@anthropic.com)"
47.128.63.155 - - [01/May/2026:15:29:05 -0400] "GET /wp-content/plugins/wpforms-lite/assets/css/frontend/modern/wpforms-full.min.css?ver=1.10.0.4 HTTP/1.1" 200 15488 "https://techfabasia.com/product-category/accessories/headphones/earbuds-and-in-ear/" "Mozilla/5.0 (compatible; Bytespider; spider-feedback@bytedance.com) AppleWebKit/537.36 (KHTML, like Gecko) Chrome/70.0.0.0 Safari/537.36"
47.128.63.155 - - [01/May/2026:15:29:10 -0400] "GET /wp-content/uploads/2025/05/6538c90e4ece2-100x100.jpg HTTP/1.1" 206 500 "https://techfabasia.com/product-category/accessories/headphones/earbuds-and-in-ear/" "Mozilla/5.0 (compatible; Bytespider; spider-feedback@bytedance.com) AppleWebKit/537.36 (KHTML, like Gecko) Chrome/70.0.0.0 Safari/537.36"
216.73.216.216 - - [01/May/2026:15:29:23 -0400] "GET /view/item/013609422178 HTTP/1.1" 404 33054 "-" "Mozilla/5.0 AppleWebKit/537.36 (KHTML, like Gecko; compatible; ClaudeBot/1.0; +claudebot@anthropic.com)"
47.128.63.153 - - [01/May/2026:15:29:29 -0400] "GET /shop/general-utilization-on-line-ndt-real-time-imaging-x-ray-unc-160-c-l/ HTTP/1.1" 200 32950 "-" "Mozilla/5.0 (compatible; Bytespider; spider-feedback@bytedance.com) AppleWebKit/537.36 (KHTML, like Gecko) Chrome/70.0.0.0 Safari/537.36"
47.128.63.153 - - [01/May/2026:15:29:34 -0400] "GET /wp-content/plugins/woocommerce/assets/css/brands.css?ver=10.7.0 HTTP/1.1" 200 579 "https://techfabasia.com/shop/general-utilization-on-line-ndt-real-time-imaging-x-ray-unc-160-c-l/" "Mozilla/5.0 (compatible; Bytespider; spider-feedback@bytedance.com) AppleWebKit/537.36 (KHTML, like Gecko) Chrome/70.0.0.0 Safari/537.36"
47.128.63.153 - - [01/May/2026:15:29:35 -0400] "GET /wp-content/plugins/yith-woocommerce-compare/assets/css/compare.css?ver=3.9.0 HTTP/1.1" 200 3190 "https://techfabasia.com/shop/general-utilization-on-line-ndt-real-time-imaging-x-ray-unc-160-c-l/" "Mozilla/5.0 (compatible; Bytespider; spider-feedback@bytedance.com) AppleWebKit/537.36 (KHTML, like Gecko) Chrome/70.0.0.0 Safari/537.36"
47.128.63.153 - - [01/May/2026:15:29:35 -0400] "GET /wp-content/uploads/2025/05/ctlogo.png HTTP/1.1" 206 500 "https://techfabasia.com/shop/general-utilization-on-line-ndt-real-time-imaging-x-ray-unc-160-c-l/" "Mozilla/5.0 (compatible; Bytespider; spider-feedback@bytedance.com) AppleWebKit/537.36 (KHTML, like Gecko) Chrome/70.0.0.0 Safari/537.36"
47.128.63.153 - - [01/May/2026:15:29:35 -0400] "GET /wp-content/plugins/perfect-woocommerce-brands/build/frontend/css/style.css?ver=3.6.12 HTTP/1.1" 200 1335 "https://techfabasia.com/shop/general-utilization-on-line-ndt-real-time-imaging-x-ray-unc-160-c-l/" "Mozilla/5.0 (compatible; Bytespider; spider-feedback@bytedance.com) AppleWebKit/537.36 (KHTML, like Gecko) Chrome/70.0.0.0 Safari/537.36"
47.128.63.153 - - [01/May/2026:15:29:36 -0400] "GET /wp-content/plugins/wpforms-lite/assets/css/frontend/modern/wpforms-full.min.css?ver=1.10.0.4 HTTP/1.1" 200 15488 "https://techfabasia.com/shop/general-utilization-on-line-ndt-real-time-imaging-x-ray-unc-160-c-l/" "Mozilla/5.0 (compatible; Bytespider; spider-feedback@bytedance.com) AppleWebKit/537.36 (KHTML, like Gecko) Chrome/70.0.0.0 Safari/537.36"
47.128.63.153 - - [01/May/2026:15:29:37 -0400] "GET /wp-content/uploads/2018/10/electro-slider-placeholder-1.png HTTP/1.1" 206 500 "https://techfabasia.com/shop/general-utilization-on-line-ndt-real-time-imaging-x-ray-unc-160-c-l/" "Mozilla/5.0 (compatible; Bytespider; spider-feedback@bytedance.com) AppleWebKit/537.36 (KHTML, like Gecko) Chrome/70.0.0.0 Safari/537.36"
47.128.63.153 - - [01/May/2026:15:29:38 -0400] "GET /wp-content/uploads/2025/05/197-100x100.jpg HTTP/1.1" 206 500 "https://techfabasia.com/shop/general-utilization-on-line-ndt-real-time-imaging-x-ray-unc-160-c-l/" "Mozilla/5.0 (compatible; Bytespider; spider-feedback@bytedance.com) AppleWebKit/537.36 (KHTML, like Gecko) Chrome/70.0.0.0 Safari/537.36"
47.128.63.153 - - [01/May/2026:15:29:38 -0400] "GET /wp-content/uploads/2025/05/123123-100x100.png HTTP/1.1" 206 500 "https://techfabasia.com/shop/general-utilization-on-line-ndt-real-time-imaging-x-ray-unc-160-c-l/" "Mozilla/5.0 (compatible; Bytespider; spider-feedback@bytedance.com) AppleWebKit/537.36 (KHTML, like Gecko) Chrome/70.0.0.0 Safari/537.36"
216.73.216.216 - - [01/May/2026:15:29:37 -0400] "GET /view/item/013545384826 HTTP/1.1" 404 32994 "-" "Mozilla/5.0 AppleWebKit/537.36 (KHTML, like Gecko; compatible; ClaudeBot/1.0; +claudebot@anthropic.com)"
162.0.232.104 - - [01/May/2026:15:29:52 -0400] "POST /wp-cron.php?doing_wp_cron=1777663792.5412979125976562500000 HTTP/1.1" 200 0 "-" "WordPress/6.9.4; https://techfabasia.com"
216.73.216.216 - - [01/May/2026:15:29:48 -0400] "GET /view/item/014059848529 HTTP/1.1" 404 33040 "-" "Mozilla/5.0 AppleWebKit/537.36 (KHTML, like Gecko; compatible; ClaudeBot/1.0; +claudebot@anthropic.com)"
162.0.232.104 - - [01/May/2026:15:30:12 -0400] "POST /wp-cron.php?doing_wp_cron=1777663811.7799770832061767578125 HTTP/1.1" 200 0 "-" "WordPress/6.9.4; https://techfabasia.com"
47.128.63.211 - - [01/May/2026:15:30:05 -0400] "GET /product-category/tv-audio/portable-audio/ HTTP/1.1" 200 31860 "-" "Mozilla/5.0 (compatible; Bytespider; spider-feedback@bytedance.com) AppleWebKit/537.36 (KHTML, like Gecko) Chrome/70.0.0.0 Safari/537.36"
47.128.63.211 - - [01/May/2026:15:30:13 -0400] "GET /wp-content/plugins/perfect-woocommerce-brands/build/frontend/css/style.css?ver=3.6.12 HTTP/1.1" 200 1335 "https://techfabasia.com/product-category/tv-audio/portable-audio/" "Mozilla/5.0 (compatible; Bytespider; spider-feedback@bytedance.com) AppleWebKit/537.36 (KHTML, like Gecko) Chrome/70.0.0.0 Safari/537.36"
216.73.216.216 - - [01/May/2026:15:30:13 -0400] "GET /view/item/011065253234 HTTP/1.1" 404 32992 "-" "Mozilla/5.0 AppleWebKit/537.36 (KHTML, like Gecko; compatible; ClaudeBot/1.0; +claudebot@anthropic.com)"
216.73.216.216 - - [01/May/2026:15:30:26 -0400] "GET /view/item/014186059402 HTTP/1.1" 404 33054 "-" "Mozilla/5.0 AppleWebKit/537.36 (KHTML, like Gecko; compatible; ClaudeBot/1.0; +claudebot@anthropic.com)"
47.128.63.21 - - [01/May/2026:15:30:43 -0400] "GET /product-category/laptops-computers/desktop-pcs-laptops-2/ HTTP/1.1" 200 31948 "-" "Mozilla/5.0 (compatible; Bytespider; spider-feedback@bytedance.com) AppleWebKit/537.36 (KHTML, like Gecko) Chrome/70.0.0.0 Safari/537.36"
47.128.63.21 - - [01/May/2026:15:30:49 -0400] "GET /wp-includes/css/dist/block-library/style.min.css?ver=6.9.4 HTTP/1.1" 200 14889 "https://techfabasia.com/product-category/laptops-computers/desktop-pcs-laptops-2/" "Mozilla/5.0 (compatible; Bytespider; spider-feedback@bytedance.com) AppleWebKit/537.36 (KHTML, like Gecko) Chrome/70.0.0.0 Safari/537.36"
47.128.63.21 - - [01/May/2026:15:30:49 -0400] "GET /wp-content/plugins/yith-woocommerce-wishlist/assets/css/frontend/add-to-wishlist.css?ver=4.14.0 HTTP/1.1" 200 3034 "https://techfabasia.com/product-category/laptops-computers/desktop-pcs-laptops-2/" "Mozilla/5.0 (compatible; Bytespider; spider-feedback@bytedance.com) AppleWebKit/537.36 (KHTML, like Gecko) Chrome/70.0.0.0 Safari/537.36"
47.128.63.21 - - [01/May/2026:15:30:50 -0400] "GET /wp-content/themes/electro/assets/css/colors/blue.min.css?ver=3.5.7 HTTP/1.1" 200 5171 "https://techfabasia.com/product-category/laptops-computers/desktop-pcs-laptops-2/" "Mozilla/5.0 (compatible; Bytespider; spider-feedback@bytedance.com) AppleWebKit/537.36 (KHTML, like Gecko) Chrome/70.0.0.0 Safari/537.36"
47.128.63.21 - - [01/May/2026:15:30:50 -0400] "GET /wp-content/plugins/yith-woocommerce-compare/assets/css/compare.css?ver=3.9.0 HTTP/1.1" 200 3190 "https://techfabasia.com/product-category/laptops-computers/desktop-pcs-laptops-2/" "Mozilla/5.0 (compatible; Bytespider; spider-feedback@bytedance.com) AppleWebKit/537.36 (KHTML, like Gecko) Chrome/70.0.0.0 Safari/537.36"
47.128.63.21 - - [01/May/2026:15:30:50 -0400] "GET /wp-content/plugins/perfect-woocommerce-brands/build/frontend/css/style.css?ver=3.6.12 HTTP/1.1" 200 1335 "https://techfabasia.com/product-category/laptops-computers/desktop-pcs-laptops-2/" "Mozilla/5.0 (compatible; Bytespider; spider-feedback@bytedance.com) AppleWebKit/537.36 (KHTML, like Gecko) Chrome/70.0.0.0 Safari/537.36"
