216.73.216.125 - - [02/May/2026:05:02:15 -0400] "GET /view/item/012178199706 HTTP/1.1" 200 184 "-" "Mozilla/5.0 AppleWebKit/537.36 (KHTML, like Gecko; compatible; ClaudeBot/1.0; +claudebot@anthropic.com)"
216.73.216.125 - - [02/May/2026:05:02:09 -0400] "GET /view/item/013734875437 HTTP/1.1" 200 0 "-" "Mozilla/5.0 AppleWebKit/537.36 (KHTML, like Gecko; compatible; ClaudeBot/1.0; +claudebot@anthropic.com)"
216.73.216.125 - - [02/May/2026:05:02:19 -0400] "GET /view/item/014147349292 HTTP/1.1" 404 33053 "-" "Mozilla/5.0 AppleWebKit/537.36 (KHTML, like Gecko; compatible; ClaudeBot/1.0; +claudebot@anthropic.com)"
59.93.102.220 - - [02/May/2026:05:02:22 -0400] "POST /xmlrpc.php HTTP/1.1" 200 0 "-" "Jetpack by WordPress.com"
162.0.232.104 - - [02/May/2026:05:02:31 -0400] "POST /wp-cron.php?doing_wp_cron=1777712551.5119199752807617187500 HTTP/1.1" 200 0 "-" "WordPress/6.9.4; https://techfabasia.com"
216.73.216.125 - - [02/May/2026:05:02:26 -0400] "GET /view/item/0172620220 HTTP/1.1" 404 32977 "-" "Mozilla/5.0 AppleWebKit/537.36 (KHTML, like Gecko; compatible; ClaudeBot/1.0; +claudebot@anthropic.com)"
216.73.216.125 - - [02/May/2026:05:02:32 -0400] "GET /view/item/0195168996 HTTP/1.1" 404 33005 "-" "Mozilla/5.0 AppleWebKit/537.36 (KHTML, like Gecko; compatible; ClaudeBot/1.0; +claudebot@anthropic.com)"
59.93.102.220 - - [02/May/2026:05:02:32 -0400] "POST /xmlrpc.php HTTP/1.1" 200 0 "-" "Jetpack/13.0; WordPress/6.3; http://site35902683.com"
216.73.216.125 - - [02/May/2026:05:02:38 -0400] "GET /view/item/01803472407 HTTP/1.1" 404 33053 "-" "Mozilla/5.0 AppleWebKit/537.36 (KHTML, like Gecko; compatible; ClaudeBot/1.0; +claudebot@anthropic.com)"
59.93.102.220 - - [02/May/2026:05:02:43 -0400] "POST /xmlrpc.php HTTP/1.1" 200 0 "-" "WordPress.com; https://wordpress.com"
216.73.216.125 - - [02/May/2026:05:02:44 -0400] "GET /view/item/01183550865 HTTP/1.1" 404 33018 "-" "Mozilla/5.0 AppleWebKit/537.36 (KHTML, like Gecko; compatible; ClaudeBot/1.0; +claudebot@anthropic.com)"
216.73.216.125 - - [02/May/2026:05:02:51 -0400] "GET /view/item/013300973172 HTTP/1.1" 404 32966 "-" "Mozilla/5.0 AppleWebKit/537.36 (KHTML, like Gecko; compatible; ClaudeBot/1.0; +claudebot@anthropic.com)"
59.93.102.220 - - [02/May/2026:05:02:53 -0400] "POST /xmlrpc.php HTTP/1.1" 200 0 "-" "WordPress.com; https://wordpress.com"
216.73.216.125 - - [02/May/2026:05:03:00 -0400] "GET /view/item/01490627261 HTTP/1.1" 404 32967 "-" "Mozilla/5.0 AppleWebKit/537.36 (KHTML, like Gecko; compatible; ClaudeBot/1.0; +claudebot@anthropic.com)"
59.93.102.220 - - [02/May/2026:05:03:04 -0400] "POST /xmlrpc.php HTTP/1.1" 200 0 "-" "Jetpack/12.0; WordPress/6.2; http://site44734240.com"
216.73.216.125 - - [02/May/2026:05:03:06 -0400] "GET /view/item/0168838272 HTTP/1.1" 404 33055 "-" "Mozilla/5.0 AppleWebKit/537.36 (KHTML, like Gecko; compatible; ClaudeBot/1.0; +claudebot@anthropic.com)"
59.93.102.220 - - [02/May/2026:05:03:14 -0400] "POST /xmlrpc.php HTTP/1.1" 200 0 "-" "Jetpack by WordPress.com"
162.0.232.104 - - [02/May/2026:05:03:28 -0400] "POST /wp-cron.php?doing_wp_cron=1777712608.1595211029052734375000 HTTP/1.1" 200 0 "-" "WordPress/6.9.4; https://techfabasia.com"
216.73.216.125 - - [02/May/2026:05:03:18 -0400] "GET /view/item/01643608616 HTTP/1.1" 404 33043 "-" "Mozilla/5.0 AppleWebKit/537.36 (KHTML, like Gecko; compatible; ClaudeBot/1.0; +claudebot@anthropic.com)"
59.93.102.220 - - [02/May/2026:05:03:24 -0400] "POST /xmlrpc.php HTTP/1.1" 200 0 "-" "WordPress.com; https://wordpress.com"
216.73.216.125 - - [02/May/2026:05:03:30 -0400] "GET /view/item/013344702103 HTTP/1.1" 404 32988 "-" "Mozilla/5.0 AppleWebKit/537.36 (KHTML, like Gecko; compatible; ClaudeBot/1.0; +claudebot@anthropic.com)"
59.93.102.220 - - [02/May/2026:05:03:35 -0400] "POST /xmlrpc.php HTTP/1.1" 200 0 "-" "Jetpack/12.5; WordPress/6.1; http://site54375660.com"
216.73.216.125 - - [02/May/2026:05:03:42 -0400] "GET /view/item/0164573432 HTTP/1.1" 404 32981 "-" "Mozilla/5.0 AppleWebKit/537.36 (KHTML, like Gecko; compatible; ClaudeBot/1.0; +claudebot@anthropic.com)"
59.93.102.220 - - [02/May/2026:05:03:45 -0400] "POST /xmlrpc.php HTTP/1.1" 200 0 "-" "Jetpack/12.1; WordPress/6.3; http://site61291913.com"
59.93.102.220 - - [02/May/2026:05:03:56 -0400] "POST /xmlrpc.php HTTP/1.1" 200 0 "-" "Jetpack/12.0; WordPress/6.4; http://site89599025.com"
216.73.216.125 - - [02/May/2026:05:03:54 -0400] "GET /view/item/011983783604 HTTP/1.1" 200 0 "-" "Mozilla/5.0 AppleWebKit/537.36 (KHTML, like Gecko; compatible; ClaudeBot/1.0; +claudebot@anthropic.com)"
59.93.102.220 - - [02/May/2026:05:04:06 -0400] "POST /xmlrpc.php HTTP/1.1" 200 0 "-" "WordPress.com; https://wordpress.com"
216.73.216.125 - - [02/May/2026:05:04:07 -0400] "GET /view/item/012565555428 HTTP/1.1" 200 0 "-" "Mozilla/5.0 AppleWebKit/537.36 (KHTML, like Gecko; compatible; ClaudeBot/1.0; +claudebot@anthropic.com)"
59.93.102.220 - - [02/May/2026:05:04:16 -0400] "POST /xmlrpc.php HTTP/1.1" 200 0 "-" "Jetpack by WordPress.com"
59.93.102.220 - - [02/May/2026:05:04:27 -0400] "POST /xmlrpc.php HTTP/1.1" 200 0 "-" "WordPress.com; https://wordpress.com"
216.73.216.125 - - [02/May/2026:05:04:25 -0400] "GET /view/item/01566994648 HTTP/1.1" 200 0 "-" "Mozilla/5.0 AppleWebKit/537.36 (KHTML, like Gecko; compatible; ClaudeBot/1.0; +claudebot@anthropic.com)"
162.0.232.104 - - [02/May/2026:05:04:35 -0400] "POST /wp-cron.php?doing_wp_cron=1777712675.6916608810424804687500 HTTP/1.1" 200 0 "-" "WordPress/6.9.4; https://techfabasia.com"
59.93.102.220 - - [02/May/2026:05:04:37 -0400] "POST /xmlrpc.php HTTP/1.1" 200 0 "-" "Jetpack by WordPress.com (Jetpack 13.0; WordPress 6.2)"
216.73.216.125 - - [02/May/2026:05:04:37 -0400] "GET /view/item/014075133370 HTTP/1.1" 404 32994 "-" "Mozilla/5.0 AppleWebKit/537.36 (KHTML, like Gecko; compatible; ClaudeBot/1.0; +claudebot@anthropic.com)"
59.93.102.220 - - [02/May/2026:05:04:48 -0400] "POST /xmlrpc.php HTTP/1.1" 200 0 "-" "Jetpack by WordPress.com"
34.234.98.53 - - [02/May/2026:05:04:47 -0400] "HEAD /product-category/home-entertainment/tvs/4k-ultra-hd-tvs/ HTTP/1.1" 200 0 "-" "Mozilla/5.0 AppleWebKit/605.1.15 (KHTML, like Gecko) Chrome/139.0.0.0 Safari/605.1.15"
216.73.216.125 - - [02/May/2026:05:04:49 -0400] "GET /view/item/012431997548 HTTP/1.1" 200 0 "-" "Mozilla/5.0 AppleWebKit/537.36 (KHTML, like Gecko; compatible; ClaudeBot/1.0; +claudebot@anthropic.com)"
59.93.102.220 - - [02/May/2026:05:04:58 -0400] "POST /xmlrpc.php HTTP/1.1" 200 0 "-" "Jetpack by WordPress.com"
216.73.216.125 - - [02/May/2026:05:04:56 -0400] "GET /view/item/011135008641 HTTP/1.1" 200 0 "-" "Mozilla/5.0 AppleWebKit/537.36 (KHTML, like Gecko; compatible; ClaudeBot/1.0; +claudebot@anthropic.com)"
216.73.216.125 - - [02/May/2026:05:05:09 -0400] "GET /view/item/01653706097 HTTP/1.1" 404 33042 "-" "Mozilla/5.0 AppleWebKit/537.36 (KHTML, like Gecko; compatible; ClaudeBot/1.0; +claudebot@anthropic.com)"
59.93.102.220 - - [02/May/2026:05:05:09 -0400] "POST /xmlrpc.php HTTP/1.1" 200 0 "-" "Jetpack/12.0; WordPress/6.3; http://site17642319.com"
216.73.216.125 - - [02/May/2026:05:05:20 -0400] "GET /view/item/01825640868 HTTP/1.1" 404 33049 "-" "Mozilla/5.0 AppleWebKit/537.36 (KHTML, like Gecko; compatible; ClaudeBot/1.0; +claudebot@anthropic.com)"
59.93.102.220 - - [02/May/2026:05:05:19 -0400] "POST /xmlrpc.php HTTP/1.1" 200 0 "-" "Jetpack by WordPress.com"
216.73.216.125 - - [02/May/2026:05:05:32 -0400] "GET /view/item/011567035449 HTTP/1.1" 200 184 "-" "Mozilla/5.0 AppleWebKit/537.36 (KHTML, like Gecko; compatible; ClaudeBot/1.0; +claudebot@anthropic.com)"
59.93.102.220 - - [02/May/2026:05:05:29 -0400] "POST /xmlrpc.php HTTP/1.1" 200 0 "-" "WordPress.com; https://wordpress.com"
59.93.102.220 - - [02/May/2026:05:05:40 -0400] "POST /xmlrpc.php HTTP/1.1" 200 0 "-" "Jetpack/13.0; WordPress/6.3; http://site95203104.com"
216.73.216.125 - - [02/May/2026:05:05:44 -0400] "GET /view/item/013884897589 HTTP/1.1" 200 0 "-" "Mozilla/5.0 AppleWebKit/537.36 (KHTML, like Gecko; compatible; ClaudeBot/1.0; +claudebot@anthropic.com)"
162.0.232.104 - - [02/May/2026:05:05:56 -0400] "POST /wp-cron.php?doing_wp_cron=1777712756.5789189338684082031250 HTTP/1.1" 200 0 "-" "WordPress/6.9.4; https://techfabasia.com"
59.93.102.220 - - [02/May/2026:05:05:50 -0400] "POST /xmlrpc.php HTTP/1.1" 200 0 "-" "Jetpack by WordPress.com (Jetpack 12.5; WordPress 6.1)"
59.93.102.220 - - [02/May/2026:05:06:01 -0400] "POST /xmlrpc.php HTTP/1.1" 200 0 "-" "Jetpack by WordPress.com"
216.73.216.125 - - [02/May/2026:05:06:05 -0400] "GET /view/item/012880040261 HTTP/1.1" 404 32955 "-" "Mozilla/5.0 AppleWebKit/537.36 (KHTML, like Gecko; compatible; ClaudeBot/1.0; +claudebot@anthropic.com)"
59.93.102.220 - - [02/May/2026:05:06:11 -0400] "POST /xmlrpc.php HTTP/1.1" 200 0 "-" "WordPress.com; https://wordpress.com"
216.73.216.125 - - [02/May/2026:05:06:17 -0400] "GET /view/item/011554093871 HTTP/1.1" 404 33040 "-" "Mozilla/5.0 AppleWebKit/537.36 (KHTML, like Gecko; compatible; ClaudeBot/1.0; +claudebot@anthropic.com)"
59.93.102.220 - - [02/May/2026:05:06:22 -0400] "POST /xmlrpc.php HTTP/1.1" 200 0 "-" "Jetpack by WordPress.com"
162.0.232.104 - - [02/May/2026:05:06:33 -0400] "POST /wp-cron.php?doing_wp_cron=1777712793.1975009441375732421875 HTTP/1.1" 200 0 "-" "WordPress/6.9.4; https://techfabasia.com"
216.73.216.125 - - [02/May/2026:05:06:29 -0400] "GET /view/item/01563594034 HTTP/1.1" 404 33043 "-" "Mozilla/5.0 AppleWebKit/537.36 (KHTML, like Gecko; compatible; ClaudeBot/1.0; +claudebot@anthropic.com)"
59.93.102.220 - - [02/May/2026:05:06:32 -0400] "POST /xmlrpc.php HTTP/1.1" 200 0 "-" "WordPress.com; https://wordpress.com"
216.73.216.125 - - [02/May/2026:05:06:37 -0400] "GET /view/item/011151604286 HTTP/1.1" 404 32988 "-" "Mozilla/5.0 AppleWebKit/537.36 (KHTML, like Gecko; compatible; ClaudeBot/1.0; +claudebot@anthropic.com)"
59.93.102.220 - - [02/May/2026:05:06:42 -0400] "POST /xmlrpc.php HTTP/1.1" 200 0 "-" "Jetpack by WordPress.com"
216.73.216.125 - - [02/May/2026:05:06:49 -0400] "GET /view/item/01376796513 HTTP/1.1" 404 32963 "-" "Mozilla/5.0 AppleWebKit/537.36 (KHTML, like Gecko; compatible; ClaudeBot/1.0; +claudebot@anthropic.com)"
59.93.102.220 - - [02/May/2026:05:06:54 -0400] "POST /xmlrpc.php HTTP/1.1" 200 0 "-" "WordPress.com; https://wordpress.com"
216.73.216.125 - - [02/May/2026:05:07:01 -0400] "GET /view/item/011822944909 HTTP/1.1" 404 33019 "-" "Mozilla/5.0 AppleWebKit/537.36 (KHTML, like Gecko; compatible; ClaudeBot/1.0; +claudebot@anthropic.com)"
59.93.102.220 - - [02/May/2026:05:07:04 -0400] "POST /xmlrpc.php HTTP/1.1" 200 0 "-" "Jetpack by WordPress.com"
216.73.216.125 - - [02/May/2026:05:07:10 -0400] "GET /view/item/01182491696 HTTP/1.1" 404 32995 "-" "Mozilla/5.0 AppleWebKit/537.36 (KHTML, like Gecko; compatible; ClaudeBot/1.0; +claudebot@anthropic.com)"
59.93.102.220 - - [02/May/2026:05:07:19 -0400] "POST /xmlrpc.php HTTP/1.1" 200 0 "-" "Jetpack by WordPress.com"
216.73.216.125 - - [02/May/2026:05:07:23 -0400] "GET /view/item/0110301552 HTTP/1.1" 404 33046 "-" "Mozilla/5.0 AppleWebKit/537.36 (KHTML, like Gecko; compatible; ClaudeBot/1.0; +claudebot@anthropic.com)"
59.93.102.220 - - [02/May/2026:05:07:31 -0400] "POST /xmlrpc.php HTTP/1.1" 200 0 "-" "Jetpack by WordPress.com"
162.0.232.104 - - [02/May/2026:05:07:38 -0400] "POST /wp-cron.php?doing_wp_cron=1777712858.6202220916748046875000 HTTP/1.1" 200 0 "-" "WordPress/6.9.4; https://techfabasia.com"
216.73.216.125 - - [02/May/2026:05:07:34 -0400] "GET /view/item/012567910074 HTTP/1.1" 404 32995 "-" "Mozilla/5.0 AppleWebKit/537.36 (KHTML, like Gecko; compatible; ClaudeBot/1.0; +claudebot@anthropic.com)"
216.73.216.125 - - [02/May/2026:05:07:44 -0400] "GET /view/item/01674054262 HTTP/1.1" 404 33019 "-" "Mozilla/5.0 AppleWebKit/537.36 (KHTML, like Gecko; compatible; ClaudeBot/1.0; +claudebot@anthropic.com)"
59.93.102.220 - - [02/May/2026:05:07:43 -0400] "POST /xmlrpc.php HTTP/1.1" 200 0 "-" "Jetpack by WordPress.com (Jetpack 12.1; WordPress 6.2)"
216.73.216.125 - - [02/May/2026:05:07:52 -0400] "GET /view/item/0114229559 HTTP/1.1" 404 32928 "-" "Mozilla/5.0 AppleWebKit/537.36 (KHTML, like Gecko; compatible; ClaudeBot/1.0; +claudebot@anthropic.com)"
59.93.102.220 - - [02/May/2026:05:07:55 -0400] "POST /xmlrpc.php HTTP/1.1" 200 0 "-" "WordPress.com; https://wordpress.com"
216.73.216.125 - - [02/May/2026:05:08:04 -0400] "GET /view/item/012145879501 HTTP/1.1" 404 33013 "-" "Mozilla/5.0 AppleWebKit/537.36 (KHTML, like Gecko; compatible; ClaudeBot/1.0; +claudebot@anthropic.com)"
59.93.102.220 - - [02/May/2026:05:08:06 -0400] "POST /xmlrpc.php HTTP/1.1" 200 0 "-" "Jetpack by WordPress.com"
59.93.102.220 - - [02/May/2026:05:08:17 -0400] "POST /xmlrpc.php HTTP/1.1" 200 0 "-" "Jetpack by WordPress.com"
216.73.216.125 - - [02/May/2026:05:08:16 -0400] "GET /view/item/01843622935 HTTP/1.1" 200 0 "-" "Mozilla/5.0 AppleWebKit/537.36 (KHTML, like Gecko; compatible; ClaudeBot/1.0; +claudebot@anthropic.com)"
162.0.232.104 - - [02/May/2026:05:08:28 -0400] "POST /wp-cron.php?doing_wp_cron=1777712908.6704699993133544921875 HTTP/1.1" 200 0 "-" "WordPress/6.9.4; https://techfabasia.com"
216.73.216.125 - - [02/May/2026:05:08:24 -0400] "GET /view/item/01612255771 HTTP/1.1" 404 33078 "-" "Mozilla/5.0 AppleWebKit/537.36 (KHTML, like Gecko; compatible; ClaudeBot/1.0; +claudebot@anthropic.com)"
59.93.102.220 - - [02/May/2026:05:08:28 -0400] "POST /xmlrpc.php HTTP/1.1" 200 0 "-" "WordPress.com; https://wordpress.com"
216.73.216.125 - - [02/May/2026:05:08:36 -0400] "GET /view/item/01767169918 HTTP/1.1" 404 33004 "-" "Mozilla/5.0 AppleWebKit/537.36 (KHTML, like Gecko; compatible; ClaudeBot/1.0; +claudebot@anthropic.com)"
59.93.102.220 - - [02/May/2026:05:08:39 -0400] "POST /xmlrpc.php HTTP/1.1" 200 0 "-" "Jetpack by WordPress.com"
216.73.216.125 - - [02/May/2026:05:08:48 -0400] "GET /view/item/01929855440 HTTP/1.1" 404 33040 "-" "Mozilla/5.0 AppleWebKit/537.36 (KHTML, like Gecko; compatible; ClaudeBot/1.0; +claudebot@anthropic.com)"
59.93.102.220 - - [02/May/2026:05:08:51 -0400] "POST /xmlrpc.php HTTP/1.1" 200 0 "-" "Jetpack by WordPress.com"
216.73.216.125 - - [02/May/2026:05:08:55 -0400] "GET /view/item/01842995078 HTTP/1.1" 404 33019 "-" "Mozilla/5.0 AppleWebKit/537.36 (KHTML, like Gecko; compatible; ClaudeBot/1.0; +claudebot@anthropic.com)"
59.93.102.220 - - [02/May/2026:05:09:03 -0400] "POST /xmlrpc.php HTTP/1.1" 200 0 "-" "WordPress.com; https://wordpress.com"
216.73.216.125 - - [02/May/2026:05:09:11 -0400] "GET /view/item/014109602745 HTTP/1.1" 404 32989 "-" "Mozilla/5.0 AppleWebKit/537.36 (KHTML, like Gecko; compatible; ClaudeBot/1.0; +claudebot@anthropic.com)"
59.93.102.220 - - [02/May/2026:05:09:14 -0400] "POST /xmlrpc.php HTTP/1.1" 200 0 "-" "WordPress.com; https://wordpress.com"
216.73.216.125 - - [02/May/2026:05:09:19 -0400] "GET /view/item/01653362689 HTTP/1.1" 404 33053 "-" "Mozilla/5.0 AppleWebKit/537.36 (KHTML, like Gecko; compatible; ClaudeBot/1.0; +claudebot@anthropic.com)"
59.93.102.220 - - [02/May/2026:05:09:27 -0400] "POST /xmlrpc.php HTTP/1.1" 200 0 "-" "Jetpack/13.0; WordPress/6.4; http://site92064361.com"
162.0.232.104 - - [02/May/2026:05:09:35 -0400] "POST /wp-cron.php?doing_wp_cron=1777712974.9846539497375488281250 HTTP/1.1" 200 0 "-" "WordPress/6.9.4; https://techfabasia.com"
216.73.216.125 - - [02/May/2026:05:09:28 -0400] "GET /view/item/0141750016 HTTP/1.1" 404 32932 "-" "Mozilla/5.0 AppleWebKit/537.36 (KHTML, like Gecko; compatible; ClaudeBot/1.0; +claudebot@anthropic.com)"
216.73.216.125 - - [02/May/2026:05:09:39 -0400] "GET /view/item/013581695019 HTTP/1.1" 404 32990 "-" "Mozilla/5.0 AppleWebKit/537.36 (KHTML, like Gecko; compatible; ClaudeBot/1.0; +claudebot@anthropic.com)"
59.93.102.220 - - [02/May/2026:05:09:37 -0400] "POST /xmlrpc.php HTTP/1.1" 200 0 "-" "Jetpack by WordPress.com (Jetpack 12.5; WordPress 6.1)"
59.93.102.220 - - [02/May/2026:05:09:48 -0400] "POST /xmlrpc.php HTTP/1.1" 200 0 "-" "Jetpack by WordPress.com"
216.73.216.125 - - [02/May/2026:05:09:51 -0400] "GET /view/item/014254065020 HTTP/1.1" 404 32968 "-" "Mozilla/5.0 AppleWebKit/537.36 (KHTML, like Gecko; compatible; ClaudeBot/1.0; +claudebot@anthropic.com)"
216.73.216.125 - - [02/May/2026:05:09:58 -0400] "GET /view/item/01303840889 HTTP/1.1" 404 33043 "-" "Mozilla/5.0 AppleWebKit/537.36 (KHTML, like Gecko; compatible; ClaudeBot/1.0; +claudebot@anthropic.com)"
59.93.102.220 - - [02/May/2026:05:09:58 -0400] "POST /xmlrpc.php HTTP/1.1" 200 0 "-" "Jetpack by WordPress.com (Jetpack 13.0; WordPress 6.4)"
216.73.216.125 - - [02/May/2026:05:10:04 -0400] "GET /view/item/013881392349 HTTP/1.1" 404 32991 "-" "Mozilla/5.0 AppleWebKit/537.36 (KHTML, like Gecko; compatible; ClaudeBot/1.0; +claudebot@anthropic.com)"
59.93.102.220 - - [02/May/2026:05:10:09 -0400] "POST /xmlrpc.php HTTP/1.1" 200 0 "-" "Jetpack by WordPress.com (Jetpack 12.5; WordPress 6.1)"
216.73.216.125 - - [02/May/2026:05:10:16 -0400] "GET /view/item/013635725366 HTTP/1.1" 404 33014 "-" "Mozilla/5.0 AppleWebKit/537.36 (KHTML, like Gecko; compatible; ClaudeBot/1.0; +claudebot@anthropic.com)"
59.93.102.220 - - [02/May/2026:05:10:20 -0400] "POST /xmlrpc.php HTTP/1.1" 200 0 "-" "Jetpack/12.0; WordPress/6.2; http://site79422663.com"
162.0.232.104 - - [02/May/2026:05:10:34 -0400] "POST /wp-cron.php?doing_wp_cron=1777713034.3348948955535888671875 HTTP/1.1" 200 0 "-" "WordPress/6.9.4; https://techfabasia.com"
216.73.216.125 - - [02/May/2026:05:10:31 -0400] "GET /view/item/014288554870 HTTP/1.1" 404 32961 "-" "Mozilla/5.0 AppleWebKit/537.36 (KHTML, like Gecko; compatible; ClaudeBot/1.0; +claudebot@anthropic.com)"
59.93.102.220 - - [02/May/2026:05:10:30 -0400] "POST /xmlrpc.php HTTP/1.1" 200 0 "-" "Jetpack/13.0; WordPress/6.4; http://site22395742.com"
59.93.102.220 - - [02/May/2026:05:10:41 -0400] "POST /xmlrpc.php HTTP/1.1" 200 0 "-" "WordPress.com; https://wordpress.com"
216.73.216.125 - - [02/May/2026:05:10:43 -0400] "GET /view/item/01323878787 HTTP/1.1" 404 32929 "-" "Mozilla/5.0 AppleWebKit/537.36 (KHTML, like Gecko; compatible; ClaudeBot/1.0; +claudebot@anthropic.com)"
59.93.102.220 - - [02/May/2026:05:10:51 -0400] "POST /xmlrpc.php HTTP/1.1" 200 0 "-" "WordPress.com; https://wordpress.com"
216.73.216.125 - - [02/May/2026:05:10:55 -0400] "GET /view/item/012024239249 HTTP/1.1" 404 33038 "-" "Mozilla/5.0 AppleWebKit/537.36 (KHTML, like Gecko; compatible; ClaudeBot/1.0; +claudebot@anthropic.com)"
216.73.216.125 - - [02/May/2026:05:11:02 -0400] "GET /view/item/012709458932 HTTP/1.1" 404 33013 "-" "Mozilla/5.0 AppleWebKit/537.36 (KHTML, like Gecko; compatible; ClaudeBot/1.0; +claudebot@anthropic.com)"
59.93.102.220 - - [02/May/2026:05:11:02 -0400] "POST /xmlrpc.php HTTP/1.1" 200 0 "-" "WordPress.com; https://wordpress.com"
47.128.63.157 - - [02/May/2026:05:11:12 -0400] "GET /2016/03/01/spacex-falcon-explodes-after-landing-2/ HTTP/1.1" 200 33844 "-" "Mozilla/5.0 (compatible; Bytespider; spider-feedback@bytedance.com) AppleWebKit/537.36 (KHTML, like Gecko) Chrome/70.0.0.0 Safari/537.36"
59.93.102.220 - - [02/May/2026:05:11:12 -0400] "POST /xmlrpc.php HTTP/1.1" 200 0 "-" "Jetpack by WordPress.com (Jetpack 12.5; WordPress 6.3)"
216.73.216.125 - - [02/May/2026:05:11:13 -0400] "GET /view/item/01507150268 HTTP/1.1" 404 33019 "-" "Mozilla/5.0 AppleWebKit/537.36 (KHTML, like Gecko; compatible; ClaudeBot/1.0; +claudebot@anthropic.com)"
47.128.63.157 - - [02/May/2026:05:11:19 -0400] "GET /wp-content/themes/electro/assets/css/font-electro.css?ver=3.5.7 HTTP/1.1" 200 691 "https://techfabasia.com/2016/03/01/spacex-falcon-explodes-after-landing-2/" "Mozilla/5.0 (compatible; Bytespider; spider-feedback@bytedance.com) AppleWebKit/537.36 (KHTML, like Gecko) Chrome/70.0.0.0 Safari/537.36"
47.128.63.157 - - [02/May/2026:05:11:20 -0400] "GET /wp-content/plugins/yith-woocommerce-compare/assets/css/jquery.dataTables.css?ver=1.10.18 HTTP/1.1" 200 1866 "https://techfabasia.com/2016/03/01/spacex-falcon-explodes-after-landing-2/" "Mozilla/5.0 (compatible; Bytespider; spider-feedback@bytedance.com) AppleWebKit/537.36 (KHTML, like Gecko) Chrome/70.0.0.0 Safari/537.36"
47.128.63.157 - - [02/May/2026:05:11:20 -0400] "GET /wp-content/plugins/yith-woocommerce-compare/assets/css/widget.css?ver=3.9.0 HTTP/1.1" 200 410 "https://techfabasia.com/2016/03/01/spacex-falcon-explodes-after-landing-2/" "Mozilla/5.0 (compatible; Bytespider; spider-feedback@bytedance.com) AppleWebKit/537.36 (KHTML, like Gecko) Chrome/70.0.0.0 Safari/537.36"
47.128.63.157 - - [02/May/2026:05:11:20 -0400] "GET /wp-content/themes/electro/assets/css/colors/blue.min.css?ver=3.5.7 HTTP/1.1" 200 5171 "https://techfabasia.com/2016/03/01/spacex-falcon-explodes-after-landing-2/" "Mozilla/5.0 (compatible; Bytespider; spider-feedback@bytedance.com) AppleWebKit/537.36 (KHTML, like Gecko) Chrome/70.0.0.0 Safari/537.36"
47.128.63.157 - - [02/May/2026:05:11:20 -0400] "GET /wp-content/plugins/wpforms-lite/assets/css/frontend/modern/wpforms-full.min.css?ver=1.10.0.4 HTTP/1.1" 200 15488 "https://techfabasia.com/2016/03/01/spacex-falcon-explodes-after-landing-2/" "Mozilla/5.0 (compatible; Bytespider; spider-feedback@bytedance.com) AppleWebKit/537.36 (KHTML, like Gecko) Chrome/70.0.0.0 Safari/537.36"
47.128.63.157 - - [02/May/2026:05:11:20 -0400] "GET /wp-content/uploads/2025/05/ctlogo.png HTTP/1.1" 206 500 "https://techfabasia.com/2016/03/01/spacex-falcon-explodes-after-landing-2/" "Mozilla/5.0 (compatible; Bytespider; spider-feedback@bytedance.com) AppleWebKit/537.36 (KHTML, like Gecko) Chrome/70.0.0.0 Safari/537.36"
47.128.63.157 - - [02/May/2026:05:11:25 -0400] "GET /wp-content/uploads/2018/10/electro-brand-placeholder.png HTTP/1.1" 206 337 "https://techfabasia.com/2016/03/01/spacex-falcon-explodes-after-landing-2/" "Mozilla/5.0 (compatible; Bytespider; spider-feedback@bytedance.com) AppleWebKit/537.36 (KHTML, like Gecko) Chrome/70.0.0.0 Safari/537.36"
47.128.63.157 - - [02/May/2026:05:11:28 -0400] "GET /wp-content/uploads/2018/10/electro-placeholder-blog-1.png HTTP/1.1" 206 500 "https://techfabasia.com/2016/03/01/spacex-falcon-explodes-after-landing-2/" "Mozilla/5.0 (compatible; Bytespider; spider-feedback@bytedance.com) AppleWebKit/537.36 (KHTML, like Gecko) Chrome/70.0.0.0 Safari/537.36"
47.128.63.157 - - [02/May/2026:05:11:28 -0400] "GET /wp-content/uploads/2018/10/electro-placeholder-blog-1-100x100.png HTTP/1.1" 206 500 "https://techfabasia.com/2016/03/01/spacex-falcon-explodes-after-landing-2/" "Mozilla/5.0 (compatible; Bytespider; spider-feedback@bytedance.com) AppleWebKit/537.36 (KHTML, like Gecko) Chrome/70.0.0.0 Safari/537.36"
59.93.102.220 - - [02/May/2026:05:11:22 -0400] "POST /xmlrpc.php HTTP/1.1" 200 0 "-" "WordPress.com; https://wordpress.com"
47.128.63.157 - - [02/May/2026:05:11:28 -0400] "GET /wp-content/uploads/2025/05/unc160-100x100.webp HTTP/1.1" 206 500 "https://techfabasia.com/2016/03/01/spacex-falcon-explodes-after-landing-2/" "Mozilla/5.0 (compatible; Bytespider; spider-feedback@bytedance.com) AppleWebKit/537.36 (KHTML, like Gecko) Chrome/70.0.0.0 Safari/537.36"
47.128.63.157 - - [02/May/2026:05:11:28 -0400] "GET /wp-content/uploads/2025/05/6538c90e4ece2-100x100.jpg HTTP/1.1" 206 500 "https://techfabasia.com/2016/03/01/spacex-falcon-explodes-after-landing-2/" "Mozilla/5.0 (compatible; Bytespider; spider-feedback@bytedance.com) AppleWebKit/537.36 (KHTML, like Gecko) Chrome/70.0.0.0 Safari/537.36"
162.0.232.104 - - [02/May/2026:05:11:29 -0400] "POST /wp-cron.php?doing_wp_cron=1777713088.9923009872436523437500 HTTP/1.1" 200 0 "-" "WordPress/6.9.4; https://techfabasia.com"
216.73.216.125 - - [02/May/2026:05:11:25 -0400] "GET /view/item/01717163471 HTTP/1.1" 404 33011 "-" "Mozilla/5.0 AppleWebKit/537.36 (KHTML, like Gecko; compatible; ClaudeBot/1.0; +claudebot@anthropic.com)"
216.73.216.125 - - [02/May/2026:05:11:34 -0400] "GET /view/item/011276190888 HTTP/1.1" 404 33040 "-" "Mozilla/5.0 AppleWebKit/537.36 (KHTML, like Gecko; compatible; ClaudeBot/1.0; +claudebot@anthropic.com)"
59.93.102.220 - - [02/May/2026:05:11:33 -0400] "POST /xmlrpc.php HTTP/1.1" 200 0 "-" "WordPress.com; https://wordpress.com"
47.128.63.176 - - [02/May/2026:05:11:44 -0400] "GET /product-category/laptops-computers/peripherals/ HTTP/1.1" 200 31908 "-" "Mozilla/5.0 (compatible; Bytespider; spider-feedback@bytedance.com) AppleWebKit/537.36 (KHTML, like Gecko) Chrome/70.0.0.0 Safari/537.36"